000
CDUS44 KSJT 290814
CLISJT


CLIMATE REPORT
NATIONAL WEATHER SERVICE SAN ANGELO TX
313 AM CDT THU JUN 29 2017


...................................

...THE SAN ANGELO CLIMATE SUMMARY FOR JUNE 28 2017...

CLIMATE NORMAL PERIOD 1981 TO 2010
CLIMATE RECORD PERIOD 1907 TO 2017


WEATHER ITEM   OBSERVED TIME   RECORD YEAR NORMAL DEPARTURE LAST
                VALUE   (LST)  VALUE       VALUE  FROM      YEAR
                                                  NORMAL
..................................................................
TEMPERATURE (F)
 YESTERDAY
  MAXIMUM         96    321 PM 110    1994  94      2       93
  MINIMUM         67    602 AM  55    1985  70     -3       72
  AVERAGE         82                        82      0       83

PRECIPITATION (IN)
  YESTERDAY        0.00          2.62 1955   0.05  -0.05     0.00
  MONTH TO DATE    1.52                      2.47  -0.95     7.02
  SINCE JUN 1      1.52                      2.47  -0.95     7.02
  SINCE JAN 1      8.00                     10.49  -2.49    22.65

DEGREE DAYS
 HEATING
  YESTERDAY        0                         0      0        0
  MONTH TO DATE    0                         0      0        0
  SINCE JUN 1      0                         0      0        0
  SINCE JUL 1   1507                      2316   -809     1825

 COOLING
  YESTERDAY       17                        17      0       18
  MONTH TO DATE  515                       429     86      414
  SINCE JUN 1    515                       429     86      414
  SINCE JAN 1   1091                       889    202      825
..................................................................


WIND (MPH)
  HIGHEST WIND SPEED    21   HIGHEST WIND DIRECTION    SE (130)
  HIGHEST GUST SPEED    26   HIGHEST GUST DIRECTION    SE (150)
  AVERAGE WIND SPEED     9.5


SKY COVER
  POSSIBLE SUNSHINE  MM
  AVERAGE SKY COVER 0.0


WEATHER CONDITIONS
 THE FOLLOWING WEATHER WAS RECORDED YESTERDAY.
  NO SIGNIFICANT WEATHER WAS OBSERVED.


RELATIVE HUMIDITY (PERCENT)
 HIGHEST    87           600 AM
 LOWEST     30           500 PM
 AVERAGE    59

..........................................................


THE SAN ANGELO CLIMATE NORMALS FOR TODAY
                         NORMAL    RECORD    YEAR
 MAXIMUM TEMPERATURE (F)   94       108      1994
 MINIMUM TEMPERATURE (F)   70        54      1985


SUNRISE AND SUNSET
JUNE 29 2017..........SUNRISE   641 AM CDT   SUNSET   850 PM CDT
JUNE 30 2017..........SUNRISE   641 AM CDT   SUNSET   850 PM CDT


-  INDICATES NEGATIVE NUMBERS.
R  INDICATES RECORD WAS SET OR TIED.
MM INDICATES DATA IS MISSING.
T  INDICATES TRACE AMOUNT.




$$
