000
CDUS44 KSJT 281053
CLISJT


CLIMATE REPORT
NATIONAL WEATHER SERVICE SAN ANGELO TX
453 AM CST TUE FEB 28 2017


...................................

...THE SAN ANGELO CLIMATE SUMMARY FOR FEBRUARY 27 2017...

CLIMATE NORMAL PERIOD 1981 TO 2010
CLIMATE RECORD PERIOD 1907 TO 2017


WEATHER ITEM   OBSERVED TIME   RECORD YEAR NORMAL DEPARTURE LAST
                VALUE   (LST)  VALUE       VALUE  FROM      YEAR
                                                  NORMAL
..................................................................
TEMPERATURE (F)
 YESTERDAY
  MAXIMUM         83    451 PM  92    1917  66     17       73
  MINIMUM         45    348 AM  10    1924  40      5       32
  AVERAGE         64                        53     11       53

PRECIPITATION (IN)
  YESTERDAY        0.00          0.70 1990   0.06  -0.06     0.00
  MONTH TO DATE    1.23                      1.30  -0.07     0.77
  SINCE DEC 1      3.45                      3.08   0.37     3.06
  SINCE JAN 1      2.71                      2.23   0.48     0.80

SNOWFALL (IN)
  YESTERDAY        0.0           0.2  2015   0.0    0.0      0.0
  MONTH TO DATE    0.0                       0.3   -0.3      0.0
  SINCE NOV 1      T                         2.1   -2.1      3.1
  SINCE JUL 1      T                         2.1   -2.1      3.1
  SNOW DEPTH       0

DEGREE DAYS
 HEATING
  YESTERDAY        1                        12    -11       12
  MONTH TO DATE  207                       404   -197      326
  SINCE DEC 1   1156                      1548   -392     1301
  SINCE JUL 1   1324                      1948   -624     1587

 COOLING
  YESTERDAY        0                         0      0        0
  MONTH TO DATE   15                         0     15       10
  SINCE DEC 1     17                         2     15       10
  SINCE JAN 1     16                         1     15       10
..................................................................


WIND (MPH)
  HIGHEST WIND SPEED    23   HIGHEST WIND DIRECTION    SW (230)
  HIGHEST GUST SPEED    28   HIGHEST GUST DIRECTION    SW (230)
  AVERAGE WIND SPEED     6.9


SKY COVER
  POSSIBLE SUNSHINE  MM
  AVERAGE SKY COVER 0.3


WEATHER CONDITIONS
 THE FOLLOWING WEATHER WAS RECORDED YESTERDAY.
  FOG
  FOG W/VISIBILITY <= 1/4 MILE
  HAZE


RELATIVE HUMIDITY (PERCENT)
 HIGHEST   100           700 AM
 LOWEST     18           500 PM
 AVERAGE    59

..........................................................


THE SAN ANGELO CLIMATE NORMALS FOR TODAY
                         NORMAL    RECORD    YEAR
 MAXIMUM TEMPERATURE (F)   67        89      2006
 MINIMUM TEMPERATURE (F)   40        14      1924


SUNRISE AND SUNSET
FEBRUARY 28 2017......SUNRISE   710 AM CST   SUNSET   640 PM CST
MARCH  1 2017.........SUNRISE   708 AM CST   SUNSET   640 PM CST


-  INDICATES NEGATIVE NUMBERS.
R  INDICATES RECORD WAS SET OR TIED.
MM INDICATES DATA IS MISSING.
T  INDICATES TRACE AMOUNT.




$$
