000
CDUS44 KSJT 132331
CLISJT


CLIMATE REPORT
NATIONAL WEATHER SERVICE SAN ANGELO TX
529 PM CST WED DEC 13 2017


...................................

...THE SAN ANGELO CLIMATE SUMMARY FOR DECEMBER 13 2017...
VALID TODAY AS OF 0500 PM LOCAL TIME.

CLIMATE NORMAL PERIOD 1981 TO 2010
CLIMATE RECORD PERIOD 1907 TO 2017


WEATHER ITEM   OBSERVED TIME   RECORD YEAR NORMAL DEPARTURE LAST
                VALUE   (LST)  VALUE       VALUE  FROM      YEAR
                                                  NORMAL
..................................................................
TEMPERATURE (F)
 TODAY
  MAXIMUM         72    332 PM  85    1995  60     12       63
  MINIMUM         26    659 AM  12    1917  34     -8       40
  AVERAGE         49                        47      2       52

PRECIPITATION (IN)
  TODAY            0.00          0.46 1992   0.03  -0.03     0.00
  MONTH TO DATE    0.42                      0.33   0.09     0.73
  SINCE DEC 1      0.42                      0.33   0.09     0.73
  SINCE JAN 1     17.77                     20.73  -2.96    35.71

SNOWFALL (IN)
  TODAY            0.0           0.3  1960   0.0    0.0      0.0
  MONTH TO DATE    T                         0.1   -0.1       T
  SINCE NOV 1      T                         0.4   -0.4       T
  SINCE JUL 1      T                         0.4   -0.4       T

DEGREE DAYS
 HEATING
  TODAY           16                        18     -2       13
  MONTH TO DATE  182                       222    -40      234
  SINCE DEC 1    182                       222    -40      234
  SINCE JUL 1    482                       622   -140      402

 COOLING
  TODAY            0                         0      0        0
  MONTH TO DATE    3                         0      3        0
  SINCE DEC 1      3                         0      3        0
  SINCE JAN 1   2876                      2502    374     2829
..................................................................


WIND (MPH)
  HIGHEST WIND SPEED    23   HIGHEST WIND DIRECTION    SW (230)
  HIGHEST GUST SPEED    27   HIGHEST GUST DIRECTION    SW (230)
  AVERAGE WIND SPEED    10.0


SKY COVER
  POSSIBLE SUNSHINE  MM
  AVERAGE SKY COVER 0.0


WEATHER CONDITIONS
 THE FOLLOWING WEATHER WAS RECORDED TODAY.
  NO SIGNIFICANT WEATHER WAS OBSERVED.


RELATIVE HUMIDITY (PERCENT)
 HIGHEST    81           300 AM
 LOWEST     17           300 PM
 AVERAGE    49

..........................................................


THE SAN ANGELO CLIMATE NORMALS FOR TOMORROW
                         NORMAL    RECORD    YEAR
 MAXIMUM TEMPERATURE (F)   60        82      2008
                                             1933
 MINIMUM TEMPERATURE (F)   33        10      1985


SUNRISE AND SUNSET
DECEMBER 13 2017......SUNRISE   732 AM CST   SUNSET   540 PM CST
DECEMBER 14 2017......SUNRISE   733 AM CST   SUNSET   541 PM CST


-  INDICATES NEGATIVE NUMBERS.
R  INDICATES RECORD WAS SET OR TIED.
MM INDICATES DATA IS MISSING.
T  INDICATES TRACE AMOUNT.




$$
