922
CDUS44 KSJT 290700
CLISJT


CLIMATE REPORT
NATIONAL WEATHER SERVICE SAN ANGELO TX
159 AM CDT FRI APR 29 2016


...................................

...THE SAN ANGELO CLIMATE SUMMARY FOR APRIL 28 2016...

CLIMATE NORMAL PERIOD 1981 TO 2010
CLIMATE RECORD PERIOD 1907 TO 2016


WEATHER ITEM   OBSERVED TIME   RECORD YEAR NORMAL DEPARTURE LAST
                VALUE   (LST)  VALUE       VALUE  FROM      YEAR
                                                  NORMAL
..................................................................
TEMPERATURE (F)
 YESTERDAY
  MAXIMUM         86    216 PM  96    2002  84      2       59
  MINIMUM         50    552 AM  37    2008  56     -6       44
  AVERAGE         68                        70     -2       52

PRECIPITATION (IN)
  YESTERDAY        0.00          1.56 1932   0.06  -0.06     0.01
  MONTH TO DATE    5.10                      1.30   3.80     1.82
  SINCE MAR 1      8.43                      2.80   5.63     3.48
  SINCE JAN 1      9.23                      5.08   4.15     5.74

SNOWFALL (IN)
  YESTERDAY        0.0           0.0  2002   0.0    0.0      0.0
  MONTH TO DATE    0.0                       0.0    0.0       T
  SINCE NOV 1      3.1                       2.2    0.9      1.4
  SINCE JUL 1      3.1                       2.2    0.9      1.4
  SNOW DEPTH       0

DEGREE DAYS
 HEATING
  YESTERDAY        0                         1     -1       13
  MONTH TO DATE   55                        86    -31       37
  SINCE MAR 1    210                       343   -133      323
  SINCE JUL 1   1803                      2304   -501     2170

 COOLING
  YESTERDAY        3                         6     -3        0
  MONTH TO DATE   73                       105    -32      143
  SINCE MAR 1    115                       138    -23      194
  SINCE JAN 1    125                       143    -18      196
..................................................................


WIND (MPH)
  HIGHEST WIND SPEED    24   HIGHEST WIND DIRECTION    SE (130)
  HIGHEST GUST SPEED    33   HIGHEST GUST DIRECTION    SE (140)
  AVERAGE WIND SPEED    10.3


SKY COVER
  POSSIBLE SUNSHINE  MM
  AVERAGE SKY COVER 0.0


WEATHER CONDITIONS
 THE FOLLOWING WEATHER WAS RECORDED YESTERDAY.
  FOG
  HAZE


RELATIVE HUMIDITY (PERCENT)
 HIGHEST    86           600 AM
 LOWEST     32           200 PM
 AVERAGE    59

..........................................................


THE SAN ANGELO CLIMATE NORMALS FOR TODAY
                         NORMAL    RECORD    YEAR
 MAXIMUM TEMPERATURE (F)   84       101      2002
 MINIMUM TEMPERATURE (F)   56        38      1998
                                             1965


SUNRISE AND SUNSET
APRIL 29 2016.........SUNRISE   658 AM CDT   SUNSET   820 PM CDT
APRIL 30 2016.........SUNRISE   658 AM CDT   SUNSET   821 PM CDT


-  INDICATES NEGATIVE NUMBERS.
R  INDICATES RECORD WAS SET OR TIED.
MM INDICATES DATA IS MISSING.
T  INDICATES TRACE AMOUNT.




$$
