000
CDUS44 KSJT 230700
CLISJT


CLIMATE REPORT
NATIONAL WEATHER SERVICE SAN ANGELO TX
159 AM CDT SAT AUG 23 2014


...................................

...THE SAN ANGELO CLIMATE SUMMARY FOR AUGUST 22 2014...

CLIMATE NORMAL PERIOD 1981 TO 2010
CLIMATE RECORD PERIOD 1907 TO 2014


WEATHER ITEM   OBSERVED TIME   RECORD YEAR NORMAL DEPARTURE LAST
                VALUE   (LST)  VALUE       VALUE  FROM      YEAR
                                                  NORMAL
..................................................................
TEMPERATURE (F)
 YESTERDAY
  MAXIMUM         99    421 PM 105    2010  94      5       97
                                      1934
                                      1910
  MINIMUM         76    659 AM  60    1981  70      6       70
  AVERAGE         88                        82      6       84

PRECIPITATION (IN)
  YESTERDAY        0.00          1.00 1942   0.08  -0.08     0.00
  MONTH TO DATE    0.63                      1.43  -0.80     0.23
  SINCE JUN 1      3.69                      5.22  -1.53     4.80
  SINCE JAN 1     11.96                     13.24  -1.28    11.18

DEGREE DAYS
 HEATING
  YESTERDAY        0                         0      0        0
  MONTH TO DATE    0                         0      0        0
  SINCE JUN 1      0                         0      0        0
  SINCE JUL 1      0                         0      0        0

 COOLING
  YESTERDAY       23                        17      6       19
  MONTH TO DATE  413                       404      9      462
  SINCE JUN 1   1476                      1431     45     1577
  SINCE JAN 1   2078                      1891    187     2173
..................................................................


WIND (MPH)
  HIGHEST WIND SPEED    23   HIGHEST WIND DIRECTION     S (180)
  HIGHEST GUST SPEED    30   HIGHEST GUST DIRECTION     S (160)
  AVERAGE WIND SPEED    13.6


SKY COVER
  POSSIBLE SUNSHINE  MM
  AVERAGE SKY COVER 0.0


WEATHER CONDITIONS
 THE FOLLOWING WEATHER WAS RECORDED YESTERDAY.
  NO SIGNIFICANT WEATHER WAS OBSERVED.


RELATIVE HUMIDITY (PERCENT)
 HIGHEST    79           700 AM
 LOWEST     17           200 PM
 AVERAGE    48

..........................................................


THE SAN ANGELO CLIMATE NORMALS FOR TODAY
                         NORMAL    RECORD    YEAR
 MAXIMUM TEMPERATURE (F)   94       107      2010
 MINIMUM TEMPERATURE (F)   70        60      1961


SUNRISE AND SUNSET
AUGUST 23 2014........SUNRISE   712 AM CDT   SUNSET   816 PM CDT
AUGUST 24 2014........SUNRISE   713 AM CDT   SUNSET   815 PM CDT


-  INDICATES NEGATIVE NUMBERS.
R  INDICATES RECORD WAS SET OR TIED.
MM INDICATES DATA IS MISSING.
T  INDICATES TRACE AMOUNT.




$$
