000
CDCA42 TJSJ 100431
CLISJU


CLIMATE REPORT
NATIONAL WEATHER SERVICE SAN JUAN, PR
1231 AM AST THU JUL 10 2014


...................................

...THE SAN JUAN/P.R. CLIMATE SUMMARY FOR JULY 9 2014...

CLIMATE NORMAL PERIOD 1981 TO 2010
CLIMATE RECORD PERIOD 1898 TO 2014


WEATHER ITEM   OBSERVED TIME   RECORD YEAR NORMAL DEPARTURE LAST
                VALUE   (LST)  VALUE       VALUE  FROM      YEAR
                                                  NORMAL
..................................................................
TEMPERATURE (F)
 YESTERDAY
  MAXIMUM         91    113 PM  93    1995  89      2       88
  MINIMUM         79    605 AM  70    1928  78      1       76
  AVERAGE         85                        83      2       82

PRECIPITATION (IN)
  YESTERDAY        0.13          1.40 1928   0.17  -0.04     0.21
  MONTH TO DATE    0.86                      1.41  -0.55     1.93
  SINCE JUN 1      1.63                      5.82  -4.19    13.22
  SINCE JAN 1     20.04                     24.50  -4.46    37.97

SNOWFALL (IN)
  YESTERDAY        0.0
  MONTH TO DATE    0.0
  SINCE JUN 1      0.0
  SINCE JUL 1      0.0

DEGREE DAYS
 HEATING
  YESTERDAY        0                         0      0        0
  MONTH TO DATE    0                         0      0        0
  SINCE JUN 1      0                         0      0        0
  SINCE JUL 1      0                         0      0        0

 COOLING
  YESTERDAY       20                        18      2       17
  MONTH TO DATE  188                       162     26      159
  SINCE JUN 1    798                       711     87      675
  SINCE JAN 1   3204                      2876    328     2923
..................................................................


WIND (MPH)
  RESULTANT WIND SPEED  13   RESULTANT WIND DIRECTION  NE (60)
  HIGHEST WIND SPEED    25   HIGHEST WIND DIRECTION    NE (60)
  HIGHEST GUST SPEED    31   HIGHEST GUST DIRECTION    NE (60)
  AVERAGE WIND SPEED    11.5


SKY COVER
  POSSIBLE SUNSHINE  MM
  AVERAGE SKY COVER 0.5


WEATHER CONDITIONS
 THE FOLLOWING WEATHER WAS RECORDED YESTERDAY.
  LIGHT RAIN


RELATIVE HUMIDITY (PERCENT)
 HIGHEST    91
 LOWEST     59
 AVERAGE    75

..........................................................


THE SAN JUAN/P.R. CLIMATE NORMALS FOR TODAY
                         NORMAL    RECORD    YEAR
 MAXIMUM TEMPERATURE (F)   89        95      1981
 MINIMUM TEMPERATURE (F)   78        70      1905


SUNRISE AND SUNSET
JULY 10 2014..........SUNRISE   554 AM AST   SUNSET   704 PM AST
JULY 11 2014..........SUNRISE   555 AM AST   SUNSET   704 PM AST


-  INDICATES NEGATIVE NUMBERS.
R  INDICATES RECORD WAS SET OR TIED.
MM INDICATES DATA IS MISSING.
T  INDICATES TRACE AMOUNT.




$$
