000
CDCA42 TJSJ 290428
CLISJU


CLIMATE REPORT
NATIONAL WEATHER SERVICE SAN JUAN, PR
1228 AM AST FRI AUG 29 2014


...................................

...THE SAN JUAN/P.R. CLIMATE SUMMARY FOR AUGUST 28 2014...

CLIMATE NORMAL PERIOD 1981 TO 2010
CLIMATE RECORD PERIOD 1898 TO 2014


WEATHER ITEM   OBSERVED TIME   RECORD YEAR NORMAL DEPARTURE LAST
                VALUE   (LST)  VALUE       VALUE  FROM      YEAR
                                                  NORMAL
..................................................................
TEMPERATURE (F)
 YESTERDAY
  MAXIMUM         90    323 PM  93    1991  89      1       90
  MINIMUM         81   1159 PM  71    1959  78      3       79
  AVERAGE         86                        84      2       85

PRECIPITATION (IN)
  YESTERDAY        0.01          2.38 1986   0.21  -0.20     0.02
  MONTH TO DATE    9.69                      4.83   4.86     7.36
  SINCE JUN 1     14.03                     14.31  -0.28    32.82
  SINCE JAN 1     32.62                     32.99  -0.37    57.57

SNOWFALL (IN)
  YESTERDAY        0.0
  MONTH TO DATE    0.0
  SINCE JUN 1      0.0
  SINCE JUL 1      0.0

DEGREE DAYS
 HEATING
  YESTERDAY        0                         0      0        0
  MONTH TO DATE    0                         0      0        0
  SINCE JUN 1      0                         0      0        0
  SINCE JUL 1      0                         0      0        0

 COOLING
  YESTERDAY       21                        19      2       20
  MONTH TO DATE  517                       532    -15      531
  SINCE JUN 1   1754                      1651    103     1606
  SINCE JAN 1   4160                      3816    344     3854
..................................................................


WIND (MPH)
  RESULTANT WIND SPEED  13   RESULTANT WIND DIRECTION   E (70)
  HIGHEST WIND SPEED    26   HIGHEST WIND DIRECTION    NE (60)
  HIGHEST GUST SPEED    33   HIGHEST GUST DIRECTION     E (70)
  AVERAGE WIND SPEED    13.2


SKY COVER
  POSSIBLE SUNSHINE  MM
  AVERAGE SKY COVER 0.5


WEATHER CONDITIONS
 THE FOLLOWING WEATHER WAS RECORDED YESTERDAY.
  FOG


RELATIVE HUMIDITY (PERCENT)
 HIGHEST    88
 LOWEST     59
 AVERAGE    74

..........................................................


THE SAN JUAN/P.R. CLIMATE NORMALS FOR TODAY
                         NORMAL    RECORD    YEAR
 MAXIMUM TEMPERATURE (F)   89        94      1991
 MINIMUM TEMPERATURE (F)   78        69      1916


SUNRISE AND SUNSET
AUGUST 29 2014........SUNRISE   609 AM AST   SUNSET   641 PM AST
AUGUST 30 2014........SUNRISE   609 AM AST   SUNSET   640 PM AST


-  INDICATES NEGATIVE NUMBERS.
R  INDICATES RECORD WAS SET OR TIED.
MM INDICATES DATA IS MISSING.
T  INDICATES TRACE AMOUNT.




$$
