000
CDCA42 TJSJ 250426
CLISJU


CLIMATE REPORT
NATIONAL WEATHER SERVICE SAN JUAN, PR
1226 AM AST SUN JAN 25 2015


...................................

...THE SAN JUAN/P.R. CLIMATE SUMMARY FOR JANUARY 24 2015...

CLIMATE NORMAL PERIOD 1981 TO 2010
CLIMATE RECORD PERIOD 1898 TO 2015


WEATHER ITEM   OBSERVED TIME   RECORD YEAR NORMAL DEPARTURE LAST
                VALUE   (LST)  VALUE       VALUE  FROM      YEAR
                                                  NORMAL
..................................................................
TEMPERATURE (F)
 YESTERDAY
  MAXIMUM         85   1150 AM  90    1980  83      2       85
  MINIMUM         74    802 AM  62    1958  72      2       75
  AVERAGE         80                        78      2       80

PRECIPITATION (IN)
  YESTERDAY        0.68          2.73 1909   0.10   0.58     0.25
  MONTH TO DATE    4.57                      3.08   1.49     1.96
  SINCE DEC 1     10.08                      8.10   1.98     9.58
  SINCE JAN 1      4.57                      3.08   1.49     1.96

SNOWFALL (IN)
  YESTERDAY        0.0
  MONTH TO DATE    0.0
  SINCE DEC 1      0.0
  SINCE JUL 1      0.0

DEGREE DAYS
 HEATING
  YESTERDAY        0                         0      0        0
  MONTH TO DATE    0                         0      0        0
  SINCE DEC 1      0                         0      0        0
  SINCE JUL 1      0                         0      0        0

 COOLING
  YESTERDAY       15                        12      3       15
  MONTH TO DATE  335                       306     29      375
  SINCE DEC 1    786                       729     57      855
  SINCE JAN 1    335                       306     29      375
..................................................................


WIND (MPH)
  RESULTANT WIND SPEED  MM   RESULTANT WIND DIRECTION  MM
  HIGHEST WIND SPEED    13   HIGHEST WIND DIRECTION    SE (130)
  HIGHEST GUST SPEED    18   HIGHEST GUST DIRECTION     S (160)
  AVERAGE WIND SPEED     2.3


SKY COVER
  AVERAGE SKY COVER  MM


WEATHER CONDITIONS
 THE FOLLOWING WEATHER WAS RECORDED YESTERDAY.
  HAZE


RELATIVE HUMIDITY (PERCENT)
 HIGHEST    MM
 LOWEST     MM
 AVERAGE    MM

..........................................................


THE SAN JUAN/P.R. CLIMATE NORMALS FOR TODAY
                         NORMAL    RECORD    YEAR
 MAXIMUM TEMPERATURE (F)   83        90      1981
 MINIMUM TEMPERATURE (F)   72        62      1968


SUNRISE AND SUNSET
JANUARY 25 2015.......SUNRISE   659 AM AST   SUNSET   614 PM AST
JANUARY 26 2015.......SUNRISE   659 AM AST   SUNSET   615 PM AST


-  INDICATES NEGATIVE NUMBERS.
R  INDICATES RECORD WAS SET OR TIED.
MM INDICATES DATA IS MISSING.
T  INDICATES TRACE AMOUNT.




$$
