000
CDUS45 KSLC 291219
CLISLC


CLIMATE REPORT
NATIONAL WEATHER SERVICE SALT LAKE CITY UT
618 AM MDT FRI MAY 29 2015


...................................

...THE SALT LAKE CITY UT CLIMATE SUMMARY FOR MAY 28 2015...

CLIMATE NORMAL PERIOD 1981 TO 2010
CLIMATE RECORD PERIOD 1874 TO 2015


WEATHER ITEM   OBSERVED TIME   RECORD YEAR NORMAL DEPARTURE LAST
                VALUE   (LST)  VALUE       VALUE  FROM      YEAR
                                                  NORMAL
..................................................................
TEMPERATURE (F)
 YESTERDAY
  MAXIMUM         71    549 PM  99    2003  76     -5       93
  MINIMUM         51    449 AM  32    1954  51      0       67
  AVERAGE         61                        64     -3       80

PRECIPITATION (IN)
  YESTERDAY        0.10          0.93 1906   0.06   0.04     0.00
  MONTH TO DATE    4.19                      1.79   2.40     1.04
  SINCE OCT 1     10.40                     12.45  -2.05     9.48
  SINCE JAN 1      8.39                      8.07   0.32     6.47

SNOWFALL (IN)
  YESTERDAY        0.0           T    1982   0.0    0.0      0.0
  MONTH TO DATE    0.0                       0.3   -0.3      0.0
  SINCE OCT 1     15.4                      56.2  -40.8     35.5
  SINCE JUL 1     15.4                      56.2  -40.8     35.5
  SNOW DEPTH       0

DEGREE DAYS
 HEATING
  YESTERDAY        4                         4      0        0
  MONTH TO DATE  178                       194    -16      159
  SINCE MAR 1   1015                      1294   -279     1031
  SINCE JUL 1   4362                      5550  -1188     5018

 COOLING
  YESTERDAY        0                         2     -2       15
  MONTH TO DATE   14                        38    -24       43
  SINCE MAR 1     14                        42    -28       43
  SINCE JAN 1     14                        42    -28       43
..................................................................


WIND (MPH)
  RESULTANT WIND SPEED   1   RESULTANT WIND DIRECTION  NW (300)
  HIGHEST WIND SPEED    17   HIGHEST WIND DIRECTION     N (340)
  HIGHEST GUST SPEED    21   HIGHEST GUST DIRECTION     N (350)
  AVERAGE WIND SPEED     8.7


SKY COVER
  POSSIBLE SUNSHINE  MM
  AVERAGE SKY COVER 0.1


WEATHER CONDITIONS
 THE FOLLOWING WEATHER WAS RECORDED YESTERDAY.
  LIGHT RAIN
  FOG


RELATIVE HUMIDITY (PERCENT)
 HIGHEST    89          1200 AM
 LOWEST     33           600 PM
 AVERAGE    61

..........................................................


THE SALT LAKE CITY UT CLIMATE NORMALS FOR TODAY
                         NORMAL    RECORD    YEAR
 MAXIMUM TEMPERATURE (F)   76        99      2003
 MINIMUM TEMPERATURE (F)   51        37      1946
                                             1927


SUNRISE AND SUNSET
MAY 29 2015...........SUNRISE   600 AM MDT   SUNSET   851 PM MDT
MAY 30 2015...........SUNRISE   600 AM MDT   SUNSET   851 PM MDT


-  INDICATES NEGATIVE NUMBERS.
R  INDICATES RECORD WAS SET OR TIED.
MM INDICATES DATA IS MISSING.
T  INDICATES TRACE AMOUNT.




$$
