000
CDUS45 KSLC 181244
CLISLC


CLIMATE REPORT
NATIONAL WEATHER SERVICE SALT LAKE CITY UT
544 AM MST THU DEC 18 2014


...................................

...THE SALT LAKE CITY UT CLIMATE SUMMARY FOR DECEMBER 17 2014...

CLIMATE NORMAL PERIOD 1981 TO 2010
CLIMATE RECORD PERIOD 1874 TO 2014


WEATHER ITEM   OBSERVED TIME   RECORD YEAR NORMAL DEPARTURE LAST
                VALUE   (LST)  VALUE       VALUE  FROM      YEAR
                                                  NORMAL
..................................................................
TEMPERATURE (F)
 YESTERDAY
  MAXIMUM         41   1227 PM  58    1939  37      4       27
  MINIMUM         30    804 AM  -4    1931  22      8       14
  AVERAGE         36                        30      6       21

PRECIPITATION (IN)
  YESTERDAY        0.00          0.77 1970   0.05  -0.05     0.00
  MONTH TO DATE    0.16                      0.79  -0.63     0.59
  SINCE OCT 1      0.77                      3.76  -2.99     1.95
  SINCE JAN 1     13.22                     15.48  -2.26    10.56

SNOWFALL (IN)
  YESTERDAY        0.0           8.8  1970   0.5   -0.5      0.0
  MONTH TO DATE    0.2                       7.0   -6.8     10.3
  SINCE OCT 1      1.0                      16.0  -15.0     13.8
  SINCE JUL 1      1.0                      16.0  -15.0     13.8
  SNOW DEPTH       0

DEGREE DAYS
 HEATING
  YESTERDAY       29                        35     -6       44
  MONTH TO DATE  370                       575   -205      716
  SINCE DEC 1    370                       575   -205      716
  SINCE JUL 1   1340                      1793   -453     1763

 COOLING
  YESTERDAY        0                         0      0        0
  MONTH TO DATE    0                         0      0        0
  SINCE DEC 1      0                         0      0        0
  SINCE JAN 1   1244                      1160     84     1768
..................................................................


WIND (MPH)
  RESULTANT WIND SPEED   1   RESULTANT WIND DIRECTION   W (270)
  HIGHEST WIND SPEED     9   HIGHEST WIND DIRECTION     W (290)
  HIGHEST GUST SPEED    12   HIGHEST GUST DIRECTION     W (280)
  AVERAGE WIND SPEED     1.8


SKY COVER
  POSSIBLE SUNSHINE  MM
  AVERAGE SKY COVER 0.7


WEATHER CONDITIONS
 THE FOLLOWING WEATHER WAS RECORDED YESTERDAY.
  FOG
  HAZE


RELATIVE HUMIDITY (PERCENT)
 HIGHEST    92           600 AM
 LOWEST     70          1200 PM
 AVERAGE    81

..........................................................


THE SALT LAKE CITY UT CLIMATE NORMALS FOR TODAY
                         NORMAL    RECORD    YEAR
 MAXIMUM TEMPERATURE (F)   37        57      1917
 MINIMUM TEMPERATURE (F)   22         0      1924


SUNRISE AND SUNSET
DECEMBER 18 2014......SUNRISE   747 AM MST   SUNSET   502 PM MST
DECEMBER 19 2014......SUNRISE   747 AM MST   SUNSET   503 PM MST


-  INDICATES NEGATIVE NUMBERS.
R  INDICATES RECORD WAS SET OR TIED.
MM INDICATES DATA IS MISSING.
T  INDICATES TRACE AMOUNT.




$$
