000
CDUS45 KSLC 260043
CLISLC


CLIMATE REPORT
NATIONAL WEATHER SERVICE SALT LAKE CITY UT
643 PM MDT SAT MAR 25 2017


...................................

...THE SALT LAKE CITY UT CLIMATE SUMMARY FOR MARCH 25 2017...
VALID TODAY AS OF 0500 PM LOCAL TIME.

CLIMATE NORMAL PERIOD 1981 TO 2010
CLIMATE RECORD PERIOD 1874 TO 2017


WEATHER ITEM   OBSERVED TIME   RECORD YEAR NORMAL DEPARTURE LAST
                VALUE   (LST)  VALUE       VALUE  FROM      YEAR
                                                  NORMAL
..................................................................
TEMPERATURE (F)
 TODAY
  MAXIMUM         56   1252 AM  75    2014  56      0       48
                                      1956
  MINIMUM         40   1136 AM  14    1965  36      4       37
  AVERAGE         48                        46      2       43

PRECIPITATION (IN)
  TODAY            0.52          0.68 1975   0.07   0.45      T
  MONTH TO DATE    2.95                      1.41   1.54     1.42
  SINCE OCT 1     11.25                      8.29   2.96     7.13
  SINCE JAN 1      6.61                      3.91   2.70     3.88

SNOWFALL (IN)
  TODAY            0.0           4.5  1975   0.2   -0.2       T
  MONTH TO DATE    3.6                       5.4   -1.8      1.3
  SINCE OCT 1     50.3                      50.8   -0.5     32.9
  SINCE JUL 1     50.3                      50.8   -0.5     32.9
  SNOW DEPTH       0

DEGREE DAYS
 HEATING
  TODAY           17                        19     -2       22
  MONTH TO DATE  347                       551   -204      422
  SINCE MAR 1    347                       551   -204      422
  SINCE JUL 1   4100                      4807   -707     4267

 COOLING
  TODAY            0                         0      0        0
  MONTH TO DATE    2                         0      2        0
  SINCE MAR 1      2                         0      2        0
  SINCE JAN 1      2                         0      2        0
..................................................................


WIND (MPH)
  RESULTANT WIND SPEED   5   RESULTANT WIND DIRECTION  NW (310)
  HIGHEST WIND SPEED    18   HIGHEST WIND DIRECTION     S (160)
  HIGHEST GUST SPEED    22   HIGHEST GUST DIRECTION     S (160)
  AVERAGE WIND SPEED     8.8


SKY COVER
  POSSIBLE SUNSHINE  MM
  AVERAGE SKY COVER 1.0


WEATHER CONDITIONS
 THE FOLLOWING WEATHER WAS RECORDED TODAY.
  HEAVY RAIN
  RAIN
  LIGHT RAIN
  FOG


RELATIVE HUMIDITY (PERCENT)
 HIGHEST    96          1100 AM
 LOWEST     41           100 AM
 AVERAGE    69

..........................................................


THE SALT LAKE CITY UT CLIMATE NORMALS FOR TOMORROW
                         NORMAL    RECORD    YEAR
 MAXIMUM TEMPERATURE (F)   57        78      1960
 MINIMUM TEMPERATURE (F)   36        16      1913


SUNRISE AND SUNSET
MARCH 25 2017.........SUNRISE   722 AM MDT   SUNSET   746 PM MDT
MARCH 26 2017.........SUNRISE   721 AM MDT   SUNSET   747 PM MDT


-  INDICATES NEGATIVE NUMBERS.
R  INDICATES RECORD WAS SET OR TIED.
MM INDICATES DATA IS MISSING.
T  INDICATES TRACE AMOUNT.




$$
