000
CDUS45 KSLC 011233
CLISLC


CLIMATE REPORT
NATIONAL WEATHER SERVICE SALT LAKE CITY UT
632 AM MDT TUE SEP 1 2015


...................................

...THE SALT LAKE CITY UT CLIMATE SUMMARY FOR AUGUST 31 2015...

CLIMATE NORMAL PERIOD 1981 TO 2010
CLIMATE RECORD PERIOD 1874 TO 2015


WEATHER ITEM   OBSERVED TIME   RECORD YEAR NORMAL DEPARTURE LAST
                VALUE   (LST)  VALUE       VALUE  FROM      YEAR
                                                  NORMAL
..................................................................
TEMPERATURE (F)
 YESTERDAY
  MAXIMUM         87    514 PM  98    1950  86      1       76
  MINIMUM         62    551 AM  37    1965  59      3       58
  AVERAGE         75                        73      2       67

PRECIPITATION (IN)
  YESTERDAY        T             0.78 2008   0.03  -0.03     0.00
  MONTH TO DATE    0.89                      0.69   0.20     1.77
  SINCE OCT 1     13.16                     14.89  -1.73    12.95
  SINCE JAN 1     11.15                     10.51   0.64     9.94

SNOWFALL (IN)
  YESTERDAY        0.0          MM      MM   0.0    0.0      0.0
  MONTH TO DATE    0.0                       0.0    0.0      0.0
  SINCE OCT 1     15.4                      56.2  -40.8     35.5
  SINCE JUL 1      0.0                       0.0    0.0      0.0
  SNOW DEPTH       0

DEGREE DAYS
 HEATING
  YESTERDAY        0                         0      0        0
  MONTH TO DATE    0                         0      0        1
  SINCE JUN 1      0                        51    -51       40
  SINCE JUL 1      0                         5     -5        1

 COOLING
  YESTERDAY       10                         8      2        2
  MONTH TO DATE  401                       374     27      296
  SINCE JUN 1   1174                       986    188      991
  SINCE JAN 1   1205                      1036    169     1053
..................................................................


WIND (MPH)
  RESULTANT WIND SPEED   1   RESULTANT WIND DIRECTION  NW (330)
  HIGHEST WIND SPEED    17   HIGHEST WIND DIRECTION     W (280)
  HIGHEST GUST SPEED    22   HIGHEST GUST DIRECTION     W (280)
  AVERAGE WIND SPEED     6.9


SKY COVER
  POSSIBLE SUNSHINE  MM
  AVERAGE SKY COVER 0.1


WEATHER CONDITIONS
 THE FOLLOWING WEATHER WAS RECORDED YESTERDAY.
  LIGHT RAIN
  HAZE


RELATIVE HUMIDITY (PERCENT)
 HIGHEST    48           200 AM
 LOWEST     18           500 PM
 AVERAGE    33

..........................................................


THE SALT LAKE CITY UT CLIMATE NORMALS FOR TODAY
                         NORMAL    RECORD    YEAR
 MAXIMUM TEMPERATURE (F)   86        98      1995
 MINIMUM TEMPERATURE (F)   59        43      1965
                                             1932


SUNRISE AND SUNSET
SEPTEMBER  1 2015.....SUNRISE   655 AM MDT   SUNSET   800 PM MDT
SEPTEMBER  2 2015.....SUNRISE   656 AM MDT   SUNSET   759 PM MDT


-  INDICATES NEGATIVE NUMBERS.
R  INDICATES RECORD WAS SET OR TIED.
MM INDICATES DATA IS MISSING.
T  INDICATES TRACE AMOUNT.




$$
