231
CDUS45 KSLC 260044
CLISLC


CLIMATE REPORT
NATIONAL WEATHER SERVICE SALT LAKE CITY UT
544 PM MST SUN FEB 25 2018


...................................

...THE SALT LAKE CITY UT CLIMATE SUMMARY FOR FEBRUARY 25 2018...
VALID TODAY AS OF 0500 PM LOCAL TIME.

CLIMATE NORMAL PERIOD 1981 TO 2010
CLIMATE RECORD PERIOD 1874 TO 2018


WEATHER ITEM   OBSERVED TIME   RECORD YEAR NORMAL DEPARTURE LAST
                VALUE   (LST)  VALUE       VALUE  FROM      YEAR
                                                  NORMAL
..................................................................
TEMPERATURE (F)
 TODAY
  MAXIMUM         36   1127 AM  68    1950  47    -11       34
  MINIMUM         26    742 AM   2    1933  28     -2       21
  AVERAGE         31                        38     -7       28

PRECIPITATION (IN)
  TODAY            0.01          0.90 1969   0.05  -0.04      T
                                      1958
  MONTH TO DATE    1.06                      1.10  -0.04     1.49
  SINCE OCT 1      4.01                      6.73  -2.72     8.10
  SINCE JAN 1      1.88                      2.35  -0.47     3.46

SNOWFALL (IN)
  TODAY            0.1          10.8  1998   0.4   -0.3       T
  MONTH TO DATE   14.2                       9.7    4.5      3.0
  SINCE OCT 1     31.5                      44.4  -12.9     43.0
  SINCE JUL 1     31.5                      44.4  -12.9     43.0
  SNOW DEPTH       5

DEGREE DAYS
 HEATING
  TODAY           34                        27      7       37
  MONTH TO DATE  647                       782   -135      594
  SINCE DEC 1   2429                      2958   -529     2854
  SINCE JUL 1   3451                      4176   -725     3653

 COOLING
  TODAY            0                         0      0        0
  MONTH TO DATE    0                         0      0        0
  SINCE DEC 1      0                         0      0        0
  SINCE JAN 1      0                         0      0        0
..................................................................


WIND (MPH)
  RESULTANT WIND SPEED   5   RESULTANT WIND DIRECTION  SW (220)
  HIGHEST WIND SPEED    21   HIGHEST WIND DIRECTION     S (180)
  HIGHEST GUST SPEED    26   HIGHEST GUST DIRECTION     S (180)
  AVERAGE WIND SPEED     8.5


SKY COVER
  POSSIBLE SUNSHINE  MM
  AVERAGE SKY COVER 0.5


WEATHER CONDITIONS
 THE FOLLOWING WEATHER WAS RECORDED TODAY.
  LIGHT SNOW


RELATIVE HUMIDITY (PERCENT)
 HIGHEST    81           200 AM
 LOWEST     38          1200 PM
 AVERAGE    60

..........................................................


THE SALT LAKE CITY UT CLIMATE NORMALS FOR TOMORROW
                         NORMAL    RECORD    YEAR
 MAXIMUM TEMPERATURE (F)   48        67      1950
 MINIMUM TEMPERATURE (F)   29         3      1962


SUNRISE AND SUNSET
FEBRUARY 25 2018......SUNRISE   708 AM MST   SUNSET   615 PM MST
FEBRUARY 26 2018......SUNRISE   706 AM MST   SUNSET   616 PM MST


-  INDICATES NEGATIVE NUMBERS.
R  INDICATES RECORD WAS SET OR TIED.
MM INDICATES DATA IS MISSING.
T  INDICATES TRACE AMOUNT.




$$
