000
CDUS45 KSLC 311216
CLISLC


CLIMATE REPORT
NATIONAL WEATHER SERVICE SALT LAKE CITY UT
615 AM MDT FRI JUL 31 2015


...................................

...THE SALT LAKE CITY UT CLIMATE SUMMARY FOR JULY 30 2015...

CLIMATE NORMAL PERIOD 1981 TO 2010
CLIMATE RECORD PERIOD 1874 TO 2015


WEATHER ITEM   OBSERVED TIME   RECORD YEAR NORMAL DEPARTURE LAST
                VALUE   (LST)  VALUE       VALUE  FROM      YEAR
                                                  NORMAL
..................................................................
TEMPERATURE (F)
 YESTERDAY
  MAXIMUM         93    451 PM 103    1934  94     -1       82
  MINIMUM         58    543 AM  48    1950  66     -8       65
  AVERAGE         76                        80     -4       74

PRECIPITATION (IN)
  YESTERDAY        0.00          1.65 1945   0.02  -0.02     0.02
  MONTH TO DATE    1.22                      0.59   0.63     0.50
  SINCE OCT 1     12.27                     14.18  -1.91    11.18
  SINCE JAN 1     10.26                      9.80   0.46     8.17

SNOWFALL (IN)
  YESTERDAY        0.0          MM      MM   0.0    0.0      0.0
  MONTH TO DATE    0.0                       0.0    0.0      0.0
  SINCE OCT 1     15.4                      56.2  -40.8     35.5
  SINCE JUL 1      0.0                       0.0    0.0      0.0
  SNOW DEPTH       0

DEGREE DAYS
 HEATING
  YESTERDAY        0                         0      0        0
  MONTH TO DATE    0                         0      0        0
  SINCE JUN 1      0                        46    -46       39
  SINCE JUL 1      0                         0      0        0

 COOLING
  YESTERDAY       11                        15     -4        9
  MONTH TO DATE  379                       411    -32      506
  SINCE JUN 1    759                       598    161      686
  SINCE JAN 1    790                       648    142      748
..................................................................


WIND (MPH)
  RESULTANT WIND SPEED   1   RESULTANT WIND DIRECTION  NW (310)
  HIGHEST WIND SPEED    15   HIGHEST WIND DIRECTION     N (340)
  HIGHEST GUST SPEED    20   HIGHEST GUST DIRECTION    NW (310)
  AVERAGE WIND SPEED     7.2


SKY COVER
  POSSIBLE SUNSHINE  MM
  AVERAGE SKY COVER 0.0


WEATHER CONDITIONS
 THE FOLLOWING WEATHER WAS RECORDED YESTERDAY.
  NO SIGNIFICANT WEATHER WAS OBSERVED.


RELATIVE HUMIDITY (PERCENT)
 HIGHEST    43           400 AM
 LOWEST      8           300 PM
 AVERAGE    26

..........................................................


THE SALT LAKE CITY UT CLIMATE NORMALS FOR TODAY
                         NORMAL    RECORD    YEAR
 MAXIMUM TEMPERATURE (F)   94       102      2000
                                             1990
                                             1989
 MINIMUM TEMPERATURE (F)   66        45      1950


SUNRISE AND SUNSET
JULY 31 2015..........SUNRISE   623 AM MDT   SUNSET   845 PM MDT
AUGUST  1 2015........SUNRISE   624 AM MDT   SUNSET   844 PM MDT


-  INDICATES NEGATIVE NUMBERS.
R  INDICATES RECORD WAS SET OR TIED.
MM INDICATES DATA IS MISSING.
T  INDICATES TRACE AMOUNT.




$$
