000
CDUS45 KSLC 271227
CLISLC


CLIMATE REPORT
NATIONAL WEATHER SERVICE SALT LAKE CITY UT
627 AM MDT TUE JUN 27 2017


...................................

...THE SALT LAKE CITY UT CLIMATE SUMMARY FOR JUNE 26 2017...

CLIMATE NORMAL PERIOD 1981 TO 2010
CLIMATE RECORD PERIOD 1874 TO 2017


WEATHER ITEM   OBSERVED TIME   RECORD YEAR NORMAL DEPARTURE LAST
                VALUE   (LST)  VALUE       VALUE  FROM      YEAR
                                                  NORMAL
..................................................................
TEMPERATURE (F)
 YESTERDAY
  MAXIMUM        100    332 PM 103    1970  87     13       92
  MINIMUM         69    204 AM  42    1978  60      9       58
  AVERAGE         85                        74     11       75

PRECIPITATION (IN)
  YESTERDAY        0.00          0.61 2014   0.02  -0.02     0.00
  MONTH TO DATE    0.25                      0.92  -0.67     0.51
  SINCE OCT 1     15.89                     13.53   2.36    11.41
  SINCE JAN 1     11.25                      9.15   2.10     8.16

SNOWFALL (IN)
  YESTERDAY        0.0          MM      MM   0.0    0.0      0.0
  MONTH TO DATE    0.0                       0.0    0.0      0.0
  SINCE OCT 1     51.4                      56.2   -4.8     34.3
  SINCE JUL 1     51.4                      56.2   -4.8     34.3
  SNOW DEPTH       0

DEGREE DAYS
 HEATING
  YESTERDAY        0                         0      0        0
  MONTH TO DATE    4                        44    -40        0
  SINCE JUN 1      4                        44    -40        0
  SINCE JUL 1   4785                      5605   -820     4822

 COOLING
  YESTERDAY       20                         9     11       10
  MONTH TO DATE  279                       148    131      300
  SINCE JUN 1    279                       148    131      300
  SINCE JAN 1    354                       198    156      347
..................................................................


WIND (MPH)
  RESULTANT WIND SPEED   7   RESULTANT WIND DIRECTION   S (160)
  HIGHEST WIND SPEED    28   HIGHEST WIND DIRECTION    SW (230)
  HIGHEST GUST SPEED    32   HIGHEST GUST DIRECTION    SW (230)
  AVERAGE WIND SPEED     9.3


SKY COVER
  POSSIBLE SUNSHINE  MM
  AVERAGE SKY COVER 0.0


WEATHER CONDITIONS
 THE FOLLOWING WEATHER WAS RECORDED YESTERDAY.
  HAZE


RELATIVE HUMIDITY (PERCENT)
 HIGHEST    47           200 AM
 LOWEST      8           200 PM
 AVERAGE    28

..........................................................


THE SALT LAKE CITY UT CLIMATE NORMALS FOR TODAY
                         NORMAL    RECORD    YEAR
 MAXIMUM TEMPERATURE (F)   88       102      1958
 MINIMUM TEMPERATURE (F)   60        43      1942


SUNRISE AND SUNSET
JUNE 27 2017..........SUNRISE   559 AM MDT   SUNSET   903 PM MDT
JUNE 28 2017..........SUNRISE   559 AM MDT   SUNSET   903 PM MDT


-  INDICATES NEGATIVE NUMBERS.
R  INDICATES RECORD WAS SET OR TIED.
MM INDICATES DATA IS MISSING.
T  INDICATES TRACE AMOUNT.




$$
