000
CDUS45 KSLC 251227
CLISLC


CLIMATE REPORT
NATIONAL WEATHER SERVICE SALT LAKE CITY UT
626 AM MDT MON JUL 25 2016


...................................

...THE SALT LAKE CITY UT CLIMATE SUMMARY FOR JULY 24 2016...

CLIMATE NORMAL PERIOD 1981 TO 2010
CLIMATE RECORD PERIOD 1874 TO 2016


WEATHER ITEM   OBSERVED TIME   RECORD YEAR NORMAL DEPARTURE LAST
                VALUE   (LST)  VALUE       VALUE  FROM      YEAR
                                                  NORMAL
..................................................................
TEMPERATURE (F)
 YESTERDAY
  MAXIMUM         97    439 PM 105    1931  94      3       92
  MINIMUM         64    556 AM  50    1954  66     -2       63
  AVERAGE         81                        80      1       78

PRECIPITATION (IN)
  YESTERDAY        0.00          0.75 1955   0.02  -0.02     0.00
  MONTH TO DATE    T                         0.46  -0.46     1.22
  SINCE OCT 1     11.42                     14.05  -2.63    12.27
  SINCE JAN 1      8.17                      9.67  -1.50    10.26

SNOWFALL (IN)
  YESTERDAY        0.0          MM      MM   0.0    0.0      0.0
  MONTH TO DATE    0.0                       0.0    0.0      0.0
  SINCE OCT 1     34.3                      56.2  -21.9     15.4
  SINCE JUL 1      0.0                       0.0    0.0      0.0
  SNOW DEPTH       0

DEGREE DAYS
 HEATING
  YESTERDAY        0                         0      0        0
  MONTH TO DATE    1                         0      1        0
  SINCE JUN 1      1                        46    -45        0
  SINCE JUL 1      1                         0      1        0

 COOLING
  YESTERDAY       16                        15      1       13
  MONTH TO DATE  410                       321     89      322
  SINCE JUN 1    790                       508    282      702
  SINCE JAN 1    837                       558    279      733
..................................................................


WIND (MPH)
  RESULTANT WIND SPEED   3   RESULTANT WIND DIRECTION   N (340)
  HIGHEST WIND SPEED    14   HIGHEST WIND DIRECTION     N (10)
  HIGHEST GUST SPEED    18   HIGHEST GUST DIRECTION    NW (330)
  AVERAGE WIND SPEED     5.4


SKY COVER
  POSSIBLE SUNSHINE  MM
  AVERAGE SKY COVER 0.1


WEATHER CONDITIONS
 THE FOLLOWING WEATHER WAS RECORDED YESTERDAY.
  NO SIGNIFICANT WEATHER WAS OBSERVED.


RELATIVE HUMIDITY (PERCENT)
 HIGHEST    45           200 AM
 LOWEST      9           300 PM
 AVERAGE    27

..........................................................


THE SALT LAKE CITY UT CLIMATE NORMALS FOR TODAY
                         NORMAL    RECORD    YEAR
 MAXIMUM TEMPERATURE (F)   94       103      1933
 MINIMUM TEMPERATURE (F)   66        51      1964


SUNRISE AND SUNSET
JULY 25 2016..........SUNRISE   618 AM MDT   SUNSET   850 PM MDT
JULY 26 2016..........SUNRISE   619 AM MDT   SUNSET   849 PM MDT


-  INDICATES NEGATIVE NUMBERS.
R  INDICATES RECORD WAS SET OR TIED.
MM INDICATES DATA IS MISSING.
T  INDICATES TRACE AMOUNT.




$$
