000
CDUS46 KPQR 012331
CLISLE


CLIMATE REPORT
NATIONAL WEATHER SERVICE PORTLAND OREGON
431 PM PDT SUN MAY 1 2016


...................................

...THE SALEM OR CLIMATE SUMMARY FOR MAY 1 2016...
VALID TODAY AS OF 0400 PM LOCAL TIME.

CLIMATE NORMAL PERIOD 1981 TO 2010
CLIMATE RECORD PERIOD 1892 TO 2016


WEATHER ITEM   OBSERVED TIME   RECORD YEAR NORMAL DEPARTURE LAST
                VALUE   (LST)  VALUE       VALUE  FROM      YEAR
                                                  NORMAL
..................................................................
TEMPERATURE (F)
 TODAY
  MAXIMUM         81    259 PM  88    2014  64     17       74
  MINIMUM         47    509 AM  25    1954  42      5       45
  AVERAGE         64                        53     11       60

PRECIPITATION (IN)
  TODAY            0.00          1.30 1949   0.07  -0.07     0.00
  MONTH TO DATE    0.00                      0.07  -0.07     0.00
  SINCE OCT 1     42.68                     33.78   8.90    31.42
  SINCE JAN 1     19.13                     17.39   1.74    13.88

DEGREE DAYS
 HEATING
  TODAY            1                        12    -11        5
  MONTH TO DATE    1                        12    -11        5
  SINCE MAR 1    727                      1015   -288      832
  SINCE JUL 1   3383                      4255   -872     3302

 COOLING
  TODAY            0                         0      0        0
  MONTH TO DATE    0                         0      0        0
  SINCE MAR 1      7                         0      7        0
  SINCE JAN 1      7                         0      7        0
..................................................................


WIND (MPH)
  HIGHEST WIND SPEED    16   HIGHEST WIND DIRECTION     N (360)
  HIGHEST GUST SPEED    20   HIGHEST GUST DIRECTION     N (340)
  AVERAGE WIND SPEED     7.0


SKY COVER
  POSSIBLE SUNSHINE  MM
  AVERAGE SKY COVER 0.0


WEATHER CONDITIONS
 THE FOLLOWING WEATHER WAS RECORDED TODAY.
  NO SIGNIFICANT WEATHER WAS OBSERVED.


RELATIVE HUMIDITY (PERCENT)
 HIGHEST    86           100 AM
 LOWEST     28           300 PM
 AVERAGE    57

..........................................................


THE SALEM OR CLIMATE NORMALS FOR TOMORROW
                         NORMAL    RECORD    YEAR
 MAXIMUM TEMPERATURE (F)   65        87      1946
 MINIMUM TEMPERATURE (F)   42        30      1952


SUNRISE AND SUNSET
MAY  1 2016...........SUNRISE   601 AM PDT   SUNSET   818 PM PDT
MAY  2 2016...........SUNRISE   559 AM PDT   SUNSET   819 PM PDT


-  INDICATES NEGATIVE NUMBERS.
R  INDICATES RECORD WAS SET OR TIED.
MM INDICATES DATA IS MISSING.
T  INDICATES TRACE AMOUNT.




$$
