000
CDUS46 KPQR 011142
CLISLE


CLIMATE REPORT
NATIONAL WEATHER SERVICE PORTLAND OREGON
442 AM PDT WED JUL 1 2015


...................................

...THE SALEM OR CLIMATE SUMMARY FOR JUNE 30 2015...

CLIMATE NORMAL PERIOD 1981 TO 2010
CLIMATE RECORD PERIOD 1892 TO 2015


WEATHER ITEM   OBSERVED TIME   RECORD YEAR NORMAL DEPARTURE LAST
                VALUE   (LST)  VALUE       VALUE  FROM      YEAR
                                                  NORMAL
..................................................................
TEMPERATURE (F)
 YESTERDAY
  MAXIMUM         95    531 PM 102    1942  78     17       87
  MINIMUM         59    359 AM  39    1961  51      8       53
                                      1899
  AVERAGE         77                        65     12       70

PRECIPITATION (IN)
  YESTERDAY        0.00          0.62 1976   0.03  -0.03     0.00
  MONTH TO DATE    0.67                      1.55  -0.88     0.64
  SINCE OCT 1     32.81                     37.48  -4.67    26.59
  SINCE JAN 1     15.27                     21.09  -5.82    22.01

DEGREE DAYS
 HEATING
  YESTERDAY        0                         2     -2        0
  MONTH TO DATE   22                       129   -107       66
  SINCE JUN 1     22                       130   -108       66
  SINCE JUL 1   3478                      4653  -1175     4359

 COOLING
  YESTERDAY       12                         2     10        5
  MONTH TO DATE  160                        28    132       19
  SINCE JUN 1    160                        28    132       19
  SINCE JAN 1    173                        37    136       35
..................................................................


WIND (MPH)
  HIGHEST WIND SPEED    20   HIGHEST WIND DIRECTION     N (20)
  HIGHEST GUST SPEED    25   HIGHEST GUST DIRECTION     N (20)
  AVERAGE WIND SPEED     8.0


SKY COVER
  POSSIBLE SUNSHINE  MM
  AVERAGE SKY COVER 0.0


WEATHER CONDITIONS
 THE FOLLOWING WEATHER WAS RECORDED YESTERDAY.
  NO SIGNIFICANT WEATHER WAS OBSERVED.


RELATIVE HUMIDITY (PERCENT)
 HIGHEST    84           500 AM
 LOWEST     24           300 PM
 AVERAGE    54

..........................................................


THE SALEM OR CLIMATE NORMALS FOR TODAY
                         NORMAL    RECORD    YEAR
 MAXIMUM TEMPERATURE (F)   78       101      1967
                                             1942
 MINIMUM TEMPERATURE (F)   51        39      1935


SUNRISE AND SUNSET
JULY  1 2015..........SUNRISE   529 AM PDT   SUNSET   902 PM PDT
JULY  2 2015..........SUNRISE   530 AM PDT   SUNSET   902 PM PDT


-  INDICATES NEGATIVE NUMBERS.
R  INDICATES RECORD WAS SET OR TIED.
MM INDICATES DATA IS MISSING.
T  INDICATES TRACE AMOUNT.




$$
