000
CDUS46 KPQR 290221
CLISLE


CLIMATE REPORT
NATIONAL WEATHER SERVICE PORTLAND OREGON
721 PM PDT SAT MAY 28 2016


...................................

...THE SALEM OR CLIMATE SUMMARY FOR MAY 28 2016...
VALID TODAY AS OF 0700 PM LOCAL TIME.

CLIMATE NORMAL PERIOD 1981 TO 2010
CLIMATE RECORD PERIOD 1892 TO 2016


WEATHER ITEM   OBSERVED TIME   RECORD YEAR NORMAL DEPARTURE LAST
                VALUE   (LST)  VALUE       VALUE  FROM      YEAR
                                                  NORMAL
..................................................................
TEMPERATURE (F)
 TODAY
  MAXIMUM         74    507 PM 100    1983  70      4       86
  MINIMUM         41    246 AM  32    1966  47     -6       51
  AVERAGE         58                        59     -1       69

PRECIPITATION (IN)
  TODAY            0.00          0.55 1997   0.08  -0.08     0.00
  MONTH TO DATE    1.17                      2.00  -0.83     0.72
  SINCE OCT 1     43.85                     35.71   8.14    32.14
  SINCE JAN 1     20.30                     19.32   0.98    14.60

DEGREE DAYS
 HEATING
  TODAY            7                         7      0        0
  MONTH TO DATE  139                       259   -120      159
  SINCE MAR 1    865                      1262   -397      986
  SINCE JUL 1   3521                      4502   -981     3456

 COOLING
  TODAY            0                         0      0        4
  MONTH TO DATE   10                         0     10        4
  SINCE MAR 1     17                         0     17        4
  SINCE JAN 1     17                         0     17        4
..................................................................


WIND (MPH)
  HIGHEST WIND SPEED    16   HIGHEST WIND DIRECTION    NW (320)
  HIGHEST GUST SPEED    19   HIGHEST GUST DIRECTION    NW (320)
  AVERAGE WIND SPEED     3.6


SKY COVER
  POSSIBLE SUNSHINE  MM
  AVERAGE SKY COVER 0.1


WEATHER CONDITIONS
 THE FOLLOWING WEATHER WAS RECORDED TODAY.
  NO SIGNIFICANT WEATHER WAS OBSERVED.


RELATIVE HUMIDITY (PERCENT)
 HIGHEST    89           200 AM
 LOWEST     31           100 PM
 AVERAGE    60

..........................................................


THE SALEM OR CLIMATE NORMALS FOR TOMORROW
                         NORMAL    RECORD    YEAR
 MAXIMUM TEMPERATURE (F)   70        90      1995
 MINIMUM TEMPERATURE (F)   47        34      1979


SUNRISE AND SUNSET
MAY 28 2016...........SUNRISE   531 AM PDT   SUNSET   848 PM PDT
MAY 29 2016...........SUNRISE   530 AM PDT   SUNSET   849 PM PDT


-  INDICATES NEGATIVE NUMBERS.
R  INDICATES RECORD WAS SET OR TIED.
MM INDICATES DATA IS MISSING.
T  INDICATES TRACE AMOUNT.




$$
