000
CDUS46 KPQR 260226
CLISLE


CLIMATE REPORT
NATIONAL WEATHER SERVICE PORTLAND OREGON
726 PM PDT TUE APR 25 2017


...................................

...THE SALEM OR CLIMATE SUMMARY FOR APRIL 25 2017...
VALID TODAY AS OF 0700 PM LOCAL TIME.

CLIMATE NORMAL PERIOD 1981 TO 2010
CLIMATE RECORD PERIOD 1892 TO 2017


WEATHER ITEM   OBSERVED TIME   RECORD YEAR NORMAL DEPARTURE LAST
                VALUE   (LST)  VALUE       VALUE  FROM      YEAR
                                                  NORMAL
..................................................................
TEMPERATURE (F)
 TODAY
  MAXIMUM         59   1102 AM  84    1926  63     -4       61
  MINIMUM         45    321 AM  28    1982  41      4       38
  AVERAGE         52                        52      0       50

PRECIPITATION (IN)
  TODAY            0.13          0.84 2011   0.08   0.05      T
  MONTH TO DATE    3.53                      2.44   1.09     1.96
  SINCE OCT 1     53.33                     33.34  19.99    42.60
  SINCE JAN 1     30.03                     16.95  13.08    19.05

DEGREE DAYS
 HEATING
  TODAY           13                        13      0       15
  MONTH TO DATE  356                       376    -20      186
  SINCE MAR 1    875                       939    -64      664
  SINCE JUL 1   4033                      4179   -146     3320

 COOLING
  TODAY            0                         0      0        0
  MONTH TO DATE    0                         0      0        7
  SINCE MAR 1      0                         0      0        7
  SINCE JAN 1      0                         0      0        7
..................................................................


WIND (MPH)
  HIGHEST WIND SPEED    18   HIGHEST WIND DIRECTION     S (180)
  HIGHEST GUST SPEED    25   HIGHEST GUST DIRECTION     S (170)
  AVERAGE WIND SPEED    10.0


SKY COVER
  POSSIBLE SUNSHINE  MM
  AVERAGE SKY COVER 1.0


WEATHER CONDITIONS
 THE FOLLOWING WEATHER WAS RECORDED TODAY.
  LIGHT RAIN
  FOG


RELATIVE HUMIDITY (PERCENT)
 HIGHEST    93          1200 AM
 LOWEST     57          1000 AM
 AVERAGE    75

..........................................................


THE SALEM OR CLIMATE NORMALS FOR TOMORROW
                         NORMAL    RECORD    YEAR
 MAXIMUM TEMPERATURE (F)   63        87      1947
 MINIMUM TEMPERATURE (F)   41        29      1984


SUNRISE AND SUNSET
APRIL 25 2017.........SUNRISE   610 AM PDT   SUNSET   810 PM PDT
APRIL 26 2017.........SUNRISE   609 AM PDT   SUNSET   812 PM PDT


-  INDICATES NEGATIVE NUMBERS.
R  INDICATES RECORD WAS SET OR TIED.
MM INDICATES DATA IS MISSING.
T  INDICATES TRACE AMOUNT.




$$
