000
CDUS46 KPQR 211143
CLISLE


CLIMATE REPORT
NATIONAL WEATHER SERVICE PORTLAND OREGON
343 AM PST WED FEB 21 2018


...................................

...THE SALEM OR CLIMATE SUMMARY FOR FEBRUARY 20 2018...

CLIMATE NORMAL PERIOD 1981 TO 2010
CLIMATE RECORD PERIOD 1892 TO 2018


WEATHER ITEM   OBSERVED TIME   RECORD YEAR NORMAL DEPARTURE LAST
                VALUE   (LST)  VALUE       VALUE  FROM      YEAR
                                                  NORMAL
..................................................................
TEMPERATURE (F)
 YESTERDAY
  MAXIMUM         40    417 PM  64    1995  52    -12       52
  MINIMUM         29    212 AM  18    2006  35     -6       43
  AVERAGE         35                        44     -9       48

PRECIPITATION (IN)
  YESTERDAY        0.18          2.05 1956   0.16   0.02     0.89
  MONTH TO DATE    0.88                      3.32  -2.44    12.02
  SINCE OCT 1     23.31                     25.67  -2.36    40.72
  SINCE JAN 1      8.21                      9.28  -1.07    17.42

DEGREE DAYS
 HEATING
  YESTERDAY       30                        22      8       17
  MONTH TO DATE  408                       447    -39      407
  SINCE DEC 1   1777                      1957   -180     2153
  SINCE JUL 1   2709                      3074   -365     2957

 COOLING
  YESTERDAY        0                         0      0        0
  MONTH TO DATE    0                         0      0        0
  SINCE DEC 1      0                         0      0        0
  SINCE JAN 1      0                         0      0        0
..................................................................


WIND (MPH)
  HIGHEST WIND SPEED    20   HIGHEST WIND DIRECTION     S (180)
  HIGHEST GUST SPEED    24   HIGHEST GUST DIRECTION     S (180)
  AVERAGE WIND SPEED     8.4


SKY COVER
  POSSIBLE SUNSHINE  MM
  AVERAGE SKY COVER 0.9


WEATHER CONDITIONS
 THE FOLLOWING WEATHER WAS RECORDED YESTERDAY.
  LIGHT RAIN
  LIGHT SNOW
  FOG
  HAZE


RELATIVE HUMIDITY (PERCENT)
 HIGHEST    92           900 PM
 LOWEST     70           100 PM
 AVERAGE    81

..........................................................


THE SALEM OR CLIMATE NORMALS FOR TODAY
                         NORMAL    RECORD    YEAR
 MAXIMUM TEMPERATURE (F)   53        66      1973
 MINIMUM TEMPERATURE (F)   35        21      1894


SUNRISE AND SUNSET
FEBRUARY 21 2018......SUNRISE   703 AM PST   SUNSET   549 PM PST
FEBRUARY 22 2018......SUNRISE   701 AM PST   SUNSET   550 PM PST


-  INDICATES NEGATIVE NUMBERS.
R  INDICATES RECORD WAS SET OR TIED.
MM INDICATES DATA IS MISSING.
T  INDICATES TRACE AMOUNT.




$$
