000
CDUS46 KPQR 032320
CLISLE


CLIMATE REPORT
NATIONAL WEATHER SERVICE PORTLAND OREGON
420 PM PDT WED JUN 3 2015


...................................

...THE SALEM OR CLIMATE SUMMARY FOR JUNE 3 2015...
VALID TODAY AS OF 0400 PM LOCAL TIME.

CLIMATE NORMAL PERIOD 1981 TO 2010
CLIMATE RECORD PERIOD 1892 TO 2015


WEATHER ITEM   OBSERVED TIME   RECORD YEAR NORMAL DEPARTURE LAST
                VALUE   (LST)  VALUE       VALUE  FROM      YEAR
                                                  NORMAL
..................................................................
TEMPERATURE (F)
 TODAY
  MAXIMUM         66    259 PM  94    1950  71     -5       70
  MINIMUM         52    233 AM  32    1976  48      4       50
  AVERAGE         59                        59      0       60

PRECIPITATION (IN)
  TODAY            0.00          0.55 2010   0.07  -0.07     0.00
  MONTH TO DATE    0.67                      0.22   0.45     0.00
  SINCE OCT 1     32.81                     36.15  -3.34    25.95
  SINCE JAN 1     15.27                     19.76  -4.49    21.37

DEGREE DAYS
 HEATING
  TODAY            6                         6      0        5
  MONTH TO DATE   17                        18     -1       10
  SINCE JUN 1     17                        18     -1       10
  SINCE JUL 1   3473                      4541  -1068     4303

 COOLING
  TODAY            0                         0      0        0
  MONTH TO DATE    0                         0      0        0
  SINCE JUN 1      0                         0      0        0
  SINCE JAN 1     13                         9      4       16
..................................................................


WIND (MPH)
  HIGHEST WIND SPEED    15   HIGHEST WIND DIRECTION    NW (320)
  HIGHEST GUST SPEED    18   HIGHEST GUST DIRECTION    NW (320)
  AVERAGE WIND SPEED     3.1


SKY COVER
  POSSIBLE SUNSHINE  MM
  AVERAGE SKY COVER 0.9


WEATHER CONDITIONS
 THE FOLLOWING WEATHER WAS RECORDED TODAY.
  NO SIGNIFICANT WEATHER WAS OBSERVED.


RELATIVE HUMIDITY (PERCENT)
 HIGHEST    93           200 AM
 LOWEST     56          1100 AM
 AVERAGE    75

..........................................................


THE SALEM OR CLIMATE NORMALS FOR TOMORROW
                         NORMAL    RECORD    YEAR
 MAXIMUM TEMPERATURE (F)   71        93      1978
 MINIMUM TEMPERATURE (F)   48        33      1991


SUNRISE AND SUNSET
JUNE  3 2015..........SUNRISE   528 AM PDT   SUNSET   853 PM PDT
JUNE  4 2015..........SUNRISE   527 AM PDT   SUNSET   854 PM PDT


-  INDICATES NEGATIVE NUMBERS.
R  INDICATES RECORD WAS SET OR TIED.
MM INDICATES DATA IS MISSING.
T  INDICATES TRACE AMOUNT.




$$
