000
CDUS46 KPQR 272322
CLISLE


CLIMATE REPORT
NATIONAL WEATHER SERVICE PORTLAND OREGON
422 PM PDT WED AUG 27 2014


...................................

...THE SALEM OR CLIMATE SUMMARY FOR AUGUST 27 2014...
VALID TODAY AS OF 0400 PM LOCAL TIME.

CLIMATE NORMAL PERIOD 1981 TO 2010
CLIMATE RECORD PERIOD 1892 TO 2014


WEATHER ITEM   OBSERVED TIME   RECORD YEAR NORMAL DEPARTURE LAST
                VALUE   (LST)  VALUE       VALUE  FROM      YEAR
                                                  NORMAL
..................................................................
TEMPERATURE (F)
 TODAY
  MAXIMUM         93    258 PM 101    1935  81     12       85
  MINIMUM         60    601 AM  39    1962  52      8       60
  AVERAGE         77                        66     11       73

PRECIPITATION (IN)
  TODAY            0.00          0.52 1941   0.02  -0.02      T
  MONTH TO DATE    0.28                      0.35  -0.07     0.14
  SINCE OCT 1     27.33                     38.29 -10.96    34.01
  SINCE JAN 1     22.75                     21.90   0.85    11.75

DEGREE DAYS
 HEATING
  TODAY            0                         1     -1        0
  MONTH TO DATE    0                        24    -24        3
  SINCE JUN 1     69                       184   -115       84
  SINCE JUL 1      3                        54    -51        5

 COOLING
  TODAY           12                         3      9        8
  MONTH TO DATE  228                        96    132      158
  SINCE JUN 1    489                       233    256      387
  SINCE JAN 1    505                       242    263      397
..................................................................


WIND (MPH)
  HIGHEST WIND SPEED     9   HIGHEST WIND DIRECTION     N (10)
  HIGHEST GUST SPEED    13   HIGHEST GUST DIRECTION     N (360)
  AVERAGE WIND SPEED     1.9


SKY COVER
  POSSIBLE SUNSHINE  MM
  AVERAGE SKY COVER 0.0


WEATHER CONDITIONS
 THE FOLLOWING WEATHER WAS RECORDED TODAY.
  NO SIGNIFICANT WEATHER WAS OBSERVED.


RELATIVE HUMIDITY (PERCENT)
 HIGHEST    72           500 AM
 LOWEST     24           300 PM
 AVERAGE    48

..........................................................


THE SALEM OR CLIMATE NORMALS FOR TOMORROW
                         NORMAL    RECORD    YEAR
 MAXIMUM TEMPERATURE (F)   81       100      1935
 MINIMUM TEMPERATURE (F)   52        36      1980


SUNRISE AND SUNSET
AUGUST 27 2014........SUNRISE   628 AM PDT   SUNSET   758 PM PDT
AUGUST 28 2014........SUNRISE   629 AM PDT   SUNSET   756 PM PDT


-  INDICATES NEGATIVE NUMBERS.
R  INDICATES RECORD WAS SET OR TIED.
MM INDICATES DATA IS MISSING.
T  INDICATES TRACE AMOUNT.




$$
