000
CDUS46 KPQR 011141
CLISLE


CLIMATE REPORT
NATIONAL WEATHER SERVICE PORTLAND OREGON
340 AM PST WED MAR 1 2017


...................................

...THE SALEM OR CLIMATE SUMMARY FOR FEBRUARY 28 2017...

CLIMATE NORMAL PERIOD 1981 TO 2010
CLIMATE RECORD PERIOD 1892 TO 2017


WEATHER ITEM   OBSERVED TIME   RECORD YEAR NORMAL DEPARTURE LAST
                VALUE   (LST)  VALUE       VALUE  FROM      YEAR
                                                  NORMAL
..................................................................
TEMPERATURE (F)
 YESTERDAY
  MAXIMUM         50    331 PM  72    1968  54     -4       55
  MINIMUM         37    655 AM  15    1971  35      2       41
  AVERAGE         44                        44      0       48

PRECIPITATION (IN)
  YESTERDAY        0.12          1.67 2011   0.15  -0.03     0.16
  MONTH TO DATE   13.41                      4.56   8.85     2.80
  SINCE OCT 1     42.11                     26.91  15.20    34.17
  SINCE JAN 1     18.81                     10.52   8.29    10.62

DEGREE DAYS
 HEATING
  YESTERDAY       21                        20      1       17
  MONTH TO DATE  608                       614     -6      456
  SINCE DEC 1   2354                      2123    231     1758
  SINCE JUL 1   3158                      3240    -82     2638

 COOLING
  YESTERDAY        0                         0      0        0
  MONTH TO DATE    0                         0      0        0
  SINCE DEC 1      0                         0      0        0
  SINCE JAN 1      0                         0      0        0
..................................................................


WIND (MPH)
  HIGHEST WIND SPEED    16   HIGHEST WIND DIRECTION     S (180)
  HIGHEST GUST SPEED    20   HIGHEST GUST DIRECTION     S (190)
  AVERAGE WIND SPEED     8.2


SKY COVER
  POSSIBLE SUNSHINE  MM
  AVERAGE SKY COVER 0.6


WEATHER CONDITIONS
 THE FOLLOWING WEATHER WAS RECORDED YESTERDAY.
  RAIN
  LIGHT RAIN
  HAZE


RELATIVE HUMIDITY (PERCENT)
 HIGHEST    92           200 AM
 LOWEST     65           600 PM
 AVERAGE    79

..........................................................


THE SALEM OR CLIMATE NORMALS FOR TODAY
                         NORMAL    RECORD    YEAR
 MAXIMUM TEMPERATURE (F)   54        70      1905
 MINIMUM TEMPERATURE (F)   35        12      1971


SUNRISE AND SUNSET
MARCH  1 2017.........SUNRISE   649 AM PST   SUNSET   600 PM PST
MARCH  2 2017.........SUNRISE   647 AM PST   SUNSET   601 PM PST


-  INDICATES NEGATIVE NUMBERS.
R  INDICATES RECORD WAS SET OR TIED.
MM INDICATES DATA IS MISSING.
T  INDICATES TRACE AMOUNT.




$$
