000
CDUS46 KPQR 081144
CLISLE


CLIMATE REPORT
NATIONAL WEATHER SERVICE PORTLAND OREGON
342 AM PST MON FEB 8 2016


...................................

...THE SALEM OR CLIMATE SUMMARY FOR FEBRUARY 7 2016...

CLIMATE NORMAL PERIOD 1981 TO 2010
CLIMATE RECORD PERIOD 1892 TO 2016


WEATHER ITEM   OBSERVED TIME   RECORD YEAR NORMAL DEPARTURE LAST
                VALUE   (LST)  VALUE       VALUE  FROM      YEAR
                                                  NORMAL
..................................................................
TEMPERATURE (F)
 YESTERDAY
  MAXIMUM         61    349 PM  63    1993  51     10       58
  MINIMUM         42   1115 PM   8    1989  35      7       48
  AVERAGE         52                        42     10       53

PRECIPITATION (IN)
  YESTERDAY        0.00          2.32 1996   0.18  -0.18     0.72
  MONTH TO DATE    0.44                      1.19  -0.75     3.08
  SINCE OCT 1     31.81                     23.54   8.27    23.83
  SINCE JAN 1      8.26                      7.15   1.11     6.29

DEGREE DAYS
 HEATING
  YESTERDAY       13                        23    -10       12
  MONTH TO DATE  132                       161    -29      103
  SINCE DEC 1   1434                      1671   -237     1358
  SINCE JUL 1   2314                      2788   -474     2124

 COOLING
  YESTERDAY        0                         0      0        0
  MONTH TO DATE    0                         0      0        0
  SINCE DEC 1      0                         0      0        0
  SINCE JAN 1      0                         0      0        0
..................................................................


WIND (MPH)
  HIGHEST WIND SPEED     8   HIGHEST WIND DIRECTION     N (360)
  HIGHEST GUST SPEED    10   HIGHEST GUST DIRECTION     N (360)
  AVERAGE WIND SPEED     2.3


SKY COVER
  POSSIBLE SUNSHINE  MM
  AVERAGE SKY COVER 0.6


WEATHER CONDITIONS
 THE FOLLOWING WEATHER WAS RECORDED YESTERDAY.
  FOG


RELATIVE HUMIDITY (PERCENT)
 HIGHEST    93           900 AM
 LOWEST     60           400 PM
 AVERAGE    77

..........................................................


THE SALEM OR CLIMATE NORMALS FOR TODAY
                         NORMAL    RECORD    YEAR
 MAXIMUM TEMPERATURE (F)   51        62      1996
                                             1995
                                             1970
 MINIMUM TEMPERATURE (F)   34        12      1989


SUNRISE AND SUNSET
FEBRUARY  8 2016......SUNRISE   723 AM PST   SUNSET   530 PM PST
FEBRUARY  9 2016......SUNRISE   722 AM PST   SUNSET   531 PM PST


-  INDICATES NEGATIVE NUMBERS.
R  INDICATES RECORD WAS SET OR TIED.
MM INDICATES DATA IS MISSING.
T  INDICATES TRACE AMOUNT.




$$
