000
CDUS46 KPQR 240221
CLISLE


CLIMATE REPORT
NATIONAL WEATHER SERVICE PORTLAND OREGON
720 PM PDT TUE MAY 23 2017


...................................

...THE SALEM OR CLIMATE SUMMARY FOR MAY 23 2017...
VALID TODAY AS OF 0700 PM LOCAL TIME.

CLIMATE NORMAL PERIOD 1981 TO 2010
CLIMATE RECORD PERIOD 1892 TO 2017


WEATHER ITEM   OBSERVED TIME   RECORD YEAR NORMAL DEPARTURE LAST
                VALUE   (LST)  VALUE       VALUE  FROM      YEAR
                                                  NORMAL
..................................................................
TEMPERATURE (F)
 TODAY
  MAXIMUM         86    126 PM  93    1947  69     17       66
  MINIMUM         56    430 AM  32    1935  46     10       48
  AVERAGE         71                        58     13       57

PRECIPITATION (IN)
  TODAY            0.00          0.80 1893   0.07  -0.07     0.01
  MONTH TO DATE    1.62                      1.62   0.00     1.17
  SINCE OCT 1     55.84                     35.33  20.51    43.86
  SINCE JAN 1     32.54                     18.94  13.60    20.31

DEGREE DAYS
 HEATING
  TODAY            0                         8     -8        8
  MONTH TO DATE  199                       224    -25      109
  SINCE MAR 1   1150                      1227    -77      835
  SINCE JUL 1   4308                      4467   -159     3491

 COOLING
  TODAY            6                         0      6        0
  MONTH TO DATE   21                         0     21       10
  SINCE MAR 1     21                         0     21       17
  SINCE JAN 1     21                         0     21       17
..................................................................


WIND (MPH)
  HIGHEST WIND SPEED    20   HIGHEST WIND DIRECTION     W (270)
  HIGHEST GUST SPEED    23   HIGHEST GUST DIRECTION     W (270)
  AVERAGE WIND SPEED     5.4


SKY COVER
  POSSIBLE SUNSHINE  MM
  AVERAGE SKY COVER 0.0


WEATHER CONDITIONS
 THE FOLLOWING WEATHER WAS RECORDED TODAY.
  NO SIGNIFICANT WEATHER WAS OBSERVED.


RELATIVE HUMIDITY (PERCENT)
 HIGHEST    86           500 AM
 LOWEST     30           400 PM
 AVERAGE    58

..........................................................


THE SALEM OR CLIMATE NORMALS FOR TOMORROW
                         NORMAL    RECORD    YEAR
 MAXIMUM TEMPERATURE (F)   70        93      1928
 MINIMUM TEMPERATURE (F)   46        34      1955


SUNRISE AND SUNSET
MAY 23 2017...........SUNRISE   535 AM PDT   SUNSET   843 PM PDT
MAY 24 2017...........SUNRISE   534 AM PDT   SUNSET   844 PM PDT


-  INDICATES NEGATIVE NUMBERS.
R  INDICATES RECORD WAS SET OR TIED.
MM INDICATES DATA IS MISSING.
T  INDICATES TRACE AMOUNT.




$$
