000
CDUS46 KPQR 231141
CLISLE


CLIMATE REPORT
NATIONAL WEATHER SERVICE PORTLAND OREGON
441 AM PDT WED AUG 23 2017


...................................

...THE SALEM OR CLIMATE SUMMARY FOR AUGUST 22 2017...

CLIMATE NORMAL PERIOD 1981 TO 2010
CLIMATE RECORD PERIOD 1892 TO 2017


WEATHER ITEM   OBSERVED TIME   RECORD YEAR NORMAL DEPARTURE LAST
                VALUE   (LST)  VALUE       VALUE  FROM      YEAR
                                                  NORMAL
..................................................................
TEMPERATURE (F)
 YESTERDAY
  MAXIMUM         89    429 PM 100    1942  82      7       78
  MINIMUM         59    543 AM  39    1973  52      7       52
  AVERAGE         74                        67      7       65

PRECIPITATION (IN)
  YESTERDAY        0.00          0.71 1925   0.01  -0.01     0.00
  MONTH TO DATE    0.15                      0.25  -0.10     0.24
  SINCE OCT 1     56.75                     38.19  18.56    45.55
  SINCE JAN 1     33.45                     21.80  11.65    22.00

DEGREE DAYS
 HEATING
  YESTERDAY        0                         1     -1        0
  MONTH TO DATE    2                        19    -17        7
  SINCE JUN 1     84                       179    -95       90
  SINCE JUL 1      2                        49    -47       12

 COOLING
  YESTERDAY        9                         3      6        0
  MONTH TO DATE  199                        81    118      154
  SINCE JUN 1    434                       218    216      366
  SINCE JAN 1    461                       227    234      387
..................................................................


WIND (MPH)
  HIGHEST WIND SPEED    12   HIGHEST WIND DIRECTION     W (290)
  HIGHEST GUST SPEED    14   HIGHEST GUST DIRECTION     W (290)
  AVERAGE WIND SPEED     4.2


SKY COVER
  POSSIBLE SUNSHINE  MM
  AVERAGE SKY COVER 0.0


WEATHER CONDITIONS
 THE FOLLOWING WEATHER WAS RECORDED YESTERDAY.
  HAZE


RELATIVE HUMIDITY (PERCENT)
 HIGHEST    84           500 AM
 LOWEST     31           500 PM
 AVERAGE    58

..........................................................


THE SALEM OR CLIMATE NORMALS FOR TODAY
                         NORMAL    RECORD    YEAR
 MAXIMUM TEMPERATURE (F)   82       102      1988
 MINIMUM TEMPERATURE (F)   52        40      1921


SUNRISE AND SUNSET
AUGUST 23 2017........SUNRISE   624 AM PDT   SUNSET   804 PM PDT
AUGUST 24 2017........SUNRISE   625 AM PDT   SUNSET   803 PM PDT


-  INDICATES NEGATIVE NUMBERS.
R  INDICATES RECORD WAS SET OR TIED.
MM INDICATES DATA IS MISSING.
T  INDICATES TRACE AMOUNT.




$$
