000
CDUS41 KBTV 210532
CLISLK


CLIMATE REPORT
NATIONAL WEATHER SERVICE BURLINGTON VT
1231 AM EST WED FEB 21 2018


...................................

...THE SARANAC LAKE NY CLIMATE SUMMARY FOR FEBRUARY 20 2018...

CLIMATE NORMAL PERIOD 1981 TO 2010
CLIMATE RECORD PERIOD 9999 TO 9999


WEATHER ITEM   OBSERVED TIME   NORMAL DEPARTURE LAST
                VALUE   (LST)  VALUE  FROM      YEAR
                                      NORMAL
......................................................
TEMPERATURE (F)
 YESTERDAY
  MAXIMUM         53    817 PM  29     24       34
  MINIMUM         36    409 AM   2     34        7
  AVERAGE         45            16     29       21

PRECIPITATION (IN)
  YESTERDAY        0.52          0.06   0.46     0.00
  MONTH TO DATE    1.55          1.19   0.36     1.03
  SINCE DEC 1      6.59          5.61   0.98     5.63
  SINCE JAN 1      4.83          3.32   1.51     3.20

DEGREE DAYS
 HEATING
  YESTERDAY       20            49    -29       44
  MONTH TO DATE  913          1019   -106      911
  SINCE DEC 1   4089          4046     43     3622
  SINCE JUL 1   6146          6321   -175     5464

 COOLING
  YESTERDAY        0             0      0        0
  MONTH TO DATE    0             0      0        0
  SINCE DEC 1      0             0      0        0
  SINCE JAN 1      0             0      0        0
......................................................


WIND (MPH)
  HIGHEST WIND SPEED    13   HIGHEST WIND DIRECTION    SW (230)
  HIGHEST GUST SPEED    18   HIGHEST GUST DIRECTION    SW (230)
  AVERAGE WIND SPEED     5.6


SKY COVER
  AVERAGE SKY COVER 1.0


WEATHER CONDITIONS
 THE FOLLOWING WEATHER WAS RECORDED YESTERDAY.
  RAIN
  LIGHT RAIN
  FOG
  FOG W/VISIBILITY <= 1/4 MILE


RELATIVE HUMIDITY (PERCENT)
 HIGHEST   100          1200 AM
 LOWEST    100          1200 AM
 AVERAGE   100

..........................................................


THE SARANAC LAKE NY CLIMATE NORMALS FOR TODAY
                         NORMAL    RECORD    YEAR
 MAXIMUM TEMPERATURE (F)   29        45      2017
 MINIMUM TEMPERATURE (F)    3       -19      2015


SUNRISE AND SUNSET
FEBRUARY 21 2018......SUNRISE   647 AM EST   SUNSET   534 PM EST
FEBRUARY 22 2018......SUNRISE   646 AM EST   SUNSET   535 PM EST


-  INDICATES NEGATIVE NUMBERS.
R  INDICATES RECORD WAS SET OR TIED.
MM INDICATES DATA IS MISSING.
T  INDICATES TRACE AMOUNT.




$$
