000
CDUS41 KBTV 210636
CLISLK


CLIMATE REPORT
NATIONAL WEATHER SERVICE BURLINGTON VT
134 AM EST TUE NOV 21 2017


...................................

...THE SARANAC LAKE NY CLIMATE SUMMARY FOR NOVEMBER 20 2017...

CLIMATE NORMAL PERIOD 1981 TO 2010
CLIMATE RECORD PERIOD 9999 TO 9999


WEATHER ITEM   OBSERVED TIME   NORMAL DEPARTURE LAST
                VALUE   (LST)  VALUE  FROM      YEAR
                                      NORMAL
......................................................
TEMPERATURE (F)
 YESTERDAY
  MAXIMUM         28   1159 PM  40    -12       36
  MINIMUM         15    817 AM  21     -6       21
  AVERAGE         22            31     -9       29

PRECIPITATION (IN)
  YESTERDAY        0.05          0.11  -0.06     0.38
  MONTH TO DATE    2.30          2.29   0.01     1.75
  SINCE SEP 1      9.56          9.63  -0.07     8.55
  SINCE JAN 1     41.22         34.17   7.05    30.47

DEGREE DAYS
 HEATING
  YESTERDAY       43            34      9       36
  MONTH TO DATE  692           612     80      492
  SINCE SEP 1   1410          1664   -254     1367
  SINCE JUL 1   1682          1904   -222     1488

 COOLING
  YESTERDAY        0             0      0        0
  MONTH TO DATE    0             0      0        0
  SINCE SEP 1     16             7      9       15
  SINCE JAN 1     69           114    -45      166
......................................................


WIND (MPH)
  HIGHEST WIND SPEED    16   HIGHEST WIND DIRECTION     W (270)
  HIGHEST GUST SPEED    26   HIGHEST GUST DIRECTION    SW (240)
  AVERAGE WIND SPEED     6.1


SKY COVER
  AVERAGE SKY COVER 1.0


WEATHER CONDITIONS
 THE FOLLOWING WEATHER WAS RECORDED YESTERDAY.
  SNOW
  LIGHT SNOW
  FOG
  HAZE


RELATIVE HUMIDITY (PERCENT)
 HIGHEST   100           800 PM
 LOWEST     80           600 AM
 AVERAGE    90

..........................................................


THE SARANAC LAKE NY CLIMATE NORMALS FOR TODAY
                         NORMAL    RECORD    YEAR
 MAXIMUM TEMPERATURE (F)   40        53      2003
 MINIMUM TEMPERATURE (F)   21         5      2013


SUNRISE AND SUNSET
NOVEMBER 21 2017......SUNRISE   701 AM EST   SUNSET   424 PM EST
NOVEMBER 22 2017......SUNRISE   702 AM EST   SUNSET   423 PM EST


-  INDICATES NEGATIVE NUMBERS.
R  INDICATES RECORD WAS SET OR TIED.
MM INDICATES DATA IS MISSING.
T  INDICATES TRACE AMOUNT.




$$
