000
CDUS41 KBTV 030525
CLISLK


CLIMATE REPORT
NATIONAL WEATHER SERVICE BURLINGTON VT
123 AM EDT FRI JUL 3 2015


...................................

...THE SARANAC LAKE NY CLIMATE SUMMARY FOR JULY 2 2015...

CLIMATE NORMAL PERIOD 1981 TO 2010
CLIMATE RECORD PERIOD 9999 TO 9999


WEATHER ITEM   OBSERVED TIME   NORMAL DEPARTURE LAST
                VALUE   (LST)  VALUE  FROM      YEAR
                                      NORMAL
......................................................
TEMPERATURE (F)
 YESTERDAY
  MAXIMUM         67    414 PM  76     -9       81
  MINIMUM         40   1159 PM  51    -11       64
  AVERAGE         54            63     -9       73

PRECIPITATION (IN)
  YESTERDAY        T             0.14  -0.14     0.02
  MONTH TO DATE    0.30          0.27   0.03     0.02
  SINCE JUN 1     10.07          4.12   5.95     6.80
  SINCE JAN 1     17.86         16.47   1.39    18.96

DEGREE DAYS
 HEATING
  YESTERDAY       11             3      8        0
  MONTH TO DATE   11             6      5        0
  SINCE JUN 1    207           190     17      167
  SINCE JUL 1     11             6      5        0

 COOLING
  YESTERDAY        0             2     -2        8
  MONTH TO DATE    0             4     -4       18
  SINCE JUN 1      6            30    -24       39
  SINCE JAN 1     22            33    -11       40
......................................................


WIND (MPH)
  HIGHEST WIND SPEED    16   HIGHEST WIND DIRECTION     W (250)
  HIGHEST GUST SPEED    21   HIGHEST GUST DIRECTION    SW (230)
  AVERAGE WIND SPEED     5.7


SKY COVER
  AVERAGE SKY COVER 0.4


WEATHER CONDITIONS
 THE FOLLOWING WEATHER WAS RECORDED YESTERDAY.
  LIGHT RAIN
  FOG


RELATIVE HUMIDITY (PERCENT)
 HIGHEST    96          1100 PM
 LOWEST     37           200 PM
 AVERAGE    67

..........................................................


THE SARANAC LAKE NY CLIMATE NORMALS FOR TODAY
                         NORMAL    RECORD    YEAR
 MAXIMUM TEMPERATURE (F)   76        90      2002
 MINIMUM TEMPERATURE (F)   51        38      2007


SUNRISE AND SUNSET
JULY  3 2015..........SUNRISE   517 AM EDT   SUNSET   844 PM EDT
JULY  4 2015..........SUNRISE   518 AM EDT   SUNSET   844 PM EDT


-  INDICATES NEGATIVE NUMBERS.
R  INDICATES RECORD WAS SET OR TIED.
MM INDICATES DATA IS MISSING.
T  INDICATES TRACE AMOUNT.




$$
