000
CDUS41 KBTV 280543
CLISLK


CLIMATE REPORT
NATIONAL WEATHER SERVICE BURLINGTON VT
137 AM EDT TUE MAR 28 2017


...................................

...THE SARANAC LAKE NY CLIMATE SUMMARY FOR MARCH 27 2017...

CLIMATE NORMAL PERIOD 1981 TO 2010
CLIMATE RECORD PERIOD 9999 TO 9999


WEATHER ITEM   OBSERVED TIME   NORMAL DEPARTURE LAST
                VALUE   (LST)  VALUE  FROM      YEAR
                                      NORMAL
......................................................
TEMPERATURE (F)
 YESTERDAY
  MAXIMUM         42    233 PM  41      1       62
  MINIMUM         33   1222 AM  18     15       18
  AVERAGE         38            29      9       40

PRECIPITATION (IN)
  YESTERDAY        0.04          0.09  -0.05     0.00
  MONTH TO DATE    1.68          1.92  -0.24     2.29
  SINCE MAR 1      1.68          1.92  -0.24     2.29
  SINCE JAN 1      6.22          5.66   0.56     6.17

DEGREE DAYS
 HEATING
  YESTERDAY       27            36     -9       25
  MONTH TO DATE 1273          1119    154      924
  SINCE MAR 1   1273          1119    154      924
  SINCE JUL 1   6969          7824   -855     6519

 COOLING
  YESTERDAY        0             0      0        0
  MONTH TO DATE    0             0      0        0
  SINCE MAR 1      0             0      0        0
  SINCE JAN 1      0             0      0        0
......................................................


WIND (MPH)
  HIGHEST WIND SPEED    17   HIGHEST WIND DIRECTION    SW (220)
  HIGHEST GUST SPEED    20   HIGHEST GUST DIRECTION    SW (210)
  AVERAGE WIND SPEED     5.9


SKY COVER
  AVERAGE SKY COVER 1.0


WEATHER CONDITIONS
 THE FOLLOWING WEATHER WAS RECORDED YESTERDAY.
  LIGHT RAIN
  FOG


RELATIVE HUMIDITY (PERCENT)
 HIGHEST   100          1200 AM
 LOWEST     89           100 PM
 AVERAGE    95

..........................................................


THE SARANAC LAKE NY CLIMATE NORMALS FOR TODAY
                         NORMAL    RECORD    YEAR
 MAXIMUM TEMPERATURE (F)   41        63      2009
 MINIMUM TEMPERATURE (F)   18        -4      2015


SUNRISE AND SUNSET
MARCH 28 2017.........SUNRISE   645 AM EDT   SUNSET   719 PM EDT
MARCH 29 2017.........SUNRISE   643 AM EDT   SUNSET   721 PM EDT


-  INDICATES NEGATIVE NUMBERS.
R  INDICATES RECORD WAS SET OR TIED.
MM INDICATES DATA IS MISSING.
T  INDICATES TRACE AMOUNT.




$$
