000
CDUS41 KBTV 250546
CLISLK


CLIMATE REPORT
NATIONAL WEATHER SERVICE BURLINGTON VT
1242 AM EST SAT FEB 25 2017


...................................

...THE SARANAC LAKE NY CLIMATE SUMMARY FOR FEBRUARY 24 2017...

CLIMATE NORMAL PERIOD 1981 TO 2010
CLIMATE RECORD PERIOD 9999 TO 9999


WEATHER ITEM   OBSERVED TIME   NORMAL DEPARTURE LAST
                VALUE   (LST)  VALUE  FROM      YEAR
                                      NORMAL
......................................................
TEMPERATURE (F)
 YESTERDAY
  MAXIMUM         47    339 PM  30     17       40
  MINIMUM         31    642 AM   3     28       27
  AVERAGE         39            17     22       34

PRECIPITATION (IN)
  YESTERDAY        0.07          0.05   0.02     1.34
  MONTH TO DATE    1.10          1.41  -0.31     2.79
  SINCE DEC 1      5.70          5.83  -0.13     7.43
  SINCE JAN 1      3.27          3.54  -0.27     3.48

DEGREE DAYS
 HEATING
  YESTERDAY       26            48    -22       31
  MONTH TO DATE 1017          1214   -197     1104
  SINCE DEC 1   3728          4241   -513     3452
  SINCE JUL 1   5570          6516   -946     5402

 COOLING
  YESTERDAY        0             0      0        0
  MONTH TO DATE    0             0      0        0
  SINCE DEC 1      0             0      0        0
  SINCE JAN 1      0             0      0        0
......................................................


WIND (MPH)
  HIGHEST WIND SPEED    10   HIGHEST WIND DIRECTION    NE (60)
  HIGHEST GUST SPEED    12   HIGHEST GUST DIRECTION    NE (50)
  AVERAGE WIND SPEED     2.5


SKY COVER
  AVERAGE SKY COVER 0.8


WEATHER CONDITIONS
 THE FOLLOWING WEATHER WAS RECORDED YESTERDAY.
  HEAVY RAIN
  LIGHT RAIN
  FOG
  FOG W/VISIBILITY <= 1/4 MILE


RELATIVE HUMIDITY (PERCENT)
 HIGHEST   100           200 AM
 LOWEST     89           100 AM
 AVERAGE    95

..........................................................


THE SARANAC LAKE NY CLIMATE NORMALS FOR TODAY
                         NORMAL    RECORD    YEAR
 MAXIMUM TEMPERATURE (F)   30        50      2016
 MINIMUM TEMPERATURE (F)    4       -23      2003


SUNRISE AND SUNSET
FEBRUARY 25 2017......SUNRISE   640 AM EST   SUNSET   540 PM EST
FEBRUARY 26 2017......SUNRISE   639 AM EST   SUNSET   541 PM EST


-  INDICATES NEGATIVE NUMBERS.
R  INDICATES RECORD WAS SET OR TIED.
MM INDICATES DATA IS MISSING.
T  INDICATES TRACE AMOUNT.




$$
