000
CDUS41 KBTV 260637
CLISLK


CLIMATE REPORT
NATIONAL WEATHER SERVICE BURLINGTON VT
234 AM EDT MON SEP 26 2016


...................................

...THE SARANAC LAKE NY CLIMATE SUMMARY FOR SEPTEMBER 25 2016...

CLIMATE NORMAL PERIOD 1981 TO 2010
CLIMATE RECORD PERIOD 9999 TO 9999


WEATHER ITEM   OBSERVED TIME   NORMAL DEPARTURE LAST
                VALUE   (LST)  VALUE  FROM      YEAR
                                      NORMAL
......................................................
TEMPERATURE (F)
 YESTERDAY
  MAXIMUM         57    310 PM  62     -5       64
  MINIMUM         25    608 AM  38    -13       34
  AVERAGE         41            50     -9       49

PRECIPITATION (IN)
  YESTERDAY        0.00          0.11  -0.11     0.00
  MONTH TO DATE    2.22          2.82  -0.60     1.38
  SINCE SEP 1      2.22          2.82  -0.60     1.38
  SINCE JAN 1     24.14         27.36  -3.22    25.43

DEGREE DAYS
 HEATING
  YESTERDAY       24            15      9       16
  MONTH TO DATE  191           264    -73      131
  SINCE SEP 1    191           264    -73      131
  SINCE JUL 1    312           504   -192      324

 COOLING
  YESTERDAY        0             0      0        0
  MONTH TO DATE   15             7      8       27
  SINCE SEP 1     15             7      8       27
  SINCE JAN 1    166           114     52      130
......................................................


WIND (MPH)
  HIGHEST WIND SPEED    12   HIGHEST WIND DIRECTION     N (360)
  HIGHEST GUST SPEED    17   HIGHEST GUST DIRECTION     N (360)
  AVERAGE WIND SPEED     2.6


SKY COVER
  AVERAGE SKY COVER 0.1


WEATHER CONDITIONS
 THE FOLLOWING WEATHER WAS RECORDED YESTERDAY.
  FOG
  FOG W/VISIBILITY <= 1/4 MILE


RELATIVE HUMIDITY (PERCENT)
 HIGHEST    92           100 AM
 LOWEST     38          1200 PM
 AVERAGE    65

..........................................................


THE SARANAC LAKE NY CLIMATE NORMALS FOR TODAY
                         NORMAL    RECORD    YEAR
 MAXIMUM TEMPERATURE (F)   61        79      2011
 MINIMUM TEMPERATURE (F)   38        25      2009


SUNRISE AND SUNSET
SEPTEMBER 26 2016.....SUNRISE   649 AM EDT   SUNSET   646 PM EDT
SEPTEMBER 27 2016.....SUNRISE   650 AM EDT   SUNSET   644 PM EDT


-  INDICATES NEGATIVE NUMBERS.
R  INDICATES RECORD WAS SET OR TIED.
MM INDICATES DATA IS MISSING.
T  INDICATES TRACE AMOUNT.




$$
