000
CDUS41 KBTV 190543
CLISLK


CLIMATE REPORT
NATIONAL WEATHER SERVICE BURLINGTON VT
1240 AM EST THU JAN 19 2017


...................................

...THE SARANAC LAKE NY CLIMATE SUMMARY FOR JANUARY 18 2017...

CLIMATE NORMAL PERIOD 1981 TO 2010
CLIMATE RECORD PERIOD 9999 TO 9999


WEATHER ITEM   OBSERVED TIME   NORMAL DEPARTURE LAST
                VALUE   (LST)  VALUE  FROM      YEAR
                                      NORMAL
......................................................
TEMPERATURE (F)
 YESTERDAY
  MAXIMUM         34    319 PM  25      9       20
  MINIMUM         32   1159 PM   1     31        1
  AVERAGE         33            13     20       11

PRECIPITATION (IN)
  YESTERDAY        0.15          0.07   0.08     0.04
  MONTH TO DATE    1.34          1.21   0.13     0.50
  SINCE DEC 1      3.77          3.50   0.27     4.45
  SINCE JAN 1      1.34          1.21   0.13     0.50

DEGREE DAYS
 HEATING
  YESTERDAY       32            52    -20       54
  MONTH TO DATE  842           927    -85      743
  SINCE DEC 1   2200          2351   -151     1694
  SINCE JUL 1   4042          4626   -584     3644

 COOLING
  YESTERDAY        0             0      0        0
  MONTH TO DATE    0             0      0        0
  SINCE DEC 1      0             0      0        0
  SINCE JAN 1      0             0      0        0
......................................................


WIND (MPH)
  HIGHEST WIND SPEED    14   HIGHEST WIND DIRECTION     W (250)
  HIGHEST GUST SPEED    18   HIGHEST GUST DIRECTION    SW (240)
  AVERAGE WIND SPEED     6.0


SKY COVER
  AVERAGE SKY COVER 1.0


WEATHER CONDITIONS
 THE FOLLOWING WEATHER WAS RECORDED YESTERDAY.
  LT FREEZING RAIN
  LIGHT SNOW
  FOG


RELATIVE HUMIDITY (PERCENT)
 HIGHEST    92           400 AM
 LOWEST     82          1200 AM
 AVERAGE    87

..........................................................


THE SARANAC LAKE NY CLIMATE NORMALS FOR TODAY
                         NORMAL    RECORD    YEAR
 MAXIMUM TEMPERATURE (F)   25        38      2013
 MINIMUM TEMPERATURE (F)    1       -24      2000


SUNRISE AND SUNSET
JANUARY 19 2017.......SUNRISE   727 AM EST   SUNSET   449 PM EST
JANUARY 20 2017.......SUNRISE   726 AM EST   SUNSET   450 PM EST


-  INDICATES NEGATIVE NUMBERS.
R  INDICATES RECORD WAS SET OR TIED.
MM INDICATES DATA IS MISSING.
T  INDICATES TRACE AMOUNT.




$$
