000
CDUS41 KBTV 190536
CLISLK


CLIMATE REPORT
NATIONAL WEATHER SERVICE BURLINGTON VT
134 AM EDT SAT APR 19 2014


...................................

...THE SARANAC LAKE NY CLIMATE SUMMARY FOR APRIL 18 2014...

CLIMATE NORMAL PERIOD 1981 TO 2010
CLIMATE RECORD PERIOD 9999 TO 9999


WEATHER ITEM   OBSERVED TIME   NORMAL DEPARTURE LAST
                VALUE   (LST)  VALUE  FROM      YEAR
                                      NORMAL
......................................................
TEMPERATURE (F)
 YESTERDAY
  MAXIMUM         53    419 PM  52      1       63
  MINIMUM         20    406 AM  27     -7       26
  AVERAGE         37            39     -2       45

PRECIPITATION (IN)
  YESTERDAY        T             0.10  -0.10     0.14
  MONTH TO DATE    2.17          1.68   0.49     1.79
  SINCE MAR 1      3.80          3.96  -0.16     2.64
  SINCE JAN 1      6.42          7.70  -1.28     4.53

DEGREE DAYS
 HEATING
  YESTERDAY       28            26      2       20
  MONTH TO DATE  520           533    -13      548
  SINCE MAR 1   2072          1790    282     1809
  SINCE JUL 1   9056          8495    561     8066

 COOLING
  YESTERDAY        0             0      0        0
  MONTH TO DATE    0             0      0        0
  SINCE MAR 1      0             0      0        0
  SINCE JAN 1      0             0      0        0
......................................................


WIND (MPH)
  HIGHEST WIND SPEED    20   HIGHEST WIND DIRECTION    SW (210)
  HIGHEST GUST SPEED    23   HIGHEST GUST DIRECTION    SW (210)
  AVERAGE WIND SPEED     5.2


SKY COVER
  AVERAGE SKY COVER 0.3


WEATHER CONDITIONS
 THE FOLLOWING WEATHER WAS RECORDED YESTERDAY.
  LIGHT RAIN
  FOG


RELATIVE HUMIDITY (PERCENT)
 HIGHEST   100          1100 PM
 LOWEST     26           600 PM
 AVERAGE    63

..........................................................


THE SARANAC LAKE NY CLIMATE NORMALS FOR TODAY
                         NORMAL    RECORD    YEAR
 MAXIMUM TEMPERATURE (F)   52        MM        MM
 MINIMUM TEMPERATURE (F)   27        MM        MM


SUNRISE AND SUNSET
APRIL 19 2014.........SUNRISE   606 AM EDT   SUNSET   746 PM EDT
APRIL 20 2014.........SUNRISE   605 AM EDT   SUNSET   747 PM EDT


-  INDICATES NEGATIVE NUMBERS.
R  INDICATES RECORD WAS SET OR TIED.
MM INDICATES DATA IS MISSING.
T  INDICATES TRACE AMOUNT.




$$
