000
CDUS43 KICT 240648
CLISLN


CLIMATE REPORT
NATIONAL WEATHER SERVICE WICHITA KS
148 AM CDT THU APR 24 2014


...................................

...THE SALINA KS CLIMATE SUMMARY FOR APRIL 23 2014...

CLIMATE NORMAL PERIOD 1981 TO 2010
CLIMATE RECORD PERIOD 1894 TO 2014


WEATHER ITEM   OBSERVED TIME   RECORD YEAR NORMAL DEPARTURE LAST
                VALUE   (LST)  VALUE       VALUE  FROM      YEAR
                                                  NORMAL
..................................................................
TEMPERATURE (F)
 YESTERDAY
  MAXIMUM         86    240 PM 105    1989  70     16       37
  MINIMUM         57    532 AM  28    1909  46     11       31
  AVERAGE         72                        58     14       34

PRECIPITATION (IN)
  YESTERDAY        T             0.98 2003   0.11  -0.11     0.18
  MONTH TO DATE    0.22                      2.25  -2.03     2.25
  SINCE MAR 1      0.52                      4.64  -4.12     2.87
  SINCE JAN 1      2.33                      6.44  -4.11     6.14

DEGREE DAYS
 HEATING
  YESTERDAY        0                         8     -8       31
  MONTH TO DATE  253                       267    -14      392
  SINCE MAR 1    988                       876    112     1114
  SINCE JUL 1   5238                      4717    521     4736

 COOLING
  YESTERDAY        7                         1      6        0
  MONTH TO DATE   24                        15      9        2
  SINCE MAR 1     24                        17      7        2
  SINCE JAN 1     24                        17      7        2
..................................................................


WIND (MPH)
  HIGHEST WIND SPEED    51   HIGHEST WIND DIRECTION     S (170)
  HIGHEST GUST SPEED    67   HIGHEST GUST DIRECTION     S (190)
  AVERAGE WIND SPEED    21.6


SKY COVER
  POSSIBLE SUNSHINE  MM
  AVERAGE SKY COVER 0.2


WEATHER CONDITIONS
 THE FOLLOWING WEATHER WAS RECORDED YESTERDAY.
  LIGHT RAIN


RELATIVE HUMIDITY (PERCENT)
 HIGHEST    47           600 AM
 LOWEST     27           300 PM
 AVERAGE    37

..........................................................


THE SALINA KS CLIMATE NORMALS FOR TODAY
                         NORMAL    RECORD    YEAR
 MAXIMUM TEMPERATURE (F)   70        96      1989
 MINIMUM TEMPERATURE (F)   46        23      2013


SUNRISE AND SUNSET
APRIL 24 2014.........SUNRISE   642 AM CDT   SUNSET   816 PM CDT
APRIL 25 2014.........SUNRISE   640 AM CDT   SUNSET   817 PM CDT


-  INDICATES NEGATIVE NUMBERS.
R  INDICATES RECORD WAS SET OR TIED.
MM INDICATES DATA IS MISSING.
T  INDICATES TRACE AMOUNT.




$$
