000
CDUS43 KICT 220646
CLISLN


CLIMATE REPORT
NATIONAL WEATHER SERVICE WICHITA KS
1245 AM CST MON DEC 22 2014


...................................

...THE SALINA KS CLIMATE SUMMARY FOR DECEMBER 21 2014...

CLIMATE NORMAL PERIOD 1981 TO 2010
CLIMATE RECORD PERIOD 1894 TO 2014


WEATHER ITEM   OBSERVED TIME   RECORD YEAR NORMAL DEPARTURE LAST
                VALUE   (LST)  VALUE       VALUE  FROM      YEAR
                                                  NORMAL
..................................................................
TEMPERATURE (F)
 YESTERDAY
  MAXIMUM         45   1159 PM  66    1941  41      4       26
  MINIMUM         35    239 AM -11    1989  21     14       21
  AVERAGE         40                        31      9       24

PRECIPITATION (IN)
  YESTERDAY        0.01          1.32 2013   0.03  -0.02     1.18
  MONTH TO DATE    1.52                      0.69   0.83     1.18
  SINCE DEC 1      1.52                      0.69   0.83     1.18
  SINCE JAN 1     28.63                     31.25  -2.62    30.59

DEGREE DAYS
 HEATING
  YESTERDAY       25                        34     -9       41
  MONTH TO DATE  551                       670   -119      731
  SINCE DEC 1    551                       670   -119      731
  SINCE JUL 1   1548                      1622    -74     1719

 COOLING
  YESTERDAY        0                         0      0        0
  MONTH TO DATE    0                         0      0        0
  SINCE DEC 1      0                         0      0        0
  SINCE JAN 1   1801                      1647    154     1750
..................................................................


WIND (MPH)
  HIGHEST WIND SPEED    22   HIGHEST WIND DIRECTION     S (190)
  HIGHEST GUST SPEED    27   HIGHEST GUST DIRECTION     S (200)
  AVERAGE WIND SPEED    12.4


SKY COVER
  POSSIBLE SUNSHINE  MM
  AVERAGE SKY COVER 0.9


WEATHER CONDITIONS
 THE FOLLOWING WEATHER WAS RECORDED YESTERDAY.
  LIGHT RAIN
  FOG


RELATIVE HUMIDITY (PERCENT)
 HIGHEST    92           300 AM
 LOWEST     82          1200 AM
 AVERAGE    87

..........................................................


THE SALINA KS CLIMATE NORMALS FOR TODAY
                         NORMAL    RECORD    YEAR
 MAXIMUM TEMPERATURE (F)   41        70      1933
 MINIMUM TEMPERATURE (F)   21       -24      1989


SUNRISE AND SUNSET
DECEMBER 22 2014......SUNRISE   746 AM CST   SUNSET   513 PM CST
DECEMBER 23 2014......SUNRISE   746 AM CST   SUNSET   513 PM CST


-  INDICATES NEGATIVE NUMBERS.
R  INDICATES RECORD WAS SET OR TIED.
MM INDICATES DATA IS MISSING.
T  INDICATES TRACE AMOUNT.




$$
