000
CDUS43 KICT 170647
CLISLN


CLIMATE REPORT
NATIONAL WEATHER SERVICE WICHITA KS
1247 AM CST WED JAN 17 2018


...................................

...THE SALINA KS CLIMATE SUMMARY FOR JANUARY 16 2018...

CLIMATE NORMAL PERIOD 1981 TO 2010
CLIMATE RECORD PERIOD 1894 TO 2018


WEATHER ITEM   OBSERVED TIME   RECORD YEAR NORMAL DEPARTURE LAST
                VALUE   (LST)  VALUE       VALUE  FROM      YEAR
                                                  NORMAL
..................................................................
TEMPERATURE (F)
 YESTERDAY
  MAXIMUM         18    410 PM  69    1951  42    -24       MM
  MINIMUM          1   1125 PM  -9    1905  20    -19       MM
  AVERAGE         10                        31    -21       MM

PRECIPITATION (IN)
  YESTERDAY        0.00          0.30 1987   0.02  -0.02     0.17
  MONTH TO DATE    0.13                      0.26  -0.13     2.02
  SINCE DEC 1      0.18                      1.20  -1.02     2.87
  SINCE JAN 1      0.13                      0.26  -0.13     2.02

DEGREE DAYS
 HEATING
  YESTERDAY       55                        34     21       MM
  MONTH TO DATE  620                       544     76      181
  SINCE DEC 1   1553                      1556     -3     1207
  SINCE JUL 1   2309                      2508   -199     1750

 COOLING
  YESTERDAY        0                         0      0       MM
  MONTH TO DATE    0                         0      0        0
  SINCE DEC 1      0                         0      0        0
  SINCE JAN 1      0                         0      0        0
..................................................................


WIND (MPH)
  HIGHEST WIND SPEED    20   HIGHEST WIND DIRECTION    NW (330)
  HIGHEST GUST SPEED    22   HIGHEST GUST DIRECTION    NW (330)
  AVERAGE WIND SPEED     8.9


SKY COVER
  POSSIBLE SUNSHINE  MM
  AVERAGE SKY COVER 0.1


WEATHER CONDITIONS
 THE FOLLOWING WEATHER WAS RECORDED YESTERDAY.
  NO SIGNIFICANT WEATHER WAS OBSERVED.


RELATIVE HUMIDITY (PERCENT)
 HIGHEST    87           800 PM
 LOWEST     56           400 PM
 AVERAGE    72

..........................................................


THE SALINA KS CLIMATE NORMALS FOR TODAY
                         NORMAL    RECORD    YEAR
 MAXIMUM TEMPERATURE (F)   42        69      1986
 MINIMUM TEMPERATURE (F)   20       -10      1930


SUNRISE AND SUNSET
JANUARY 17 2018.......SUNRISE   747 AM CST   SUNSET   535 PM CST
JANUARY 18 2018.......SUNRISE   746 AM CST   SUNSET   536 PM CST


-  INDICATES NEGATIVE NUMBERS.
R  INDICATES RECORD WAS SET OR TIED.
MM INDICATES DATA IS MISSING.
T  INDICATES TRACE AMOUNT.




$$
