000
CDUS46 KLOX 011055
CLISMX


CLIMATE REPORT
NATIONAL WEATHER SERVICE LOS ANGELES/OXNARD CA
355 AM PDT FRI AUG 1 2014


...................................

...THE SANTA MARIA AIRPORT CA CLIMATE SUMMARY FOR JULY 31 2014...

CLIMATE NORMAL PERIOD 1981 TO 2010
CLIMATE RECORD PERIOD 1906 TO 2014


WEATHER ITEM   OBSERVED TIME   RECORD YEAR NORMAL DEPARTURE LAST
                VALUE   (LST)  VALUE       VALUE  FROM      YEAR
                                                  NORMAL
..................................................................
TEMPERATURE (F)
 YESTERDAY
  MAXIMUM         75    223 PM  91    1977  73      2       71
  MINIMUM         61    735 AM  42    1924  54      7       55
  AVERAGE         68                        64      4       63

PRECIPITATION (IN)
  YESTERDAY        0.00          T    1986   0.00   0.00     0.00
  MONTH TO DATE    T                         0.03  -0.03     0.01
  SINCE JUL 1      T                         0.03  -0.03     0.01
  SINCE JAN 1      4.01                      9.74  -5.73     2.50

SNOWFALL (IN)
  YESTERDAY        0.0
  MONTH TO DATE    0.0
  SINCE JUN 1      0.0
  SINCE JUL 1      0.0

DEGREE DAYS
 HEATING
  YESTERDAY        0                         2     -2
  MONTH TO DATE    0                        73    -73
  SINCE JUN 1     60                       216   -156
  SINCE JUL 1      0                        75    -75

 COOLING
  YESTERDAY        3                         1      2
  MONTH TO DATE  116                        19     97
  SINCE JUN 1    124                        25     99
  SINCE JAN 1    230                        35    195
..................................................................


WIND (MPH)
  HIGHEST WIND SPEED    14   HIGHEST WIND DIRECTION    NW (320)
  HIGHEST GUST SPEED    30   HIGHEST GUST DIRECTION    NE (30)
  AVERAGE WIND SPEED     5.1


SKY COVER
  POSSIBLE SUNSHINE  MM
  AVERAGE SKY COVER 0.7


WEATHER CONDITIONS
 THE FOLLOWING WEATHER WAS RECORDED YESTERDAY.
  FOG
  FOG W/VISIBILITY <= 1/4 MILE
  HAZE


RELATIVE HUMIDITY (PERCENT)
 HIGHEST    97           600 AM
 LOWEST     61          1200 PM
 AVERAGE    79

..........................................................


THE SANTA MARIA AIRPORT CA CLIMATE NORMALS FOR TODAY
                         NORMAL    RECORD    YEAR
 MAXIMUM TEMPERATURE (F)   73        89      1993
 MINIMUM TEMPERATURE (F)   54        47      1919


SUNRISE AND SUNSET
AUGUST  1 2014........SUNRISE   612 AM PDT   SUNSET   804 PM PDT
AUGUST  2 2014........SUNRISE   612 AM PDT   SUNSET   803 PM PDT


-  INDICATES NEGATIVE NUMBERS.
R  INDICATES RECORD WAS SET OR TIED.
MM INDICATES DATA IS MISSING.
T  INDICATES TRACE AMOUNT.




$$
