000
CDUS46 KLOX 010903
CLISMX


CLIMATE REPORT
NATIONAL WEATHER SERVICE LOS ANGELES/OXNARD CA
103 AM PST SUN MAR 1 2015


...................................

...THE SANTA MARIA AIRPORT CA CLIMATE SUMMARY FOR FEBRUARY 28 2015...

CLIMATE NORMAL PERIOD 1981 TO 2010
CLIMATE RECORD PERIOD 1906 TO 2015


WEATHER ITEM   OBSERVED TIME   RECORD YEAR NORMAL DEPARTURE LAST
                VALUE   (LST)  VALUE       VALUE  FROM      YEAR
                                                  NORMAL
..................................................................
TEMPERATURE (F)
 YESTERDAY
  MAXIMUM         64    111 PM  86    1926  64      0       62
  MINIMUM         44    427 AM  26    1971  43      1       56
  AVERAGE         54                        54      0       59

PRECIPITATION (IN)
  YESTERDAY        0.06          2.16 1970   0.10  -0.04     1.05
  MONTH TO DATE    0.52                      2.99  -2.47     1.88
  SINCE OCT 1      6.40                      9.79  -3.39     2.38
  SINCE JAN 1      0.84                      5.74  -4.90     1.89

SNOWFALL (IN)
  YESTERDAY       MM
  MONTH TO DATE    0.0
  SINCE DEC 1      0.0
  SINCE JUL 1      0.0

DEGREE DAYS
 HEATING
  YESTERDAY       11                        11      0
  MONTH TO DATE  149                       343   -194
  SINCE DEC 1    589                      1187   -598
  SINCE JUL 1    687                      1833  -1146

 COOLING
  YESTERDAY        0                         0      0
  MONTH TO DATE    0                         1     -1
  SINCE DEC 1      2                         1      1
  SINCE JAN 1      0                         1     -1
..................................................................


WIND (MPH)
  HIGHEST WIND SPEED    16   HIGHEST WIND DIRECTION     W (260)
  HIGHEST GUST SPEED    20   HIGHEST GUST DIRECTION     W (260)
  AVERAGE WIND SPEED     4.8


SKY COVER
  POSSIBLE SUNSHINE  MM
  AVERAGE SKY COVER 0.6


WEATHER CONDITIONS
 THE FOLLOWING WEATHER WAS RECORDED YESTERDAY.
  RAIN
  LIGHT RAIN
  FOG


RELATIVE HUMIDITY (PERCENT)
 HIGHEST    92           500 AM
 LOWEST     46           200 PM
 AVERAGE    69

..........................................................


THE SANTA MARIA AIRPORT CA CLIMATE NORMALS FOR TODAY
                         NORMAL    RECORD    YEAR
 MAXIMUM TEMPERATURE (F)   64        84      1910
 MINIMUM TEMPERATURE (F)   43        30      1964


SUNRISE AND SUNSET
MARCH  1 2015.........SUNRISE   631 AM PST   SUNSET   557 PM PST
MARCH  2 2015.........SUNRISE   630 AM PST   SUNSET   558 PM PST


-  INDICATES NEGATIVE NUMBERS.
R  INDICATES RECORD WAS SET OR TIED.
MM INDICATES DATA IS MISSING.
T  INDICATES TRACE AMOUNT.




$$
