255
CDUS46 KLOX 010859
CLISMX


CLIMATE REPORT
NATIONAL WEATHER SERVICE LOS ANGELES/OXNARD CA
159 AM PDT SAT OCT 1 2016


...................................

...THE SANTA MARIA AIRPORT CA CLIMATE SUMMARY FOR SEPTEMBER 30 2016...

CLIMATE NORMAL PERIOD 1981 TO 2010
CLIMATE RECORD PERIOD 1906 TO 2016


WEATHER ITEM   OBSERVED TIME   RECORD YEAR NORMAL DEPARTURE LAST
                VALUE   (LST)  VALUE       VALUE  FROM      YEAR
                                                  NORMAL
..................................................................
TEMPERATURE (F)
 YESTERDAY
  MAXIMUM         67    226 PM  96    1980  74     -7       84
  MINIMUM         49   1042 PM  38    1950  51     -2       57
                                      1925
  AVERAGE         58                        62     -4       71

PRECIPITATION (IN)
  YESTERDAY        0.00          0.76 1983   0.01  -0.01     0.00
  MONTH TO DATE    0.00                      0.14  -0.14     0.09
  SINCE OCT 1      9.00                     13.95  -4.95     7.87
  SINCE JAN 1      7.12                      9.90  -2.78     2.31

SNOWFALL (IN)
  YESTERDAY        0.0
  MONTH TO DATE    0.0
  SINCE SEP 1      0.0
  SINCE JUL 1      0.0

DEGREE DAYS
 HEATING
  YESTERDAY        7                         3      4
  MONTH TO DATE   74                        80     -6
  SINCE SEP 1     74                        81     -7
  SINCE JUL 1    210                       217     -7

 COOLING
  YESTERDAY        0                         1     -1
  MONTH TO DATE   54                        27     27
  SINCE SEP 1     54                        27     27
  SINCE JAN 1    106                        82     24
..................................................................


WIND (MPH)
  HIGHEST WIND SPEED    20   HIGHEST WIND DIRECTION    NW (300)
  HIGHEST GUST SPEED    23   HIGHEST GUST DIRECTION     W (290)
  AVERAGE WIND SPEED     5.8


SKY COVER
  POSSIBLE SUNSHINE  MM
  AVERAGE SKY COVER 0.5


WEATHER CONDITIONS
 THE FOLLOWING WEATHER WAS RECORDED YESTERDAY.
  FOG
  FOG W/VISIBILITY <= 1/4 MILE


RELATIVE HUMIDITY (PERCENT)
 HIGHEST   100          1200 AM
 LOWEST     63           200 PM
 AVERAGE    82

..........................................................


THE SANTA MARIA AIRPORT CA CLIMATE NORMALS FOR TODAY
                         NORMAL    RECORD    YEAR
 MAXIMUM TEMPERATURE (F)   74       100      2012
 MINIMUM TEMPERATURE (F)   51        37      1950


SUNRISE AND SUNSET
OCTOBER  1 2016.......SUNRISE   657 AM PDT   SUNSET   645 PM PDT
OCTOBER  2 2016.......SUNRISE   658 AM PDT   SUNSET   643 PM PDT


-  INDICATES NEGATIVE NUMBERS.
R  INDICATES RECORD WAS SET OR TIED.
MM INDICATES DATA IS MISSING.
T  INDICATES TRACE AMOUNT.




$$
