215
CDUS46 KLOX 230126
CLISMX


CLIMATE REPORT
NATIONAL WEATHER SERVICE LOS ANGELES/OXNARD CA
626 PM PDT TUE AUG 22 2017


...................................

...THE SANTA MARIA AIRPORT CA CLIMATE SUMMARY FOR AUGUST 22 2017...
VALID TODAY AS OF 0600 PM LOCAL TIME.

CLIMATE NORMAL PERIOD 1981 TO 2010
CLIMATE RECORD PERIOD 1906 TO 2017


WEATHER ITEM   OBSERVED TIME   RECORD YEAR NORMAL DEPARTURE LAST
                VALUE   (LST)  VALUE       VALUE  FROM      YEAR
                                                  NORMAL
..................................................................
TEMPERATURE (F)
 TODAY
  MAXIMUM         77   1223 PM  88    1959  73      4       70
  MINIMUM         55    602 AM  43    1919  54      1       55
  AVERAGE         66                        64      2       63

PRECIPITATION (IN)
  TODAY            0.00          0.01 2009   0.00   0.00     0.00
                                      1950
  MONTH TO DATE    T                         0.01  -0.01      T
  SINCE OCT 1     18.44                     13.80   4.64     9.00
  SINCE JAN 1     13.64                      9.75   3.89     7.12

SNOWFALL (IN)
  TODAY            0.0
  MONTH TO DATE    0.0
  SINCE JUN 1      0.0
  SINCE JUL 1      0.0

DEGREE DAYS
 HEATING
  TODAY            0                         2     -2
  MONTH TO DATE    8                        44    -36
  SINCE JUN 1    146                       260   -114
  SINCE JUL 1     39                       119    -80

 COOLING
  TODAY            1                         1      0
  MONTH TO DATE   41                        22     19
  SINCE JUN 1     77                        47     30
  SINCE JAN 1     91                        57     34
..................................................................


WIND (MPH)
  HIGHEST WIND SPEED    18   HIGHEST WIND DIRECTION    NW (320)
  HIGHEST GUST SPEED    22   HIGHEST GUST DIRECTION    NW (320)
  AVERAGE WIND SPEED     6.6


SKY COVER
  POSSIBLE SUNSHINE  MM
  AVERAGE SKY COVER 0.1


WEATHER CONDITIONS
 THE FOLLOWING WEATHER WAS RECORDED TODAY.
  FOG
  HAZE


RELATIVE HUMIDITY (PERCENT)
 HIGHEST    93          1200 AM
 LOWEST     60           100 PM
 AVERAGE    77

..........................................................


THE SANTA MARIA AIRPORT CA CLIMATE NORMALS FOR TOMORROW
                         NORMAL    RECORD    YEAR
 MAXIMUM TEMPERATURE (F)   73        94      2010
 MINIMUM TEMPERATURE (F)   54        42      1922


SUNRISE AND SUNSET
AUGUST 22 2017........SUNRISE   628 AM PDT   SUNSET   741 PM PDT
AUGUST 23 2017........SUNRISE   628 AM PDT   SUNSET   740 PM PDT


-  INDICATES NEGATIVE NUMBERS.
R  INDICATES RECORD WAS SET OR TIED.
MM INDICATES DATA IS MISSING.
T  INDICATES TRACE AMOUNT.




$$
