000
CDUS46 KLOX 260901
CLISMX


CLIMATE REPORT
NATIONAL WEATHER SERVICE LOS ANGELES/OXNARD CA
201 AM PDT FRI AUG 26 2016


...................................

...THE SANTA MARIA AIRPORT CA CLIMATE SUMMARY FOR AUGUST 25 2016...

CLIMATE NORMAL PERIOD 1981 TO 2010
CLIMATE RECORD PERIOD 1906 TO 2016


WEATHER ITEM   OBSERVED TIME   RECORD YEAR NORMAL DEPARTURE LAST
                VALUE   (LST)  VALUE       VALUE  FROM      YEAR
                                                  NORMAL
..................................................................
TEMPERATURE (F)
 YESTERDAY
  MAXIMUM         69    200 PM  90    1930  73     -4       80
  MINIMUM         54    708 AM  43    1929  54      0       58
  AVERAGE         62                        64     -2       69

PRECIPITATION (IN)
  YESTERDAY        0.00          0.19 1935   0.00   0.00     0.00
  MONTH TO DATE    T                         0.01  -0.01      T
  SINCE OCT 1      9.00                     13.80  -4.80     7.78
  SINCE JAN 1      7.12                      9.75  -2.63     2.22

SNOWFALL (IN)
  YESTERDAY        0.0
  MONTH TO DATE    0.0
  SINCE JUN 1      0.0
  SINCE JUL 1      0.0

DEGREE DAYS
 HEATING
  YESTERDAY        3                         2      1
  MONTH TO DATE   61                        50     11
  SINCE JUN 1    200                       266    -66
  SINCE JUL 1    122                       125     -3

 COOLING
  YESTERDAY        0                         1     -1
  MONTH TO DATE    3                        25    -22
  SINCE JUN 1     14                        50    -36
  SINCE JAN 1     52                        60     -8
..................................................................


WIND (MPH)
  HIGHEST WIND SPEED    14   HIGHEST WIND DIRECTION    NW (300)
  HIGHEST GUST SPEED    19   HIGHEST GUST DIRECTION    NW (300)
  AVERAGE WIND SPEED     6.1


SKY COVER
  POSSIBLE SUNSHINE  MM
  AVERAGE SKY COVER 0.7


WEATHER CONDITIONS
 THE FOLLOWING WEATHER WAS RECORDED YESTERDAY.
  FOG


RELATIVE HUMIDITY (PERCENT)
 HIGHEST   100          1200 AM
 LOWEST     63          1100 AM
 AVERAGE    82

..........................................................


THE SANTA MARIA AIRPORT CA CLIMATE NORMALS FOR TODAY
                         NORMAL    RECORD    YEAR
 MAXIMUM TEMPERATURE (F)   73        92      1935
                                             1925
 MINIMUM TEMPERATURE (F)   54        42      1920


SUNRISE AND SUNSET
AUGUST 26 2016........SUNRISE   631 AM PDT   SUNSET   736 PM PDT
AUGUST 27 2016........SUNRISE   631 AM PDT   SUNSET   734 PM PDT


-  INDICATES NEGATIVE NUMBERS.
R  INDICATES RECORD WAS SET OR TIED.
MM INDICATES DATA IS MISSING.
T  INDICATES TRACE AMOUNT.




$$
