000
CDUS46 KLOX 030916
CLISMX


CLIMATE REPORT
NATIONAL WEATHER SERVICE LOS ANGELES/OXNARD CA
115 AM PST SAT DEC 3 2016


...................................

...THE SANTA MARIA AIRPORT CA CLIMATE SUMMARY FOR DECEMBER 2 2016...

CLIMATE NORMAL PERIOD 1981 TO 2010
CLIMATE RECORD PERIOD 1906 TO 2016


WEATHER ITEM   OBSERVED TIME   RECORD YEAR NORMAL DEPARTURE LAST
                VALUE   (LST)  VALUE       VALUE  FROM      YEAR
                                                  NORMAL
..................................................................
TEMPERATURE (F)
 YESTERDAY
  MAXIMUM         62    253 PM  88    1958  65     -3       74
  MINIMUM         39    452 AM  28    2004  40     -1       40
  AVERAGE         51                        52     -1       57

PRECIPITATION (IN)
  YESTERDAY        0.00          1.04 1966   0.05  -0.05     0.00
  MONTH TO DATE    0.00                      0.10  -0.10     0.00
  SINCE OCT 1      2.58                      2.03   0.55     0.76
  SINCE JAN 1      9.70                     11.93  -2.23     3.07

SNOWFALL (IN)
  YESTERDAY        0.0
  MONTH TO DATE    0.0
  SINCE DEC 1      0.0
  SINCE JUL 1      0.0

DEGREE DAYS
 HEATING
  YESTERDAY       14                        13      1
  MONTH TO DATE   27                        25      2
  SINCE DEC 1     27                        25      2
  SINCE JUL 1    578                       671    -93

 COOLING
  YESTERDAY        0                         0      0
  MONTH TO DATE    0                         0      0
  SINCE DEC 1      0                         0      0
  SINCE JAN 1    142                       104     38
..................................................................


WIND (MPH)
  HIGHEST WIND SPEED    24   HIGHEST WIND DIRECTION     N (20)
  HIGHEST GUST SPEED    30   HIGHEST GUST DIRECTION    NE (30)
  AVERAGE WIND SPEED    11.7


SKY COVER
  POSSIBLE SUNSHINE  MM
  AVERAGE SKY COVER 0.0


WEATHER CONDITIONS
 THE FOLLOWING WEATHER WAS RECORDED YESTERDAY.
  NO SIGNIFICANT WEATHER WAS OBSERVED.


RELATIVE HUMIDITY (PERCENT)
 HIGHEST    79           500 AM
 LOWEST     36           300 PM
 AVERAGE    58

..........................................................


THE SANTA MARIA AIRPORT CA CLIMATE NORMALS FOR TODAY
                         NORMAL    RECORD    YEAR
 MAXIMUM TEMPERATURE (F)   65        90      1958
 MINIMUM TEMPERATURE (F)   40        28      1978


SUNRISE AND SUNSET
DECEMBER  3 2016......SUNRISE   653 AM PST   SUNSET   450 PM PST
DECEMBER  4 2016......SUNRISE   654 AM PST   SUNSET   450 PM PST


-  INDICATES NEGATIVE NUMBERS.
R  INDICATES RECORD WAS SET OR TIED.
MM INDICATES DATA IS MISSING.
T  INDICATES TRACE AMOUNT.




$$
