000
CDUS46 KLOX 110905
CLISMX


CLIMATE REPORT
NATIONAL WEATHER SERVICE LOS ANGELES/OXNARD CA
105 AM PST MON DEC 11 2017


...................................

...THE SANTA MARIA AIRPORT CA CLIMATE SUMMARY FOR DECEMBER 10 2017...

CLIMATE NORMAL PERIOD 1981 TO 2010
CLIMATE RECORD PERIOD 1906 TO 2017


WEATHER ITEM   OBSERVED TIME   RECORD YEAR NORMAL DEPARTURE LAST
                VALUE   (LST)  VALUE       VALUE  FROM      YEAR
                                                  NORMAL
..................................................................
TEMPERATURE (F)
 YESTERDAY
  MAXIMUM         68    147 PM  84    1958  64      4       63
  MINIMUM         42    352 AM  25    1972  39      3       57
                                      1918
  AVERAGE         55                        51      4       60

PRECIPITATION (IN)
  YESTERDAY        0.00          1.08 2009   0.06  -0.06     0.01
  MONTH TO DATE    0.00                      0.57  -0.57     0.51
  SINCE OCT 1      0.09                      2.50  -2.41     3.09
  SINCE JAN 1     14.20                     12.40   1.80    10.21

SNOWFALL (IN)
  YESTERDAY        0.0
  MONTH TO DATE    0.0
  SINCE DEC 1      0.0
  SINCE JUL 1      0.0

DEGREE DAYS
 HEATING
  YESTERDAY       10                        14     -4
  MONTH TO DATE   82                       130    -48
  SINCE DEC 1     82                       130    -48
  SINCE JUL 1    355                       776   -421

 COOLING
  YESTERDAY        0                         0      0
  MONTH TO DATE    0                         0      0
  SINCE DEC 1      0                         0      0
  SINCE JAN 1    333                       104    229
..................................................................


WIND (MPH)
  HIGHEST WIND SPEED     8   HIGHEST WIND DIRECTION    SW (210)
  HIGHEST GUST SPEED    11   HIGHEST GUST DIRECTION    SW (210)
  AVERAGE WIND SPEED     3.6


SKY COVER
  POSSIBLE SUNSHINE  MM
  AVERAGE SKY COVER 0.9


WEATHER CONDITIONS
 THE FOLLOWING WEATHER WAS RECORDED YESTERDAY.
  HAZE


RELATIVE HUMIDITY (PERCENT)
 HIGHEST    49           200 AM
 LOWEST     22           100 PM
 AVERAGE    36

..........................................................


THE SANTA MARIA AIRPORT CA CLIMATE NORMALS FOR TODAY
                         NORMAL    RECORD    YEAR
 MAXIMUM TEMPERATURE (F)   64        87      1958
 MINIMUM TEMPERATURE (F)   39        26      1972
                                             1963
                                             1918


SUNRISE AND SUNSET
DECEMBER 11 2017......SUNRISE   700 AM PST   SUNSET   451 PM PST
DECEMBER 12 2017......SUNRISE   700 AM PST   SUNSET   451 PM PST


-  INDICATES NEGATIVE NUMBERS.
R  INDICATES RECORD WAS SET OR TIED.
MM INDICATES DATA IS MISSING.
T  INDICATES TRACE AMOUNT.




$$
