000
CDUS46 KSGX 281419
CLISNA


CLIMATE REPORT
NATIONAL WEATHER SERVICE SAN DIEGO, CA
619 AM PST WED JAN 28 2015


...................................

...THE JOHN WAYNE AIRPORT CA CLIMATE SUMMARY FOR JANUARY 27 2015...

CLIMATE NORMAL PERIOD 1981 TO 2010
CLIMATE RECORD PERIOD 1999 TO 2015


WEATHER ITEM   OBSERVED TIME   RECORD YEAR NORMAL DEPARTURE LAST
                VALUE   (LST)  VALUE       VALUE  FROM      YEAR
                                                  NORMAL
..................................................................
TEMPERATURE (F)
 YESTERDAY
  MAXIMUM         74    103 PM  81    2012  67      7       70
  MINIMUM         54    628 AM  42    2001  48      6       53
  AVERAGE         64                        57      7       62

PRECIPITATION (IN)
  YESTERDAY        0.00          0.43 2002   0.02  -0.02     0.00
  MONTH TO DATE    0.82                      2.65  -1.83     0.00
  SINCE OCT 1      4.62                      6.73  -2.11     0.93
  SINCE JAN 1      0.82                      2.65  -1.83     0.00

SNOWFALL (IN)
  YESTERDAY        0.0
  MONTH TO DATE    0.0
  SINCE JAN 1      0.0
  SINCE JUL 1      0.0
  SNOW DEPTH       0

DEGREE DAYS
 HEATING
  YESTERDAY        1                         8     -7        3
  MONTH TO DATE   90                       227   -137       95
  SINCE DEC 1    200                       506   -306      291
  SINCE JUL 1    204                       659   -455      364

 COOLING
  YESTERDAY        0                         0      0        0
  MONTH TO DATE   25                         0     25       27
  SINCE DEC 1     43                         1     42       31
  SINCE JAN 1     25                         0     25       27
..................................................................


WIND (MPH)
  RESULTANT WIND SPEED   1   RESULTANT WIND DIRECTION  SW (240)
  HIGHEST WIND SPEED    10   HIGHEST WIND DIRECTION    SW (220)
  HIGHEST GUST SPEED    14   HIGHEST GUST DIRECTION    SW (220)
  AVERAGE WIND SPEED     1.4


SKY COVER
  POSSIBLE SUNSHINE  MM
  AVERAGE SKY COVER 0.4


WEATHER CONDITIONS
 THE FOLLOWING WEATHER WAS RECORDED YESTERDAY.
  NO SIGNIFICANT WEATHER WAS OBSERVED.


RELATIVE HUMIDITY (PERCENT)
 HIGHEST    83           400 AM
 LOWEST     38           100 PM
 AVERAGE    61

..........................................................


THE JOHN WAYNE AIRPORT CA CLIMATE NORMALS FOR TODAY
                         NORMAL    RECORD    YEAR
 MAXIMUM TEMPERATURE (F)   67        82      2012
 MINIMUM TEMPERATURE (F)   48        42      2009


SUNRISE AND SUNSET
JANUARY 28 2015.......SUNRISE   651 AM PST   SUNSET   519 PM PST
JANUARY 29 2015.......SUNRISE   650 AM PST   SUNSET   520 PM PST


-  INDICATES NEGATIVE NUMBERS.
R  INDICATES RECORD WAS SET OR TIED.
MM INDICATES DATA IS MISSING.
T  INDICATES TRACE AMOUNT.




$$
