000
CDUS46 KSGX 210020
CLISNA


CLIMATE REPORT
NATIONAL WEATHER SERVICE SAN DIEGO, CA
420 PM PST SAT DEC 20 2014


...................................

...THE JOHN WAYNE AIRPORT CA CLIMATE SUMMARY FOR DECEMBER 20 2014...
VALID TODAY AS OF 0400 PM LOCAL TIME.

CLIMATE NORMAL PERIOD 1981 TO 2010
CLIMATE RECORD PERIOD 1999 TO 2014


WEATHER ITEM   OBSERVED TIME   RECORD YEAR NORMAL DEPARTURE LAST
                VALUE   (LST)  VALUE       VALUE  FROM      YEAR
                                                  NORMAL
..................................................................
TEMPERATURE (F)
 TODAY
  MAXIMUM         65    241 PM  79    1999  65      0       62
  MINIMUM         53    704 AM  38    2012  46      7       44
  AVERAGE         59                        56      3       53

PRECIPITATION (IN)
  TODAY            0.00          1.74 2010   0.07  -0.07     0.00
  MONTH TO DATE    3.46                      0.93   2.53     0.29
  SINCE JUL 1      3.70                      3.22   0.48     1.05
  SINCE JAN 1      6.29                     12.18  -5.89     3.02

SNOWFALL (IN)
  TODAY            0.0
  MONTH TO DATE    0.0
  SINCE JAN 1      0.0
  SINCE JUL 1      0.0
  SNOW DEPTH       0

DEGREE DAYS
 HEATING
  TODAY            6                        10     -4       12
  MONTH TO DATE   47                       175   -128      149
  SINCE DEC 1     47                       175   -128      149
  SINCE JUL 1     51                       328   -277      222

 COOLING
  TODAY            0                         0      0        0
  MONTH TO DATE   15                         0     15        0
  SINCE DEC 1     15                         0     15        0
  SINCE JAN 1   2055                       876   1179     1157
..................................................................


WIND (MPH)
  RESULTANT WIND SPEED   1   RESULTANT WIND DIRECTION  SW (210)
  HIGHEST WIND SPEED     7   HIGHEST WIND DIRECTION     S (200)
  HIGHEST GUST SPEED     9   HIGHEST GUST DIRECTION     S (200)
  AVERAGE WIND SPEED     1.7


SKY COVER
  POSSIBLE SUNSHINE  MM
  AVERAGE SKY COVER 0.4


WEATHER CONDITIONS
 THE FOLLOWING WEATHER WAS RECORDED TODAY.
  NO SIGNIFICANT WEATHER WAS OBSERVED.


RELATIVE HUMIDITY (PERCENT)
 HIGHEST    77           100 AM
 LOWEST     56          1100 AM
 AVERAGE    67

..........................................................


THE JOHN WAYNE AIRPORT CA CLIMATE NORMALS FOR TOMORROW
                         NORMAL    RECORD    YEAR
 MAXIMUM TEMPERATURE (F)   65        77      2005
 MINIMUM TEMPERATURE (F)   46        40      2012


SUNRISE AND SUNSET
DECEMBER 20 2014......SUNRISE   652 AM PST   SUNSET   447 PM PST
DECEMBER 21 2014......SUNRISE   652 AM PST   SUNSET   447 PM PST


-  INDICATES NEGATIVE NUMBERS.
R  INDICATES RECORD WAS SET OR TIED.
MM INDICATES DATA IS MISSING.
T  INDICATES TRACE AMOUNT.




$$
