000
CDUS46 KSGX 231523
CLISNA


CLIMATE REPORT
NATIONAL WEATHER SERVICE SAN DIEGO, CA
722 AM PST MON JAN 23 2017


...................................

...THE JOHN WAYNE AIRPORT CA CLIMATE SUMMARY FOR JANUARY 22 2017...

CLIMATE NORMAL PERIOD 1981 TO 2010
CLIMATE RECORD PERIOD 1999 TO 2017


WEATHER ITEM   OBSERVED TIME   RECORD YEAR NORMAL DEPARTURE LAST
                VALUE   (LST)  VALUE       VALUE  FROM      YEAR
                                                  NORMAL
..................................................................
TEMPERATURE (F)
 YESTERDAY
  MAXIMUM         59    813 PM  79    2013  67     -8       68
  MINIMUM         51    651 AM  40    2006  47      4       53
  AVERAGE         55                        57     -2       61

PRECIPITATION (IN)
  YESTERDAY        2.27R         1.19 2010   0.09   2.18     0.00
  MONTH TO DATE    5.60                      2.43   3.17     1.94
  SINCE OCT 1     11.79                      6.51   5.28     3.16
  SINCE JAN 1      5.60                      2.43   3.17     1.94

DEGREE DAYS
 HEATING
  YESTERDAY       10                         8      2        4
  MONTH TO DATE  181                       187     -6      195
  SINCE DEC 1    409                       466    -57      485
  SINCE JUL 1    487                       619   -132      615

 COOLING
  YESTERDAY        0                         0      0        0
  MONTH TO DATE    0                         0      0        0
  SINCE DEC 1      0                         1     -1        0
  SINCE JAN 1      0                         0      0        0
..................................................................


WIND (MPH)
  RESULTANT WIND SPEED   8   RESULTANT WIND DIRECTION   S (160)
  HIGHEST WIND SPEED    30   HIGHEST WIND DIRECTION     S (160)
  HIGHEST GUST SPEED    42   HIGHEST GUST DIRECTION     S (180)
  AVERAGE WIND SPEED     9.9


SKY COVER
  POSSIBLE SUNSHINE  MM
  AVERAGE SKY COVER 1.0


WEATHER CONDITIONS
 THE FOLLOWING WEATHER WAS RECORDED YESTERDAY.
  HEAVY RAIN
  RAIN
  LIGHT RAIN
  FOG


RELATIVE HUMIDITY (PERCENT)
 HIGHEST   100           200 PM
 LOWEST     77          1200 AM
 AVERAGE    89

..........................................................


THE JOHN WAYNE AIRPORT CA CLIMATE NORMALS FOR TODAY
                         NORMAL    RECORD    YEAR
 MAXIMUM TEMPERATURE (F)   67        82      2015
 MINIMUM TEMPERATURE (F)   47        41      2010


SUNRISE AND SUNSET
JANUARY 23 2017.......SUNRISE   653 AM PST   SUNSET   514 PM PST
JANUARY 24 2017.......SUNRISE   653 AM PST   SUNSET   515 PM PST


-  INDICATES NEGATIVE NUMBERS.
R  INDICATES RECORD WAS SET OR TIED.
MM INDICATES DATA IS MISSING.
T  INDICATES TRACE AMOUNT.




$$
