000
CDUS46 KSGX 240018
CLISNA


CLIMATE REPORT
NATIONAL WEATHER SERVICE SAN DIEGO, CA
518 PM PDT TUE MAY 23 2017


...................................

...THE JOHN WAYNE AIRPORT CA CLIMATE SUMMARY FOR MAY 23 2017...
VALID TODAY AS OF 0500 PM LOCAL TIME.

CLIMATE NORMAL PERIOD 1981 TO 2010
CLIMATE RECORD PERIOD 1999 TO 2017


WEATHER ITEM   OBSERVED TIME   RECORD YEAR NORMAL DEPARTURE LAST
                VALUE   (LST)  VALUE       VALUE  FROM      YEAR
                                                  NORMAL
..................................................................
TEMPERATURE (F)
 TODAY
  MAXIMUM         79R   305 PM  76    2001  72      7       68
  MINIMUM         61    552 AM  54    2008  59      2       57
  AVERAGE         70                        66      4       63

PRECIPITATION (IN)
  TODAY            0.00          0.03 2008   0.00   0.00     0.00
  MONTH TO DATE    0.08                      0.22  -0.14     0.09
  SINCE OCT 1     15.88                     12.95   2.93     4.97
  SINCE JAN 1      9.69                      8.87   0.82     3.75

DEGREE DAYS
 HEATING
  TODAY            0                         1     -1        2
  MONTH TO DATE   23                        34    -11       25
  SINCE MAR 1    137                       335   -198      195
  SINCE JUL 1    878                      1241   -363      967

 COOLING
  TODAY            5                         1      4        0
  MONTH TO DATE   44                        23     21        8
  SINCE MAR 1    105                        44     61       55
  SINCE JAN 1    105                        52     53       93
..................................................................


WIND (MPH)
  RESULTANT WIND SPEED   4   RESULTANT WIND DIRECTION  SW (220)
  HIGHEST WIND SPEED    15   HIGHEST WIND DIRECTION    SW (220)
  HIGHEST GUST SPEED    20   HIGHEST GUST DIRECTION     S (200)
  AVERAGE WIND SPEED     4.7


SKY COVER
  POSSIBLE SUNSHINE  MM
  AVERAGE SKY COVER 0.7


WEATHER CONDITIONS
 THE FOLLOWING WEATHER WAS RECORDED TODAY.
  FOG
  HAZE


RELATIVE HUMIDITY (PERCENT)
 HIGHEST    90          1200 AM
 LOWEST     52           300 PM
 AVERAGE    71

..........................................................


THE JOHN WAYNE AIRPORT CA CLIMATE NORMALS FOR TOMORROW
                         NORMAL    RECORD    YEAR
 MAXIMUM TEMPERATURE (F)   72        80      2006
 MINIMUM TEMPERATURE (F)   59        53      2008


SUNRISE AND SUNSET
MAY 23 2017...........SUNRISE   546 AM PDT   SUNSET   751 PM PDT
MAY 24 2017...........SUNRISE   545 AM PDT   SUNSET   752 PM PDT


-  INDICATES NEGATIVE NUMBERS.
R  INDICATES RECORD WAS SET OR TIED.
MM INDICATES DATA IS MISSING.
T  INDICATES TRACE AMOUNT.




$$
