000
CDUS46 KSGX 250020
CLISNA


CLIMATE REPORT
NATIONAL WEATHER SERVICE SAN DIEGO, CA
520 PM PDT TUE MAY 24 2016


...................................

...THE JOHN WAYNE AIRPORT CA CLIMATE SUMMARY FOR MAY 24 2016...
VALID TODAY AS OF 0500 PM LOCAL TIME.

CLIMATE NORMAL PERIOD 1981 TO 2010
CLIMATE RECORD PERIOD 1999 TO 2016


WEATHER ITEM   OBSERVED TIME   RECORD YEAR NORMAL DEPARTURE LAST
                VALUE   (LST)  VALUE       VALUE  FROM      YEAR
                                                  NORMAL
..................................................................
TEMPERATURE (F)
 TODAY
  MAXIMUM         70   1227 PM  80    2006  72     -2       68
  MINIMUM         59    514 AM  53    2008  59      0       60
  AVERAGE         65                        66     -1       64

PRECIPITATION (IN)
  TODAY            T   R         T    2007   0.00   0.00     0.00
  MONTH TO DATE    0.09                      0.22  -0.13     1.07
  SINCE OCT 1      4.97                     12.95  -7.98     6.85
  SINCE JAN 1      3.75                      8.87  -5.12     3.05

DEGREE DAYS
 HEATING
  TODAY            0                         1     -1        1
  MONTH TO DATE   25                        35    -10       46
  SINCE MAR 1    195                       336   -141      121
  SINCE JUL 1    967                      1242   -275      346

 COOLING
  TODAY            0                         1     -1        0
  MONTH TO DATE    8                        24    -16       11
  SINCE MAR 1     55                        45     10      163
  SINCE JAN 1     93                        53     40      235
..................................................................


WIND (MPH)
  RESULTANT WIND SPEED   6   RESULTANT WIND DIRECTION   S (200)
  HIGHEST WIND SPEED    15   HIGHEST WIND DIRECTION    SW (210)
  HIGHEST GUST SPEED    20   HIGHEST GUST DIRECTION     S (200)
  AVERAGE WIND SPEED     7.4


SKY COVER
  POSSIBLE SUNSHINE  MM
  AVERAGE SKY COVER 0.7


WEATHER CONDITIONS
 THE FOLLOWING WEATHER WAS RECORDED TODAY.
  NO SIGNIFICANT WEATHER WAS OBSERVED.


RELATIVE HUMIDITY (PERCENT)
 HIGHEST    75           500 AM
 LOWEST     47          1200 PM
 AVERAGE    61

..........................................................


THE JOHN WAYNE AIRPORT CA CLIMATE NORMALS FOR TOMORROW
                         NORMAL    RECORD    YEAR
 MAXIMUM TEMPERATURE (F)   72        77      2014
 MINIMUM TEMPERATURE (F)   59        51      2008


SUNRISE AND SUNSET
MAY 24 2016...........SUNRISE   545 AM PDT   SUNSET   752 PM PDT
MAY 25 2016...........SUNRISE   545 AM PDT   SUNSET   753 PM PDT


-  INDICATES NEGATIVE NUMBERS.
R  INDICATES RECORD WAS SET OR TIED.
MM INDICATES DATA IS MISSING.
T  INDICATES TRACE AMOUNT.




$$
