000
CDUS46 KSGX 290015
CLISNA


CLIMATE REPORT
NATIONAL WEATHER SERVICE SAN DIEGO, CA
515 PM PDT THU APR 28 2016


...................................

...THE JOHN WAYNE AIRPORT CA CLIMATE SUMMARY FOR APRIL 28 2016...
VALID TODAY AS OF 0500 PM LOCAL TIME.

CLIMATE NORMAL PERIOD 1981 TO 2010
CLIMATE RECORD PERIOD 1999 TO 2016


WEATHER ITEM   OBSERVED TIME   RECORD YEAR NORMAL DEPARTURE LAST
                VALUE   (LST)  VALUE       VALUE  FROM      YEAR
                                                  NORMAL
..................................................................
TEMPERATURE (F)
 TODAY
  MAXIMUM         67   1259 PM  93    2008  70     -3       86
  MINIMUM         54    443 AM  50    2002  56     -2       59
  AVERAGE         61                        63     -2       73

PRECIPITATION (IN)
  TODAY            0.00          0.77 2005   0.03  -0.03     0.00
  MONTH TO DATE    0.18                      0.84  -0.66     0.04
  SINCE OCT 1      4.87                     12.68  -7.81     5.78
  SINCE JAN 1      3.65                      8.60  -4.95     1.98

DEGREE DAYS
 HEATING
  TODAY            4                         3      1        0
  MONTH TO DATE   44                       115    -71       50
  SINCE MAR 1    164                       296   -132       75
  SINCE JUL 1    936                      1202   -266      300

 COOLING
  TODAY            0                         1     -1        8
  MONTH TO DATE   44                        10     34       29
  SINCE MAR 1     47                        17     30      134
  SINCE JAN 1     85                        25     60      206
..................................................................


WIND (MPH)
  RESULTANT WIND SPEED   6   RESULTANT WIND DIRECTION   S (180)
  HIGHEST WIND SPEED    17   HIGHEST WIND DIRECTION     S (200)
  HIGHEST GUST SPEED    23   HIGHEST GUST DIRECTION    SW (220)
  AVERAGE WIND SPEED     8.3


SKY COVER
  POSSIBLE SUNSHINE  MM
  AVERAGE SKY COVER 0.6


WEATHER CONDITIONS
 THE FOLLOWING WEATHER WAS RECORDED TODAY.
  NO SIGNIFICANT WEATHER WAS OBSERVED.


RELATIVE HUMIDITY (PERCENT)
 HIGHEST    83           300 AM
 LOWEST     45           100 PM
 AVERAGE    64

..........................................................


THE JOHN WAYNE AIRPORT CA CLIMATE NORMALS FOR TOMORROW
                         NORMAL    RECORD    YEAR
 MAXIMUM TEMPERATURE (F)   71        97      2014
 MINIMUM TEMPERATURE (F)   56        49      1999


SUNRISE AND SUNSET
APRIL 28 2016.........SUNRISE   605 AM PDT   SUNSET   733 PM PDT
APRIL 29 2016.........SUNRISE   604 AM PDT   SUNSET   734 PM PDT


-  INDICATES NEGATIVE NUMBERS.
R  INDICATES RECORD WAS SET OR TIED.
MM INDICATES DATA IS MISSING.
T  INDICATES TRACE AMOUNT.




$$
