000
CDUS46 KSGX 270016
CLISNA


CLIMATE REPORT
NATIONAL WEATHER SERVICE SAN DIEGO, CA
516 PM PDT SUN MAR 26 2017


...................................

...THE JOHN WAYNE AIRPORT CA CLIMATE SUMMARY FOR MARCH 26 2017...
VALID TODAY AS OF 0500 PM LOCAL TIME.

CLIMATE NORMAL PERIOD 1981 TO 2010
CLIMATE RECORD PERIOD 1999 TO 2017


WEATHER ITEM   OBSERVED TIME   RECORD YEAR NORMAL DEPARTURE LAST
                VALUE   (LST)  VALUE       VALUE  FROM      YEAR
                                                  NORMAL
..................................................................
TEMPERATURE (F)
 TODAY
  MAXIMUM         69   1243 PM  87    2015  68      1       70
  MINIMUM         55    345 AM  47    1999  52      3       53
  AVERAGE         62                        60      2       62

PRECIPITATION (IN)
  TODAY            0.00          T    2007   0.03  -0.03     0.00
                                      2007
                                      2014
  MONTH TO DATE    0.05                      1.77  -1.72     1.07
  SINCE OCT 1     15.76                     11.71   4.05     4.65
  SINCE JAN 1      9.57                      7.63   1.94     3.43

DEGREE DAYS
 HEATING
  TODAY            3                         5     -2        3
  MONTH TO DATE   76                       154    -78       90
  SINCE MAR 1     76                       154    -78       90
  SINCE JUL 1    817                      1060   -243      862

 COOLING
  TODAY            0                         0      0        0
  MONTH TO DATE    8                         0      8        3
  SINCE MAR 1      8                         0      8        3
  SINCE JAN 1      8                         8      0       41
..................................................................


WIND (MPH)
  RESULTANT WIND SPEED   2   RESULTANT WIND DIRECTION   S (180)
  HIGHEST WIND SPEED    15   HIGHEST WIND DIRECTION     S (200)
  HIGHEST GUST SPEED    19   HIGHEST GUST DIRECTION     S (200)
  AVERAGE WIND SPEED     4.2


SKY COVER
  POSSIBLE SUNSHINE  MM
  AVERAGE SKY COVER 0.5


WEATHER CONDITIONS
 THE FOLLOWING WEATHER WAS RECORDED TODAY.
  NO SIGNIFICANT WEATHER WAS OBSERVED.


RELATIVE HUMIDITY (PERCENT)
 HIGHEST    86          1200 AM
 LOWEST     55          1200 PM
 AVERAGE    71

..........................................................


THE JOHN WAYNE AIRPORT CA CLIMATE NORMALS FOR TOMORROW
                         NORMAL    RECORD    YEAR
 MAXIMUM TEMPERATURE (F)   68        86      2015
 MINIMUM TEMPERATURE (F)   52        48      2012


SUNRISE AND SUNSET
MARCH 26 2017.........SUNRISE   647 AM PDT   SUNSET   708 PM PDT
MARCH 27 2017.........SUNRISE   645 AM PDT   SUNSET   709 PM PDT


-  INDICATES NEGATIVE NUMBERS.
R  INDICATES RECORD WAS SET OR TIED.
MM INDICATES DATA IS MISSING.
T  INDICATES TRACE AMOUNT.




$$
