000
CDUS46 KSGX 231421
CLISNA


CLIMATE REPORT
NATIONAL WEATHER SERVICE SAN DIEGO, CA
720 AM PDT SAT MAY 23 2015


...................................

...THE JOHN WAYNE AIRPORT CA CLIMATE SUMMARY FOR MAY 22 2015...

CLIMATE NORMAL PERIOD 1981 TO 2010
CLIMATE RECORD PERIOD 1999 TO 2015


WEATHER ITEM   OBSERVED TIME   RECORD YEAR NORMAL DEPARTURE LAST
                VALUE   (LST)  VALUE       VALUE  FROM      YEAR
                                                  NORMAL
..................................................................
TEMPERATURE (F)
 YESTERDAY
  MAXIMUM         68   1225 PM  79    2005  72     -4       70
  MINIMUM         58    509 AM  54    2002  59     -1       64
  AVERAGE         63                        66     -3       67

PRECIPITATION (IN)
  YESTERDAY        T             0.57 2006   0.00   0.00     0.00
  MONTH TO DATE    1.07                      0.22   0.85     0.00
  SINCE OCT 1      6.85                     12.95  -6.10     3.52
  SINCE JAN 1      3.05                      8.87  -5.82     2.59

SNOWFALL (IN)
  YESTERDAY        0.0
  MONTH TO DATE    0.0
  SINCE MAR 1      0.0
  SINCE JUL 1      0.0
  SNOW DEPTH       0

DEGREE DAYS
 HEATING
  YESTERDAY        2                         1      1        0
  MONTH TO DATE   44                        33     11        1
  SINCE MAR 1    119                       334   -215      114
  SINCE JUL 1    344                      1240   -896      604

 COOLING
  YESTERDAY        0                         1     -1        2
  MONTH TO DATE   11                        22    -11      164
  SINCE MAR 1    163                        43    120      256
  SINCE JAN 1    235                        51    184      283
..................................................................


WIND (MPH)
  RESULTANT WIND SPEED   5   RESULTANT WIND DIRECTION   W (250)
  HIGHEST WIND SPEED    14   HIGHEST WIND DIRECTION    SW (220)
  HIGHEST GUST SPEED    20   HIGHEST GUST DIRECTION    SW (220)
  AVERAGE WIND SPEED     5.6


SKY COVER
  POSSIBLE SUNSHINE  MM
  AVERAGE SKY COVER 0.8


WEATHER CONDITIONS
 THE FOLLOWING WEATHER WAS RECORDED YESTERDAY.
  NO SIGNIFICANT WEATHER WAS OBSERVED.


RELATIVE HUMIDITY (PERCENT)
 HIGHEST    80           500 AM
 LOWEST     48          1200 PM
 AVERAGE    64

..........................................................


THE JOHN WAYNE AIRPORT CA CLIMATE NORMALS FOR TODAY
                         NORMAL    RECORD    YEAR
 MAXIMUM TEMPERATURE (F)   72        76      2001
 MINIMUM TEMPERATURE (F)   59        54      2008


SUNRISE AND SUNSET
MAY 23 2015...........SUNRISE   546 AM PDT   SUNSET   751 PM PDT
MAY 24 2015...........SUNRISE   545 AM PDT   SUNSET   752 PM PDT


-  INDICATES NEGATIVE NUMBERS.
R  INDICATES RECORD WAS SET OR TIED.
MM INDICATES DATA IS MISSING.
T  INDICATES TRACE AMOUNT.




$$
