513
CDAK48 PAFC 111242
CLISNP


CLIMATE REPORT
NATIONAL WEATHER SERVICE ANCHORAGE, AK
342 AM AKST SUN DEC 11 2016


...................................

...THE SAINT PAUL ISLAND CLIMATE SUMMARY FOR DECEMBER 10 2016...

CLIMATE NORMAL PERIOD 1981 TO 2010
CLIMATE RECORD PERIOD 1892 TO 2016


WEATHER ITEM   OBSERVED TIME   RECORD YEAR NORMAL DEPARTURE LAST
                VALUE   (LST)  VALUE       VALUE  FROM      YEAR
                                                  NORMAL
..................................................................
TEMPERATURE (F)
 YESTERDAY
  MAXIMUM         31    421 PM  42    1986  34     -3       28
  MINIMUM         27    412 AM   7    2005  25      2       25
                                      1987
  AVERAGE         29                        30     -1       27

PRECIPITATION (IN)
  YESTERDAY        T             0.69 1962   0.08  -0.08     0.11
  MONTH TO DATE    0.53                      0.79  -0.26     0.63
  SINCE DEC 1      0.53                      0.79  -0.26     0.63
  SINCE JAN 1     24.60                     22.21   2.39    23.64

SNOWFALL (IN)
  YESTERDAY        T             6.9  1962   0.4   -0.4      1.2
  MONTH TO DATE    1.9                       3.7   -1.8      4.1
  SINCE DEC 1      1.9                       3.7   -1.8      4.1
  SINCE JUL 1      8.5                      14.0   -5.5     16.1
  SNOW DEPTH       0

DEGREE DAYS
 HEATING
  YESTERDAY       36                        35      1       38
  MONTH TO DATE  352                       348      4      342
  SINCE DEC 1    352                       348      4      342
  SINCE JUL 1   2921                      3769   -848     2890

 COOLING
  YESTERDAY        0                         0      0        0
  MONTH TO DATE    0                         0      0        0
  SINCE DEC 1      0                         0      0        0
  SINCE JAN 1      0                         0      0        0
..................................................................


WIND (MPH)
  RESULTANT WIND SPEED   5   RESULTANT WIND DIRECTION   E (80)
  HIGHEST WIND SPEED    18   HIGHEST WIND DIRECTION    SE (130)
  HIGHEST GUST SPEED    22   HIGHEST GUST DIRECTION    SE (130)
  AVERAGE WIND SPEED     6.7



WEATHER CONDITIONS
 THE FOLLOWING WEATHER WAS RECORDED YESTERDAY.
  LIGHT SNOW


..........................................................


THE SAINT PAUL ISLAND CLIMATE NORMALS FOR TODAY
                         NORMAL    RECORD    YEAR
 MAXIMUM TEMPERATURE (F)   34        41      1986
                                             1950
 MINIMUM TEMPERATURE (F)   25         1      1987


SUNRISE AND SUNSET
DECEMBER 11 2016......SUNRISE  1051 AM AKST  SUNSET   538 PM AKST
DECEMBER 12 2016......SUNRISE  1052 AM AKST  SUNSET   538 PM AKST


-  INDICATES NEGATIVE NUMBERS.
R  INDICATES RECORD WAS SET OR TIED.
MM INDICATES DATA IS MISSING.
T  INDICATES TRACE AMOUNT.




$$
