000
CDAK48 PASN 231132
CLISNP

CLIMATE REPORT
NATIONAL WEATHER SERVICE ST PAUL, AK
332 AM AKDT WED JUL 23 2014

...................................
...THE ST PAUL AIRPORT CLIMATE SUMMARY FOR JULY 22 2014...

CLIMATE NORMAL PERIOD  1981 TO  2010
CLIMATE RECORD PERIOD  1949 TO  2014

WEATHER ITEM   OBSERVED TIME    RECORD YEAR NORMAL DEPARTURE LAST
               VALUE    (LST)   VALUE       VALUE  FROM      YEAR
                                                   NORMAL
...................................................................
TEMPERATURE
YESTERDAY
 MAXIMUM            58  0356 PM    64  2013     51       7     64
 MINIMUM            48  0751 AM    33  1965     44       4     47
 AVERAGE            53                          48       5     56

PRECIPITATION
(INCHES)
 YESTERDAY        0.34           1.25  1991   0.06    0.28   0.00
 MONTH TO DATE    1.07                        1.21   -0.14   1.37
 SINCE JUN 1      2.09                        2.56   -0.47   2.92
 SINCE JAN 1      9.23                        8.72    0.51  10.10

SNOWFALL
(INCHES)
 YESTERDAY         0.0            0.0  2014    0.0     0.0    0.0
 MONTH TO DATE     0.0                         0.0     0.0    0.0
 SINCE JUN 1       0.0                         0.0     0.0    0.0
 SINCE JUL 1       0.0                         0.0     0.0    0.0
 SNOW DEPTH (IN)     0                                          0

DEGREE DAYS
 HEATING
  YESTERDAY         12                          17      -5      9
  MONTH TO DATE    331                         400     -69    424
  SINCE JUN 1      959                        1079    -120   1134
  SINCE JUL 1      331                         400     -69    424

 COOLING
  YESTERDAY          0                           0       0      0
  MONTH TO DATE      0                           0       0      0
  SINCE JUN 1        0                           0       0      0
  SINCE JAN 1        0                           0       0      0
...................................................................

WIND (MPH)
 HIGHEST WIND SPEED    21     HIGHEST WIND DIRECTION    310
 HIGHEST GUST SPEED    24     HIGHEST GUST DIRECTION    320
 AVERAGE WIND SPEED  11.4

SKY COVER
  POSSIBLE SUNSHINE    MM          AVERAGE SKY COVER     MM

WEATHER CONDITIONS
 THE FOLLOWING WEATHER WAS RECORDED YESTERDAY.
FOG
RAIN


RELATIVE HUMIDITY
 HIGHEST RH     MM PERCENT       MM
 LOWEST  RH     MM PERCENT       MM
 AVERAGE RH     MM PERCENT       MM
...................................................................

THE ST PAUL CLIMATE NORMALS FOR TODAY
                           NORMAL    RECORD   YEAR
 MAXIMUM TEMPERATURE (F)     51        60     1979
 MINIMUM TEMPERATURE (F)     44        33     1992

SUNRISE AND SUNSET
 JUL 23 2014..........SUNRISE  7:03 AM      SUNSET 11:52 PM
 JUL 24 2014..........SUNRISE  7:04 AM      SUNSET 11:50 PM

-  INDICATES NEGATIVE NUMBERS.
R  INDICATES RECORD HAS BEEN SET OR TIED.
MM INDICATES DATA IS MISSING.
T  INDICATES TRACE OF PRECIPITATION.

&&
-------------------------------------------------------------------

AMOUNT OF DAYLIGHT TODAY  (HOUR:MIN)........16 HOURS 49 MINUTES
GAIN/LOSS SINCE YESTERDAY (HOUR:MIN:SEC)....-0:03:36

$$
WIW JUL 14
