000
CDAK48 PASN 280059
CLISNP


CLIMATE REPORT
NATIONAL WEATHER SERVICE ANCHORAGE, AK
459 PM AKDT THU JUL 27 2017


...................................

...THE SAINT PAUL ISLAND CLIMATE SUMMARY FOR JULY 27 2017...
VALID TODAY AS OF 0400 PM LOCAL TIME.

CLIMATE NORMAL PERIOD 1981 TO 2010
CLIMATE RECORD PERIOD 1892 TO 2017


WEATHER ITEM   OBSERVED TIME   RECORD YEAR NORMAL DEPARTURE LAST
                VALUE   (LST)  VALUE       VALUE  FROM      YEAR
                                                  NORMAL
..................................................................
TEMPERATURE (F)
 TODAY
  MAXIMUM         50    259 PM  60    2016  52     -2       60
  MINIMUM         48   1111 AM  35    1973  45      3       52
  AVERAGE         49                        48      1       56

PRECIPITATION (IN)
  TODAY            0.20          1.00 1996   0.07   0.13     0.01
  MONTH TO DATE    3.40                      1.56   1.84     0.64
  SINCE JUN 1      4.33                      2.91   1.42     2.11
  SINCE JAN 1     10.14                      9.07   1.07     7.80

SNOWFALL (IN)
  TODAY           MM            MM      MM   0.0   MM        0.0
  MONTH TO DATE    0.0                       0.0    0.0      0.0
  SINCE JUN 1      0.0                       T      0.0      0.0
  SINCE JUL 1      0.0                       0.0    0.0      0.0
  SNOW DEPTH       0

DEGREE DAYS
 HEATING
  TODAY           16                        17     -1        9
  MONTH TO DATE  460                       485    -25      256
  SINCE JUN 1   1014                      1163   -149      718
  SINCE JUL 1    460                       485    -25      256

 COOLING
  TODAY            0                         0      0        0
  MONTH TO DATE    0                         0      0        0
  SINCE JUN 1      0                         0      0        0
  SINCE JAN 1      0                         0      0        0
..................................................................


WIND (MPH)
  RESULTANT WIND SPEED  13   RESULTANT WIND DIRECTION   W (270)
  HIGHEST WIND SPEED    24   HIGHEST WIND DIRECTION    SW (240)
  HIGHEST GUST SPEED    30   HIGHEST GUST DIRECTION     W (250)
  AVERAGE WIND SPEED    13.7



WEATHER CONDITIONS
 THE FOLLOWING WEATHER WAS RECORDED TODAY.
  LIGHT RAIN
  FOG
  FOG W/VISIBILITY <= 1/4 MILE
  HAZE


..........................................................


THE SAINT PAUL ISLAND CLIMATE NORMALS FOR TOMORROW
                         NORMAL    RECORD    YEAR
 MAXIMUM TEMPERATURE (F)   52        63      1992
 MINIMUM TEMPERATURE (F)   45        39      1972


SUNRISE AND SUNSET
JULY 27 2017..........SUNRISE   710 AM AKDT  SUNSET  1143 PM AKDT
JULY 28 2017..........SUNRISE   712 AM AKDT  SUNSET  1141 PM AKDT


-  INDICATES NEGATIVE NUMBERS.
R  INDICATES RECORD WAS SET OR TIED.
MM INDICATES DATA IS MISSING.
T  INDICATES TRACE AMOUNT.




$$
