000
CDAK48 PASN 300045
CLISNP


CLIMATE REPORT
NATIONAL WEATHER SERVICE ANCHORAGE, AK
445 PM AKDT MON MAY 29 2017


...................................

...THE SAINT PAUL ISLAND CLIMATE SUMMARY FOR MAY 29 2017...
VALID TODAY AS OF 0400 PM LOCAL TIME.

CLIMATE NORMAL PERIOD 1981 TO 2010
CLIMATE RECORD PERIOD 1892 TO 2017


WEATHER ITEM   OBSERVED TIME   RECORD YEAR NORMAL DEPARTURE LAST
                VALUE   (LST)  VALUE       VALUE  FROM      YEAR
                                                  NORMAL
..................................................................
TEMPERATURE (F)
 TODAY
  MAXIMUM         46    154 PM  55    1979  43      3       50
  MINIMUM         31   1243 AM  28    1971  34     -3       35
                                      1970
                                      1969
  AVERAGE         39                        39      0       43

PRECIPITATION (IN)
  TODAY            T             0.48 1964   0.04  -0.04      T
  MONTH TO DATE    1.50                      1.06   0.44     0.76
  SINCE MAR 1      2.67                      3.21  -0.54     2.92
  SINCE JAN 1      5.76                      6.09  -0.33     5.68

SNOWFALL (IN)
  TODAY            0.0          MM      MM   0.0    0.0     MM
  MONTH TO DATE    T                         1.1   -1.1      0.0
  SINCE MAR 1      0.6                      14.8  -14.2      0.0
  SINCE JUL 1     48.8                      59.8  -11.0     23.7
  SNOW DEPTH       0

DEGREE DAYS
 HEATING
  TODAY           26                        26      0       22
  MONTH TO DATE  763                       842    -79      680
  SINCE MAR 1   2950                      3160   -210     2296
  SINCE JUL 1   8825                     10077  -1252     7481

 COOLING
  TODAY            0                         0      0        0
  MONTH TO DATE    0                         0      0        0
  SINCE MAR 1      0                         0      0        0
  SINCE JAN 1      0                         0      0        0
..................................................................


WIND (MPH)
  RESULTANT WIND SPEED  11   RESULTANT WIND DIRECTION   E (90)
  HIGHEST WIND SPEED    16   HIGHEST WIND DIRECTION     E (90)
  HIGHEST GUST SPEED    19   HIGHEST GUST DIRECTION     E (100)
  AVERAGE WIND SPEED    11.0



WEATHER CONDITIONS
 THE FOLLOWING WEATHER WAS RECORDED TODAY.
  FOG


..........................................................


THE SAINT PAUL ISLAND CLIMATE NORMALS FOR TOMORROW
                         NORMAL    RECORD    YEAR
 MAXIMUM TEMPERATURE (F)   44        53      1979
 MINIMUM TEMPERATURE (F)   34        29      1971


SUNRISE AND SUNSET
MAY 29 2017...........SUNRISE   638 AM AKDT  SUNSET  ----    AKDT
MAY 30 2017...........SUNRISE   636 AM AKDT  SUNSET  1200 AM AKDT


-  INDICATES NEGATIVE NUMBERS.
R  INDICATES RECORD WAS SET OR TIED.
MM INDICATES DATA IS MISSING.
T  INDICATES TRACE AMOUNT.




$$
