000
CDAK48 PASN 300916
CLISNP

CLIMATE REPORT
NATIONAL WEATHER SERVICE ST PAUL, AK
116 AM AKDT SAT JUL 30 2016

...................................
...THE ST PAUL AIRPORT CLIMATE SUMMARY FOR JULY 29 2016...

CLIMATE NORMAL PERIOD  1981 TO  2010
CLIMATE RECORD PERIOD  1892 TO  2016

WEATHER ITEM   OBSERVED TIME    RECORD YEAR NORMAL DEPARTURE LAST
               VALUE    (LST)   VALUE       VALUE  FROM      YEAR
                                                   NORMAL
...................................................................
TEMPERATURE
YESTERDAY
 MAXIMUM            55  0439 PM    59  1992     52       3     53
 MINIMUM            51  1159 PM    38  2002     45       6     46
 AVERAGE            53                          48       5     50

PRECIPITATION
(INCHES)
 YESTERDAY        0.01           0.78  1962   0.07   -0.06      T
 MONTH TO DATE    0.77                        1.70   -0.93   1.83
 SINCE JUN 1      2.46                        3.05   -0.59   2.75
 SINCE JAN 1      8.38                        9.21   -0.83   9.03

SNOWFALL
(INCHES)
 YESTERDAY         0.0            0.0  2016    0.0     0.0    0.0
 MONTH TO DATE     0.0                         0.0     0.0    0.0
 SINCE JUN 1       0.0                         0.0     0.0    0.0
 SINCE JUL 1       0.0                         0.0     0.0    0.0
 SNOW DEPTH (IN)     0                                          0

DEGREE DAYS
 HEATING
  YESTERDAY         12                          17      -5     15
  MONTH TO DATE    368                         519    -151    453
  SINCE JUN 1      900                        1198    -298   1073
  SINCE JUL 1      368                         519    -151    453

 COOLING
  YESTERDAY          0                           0       0      0
  MONTH TO DATE      0                           0       0      0
  SINCE JUN 1        0                           0       0      0
  SINCE JAN 1        0                           0       0      0
...................................................................

WIND (MPH)
 HIGHEST WIND SPEED    21     HIGHEST WIND DIRECTION    220
 HIGHEST GUST SPEED    27     HIGHEST GUST DIRECTION    220
 AVERAGE WIND SPEED  15.4

SKY COVER
  POSSIBLE SUNSHINE    MM          AVERAGE SKY COVER     MM

WEATHER CONDITIONS
 THE FOLLOWING WEATHER WAS RECORDED YESTERDAY.
  FOG
DRIZZLE
RAIN


RELATIVE HUMIDITY
 HIGHEST RH     MM PERCENT       MM
 LOWEST  RH     MM PERCENT       MM
 AVERAGE RH     MM PERCENT       MM
...................................................................

THE ST PAUL CLIMATE NORMALS FOR TODAY
                           NORMAL    RECORD   YEAR
 MAXIMUM TEMPERATURE (F)     52        60     1958
 MINIMUM TEMPERATURE (F)     45        34     1996

SUNRISE AND SUNSET
 JUL 30 2016..........SUNRISE  7:17 AM      SUNSET 11:37 PM
 JUL 31 2016..........SUNRISE  7:19 AM      SUNSET 11:35 PM

-  INDICATES NEGATIVE NUMBERS.
R  INDICATES RECORD HAS BEEN SET OR TIED.
MM INDICATES DATA IS MISSING.
T  INDICATES TRACE OF PRECIPITATION.

&&
-------------------------------------------------------------------

AMOUNT OF DAYLIGHT TODAY  (HOUR:MIN)........16 HOURS 20 MINUTES
GAIN/LOSS SINCE YESTERDAY (HOUR:MIN:SEC)....-0:04:02

$$
*** JUL 16
