000
CDAK48 PAFC 211333
CLISNP


CLIMATE REPORT
NATIONAL WEATHER SERVICE ANCHORAGE, AK
433 AM AKST SUN JAN 21 2018


...................................

...THE SAINT PAUL ISLAND CLIMATE SUMMARY FOR JANUARY 20 2018...

CLIMATE NORMAL PERIOD 1981 TO 2010
CLIMATE RECORD PERIOD 1892 TO 2018


WEATHER ITEM   OBSERVED TIME   RECORD YEAR NORMAL DEPARTURE LAST
                VALUE   (LST)  VALUE       VALUE  FROM      YEAR
                                                  NORMAL
..................................................................
TEMPERATURE (F)
 YESTERDAY
  MAXIMUM         29        MM  40    1952  29      0       19
  MINIMUM         24        MM   0    1993  21      3        5
                                      1973
  AVERAGE         27                        24      3       12

PRECIPITATION (IN)
  YESTERDAY        T             0.60 1952   0.05  -0.05     0.11
  MONTH TO DATE    0.86                      1.06  -0.20     1.06
  SINCE SEP 1     15.72                     12.30   3.42    17.59
  SINCE JAN 1      0.86                      1.06  -0.20     1.06

SNOWFALL (IN)
  YESTERDAY        T            MM      MM   0.4   -0.4      1.0
  MONTH TO DATE    0.9                       8.2   -7.3     11.4
  SINCE SEP 1      6.2                      30.6  -24.4     21.6
  SINCE JUL 1      6.2                      30.6  -24.4     21.6
  SNOW DEPTH       3

DEGREE DAYS
 HEATING
  YESTERDAY       38                        40     -2       53
  MONTH TO DATE  654                       787   -133      770
  SINCE DEC 1   1678                      1908   -230     1726
  SINCE JUL 1   4756                      5329   -573     4295

 COOLING
  YESTERDAY        0                         0      0        0
  MONTH TO DATE    0                         0      0        0
  SINCE DEC 1      0                         0      0        0
  SINCE JAN 1      0                         0      0        0
..................................................................


WIND (MPH)
  RESULTANT WIND SPEED  14   RESULTANT WIND DIRECTION  NE (40)
  HIGHEST WIND SPEED    24   HIGHEST WIND DIRECTION    NE (40)
  HIGHEST GUST SPEED    35   HIGHEST GUST DIRECTION    NE (40)
  AVERAGE WIND SPEED    14.6



WEATHER CONDITIONS
 THE FOLLOWING WEATHER WAS RECORDED YESTERDAY.
  LIGHT SNOW


..........................................................


THE SAINT PAUL ISLAND CLIMATE NORMALS FOR TODAY
                         NORMAL    RECORD    YEAR
 MAXIMUM TEMPERATURE (F)   29        41      2003
 MINIMUM TEMPERATURE (F)   20         0      1956
                                             1894


SUNRISE AND SUNSET
JANUARY 21 2018.......SUNRISE  1040 AM AKST  SUNSET   625 PM AKST
JANUARY 22 2018.......SUNRISE  1038 AM AKST  SUNSET   628 PM AKST


-  INDICATES NEGATIVE NUMBERS.
R  INDICATES RECORD WAS SET OR TIED.
MM INDICATES DATA IS MISSING.
T  INDICATES TRACE AMOUNT.




$$
