000
CDAK48 PAFC 200200
CLISNP


CLIMATE REPORT
NATIONAL WEATHER SERVICE ANCHORAGE, AK
500 PM AKST SUN NOV 19 2017


...................................

...THE SAINT PAUL ISLAND CLIMATE SUMMARY FOR NOVEMBER 19 2017...
VALID TODAY AS OF 0500 PM LOCAL TIME.

CLIMATE NORMAL PERIOD 1981 TO 2010
CLIMATE RECORD PERIOD 1892 TO 2017


WEATHER ITEM   OBSERVED TIME   RECORD YEAR NORMAL DEPARTURE LAST
                VALUE   (LST)  VALUE       VALUE  FROM      YEAR
                                                  NORMAL
..................................................................
TEMPERATURE (F)
 TODAY
  MAXIMUM         43    242 PM  45    1978  36      7       39
  MINIMUM         36    142 AM  10    1983  28      8       29
  AVERAGE         40                        32      8       34

PRECIPITATION (IN)
  TODAY            0.10          0.70 1995   0.10   0.00     0.12
  MONTH TO DATE    2.24                      1.89   0.35     2.36
  SINCE SEP 1      7.34                      7.99  -0.65    12.10
  SINCE JAN 1     20.01                     20.42  -0.41    22.84

SNOWFALL (IN)
  TODAY            0.0           2.8  1960   0.3   -0.3      0.0
  MONTH TO DATE    T                         4.6   -4.6      3.9
  SINCE SEP 1      2.4                       6.6   -4.2      3.9
  SINCE JUL 1      2.4                       6.6   -4.2      3.9
  SNOW DEPTH       0

DEGREE DAYS
 HEATING
  TODAY           25                        33     -8       31
  MONTH TO DATE  464                       591   -127      566
  SINCE SEP 1   1792                      1999   -207     1601
  SINCE JUL 1   2783                      3052   -269     2214

 COOLING
  TODAY            0                         0      0        0
  MONTH TO DATE    0                         0      0        0
  SINCE SEP 1      0                         0      0        0
  SINCE JAN 1      0                         0      0        0
..................................................................


WIND (MPH)
  RESULTANT WIND SPEED  36   RESULTANT WIND DIRECTION  NW (300)
  HIGHEST WIND SPEED    46   HIGHEST WIND DIRECTION    NW (300)
  HIGHEST GUST SPEED    68   HIGHEST GUST DIRECTION    NW (310)
  AVERAGE WIND SPEED    36.7



WEATHER CONDITIONS
 THE FOLLOWING WEATHER WAS RECORDED TODAY.
  LIGHT RAIN
  LIGHT SNOW


..........................................................


THE SAINT PAUL ISLAND CLIMATE NORMALS FOR TOMORROW
                         NORMAL    RECORD    YEAR
 MAXIMUM TEMPERATURE (F)   36        44      2003
                                             1985
 MINIMUM TEMPERATURE (F)   28        12      1960


SUNRISE AND SUNSET
NOVEMBER 19 2017......SUNRISE  1013 AM AKST  SUNSET   559 PM AKST
NOVEMBER 20 2017......SUNRISE  1015 AM AKST  SUNSET   558 PM AKST


-  INDICATES NEGATIVE NUMBERS.
R  INDICATES RECORD WAS SET OR TIED.
MM INDICATES DATA IS MISSING.
T  INDICATES TRACE AMOUNT.




$$
