000
CDUS46 KMTR 280826
CLISNS


CLIMATE REPORT
NATIONAL WEATHER SERVICE SAN FRANCISCO BAY AREA
126 AM PDT FRI AUG 28 2015


...................................

...THE SALINAS AIRPORT CLIMATE SUMMARY FOR AUGUST 27 2015...

CLIMATE NORMAL PERIOD 1981 TO 2010
CLIMATE RECORD PERIOD 1930 TO 2015


WEATHER ITEM   OBSERVED TIME   RECORD YEAR NORMAL DEPARTURE LAST
                VALUE   (LST)  VALUE       VALUE  FROM      YEAR
                                                  NORMAL
..................................................................
TEMPERATURE (F)
 YESTERDAY
  MAXIMUM         89   1123 AM  95    1962  73     16       83
  MINIMUM         58    617 AM  43    1938  56      2       54
  AVERAGE         74                        64     10       69

PRECIPITATION (IN)
  YESTERDAY        0.00          0.03 1949   0.00   0.00     0.00
  MONTH TO DATE    0.06                      0.03   0.03      T
  SINCE OCT 1      9.88                     12.66  -2.78     5.81
  SINCE JAN 1      1.89                      8.75  -6.86     4.98

DEGREE DAYS
 HEATING
  YESTERDAY        0                         2     -2        0
  MONTH TO DATE    1                        54    -53        3
  SINCE JUN 1     84                       245   -161      155
  SINCE JUL 1      3                       132   -129       41

 COOLING
  YESTERDAY        9                         1      8        4
  MONTH TO DATE   91                        24     67       28
  SINCE JUN 1    157                        54    103       71
  SINCE JAN 1    188                        70    118      121
..................................................................


WIND (MPH)
  RESULTANT WIND SPEED   4   RESULTANT WIND DIRECTION   W (290)
  HIGHEST WIND SPEED    18   HIGHEST WIND DIRECTION     W (270)
  HIGHEST GUST SPEED    22   HIGHEST GUST DIRECTION     W (280)
  AVERAGE WIND SPEED     6.1


SKY COVER
  POSSIBLE SUNSHINE  MM
  AVERAGE SKY COVER 0.0


WEATHER CONDITIONS
 THE FOLLOWING WEATHER WAS RECORDED YESTERDAY.
  FOG
  HAZE


RELATIVE HUMIDITY (PERCENT)
 HIGHEST    90           400 AM
 LOWEST     29          1100 AM
 AVERAGE    60

..........................................................


THE SALINAS AIRPORT CLIMATE NORMALS FOR TODAY
                         NORMAL    RECORD    YEAR
 MAXIMUM TEMPERATURE (F)   73        97      2009
 MINIMUM TEMPERATURE (F)   56        45      1939


SUNRISE AND SUNSET
AUGUST 28 2015........SUNRISE   534 AM PST   SUNSET   640 PM PST
AUGUST 29 2015........SUNRISE   535 AM PST   SUNSET   639 PM PST


-  INDICATES NEGATIVE NUMBERS.
R  INDICATES RECORD WAS SET OR TIED.
MM INDICATES DATA IS MISSING.
T  INDICATES TRACE AMOUNT.




$$
