000
CDUS46 KMTR 200036
CLISNS


CLIMATE REPORT
NATIONAL WEATHER SERVICE SAN FRANCISCO BAY AREA
536 PM PDT THU OCT 19 2017


...................................

...THE SALINAS AIRPORT CLIMATE SUMMARY FOR OCTOBER 19 2017...
VALID TODAY AS OF 0500 PM LOCAL TIME.

CLIMATE NORMAL PERIOD 1981 TO 2010
CLIMATE RECORD PERIOD 1930 TO 2017


WEATHER ITEM   OBSERVED TIME   RECORD YEAR NORMAL DEPARTURE LAST
                VALUE   (LST)  VALUE       VALUE  FROM      YEAR
                                                  NORMAL
..................................................................
TEMPERATURE (F)
 TODAY
  MAXIMUM         66    250 PM  97    1964  73     -7       81
  MINIMUM         50    116 AM  31    1939  49      1       44
  AVERAGE         58                        61     -3       63

PRECIPITATION (IN)
  TODAY            0.00          0.85 2004   0.02  -0.02     0.00
  MONTH TO DATE    0.00                      0.29  -0.29     0.16
  SINCE OCT 1      0.00                      0.29  -0.29     0.16
  SINCE JAN 1     12.49                      9.21   3.28     8.73

DEGREE DAYS
 HEATING
  TODAY            7                         5      2        2
  MONTH TO DATE   69                        71     -2       73
  SINCE SEP 1     99                       131    -32      151
  SINCE JUL 1    190                       266    -76      299

 COOLING
  TODAY            0                         1     -1        0
  MONTH TO DATE   17                        19     -2       18
  SINCE SEP 1    162                        55    107       68
  SINCE JAN 1    230                       124    106      101
..................................................................


WIND (MPH)
  RESULTANT WIND SPEED   4   RESULTANT WIND DIRECTION   W (260)
  HIGHEST WIND SPEED    16   HIGHEST WIND DIRECTION     W (260)
  HIGHEST GUST SPEED    22   HIGHEST GUST DIRECTION     W (250)
  AVERAGE WIND SPEED     7.1


SKY COVER
  POSSIBLE SUNSHINE  MM
  AVERAGE SKY COVER 0.9


WEATHER CONDITIONS
 THE FOLLOWING WEATHER WAS RECORDED TODAY.
  FOG


RELATIVE HUMIDITY (PERCENT)
 HIGHEST   100           400 AM
 LOWEST     63           200 PM
 AVERAGE    82

..........................................................


THE SALINAS AIRPORT CLIMATE NORMALS FOR TOMORROW
                         NORMAL    RECORD    YEAR
 MAXIMUM TEMPERATURE (F)   73        97      1964
 MINIMUM TEMPERATURE (F)   49        34      1949


SUNRISE AND SUNSET
OCTOBER 19 2017.......SUNRISE   718 AM PDT   SUNSET   624 PM PDT
OCTOBER 20 2017.......SUNRISE   719 AM PDT   SUNSET   623 PM PDT


-  INDICATES NEGATIVE NUMBERS.
R  INDICATES RECORD WAS SET OR TIED.
MM INDICATES DATA IS MISSING.
T  INDICATES TRACE AMOUNT.




$$
