000
CDUS46 KMTR 130827
CLISNS


CLIMATE REPORT
NATIONAL WEATHER SERVICE SAN FRANCISCO BAY AREA
1227 AM PST WED DEC 13 2017


...................................

...THE SALINAS AIRPORT CLIMATE SUMMARY FOR DECEMBER 12 2017...

CLIMATE NORMAL PERIOD 1981 TO 2010
CLIMATE RECORD PERIOD 1930 TO 2017


WEATHER ITEM   OBSERVED TIME   RECORD YEAR NORMAL DEPARTURE LAST
                VALUE   (LST)  VALUE       VALUE  FROM      YEAR
                                                  NORMAL
..................................................................
TEMPERATURE (F)
 YESTERDAY
  MAXIMUM         76    300 PM  77    1988  61     15       60
  MINIMUM         41    753 AM  27    1932  41      0       48
  AVERAGE         59                        51      8       54

PRECIPITATION (IN)
  YESTERDAY        0.00          0.72 1994   0.05  -0.05     0.00
  MONTH TO DATE    T                         0.67  -0.67     0.44
  SINCE OCT 1      0.75                      2.65  -1.90     3.00
  SINCE JAN 1     13.24                     11.57   1.67    11.57

DEGREE DAYS
 HEATING
  YESTERDAY        6                        14     -8       11
  MONTH TO DATE  112                       162    -50      151
  SINCE DEC 1    112                       162    -50      151
  SINCE JUL 1    548                       780   -232      721

 COOLING
  YESTERDAY        0                         0      0        0
  MONTH TO DATE    0                         0      0        0
  SINCE DEC 1      0                         0      0        0
  SINCE JAN 1    283                       130    153      113
..................................................................


WIND (MPH)
  RESULTANT WIND SPEED   4   RESULTANT WIND DIRECTION   E (110)
  HIGHEST WIND SPEED    15   HIGHEST WIND DIRECTION     E (110)
  HIGHEST GUST SPEED    18   HIGHEST GUST DIRECTION    SE (120)
  AVERAGE WIND SPEED     6.8


SKY COVER
  POSSIBLE SUNSHINE  MM
  AVERAGE SKY COVER 0.0


WEATHER CONDITIONS
 THE FOLLOWING WEATHER WAS RECORDED YESTERDAY.
  NO SIGNIFICANT WEATHER WAS OBSERVED.


RELATIVE HUMIDITY (PERCENT)
 HIGHEST    62          1000 PM
 LOWEST     18           300 PM
 AVERAGE    40

..........................................................


THE SALINAS AIRPORT CLIMATE NORMALS FOR TODAY
                         NORMAL    RECORD    YEAR
 MAXIMUM TEMPERATURE (F)   61        80      1953
 MINIMUM TEMPERATURE (F)   41        26      1932


SUNRISE AND SUNSET
DECEMBER 13 2017......SUNRISE   710 AM PST   SUNSET   451 PM PST
DECEMBER 14 2017......SUNRISE   711 AM PST   SUNSET   452 PM PST


-  INDICATES NEGATIVE NUMBERS.
R  INDICATES RECORD WAS SET OR TIED.
MM INDICATES DATA IS MISSING.
T  INDICATES TRACE AMOUNT.




$$
