000
CDUS46 KMTR 250839
CLISNS


CLIMATE REPORT
NATIONAL WEATHER SERVICE SAN FRANCISCO BAY AREA
1239 AM PST TUE NOV 25 2014


...................................

...THE SALINAS AIRPORT CLIMATE SUMMARY FOR NOVEMBER 24 2014...

CLIMATE NORMAL PERIOD 1981 TO 2010
CLIMATE RECORD PERIOD 1930 TO 2014


WEATHER ITEM   OBSERVED TIME   RECORD YEAR NORMAL DEPARTURE LAST
                VALUE   (LST)  VALUE       VALUE  FROM      YEAR
                                                  NORMAL
..................................................................
TEMPERATURE (F)
 YESTERDAY
  MAXIMUM         72    349 PM  85    1949  64      8       67
  MINIMUM         41    700 AM  26    1931  43     -2       41
  AVERAGE         57                        54      3       54

PRECIPITATION (IN)
  YESTERDAY        0.00          0.66 1965   0.05  -0.05     0.00
  MONTH TO DATE    0.75                      1.06  -0.31     0.47
  SINCE JUL 1      2.00                      1.84   0.16     0.73
  SINCE JAN 1      6.97                     10.56  -3.59     3.06

DEGREE DAYS
 HEATING
  YESTERDAY        8                        11     -3       11
  MONTH TO DATE   96                       212   -116      196
  SINCE SEP 1    141                       411   -270      378
  SINCE JUL 1    182                       546   -364      483

 COOLING
  YESTERDAY        0                         0      0        0
  MONTH TO DATE    7                         0      7        0
  SINCE SEP 1    134                        58     76       71
  SINCE JAN 1    267                       127    140      155
..................................................................


WIND (MPH)
  RESULTANT WIND SPEED   1   RESULTANT WIND DIRECTION   E (110)
  HIGHEST WIND SPEED     9   HIGHEST WIND DIRECTION     W (270)
  HIGHEST GUST SPEED    12   HIGHEST GUST DIRECTION     W (260)
  AVERAGE WIND SPEED     3.6


SKY COVER
  POSSIBLE SUNSHINE  MM
  AVERAGE SKY COVER 0.0


WEATHER CONDITIONS
 THE FOLLOWING WEATHER WAS RECORDED YESTERDAY.
  NO SIGNIFICANT WEATHER WAS OBSERVED.


RELATIVE HUMIDITY (PERCENT)
 HIGHEST    86          1200 AM
 LOWEST     27           300 PM
 AVERAGE    57

..........................................................


THE SALINAS AIRPORT CLIMATE NORMALS FOR TODAY
                         NORMAL    RECORD    YEAR
 MAXIMUM TEMPERATURE (F)   64        85      1956
 MINIMUM TEMPERATURE (F)   43        28      1931


SUNRISE AND SUNSET
NOVEMBER 25 2014......SUNRISE   654 AM PST   SUNSET   452 PM PST
NOVEMBER 26 2014......SUNRISE   655 AM PST   SUNSET   452 PM PST


-  INDICATES NEGATIVE NUMBERS.
R  INDICATES RECORD WAS SET OR TIED.
MM INDICATES DATA IS MISSING.
T  INDICATES TRACE AMOUNT.




$$
