000
CDUS46 KMTR 270839
CLISNS


CLIMATE REPORT
NATIONAL WEATHER SERVICE SAN FRANCISCO BAY AREA
139 AM PDT TUE JUN 27 2017


...................................

...THE SALINAS AIRPORT CLIMATE SUMMARY FOR JUNE 26 2017...

CLIMATE NORMAL PERIOD 1981 TO 2010
CLIMATE RECORD PERIOD 1930 TO 2017


WEATHER ITEM   OBSERVED TIME   RECORD YEAR NORMAL DEPARTURE LAST
                VALUE   (LST)  VALUE       VALUE  FROM      YEAR
                                                  NORMAL
..................................................................
TEMPERATURE (F)
 YESTERDAY
  MAXIMUM         74    223 PM  95    2003  71      3       73
  MINIMUM         55    634 AM  42    1936  54      1       50
  AVERAGE         65                        62      3       62

PRECIPITATION (IN)
  YESTERDAY        0.00          0.06 1944   0.01  -0.01     0.00
  MONTH TO DATE    0.07                      0.09  -0.02     0.03
  SINCE OCT 1     16.45                     12.63   3.82    13.47
  SINCE JAN 1     12.45                      8.72   3.73     8.57

DEGREE DAYS
 HEATING
  YESTERDAY        0                         3     -3        3
  MONTH TO DATE   58                       101    -43       56
  SINCE JUN 1     58                       101    -43       56
  SINCE JUL 1   2392                      2674   -282     2005

 COOLING
  YESTERDAY        0                         1     -1        0
  MONTH TO DATE    9                         1      8        8
  SINCE JUN 1      9                         1      8        8
  SINCE JAN 1     27                        17     10       31
..................................................................


WIND (MPH)
  RESULTANT WIND SPEED   7   RESULTANT WIND DIRECTION   W (270)
  HIGHEST WIND SPEED    18   HIGHEST WIND DIRECTION     W (260)
  HIGHEST GUST SPEED    23   HIGHEST GUST DIRECTION     W (260)
  AVERAGE WIND SPEED     8.4


SKY COVER
  POSSIBLE SUNSHINE  MM
  AVERAGE SKY COVER 0.0


WEATHER CONDITIONS
 THE FOLLOWING WEATHER WAS RECORDED YESTERDAY.
  FOG


RELATIVE HUMIDITY (PERCENT)
 HIGHEST    93           500 AM
 LOWEST     49           300 PM
 AVERAGE    71

..........................................................


THE SALINAS AIRPORT CLIMATE NORMALS FOR TODAY
                         NORMAL    RECORD    YEAR
 MAXIMUM TEMPERATURE (F)   71        99      1976
 MINIMUM TEMPERATURE (F)   54        43      1943


SUNRISE AND SUNSET
JUNE 27 2017..........SUNRISE   550 AM PDT   SUNSET   829 PM PDT
JUNE 28 2017..........SUNRISE   550 AM PDT   SUNSET   829 PM PDT


-  INDICATES NEGATIVE NUMBERS.
R  INDICATES RECORD WAS SET OR TIED.
MM INDICATES DATA IS MISSING.
T  INDICATES TRACE AMOUNT.




$$
