000
CDUS46 KMTR 300828
CLISNS


CLIMATE REPORT
NATIONAL WEATHER SERVICE SAN FRANCISCO BAY AREA
127 AM PDT SUN APR 30 2017


...................................

...THE SALINAS AIRPORT CLIMATE SUMMARY FOR APRIL 29 2017...

CLIMATE NORMAL PERIOD 1981 TO 2010
CLIMATE RECORD PERIOD 1930 TO 2017


WEATHER ITEM   OBSERVED TIME   RECORD YEAR NORMAL DEPARTURE LAST
                VALUE   (LST)  VALUE       VALUE  FROM      YEAR
                                                  NORMAL
..................................................................
TEMPERATURE (F)
 YESTERDAY
  MAXIMUM         78   1212 PM  95    1981  68     10       62
  MINIMUM         45    537 AM  35    1967  48     -3       52
  AVERAGE         62                        58      4       57

PRECIPITATION (IN)
  YESTERDAY        0.00          0.44 1938   0.02  -0.02     0.00
  MONTH TO DATE    0.84                      0.91  -0.07     0.50
  SINCE OCT 1     16.36                     12.17   4.19    13.34
  SINCE JAN 1     12.36                      8.26   4.10     8.44

DEGREE DAYS
 HEATING
  YESTERDAY        3                         7     -4        8
  MONTH TO DATE  184                       247    -63      163
  SINCE MAR 1    423                       567   -144      399
  SINCE JUL 1   2185                      2381   -196     1790

 COOLING
  YESTERDAY        0                         0      0        0
  MONTH TO DATE    3                         0      3       18
  SINCE MAR 1      4                         1      3       18
  SINCE JAN 1      4                         1      3       21
..................................................................


WIND (MPH)
  RESULTANT WIND SPEED   6   RESULTANT WIND DIRECTION   W (280)
  HIGHEST WIND SPEED    20   HIGHEST WIND DIRECTION     W (260)
  HIGHEST GUST SPEED    24   HIGHEST GUST DIRECTION     W (260)
  AVERAGE WIND SPEED     7.3


SKY COVER
  POSSIBLE SUNSHINE  MM
  AVERAGE SKY COVER 0.0


WEATHER CONDITIONS
 THE FOLLOWING WEATHER WAS RECORDED YESTERDAY.
  NO SIGNIFICANT WEATHER WAS OBSERVED.


RELATIVE HUMIDITY (PERCENT)
 HIGHEST    83           100 AM
 LOWEST     19          1200 PM
 AVERAGE    51

..........................................................


THE SALINAS AIRPORT CLIMATE NORMALS FOR TODAY
                         NORMAL    RECORD    YEAR
 MAXIMUM TEMPERATURE (F)   68        93      2014
 MINIMUM TEMPERATURE (F)   48        32      1933


SUNRISE AND SUNSET
APRIL 30 2017.........SUNRISE   613 AM PDT   SUNSET   754 PM PDT
MAY  1 2017...........SUNRISE   612 AM PDT   SUNSET   755 PM PDT


-  INDICATES NEGATIVE NUMBERS.
R  INDICATES RECORD WAS SET OR TIED.
MM INDICATES DATA IS MISSING.
T  INDICATES TRACE AMOUNT.




$$
