000
CDUS46 KMTR 250826
CLISNS


CLIMATE REPORT
NATIONAL WEATHER SERVICE SAN FRANCISCO BAY AREA
1226 AM PST SAT FEB 25 2017


...................................

...THE SALINAS AIRPORT CLIMATE SUMMARY FOR FEBRUARY 24 2017...

CLIMATE NORMAL PERIOD 1981 TO 2010
CLIMATE RECORD PERIOD 1930 TO 2017


WEATHER ITEM   OBSERVED TIME   RECORD YEAR NORMAL DEPARTURE LAST
                VALUE   (LST)  VALUE       VALUE  FROM      YEAR
                                                  NORMAL
..................................................................
TEMPERATURE (F)
 YESTERDAY
  MAXIMUM         55    239 PM  81    1954  63     -8       76
  MINIMUM         33    653 AM  30    1953  44    -11       46
  AVERAGE         44                        54    -10       61

PRECIPITATION (IN)
  YESTERDAY        0.00          0.91 1969   0.09  -0.09     0.00
  MONTH TO DATE    4.34                      2.14   2.20     0.45
  SINCE OCT 1     14.20                      8.65   5.55     9.39
  SINCE JAN 1     10.20                      4.74   5.46     4.49

DEGREE DAYS
 HEATING
  YESTERDAY       21                        11     10        4
  MONTH TO DATE  232                       292    -60      166
  SINCE DEC 1   1123                      1152    -29     1006
  SINCE JUL 1   1693                      1770    -77     1366

 COOLING
  YESTERDAY        0                         0      0        0
  MONTH TO DATE    0                         0      0        3
  SINCE DEC 1      0                         0      0        3
  SINCE JAN 1      0                         0      0        3
..................................................................


WIND (MPH)
  RESULTANT WIND SPEED   2   RESULTANT WIND DIRECTION  SW (220)
  HIGHEST WIND SPEED    14   HIGHEST WIND DIRECTION     W (260)
  HIGHEST GUST SPEED    23   HIGHEST GUST DIRECTION    SW (240)
  AVERAGE WIND SPEED     4.7


SKY COVER
  POSSIBLE SUNSHINE  MM
  AVERAGE SKY COVER 0.0


WEATHER CONDITIONS
 THE FOLLOWING WEATHER WAS RECORDED YESTERDAY.
  NO SIGNIFICANT WEATHER WAS OBSERVED.


RELATIVE HUMIDITY (PERCENT)
 HIGHEST    92           200 AM
 LOWEST     41           300 PM
 AVERAGE    67

..........................................................


THE SALINAS AIRPORT CLIMATE NORMALS FOR TODAY
                         NORMAL    RECORD    YEAR
 MAXIMUM TEMPERATURE (F)   63        80      1954
 MINIMUM TEMPERATURE (F)   44        25      1935


SUNRISE AND SUNSET
FEBRUARY 25 2017......SUNRISE   642 AM PST   SUNSET   557 PM PST
FEBRUARY 26 2017......SUNRISE   641 AM PST   SUNSET   558 PM PST


-  INDICATES NEGATIVE NUMBERS.
R  INDICATES RECORD WAS SET OR TIED.
MM INDICATES DATA IS MISSING.
T  INDICATES TRACE AMOUNT.




$$
