000
CDUS46 KMTR 260828
CLISNS


CLIMATE REPORT
NATIONAL WEATHER SERVICE SAN FRANCISCO BAY AREA
128 AM PDT THU MAY 26 2016


...................................

...THE SALINAS AIRPORT CLIMATE SUMMARY FOR MAY 25 2016...

CLIMATE NORMAL PERIOD 1981 TO 2010
CLIMATE RECORD PERIOD 1930 TO 2016


WEATHER ITEM   OBSERVED TIME   RECORD YEAR NORMAL DEPARTURE LAST
                VALUE   (LST)  VALUE       VALUE  FROM      YEAR
                                                  NORMAL
..................................................................
TEMPERATURE (F)
 YESTERDAY
  MAXIMUM         64   1241 PM  96    1951  69     -5       65
  MINIMUM         56   1013 PM  37    1935  51      5       55
  AVERAGE         60                        60      0       60

PRECIPITATION (IN)
  YESTERDAY        0.00          0.37 1942   0.01  -0.01      T
  MONTH TO DATE    0.10                      0.30  -0.20     0.20
  SINCE OCT 1     13.44                     12.49   0.95     9.66
  SINCE JAN 1      8.54                      8.58  -0.04     1.67

DEGREE DAYS
 HEATING
  YESTERDAY        5                         5      0        5
  MONTH TO DATE  128                       153    -25      136
  SINCE MAR 1    532                       728   -196      426
  SINCE JUL 1   1923                      2542   -619     1275

 COOLING
  YESTERDAY        0                         0      0        0
  MONTH TO DATE    2                         0      2        0
  SINCE MAR 1     20                         7     13       23
  SINCE JAN 1     23                         7     16       31
..................................................................


WIND (MPH)
  RESULTANT WIND SPEED  11   RESULTANT WIND DIRECTION   W (250)
  HIGHEST WIND SPEED    18   HIGHEST WIND DIRECTION     W (250)
  HIGHEST GUST SPEED    23   HIGHEST GUST DIRECTION     W (270)
  AVERAGE WIND SPEED    10.8


SKY COVER
  POSSIBLE SUNSHINE  MM
  AVERAGE SKY COVER 1.0


WEATHER CONDITIONS
 THE FOLLOWING WEATHER WAS RECORDED YESTERDAY.
  NO SIGNIFICANT WEATHER WAS OBSERVED.


RELATIVE HUMIDITY (PERCENT)
 HIGHEST    77           200 AM
 LOWEST     64           400 PM
 AVERAGE    71

..........................................................


THE SALINAS AIRPORT CLIMATE NORMALS FOR TODAY
                         NORMAL    RECORD    YEAR
 MAXIMUM TEMPERATURE (F)   69        94      1974
 MINIMUM TEMPERATURE (F)   52        43      1953


SUNRISE AND SUNSET
MAY 26 2016...........SUNRISE   452 AM PST   SUNSET   716 PM PST
MAY 27 2016...........SUNRISE   451 AM PST   SUNSET   717 PM PST


-  INDICATES NEGATIVE NUMBERS.
R  INDICATES RECORD WAS SET OR TIED.
MM INDICATES DATA IS MISSING.
T  INDICATES TRACE AMOUNT.




$$
