000
CDUS45 KPIH 290737
CLISNT


CLIMATE REPORT
NATIONAL WEATHER SERVICE POCATELLO ID
136 AM MDT FRI AUG 29 2014


...................................

...THE STANLEY ID CLIMATE SUMMARY FOR AUGUST 28 2014...

CLIMATE NORMAL PERIOD 1981 TO 2010
CLIMATE RECORD PERIOD 1916 TO 2014


WEATHER ITEM   OBSERVED TIME   RECORD YEAR NORMAL DEPARTURE LAST
                VALUE   (LST)  VALUE       VALUE  FROM      YEAR
                                                  NORMAL
..................................................................
TEMPERATURE (F)
 YESTERDAY
  MAXIMUM         80    303 PM  90    1922  74      6       78
  MINIMUM         34    558 AM  17    1980  32      2       51
  AVERAGE         57                        53      4       65

PRECIPITATION (IN)
  YESTERDAY        0.00          0.33 1999   0.03  -0.03     0.01
  MONTH TO DATE    0.98                      0.59   0.39     0.22
  SINCE OCT 1     18.21                     16.05   2.16    14.64
  SINCE JAN 1     14.60                     11.20   3.40     6.45

SNOWFALL (IN)
  YESTERDAY       MM
  MONTH TO DATE   MM
  SINCE JUN 1     MM
  SINCE JUL 1     MM
  SNOW DEPTH      MM

DEGREE DAYS
 HEATING
  YESTERDAY        8                        12     -4        0
  MONTH TO DATE  197                       241    -44      165
  SINCE JUN 1    779                       936   -157      677
  SINCE JUL 1    309                       482   -173      308

 COOLING
  YESTERDAY        0                         0      0        0
  MONTH TO DATE    4                         0      4        0
  SINCE JUN 1     16                         3     13       19
  SINCE JAN 1     16                         3     13       19
..................................................................


WIND (MPH)
  HIGHEST WIND SPEED    13   HIGHEST WIND DIRECTION    NW (320)
  HIGHEST GUST SPEED    20   HIGHEST GUST DIRECTION    NW (320)
  AVERAGE WIND SPEED     4.0


SKY COVER
  POSSIBLE SUNSHINE  MM
  AVERAGE SKY COVER 0.0


WEATHER CONDITIONS
 THE FOLLOWING WEATHER WAS RECORDED YESTERDAY.
  NO SIGNIFICANT WEATHER WAS OBSERVED.


RELATIVE HUMIDITY (PERCENT)
 HIGHEST    92           300 AM
 LOWEST     19           200 PM
 AVERAGE    56

..........................................................


THE STANLEY ID CLIMATE NORMALS FOR TODAY
                         NORMAL    RECORD    YEAR
 MAXIMUM TEMPERATURE (F)   74        88      1998
 MINIMUM TEMPERATURE (F)   32        18      1928


SUNRISE AND SUNSET
AUGUST 29 2014........SUNRISE   659 AM MDT   SUNSET   821 PM MDT
AUGUST 30 2014........SUNRISE   701 AM MDT   SUNSET   819 PM MDT


-  INDICATES NEGATIVE NUMBERS.
R  INDICATES RECORD WAS SET OR TIED.
MM INDICATES DATA IS MISSING.
T  INDICATES TRACE AMOUNT.




$$
