000
CDUS45 KPIH 200733
CLISNT


CLIMATE REPORT
NATIONAL WEATHER SERVICE POCATELLO ID
133 AM MDT SAT SEP 20 2014


...................................

...THE STANLEY ID CLIMATE SUMMARY FOR SEPTEMBER 19 2014...

CLIMATE NORMAL PERIOD 1981 TO 2010
CLIMATE RECORD PERIOD 1916 TO 2014


WEATHER ITEM   OBSERVED TIME   RECORD YEAR NORMAL DEPARTURE LAST
                VALUE   (LST)  VALUE       VALUE  FROM      YEAR
                                                  NORMAL
..................................................................
TEMPERATURE (F)
 YESTERDAY
  MAXIMUM         74    427 PM  86    1922  66      8       64
  MINIMUM         30    637 AM  11    1926  28      2       20
  AVERAGE         52                        47      5       42

PRECIPITATION (IN)
  YESTERDAY        0.00          0.20 2007   0.04  -0.04     0.00
  MONTH TO DATE    0.01                      0.66  -0.65     0.59
  SINCE OCT 1     18.33                     16.80   1.53    15.23
  SINCE JAN 1     14.72                     11.95   2.77     7.04

SNOWFALL (IN)
  YESTERDAY       MM
  MONTH TO DATE   MM
  SINCE SEP 1     MM
  SINCE JUL 1     MM
  SNOW DEPTH      MM

DEGREE DAYS
 HEATING
  YESTERDAY       13                        18     -5       23
  MONTH TO DATE  279                       302    -23      174
  SINCE SEP 1    279                       302    -23      174
  SINCE JUL 1    618                       822   -204      501

 COOLING
  YESTERDAY        0                         0      0        0
  MONTH TO DATE    0                         0      0        0
  SINCE SEP 1      0                         0      0        0
  SINCE JAN 1     16                         3     13       19
..................................................................


WIND (MPH)
  HIGHEST WIND SPEED    14   HIGHEST WIND DIRECTION     N (340)
  HIGHEST GUST SPEED    19   HIGHEST GUST DIRECTION    NW (330)
  AVERAGE WIND SPEED     4.5


SKY COVER
  POSSIBLE SUNSHINE  MM
  AVERAGE SKY COVER 0.0


WEATHER CONDITIONS
 THE FOLLOWING WEATHER WAS RECORDED YESTERDAY.
  NO SIGNIFICANT WEATHER WAS OBSERVED.


RELATIVE HUMIDITY (PERCENT)
 HIGHEST    92           600 AM
 LOWEST     23           300 PM
 AVERAGE    58

..........................................................


THE STANLEY ID CLIMATE NORMALS FOR TODAY
                         NORMAL    RECORD    YEAR
 MAXIMUM TEMPERATURE (F)   65        85      1922
 MINIMUM TEMPERATURE (F)   27        13      1983


SUNRISE AND SUNSET
SEPTEMBER 20 2014.....SUNRISE   725 AM MDT   SUNSET   741 PM MDT
SEPTEMBER 21 2014.....SUNRISE   726 AM MDT   SUNSET   739 PM MDT


-  INDICATES NEGATIVE NUMBERS.
R  INDICATES RECORD WAS SET OR TIED.
MM INDICATES DATA IS MISSING.
T  INDICATES TRACE AMOUNT.




$$
