000
CDUS45 KPIH 240735
CLISNT


CLIMATE REPORT
NATIONAL WEATHER SERVICE POCATELLO ID
134 AM MDT THU AUG 24 2017


...................................

...THE STANLEY ID CLIMATE SUMMARY FOR AUGUST 23 2017...

CLIMATE NORMAL PERIOD 1981 TO 2010
CLIMATE RECORD PERIOD 1916 TO 2017


WEATHER ITEM   OBSERVED TIME   RECORD YEAR NORMAL DEPARTURE LAST
                VALUE   (LST)  VALUE       VALUE  FROM      YEAR
                                                  NORMAL
..................................................................
TEMPERATURE (F)
 YESTERDAY
  MAXIMUM         78    359 PM  92    1969  76      2       72
  MINIMUM         39    615 AM  22    1985  33      6       24
  AVERAGE         59                        54      5       48

PRECIPITATION (IN)
  YESTERDAY        0.00          0.58 1995   0.03  -0.03     0.00
  MONTH TO DATE    0.43                      0.44  -0.01     0.02
  SINCE OCT 1     28.98                     15.90  13.08    17.15
  SINCE JAN 1     17.65                     11.05   6.60     9.58

SNOWFALL (IN)
  YESTERDAY       MM
  MONTH TO DATE   MM
  SINCE JUN 1     MM
  SINCE JUL 1     MM
  SNOW DEPTH      MM

DEGREE DAYS
 HEATING
  YESTERDAY        6                        11     -5       17
  MONTH TO DATE  117                       183    -66      171
  SINCE JUN 1    534                       878   -344      711
  SINCE JUL 1    190                       424   -234      407

 COOLING
  YESTERDAY        0                         0      0        0
  MONTH TO DATE    0                         0      0        0
  SINCE JUN 1     21                         3     18        3
  SINCE JAN 1     21                         3     18        3
..................................................................


WIND (MPH)
  HIGHEST WIND SPEED    13   HIGHEST WIND DIRECTION    SE (120)
  HIGHEST GUST SPEED    17   HIGHEST GUST DIRECTION    SE (120)
  AVERAGE WIND SPEED     2.8


SKY COVER
  POSSIBLE SUNSHINE  MM
  AVERAGE SKY COVER 0.0


WEATHER CONDITIONS
 THE FOLLOWING WEATHER WAS RECORDED YESTERDAY.
  NO SIGNIFICANT WEATHER WAS OBSERVED.


RELATIVE HUMIDITY (PERCENT)
 HIGHEST    83          1100 PM
 LOWEST     21           300 PM
 AVERAGE    52

..........................................................


THE STANLEY ID CLIMATE NORMALS FOR TODAY
                         NORMAL    RECORD    YEAR
 MAXIMUM TEMPERATURE (F)   75        93      1969
 MINIMUM TEMPERATURE (F)   33        16      1992


SUNRISE AND SUNSET
AUGUST 24 2017........SUNRISE   654 AM MDT   SUNSET   829 PM MDT
AUGUST 25 2017........SUNRISE   655 AM MDT   SUNSET   827 PM MDT


-  INDICATES NEGATIVE NUMBERS.
R  INDICATES RECORD WAS SET OR TIED.
MM INDICATES DATA IS MISSING.
T  INDICATES TRACE AMOUNT.




$$
