000
CDUS45 KPIH 280732
CLISNT


CLIMATE REPORT
NATIONAL WEATHER SERVICE POCATELLO ID
131 AM MDT FRI APR 28 2017


...................................

...THE STANLEY ID CLIMATE SUMMARY FOR APRIL 27 2017...

CLIMATE NORMAL PERIOD 1981 TO 2010
CLIMATE RECORD PERIOD 1916 TO 2017


WEATHER ITEM   OBSERVED TIME   RECORD YEAR NORMAL DEPARTURE LAST
                VALUE   (LST)  VALUE       VALUE  FROM      YEAR
                                                  NORMAL
..................................................................
TEMPERATURE (F)
 YESTERDAY
  MAXIMUM         38    232 PM  76    1977  51    -13       51
  MINIMUM         20   1147 PM   8    2011  23     -3       25
  AVERAGE         29                        37     -8       38

PRECIPITATION (IN)
  YESTERDAY        0.03          0.84 1981   0.06  -0.03     0.14
  MONTH TO DATE    2.06                      1.56   0.50     1.18
  SINCE OCT 1     25.52                     11.53  13.99    15.38
  SINCE JAN 1     14.19                      6.68   7.51     7.81

SNOWFALL (IN)
  YESTERDAY       MM
  MONTH TO DATE   MM
  SINCE MAR 1     MM
  SINCE JUL 1     MM
  SNOW DEPTH      MM

DEGREE DAYS
 HEATING
  YESTERDAY       36                        28      8       27
  MONTH TO DATE  853                       861     -8      668
  SINCE MAR 1   1858                      2045   -187     1744
  SINCE JUL 1   9115                      9579   -464     8694

 COOLING
  YESTERDAY        0                         0      0        0
  MONTH TO DATE    0                         0      0        0
  SINCE MAR 1      0                         0      0        0
  SINCE JAN 1      0                         0      0        0
..................................................................


WIND (MPH)
  HIGHEST WIND SPEED    18   HIGHEST WIND DIRECTION     N (340)
  HIGHEST GUST SPEED    26   HIGHEST GUST DIRECTION     N (340)
  AVERAGE WIND SPEED     6.1


SKY COVER
  POSSIBLE SUNSHINE  MM
  AVERAGE SKY COVER 0.0


WEATHER CONDITIONS
 THE FOLLOWING WEATHER WAS RECORDED YESTERDAY.
  NO SIGNIFICANT WEATHER WAS OBSERVED.


RELATIVE HUMIDITY (PERCENT)
 HIGHEST    81          1100 PM
 LOWEST     40          1200 PM
 AVERAGE    61

..........................................................


THE STANLEY ID CLIMATE NORMALS FOR TODAY
                         NORMAL    RECORD    YEAR
 MAXIMUM TEMPERATURE (F)   52        77      1987
 MINIMUM TEMPERATURE (F)   23         7      1921
                                             1984


SUNRISE AND SUNSET
APRIL 28 2017.........SUNRISE   635 AM MDT   SUNSET   840 PM MDT
APRIL 29 2017.........SUNRISE   633 AM MDT   SUNSET   841 PM MDT


-  INDICATES NEGATIVE NUMBERS.
R  INDICATES RECORD WAS SET OR TIED.
MM INDICATES DATA IS MISSING.
T  INDICATES TRACE AMOUNT.




$$
