546
CDUS45 KPIH 080736
CLISNT


CLIMATE REPORT
NATIONAL WEATHER SERVICE POCATELLO ID
1235 AM MST MON FEB 8 2016


...................................

...THE STANLEY ID CLIMATE SUMMARY FOR FEBRUARY 7 2016...

CLIMATE NORMAL PERIOD 1981 TO 2010
CLIMATE RECORD PERIOD 1916 TO 2016


WEATHER ITEM   OBSERVED TIME   RECORD YEAR NORMAL DEPARTURE LAST
                VALUE   (LST)  VALUE       VALUE  FROM      YEAR
                                                  NORMAL
..................................................................
TEMPERATURE (F)
 YESTERDAY
  MAXIMUM         39    329 PM  45    1926  31      8       44
  MINIMUM          6    752 AM -35    1989   2      4       34
  AVERAGE         23                        16      7       39

PRECIPITATION (IN)
  YESTERDAY        0.00          0.78 2015   0.07  -0.07     0.78
  MONTH TO DATE    0.03                      0.54  -0.51     1.39
  SINCE OCT 1     10.05                      6.91   3.14     9.54
  SINCE JAN 1      2.48                      2.06   0.42     2.83

SNOWFALL (IN)
  YESTERDAY       MM
  MONTH TO DATE   MM
  SINCE DEC 1     MM
  SINCE JUL 1     MM
  SNOW DEPTH      MM

DEGREE DAYS
 HEATING
  YESTERDAY       42                        49     -7       26
  MONTH TO DATE  359                       345     14      224
  SINCE DEC 1   3352                      3477   -125     3004
  SINCE JUL 1   6124                      6574   -450     5597

 COOLING
  YESTERDAY        0                         0      0        0
  MONTH TO DATE    0                         0      0        0
  SINCE DEC 1      0                         0      0        0
  SINCE JAN 1      0                         0      0        0
..................................................................


WIND (MPH)
  HIGHEST WIND SPEED     9   HIGHEST WIND DIRECTION    SE (140)
  HIGHEST GUST SPEED    11   HIGHEST GUST DIRECTION    SE (140)
  AVERAGE WIND SPEED     2.5


SKY COVER
  POSSIBLE SUNSHINE  MM
  AVERAGE SKY COVER 0.0


WEATHER CONDITIONS
 THE FOLLOWING WEATHER WAS RECORDED YESTERDAY.
  NO SIGNIFICANT WEATHER WAS OBSERVED.


RELATIVE HUMIDITY (PERCENT)
 HIGHEST    88           800 AM
 LOWEST     43           500 PM
 AVERAGE    66

..........................................................


THE STANLEY ID CLIMATE NORMALS FOR TODAY
                         NORMAL    RECORD    YEAR
 MAXIMUM TEMPERATURE (F)   31        47      2015
                                             1995
 MINIMUM TEMPERATURE (F)    2       -34      1989


SUNRISE AND SUNSET
FEBRUARY  8 2016......SUNRISE   749 AM MST   SUNSET   559 PM MST
FEBRUARY  9 2016......SUNRISE   748 AM MST   SUNSET   600 PM MST


-  INDICATES NEGATIVE NUMBERS.
R  INDICATES RECORD WAS SET OR TIED.
MM INDICATES DATA IS MISSING.
T  INDICATES TRACE AMOUNT.




$$
