000
CDUS45 KPIH 212334
CLISNT


CLIMATE REPORT
NATIONAL WEATHER SERVICE POCATELLO ID
428 PM MST SUN DEC 21 2014


...................................

...THE STANLEY ID CLIMATE SUMMARY FOR DECEMBER 21 2014...
VALID TODAY AS OF 0400 PM LOCAL TIME.

CLIMATE NORMAL PERIOD 1981 TO 2010
CLIMATE RECORD PERIOD 1916 TO 2014


WEATHER ITEM   OBSERVED TIME   RECORD YEAR NORMAL DEPARTURE LAST
                VALUE   (LST)  VALUE       VALUE  FROM      YEAR
                                                  NORMAL
..................................................................
TEMPERATURE (F)
 TODAY
  MAXIMUM         40    649 AM  46    1969  25     15       31
  MINIMUM         32    359 PM -42    1983   3     29        6
  AVERAGE         36                        14     22       19

PRECIPITATION (IN)
  TODAY            0.39          1.40 1980   0.05   0.34     0.02
  MONTH TO DATE    1.88                      0.84   1.04     1.36
  SINCE OCT 1      6.07                      4.42   1.65     3.45
  SINCE JAN 1     21.98                     16.63   5.35    13.95

SNOWFALL (IN)
  TODAY           MM
  MONTH TO DATE   MM
  SINCE DEC 1     MM
  SINCE JUL 1     MM
  SNOW DEPTH      MM

DEGREE DAYS
 HEATING
  TODAY           29                        51    -22       46
  MONTH TO DATE  798                      1053   -255     1154
  SINCE DEC 1    798                      1053   -255     1154
  SINCE JUL 1   3391                      4150   -759     3943

 COOLING
  TODAY            0                         0      0        0
  MONTH TO DATE    0                         0      0        0
  SINCE DEC 1      0                         0      0        0
  SINCE JAN 1     16                         3     13       19
..................................................................


WIND (MPH)
  HIGHEST WIND SPEED    16   HIGHEST WIND DIRECTION    NW (320)
  HIGHEST GUST SPEED    26   HIGHEST GUST DIRECTION    NW (320)
  AVERAGE WIND SPEED     8.8


SKY COVER
  POSSIBLE SUNSHINE  MM
  AVERAGE SKY COVER 0.0


WEATHER CONDITIONS
 THE FOLLOWING WEATHER WAS RECORDED TODAY.
  NO SIGNIFICANT WEATHER WAS OBSERVED.


RELATIVE HUMIDITY (PERCENT)
 HIGHEST    89          1200 AM
 LOWEST     70           700 AM
 AVERAGE    80

..........................................................


THE STANLEY ID CLIMATE NORMALS FOR TOMORROW
                         NORMAL    RECORD    YEAR
 MAXIMUM TEMPERATURE (F)   25        46      1964
 MINIMUM TEMPERATURE (F)    3       -46      1990


SUNRISE AND SUNSET
DECEMBER 21 2014......SUNRISE   812 AM MST   SUNSET   504 PM MST
DECEMBER 22 2014......SUNRISE   812 AM MST   SUNSET   504 PM MST


-  INDICATES NEGATIVE NUMBERS.
R  INDICATES RECORD WAS SET OR TIED.
MM INDICATES DATA IS MISSING.
T  INDICATES TRACE AMOUNT.




$$
