000
CDUS45 KPIH 230732
CLISNT


CLIMATE REPORT
NATIONAL WEATHER SERVICE POCATELLO ID
131 AM MDT THU OCT 23 2014


...................................

...THE STANLEY ID CLIMATE SUMMARY FOR OCTOBER 22 2014...

CLIMATE NORMAL PERIOD 1981 TO 2010
CLIMATE RECORD PERIOD 1916 TO 2014


WEATHER ITEM   OBSERVED TIME   RECORD YEAR NORMAL DEPARTURE LAST
                VALUE   (LST)  VALUE       VALUE  FROM      YEAR
                                                  NORMAL
..................................................................
TEMPERATURE (F)
 YESTERDAY
  MAXIMUM         49    403 PM  75    2003  51     -2       65
  MINIMUM         26    627 AM   7    2008  22      4       18
                                      1984
  AVERAGE         38                        36      2       42

PRECIPITATION (IN)
  YESTERDAY        0.00          0.88 1989   0.06  -0.06     0.00
  MONTH TO DATE    0.56                      0.82  -0.26     0.03
  SINCE OCT 1      0.56                      0.82  -0.26     0.03
  SINCE JAN 1     16.47                     13.03   3.44    10.53

SNOWFALL (IN)
  YESTERDAY       MM
  MONTH TO DATE   MM
  SINCE SEP 1     MM
  SINCE JUL 1     MM
  SNOW DEPTH      MM

DEGREE DAYS
 HEATING
  YESTERDAY       27                        29     -2       23
  MONTH TO DATE  456                       544    -88      614
  SINCE SEP 1    868                      1065   -197     1038
  SINCE JUL 1   1207                      1585   -378     1365

 COOLING
  YESTERDAY        0                         0      0        0
  MONTH TO DATE    0                         0      0        0
  SINCE SEP 1      0                         0      0        0
  SINCE JAN 1     16                         3     13       19
..................................................................


WIND (MPH)
  HIGHEST WIND SPEED    14   HIGHEST WIND DIRECTION    SE (150)
  HIGHEST GUST SPEED    22   HIGHEST GUST DIRECTION    SE (150)
  AVERAGE WIND SPEED     4.2


SKY COVER
  POSSIBLE SUNSHINE  MM
  AVERAGE SKY COVER 0.0


WEATHER CONDITIONS
 THE FOLLOWING WEATHER WAS RECORDED YESTERDAY.
  NO SIGNIFICANT WEATHER WAS OBSERVED.


RELATIVE HUMIDITY (PERCENT)
 HIGHEST   100           300 AM
 LOWEST     42           400 PM
 AVERAGE    71

..........................................................


THE STANLEY ID CLIMATE NORMALS FOR TODAY
                         NORMAL    RECORD    YEAR
 MAXIMUM TEMPERATURE (F)   50        68      2005
 MINIMUM TEMPERATURE (F)   22         3      1916


SUNRISE AND SUNSET
OCTOBER 23 2014.......SUNRISE   805 AM MDT   SUNSET   643 PM MDT
OCTOBER 24 2014.......SUNRISE   806 AM MDT   SUNSET   641 PM MDT


-  INDICATES NEGATIVE NUMBERS.
R  INDICATES RECORD WAS SET OR TIED.
MM INDICATES DATA IS MISSING.
T  INDICATES TRACE AMOUNT.




$$
