000
CDUS45 KCYS 220745
CLISNY


CLIMATE REPORT
NATIONAL WEATHER SERVICE CHEYENNE WY
145 AM MDT TUE JUL 22 2014


...................................

...THE SIDNEY NE AIRPORT CLIMATE SUMMARY FOR JULY 21 2014...

CLIMATE NORMAL PERIOD 1981 TO 2010
CLIMATE RECORD PERIOD 1948 TO 2014


WEATHER ITEM   OBSERVED TIME   RECORD YEAR NORMAL DEPARTURE LAST
                VALUE   (LST)  VALUE       VALUE  FROM      YEAR
                                                  NORMAL
..................................................................
TEMPERATURE (F)
 YESTERDAY
  MAXIMUM        103    319 PM 104    2012  91     12       90
  MINIMUM         63    416 AM  45    1949  61      2       58
  AVERAGE         83                        76      7       74

PRECIPITATION (IN)
  YESTERDAY        0.00          2.44 1966   0.10  -0.10     0.00
  MONTH TO DATE    0.21                      2.05  -1.84     0.86
  SINCE JAN 1      8.63                     11.99  -3.36     6.89

DEGREE DAYS
 HEATING
  YESTERDAY        0                         0      0        0
  MONTH TO DATE    9                         0      9        0
  SINCE JUN 1     64                        59      5       37
  SINCE JUL 1      9                         0      9        0

 COOLING
  YESTERDAY       18                        11      7        9
  MONTH TO DATE  154                       211    -57      204
  SINCE JUN 1    222                       348   -126      372
  SINCE JAN 1    238                       370   -132      405
..................................................................


WIND (MPH)
  HIGHEST WIND SPEED    23   HIGHEST WIND DIRECTION     N (20)
  HIGHEST GUST SPEED    29   HIGHEST GUST DIRECTION     N (20)
  AVERAGE WIND SPEED     9.7


SKY COVER
  AVERAGE SKY COVER 0.0


WEATHER CONDITIONS
 THE FOLLOWING WEATHER WAS RECORDED YESTERDAY.
  NO SIGNIFICANT WEATHER WAS OBSERVED.


RELATIVE HUMIDITY (PERCENT)
 HIGHEST    56           500 AM
 LOWEST     11           200 PM
 AVERAGE    34

..........................................................


THE SIDNEY NE AIRPORT CLIMATE NORMALS FOR TODAY
                         NORMAL    RECORD    YEAR
 MAXIMUM TEMPERATURE (F)   91       103      2012
                                             2005
 MINIMUM TEMPERATURE (F)   61        43      1990


SUNRISE AND SUNSET
JULY 22 2014..........SUNRISE   538 AM MDT   SUNSET   818 PM MDT
JULY 23 2014..........SUNRISE   539 AM MDT   SUNSET   817 PM MDT


-  INDICATES NEGATIVE NUMBERS.
R  INDICATES RECORD WAS SET OR TIED.
MM INDICATES DATA IS MISSING.
T  INDICATES TRACE AMOUNT.




$$
