148
CDUS45 KCYS 062227
CLISNY


CLIMATE REPORT
NATIONAL WEATHER SERVICE CHEYENNE WY
327 PM MST SAT FEB 6 2016


...................................

...THE SIDNEY NE AIRPORT CLIMATE SUMMARY FOR FEBRUARY 6 2016...
VALID AS OF 0300 PM LOCAL TIME.

CLIMATE NORMAL PERIOD 1981 TO 2010
CLIMATE RECORD PERIOD 1948 TO 2016


WEATHER ITEM   OBSERVED TIME   RECORD YEAR NORMAL DEPARTURE LAST
                VALUE   (LST)  VALUE       VALUE  FROM      YEAR
                                                  NORMAL
..................................................................
TEMPERATURE (F)
 TODAY
  MAXIMUM         41    159 PM  74    2015  43     -2       74
  MINIMUM         11    237 AM -24    2014  17     -6       37
                                      1989
  AVERAGE         26                        30     -4       56

PRECIPITATION (IN)
  TODAY            0.00          0.17 1986   0.00   0.00     0.00
  MONTH TO DATE    0.11                      0.05   0.06     0.22
  SINCE JAN 1      0.13                      0.25  -0.12     0.59

DEGREE DAYS
 HEATING
  TODAY           39                        35      4        9
  MONTH TO DATE  262                       210     52      184
  SINCE DEC 1   2620                      2445    175     2503
  SINCE JUL 1   3970                      3867    103     3993

 COOLING
  TODAY            0                         0      0        0
  MONTH TO DATE    0                         0      0        0
  SINCE DEC 1      0                         0      0        0
  SINCE JAN 1      0                         0      0        0
..................................................................


WIND (MPH)
  HIGHEST WIND SPEED    21   HIGHEST WIND DIRECTION     W (280)
  HIGHEST GUST SPEED    25   HIGHEST GUST DIRECTION     W (290)
  AVERAGE WIND SPEED    14.4


SKY COVER
  AVERAGE SKY COVER 0.0


WEATHER CONDITIONS
 THE FOLLOWING WEATHER WAS RECORDED TODAY.
  NO SIGNIFICANT WEATHER WAS OBSERVED.


RELATIVE HUMIDITY (PERCENT)
 HIGHEST    74          1200 AM
 LOWEST     59          1100 AM
 AVERAGE    67

..........................................................


THE SIDNEY NE AIRPORT CLIMATE NORMALS FOR TOMORROW
                         NORMAL    RECORD    YEAR
 MAXIMUM TEMPERATURE (F)   43        76      2015
 MINIMUM TEMPERATURE (F)   18       -12      1971


SUNRISE AND SUNSET
FEBRUARY  6 2016......SUNRISE   658 AM MST   SUNSET   515 PM MST
FEBRUARY  7 2016......SUNRISE   657 AM MST   SUNSET   516 PM MST


-  INDICATES NEGATIVE NUMBERS.
R  INDICATES RECORD WAS SET OR TIED.
MM INDICATES DATA IS MISSING.
T  INDICATES TRACE AMOUNT.




$$
