000
CDUS45 KCYS 012128
CLISNY


CLIMATE REPORT
NATIONAL WEATHER SERVICE CHEYENNE WY
327 PM MDT SAT OCT 1 2016


...................................

...THE SIDNEY NE AIRPORT CLIMATE SUMMARY FOR OCTOBER 1 2016...
VALID AS OF 0300 PM LOCAL TIME.

CLIMATE NORMAL PERIOD 1981 TO 2010
CLIMATE RECORD PERIOD 1948 TO 2016


WEATHER ITEM   OBSERVED TIME   RECORD YEAR NORMAL DEPARTURE LAST
                VALUE   (LST)  VALUE       VALUE  FROM      YEAR
                                                  NORMAL
..................................................................
TEMPERATURE (F)
 TODAY
  MAXIMUM         82    158 PM  91    1989  71     11       74
                                      1980
  MINIMUM         40    555 AM  20    1985  41     -1       55
  AVERAGE         61                        56      5       65

PRECIPITATION (IN)
  TODAY            0.00          0.79 2014   0.04  -0.04     0.00
  MONTH TO DATE    0.00                      0.04  -0.04     0.00
  SINCE JAN 1     12.11                     16.45  -4.34    19.52

DEGREE DAYS
 HEATING
  TODAY            4                        10     -6        0
  MONTH TO DATE    4                        10     -6        0
  SINCE SEP 1    111                       139    -28       49
  SINCE JUL 1    137                       150    -13       87

 COOLING
  TODAY            0                         1     -1        0
  MONTH TO DATE    0                         1     -1        0
  SINCE SEP 1     61                        85    -24       98
  SINCE JAN 1    764                       827    -63      666
..................................................................


WIND (MPH)
  HIGHEST WIND SPEED    15   HIGHEST WIND DIRECTION     S (180)
  HIGHEST GUST SPEED    20   HIGHEST GUST DIRECTION     S (190)
  AVERAGE WIND SPEED     7.6


SKY COVER
  AVERAGE SKY COVER 0.0


WEATHER CONDITIONS
 THE FOLLOWING WEATHER WAS RECORDED TODAY.
  NO SIGNIFICANT WEATHER WAS OBSERVED.


RELATIVE HUMIDITY (PERCENT)
 HIGHEST   100           600 AM
 LOWEST     28           200 PM
 AVERAGE    64

..........................................................


THE SIDNEY NE AIRPORT CLIMATE NORMALS FOR TOMORROW
                         NORMAL    RECORD    YEAR
 MAXIMUM TEMPERATURE (F)   71        90      1953
 MINIMUM TEMPERATURE (F)   41        24      1999


SUNRISE AND SUNSET
OCTOBER  1 2016.......SUNRISE   649 AM MDT   SUNSET   633 PM MDT
OCTOBER  2 2016.......SUNRISE   650 AM MDT   SUNSET   631 PM MDT


-  INDICATES NEGATIVE NUMBERS.
R  INDICATES RECORD WAS SET OR TIED.
MM INDICATES DATA IS MISSING.
T  INDICATES TRACE AMOUNT.




$$
