000
CDUS45 KCYS 250728
CLISNY


CLIMATE REPORT
NATIONAL WEATHER SERVICE CHEYENNE WY
127 AM MDT SAT OCT 25 2014


...................................

...THE SIDNEY NE AIRPORT CLIMATE SUMMARY FOR OCTOBER 24 2014...

CLIMATE NORMAL PERIOD 1981 TO 2010
CLIMATE RECORD PERIOD 1948 TO 2014


WEATHER ITEM   OBSERVED TIME   RECORD YEAR NORMAL DEPARTURE LAST
                VALUE   (LST)  VALUE       VALUE  FROM      YEAR
                                                  NORMAL
..................................................................
TEMPERATURE (F)
 YESTERDAY
  MAXIMUM         83R   207 PM  80    2011  62     21       57
                                      1999
                                      1952
  MINIMUM         44   1124 PM  11    1980  33     11       24
  AVERAGE         64                        47     17       41

PRECIPITATION (IN)
  YESTERDAY        0.00          0.43 1975   0.03  -0.03     0.00
  MONTH TO DATE    0.83                      0.87  -0.04     1.23
  SINCE JAN 1     15.50                     17.28  -1.78    16.45

DEGREE DAYS
 HEATING
  YESTERDAY        1                        18    -17       24
  MONTH TO DATE  264                       330    -66      419
  SINCE SEP 1    369                       459    -90      514
  SINCE JUL 1    381                       470    -89      523

 COOLING
  YESTERDAY        0                         0      0        0
  MONTH TO DATE    0                         1     -1        0
  SINCE SEP 1     79                        85     -6      155
  SINCE JAN 1    637                       827   -190      918
..................................................................


WIND (MPH)
  HIGHEST WIND SPEED    22   HIGHEST WIND DIRECTION    NW (310)
  HIGHEST GUST SPEED    27   HIGHEST GUST DIRECTION    NW (300)
  AVERAGE WIND SPEED     8.3


SKY COVER
  AVERAGE SKY COVER 0.0


WEATHER CONDITIONS
 THE FOLLOWING WEATHER WAS RECORDED YESTERDAY.
  NO SIGNIFICANT WEATHER WAS OBSERVED.


RELATIVE HUMIDITY (PERCENT)
 HIGHEST    65           200 AM
 LOWEST     15           100 PM
 AVERAGE    40

..........................................................


THE SIDNEY NE AIRPORT CLIMATE NORMALS FOR TODAY
                         NORMAL    RECORD    YEAR
 MAXIMUM TEMPERATURE (F)   62        81      2007
                                             1959
 MINIMUM TEMPERATURE (F)   32         8      1997


SUNRISE AND SUNSET
OCTOBER 25 2014.......SUNRISE   715 AM MDT   SUNSET   557 PM MDT
OCTOBER 26 2014.......SUNRISE   716 AM MDT   SUNSET   555 PM MDT


-  INDICATES NEGATIVE NUMBERS.
R  INDICATES RECORD WAS SET OR TIED.
MM INDICATES DATA IS MISSING.
T  INDICATES TRACE AMOUNT.




$$
