000
CDUS45 KPUB 281029
CLISPD


CLIMATE REPORT
NATIONAL WEATHER SERVICE PUEBLO
429 AM MDT FRI AUG 28 2015


...................................

...THE SPRINGFIELD CO CLIMATE SUMMARY FOR AUGUST 27 2015...

CLIMATE NORMAL PERIOD 1981 TO 2010
CLIMATE RECORD PERIOD 9999 TO 9999


WEATHER ITEM   OBSERVED TIME   NORMAL DEPARTURE LAST
                VALUE   (LST)  VALUE  FROM      YEAR
                                      NORMAL
......................................................
TEMPERATURE (F)
 YESTERDAY
  MAXIMUM         94    321 PM  86      8       85
  MINIMUM         66    519 AM  59      7       62
  AVERAGE         80                            74

PRECIPITATION (IN)
  YESTERDAY        0.01          0.07  -0.06     0.00
  MONTH TO DATE    1.12          2.57  -1.45     1.23
  SINCE JUN 1      5.20          7.90  -2.70     6.75
  SINCE JAN 1     12.77         13.47  -0.70    10.64

DEGREE DAYS
 HEATING
  YESTERDAY        0             0      0        0
  MONTH TO DATE    4             0      4        0
  SINCE JUN 1      4            23    -19       28
  SINCE JUL 1      4             2      2        6

 COOLING
  YESTERDAY       15             8      7        9
  MONTH TO DATE  293           261     32      289
  SINCE JUN 1    873           818     55      826
  SINCE JAN 1    874           872      2      884
......................................................


WIND (MPH)
  HIGHEST WIND SPEED    32   HIGHEST WIND DIRECTION     N (340)
  HIGHEST GUST SPEED    42   HIGHEST GUST DIRECTION     N (350)
  AVERAGE WIND SPEED     8.9


SKY COVER
  POSSIBLE SUNSHINE  MM



RELATIVE HUMIDITY (PERCENT)
 HIGHEST    87           800 PM
 LOWEST     20           300 PM
 AVERAGE    54

..........................................................


THE SPRINGFIELD CO CLIMATE NORMALS FOR TODAY
                         NORMAL    RECORD    YEAR
 MAXIMUM TEMPERATURE (F)   86        MM        MM
 MINIMUM TEMPERATURE (F)   58        MM        MM


SUNRISE AND SUNSET
AUGUST 28 2015........SUNRISE   617 AM MDT   SUNSET   725 PM MDT
AUGUST 29 2015........SUNRISE   618 AM MDT   SUNSET   724 PM MDT


-  INDICATES NEGATIVE NUMBERS.
R  INDICATES RECORD WAS SET OR TIED.
MM INDICATES DATA IS MISSING.
T  INDICATES TRACE AMOUNT.




$$
