000
CDUS45 KPUB 161051
CLISPD


CLIMATE REPORT
NATIONAL WEATHER SERVICE PUEBLO
451 AM MDT TUE SEP 16 2014


...................................

...THE SPRINGFIELD CO CLIMATE SUMMARY FOR SEPTEMBER 15 2014...

CLIMATE NORMAL PERIOD 1981 TO 2010
CLIMATE RECORD PERIOD 9999 TO 9999


WEATHER ITEM   OBSERVED TIME   NORMAL DEPARTURE LAST
                VALUE   (LST)  VALUE  FROM      YEAR
                                      NORMAL
......................................................
TEMPERATURE (F)
 YESTERDAY
  MAXIMUM         61    241 PM  81    -20       73
  MINIMUM         50    535 AM  52     -2       57
  AVERAGE         56                            65

PRECIPITATION (IN)
  YESTERDAY        0.00          0.04  -0.04     0.49
  MONTH TO DATE    1.21          0.76   0.45     3.13
  SINCE SEP 1      1.21          0.76   0.45     3.13
  SINCE JAN 1     11.85         14.50  -2.65    12.87

DEGREE DAYS
 HEATING
  YESTERDAY        9             2      7        0
  MONTH TO DATE   56            20     36        0
  SINCE SEP 1     56            20     36        0
  SINCE JUL 1     62            27     35        1

 COOLING
  YESTERDAY        0             4     -4        0
  MONTH TO DATE   66            80    -14      153
  SINCE SEP 1     66            80    -14      153
  SINCE JAN 1    981           981      0     1317
......................................................


WIND (MPH)
  HIGHEST WIND SPEED    29   HIGHEST WIND DIRECTION     N (360)
  HIGHEST GUST SPEED    34   HIGHEST GUST DIRECTION     N (10)
  AVERAGE WIND SPEED    10.6


SKY COVER
  POSSIBLE SUNSHINE  MM



RELATIVE HUMIDITY (PERCENT)
 HIGHEST   100           400 AM
 LOWEST     78           200 PM
 AVERAGE    89

..........................................................


THE SPRINGFIELD CO CLIMATE NORMALS FOR TODAY
                         NORMAL    RECORD    YEAR
 MAXIMUM TEMPERATURE (F)   81        MM        MM
 MINIMUM TEMPERATURE (F)   51        MM        MM


SUNRISE AND SUNSET
SEPTEMBER 16 2014.....SUNRISE   633 AM MDT   SUNSET   657 PM MDT
SEPTEMBER 17 2014.....SUNRISE   634 AM MDT   SUNSET   655 PM MDT


-  INDICATES NEGATIVE NUMBERS.
R  INDICATES RECORD WAS SET OR TIED.
MM INDICATES DATA IS MISSING.
T  INDICATES TRACE AMOUNT.




$$
