000
CDUS45 KPUB 191035
CLISPD


CLIMATE REPORT
NATIONAL WEATHER SERVICE PUEBLO
434 AM MDT SAT APR 19 2014


...................................

...THE SPRINGFIELD CO CLIMATE SUMMARY FOR APRIL 18 2014...

CLIMATE NORMAL PERIOD 1981 TO 2010
CLIMATE RECORD PERIOD 9999 TO 9999


WEATHER ITEM   OBSERVED TIME   NORMAL DEPARTURE LAST
                VALUE   (LST)  VALUE  FROM      YEAR
                                      NORMAL
......................................................
TEMPERATURE (F)
 YESTERDAY
  MAXIMUM         76    251 PM  68      8       38
  MINIMUM         36    126 AM  37     -1       20
  AVERAGE         56                            29

PRECIPITATION (IN)
  YESTERDAY        0.00          0.05  -0.05     0.12
  MONTH TO DATE    0.60          0.75  -0.15     0.30
  SINCE MAR 1      0.97          1.88  -0.91     0.47
  SINCE JAN 1      1.30          2.69  -1.39     0.60

DEGREE DAYS
 HEATING
  YESTERDAY        9            13     -4       36
  MONTH TO DATE  312           275     37      378
  SINCE MAR 1   1024           962     62     1059
  SINCE JUL 1   5021          4968     53     4836

 COOLING
  YESTERDAY        0             0      0        0
  MONTH TO DATE    3             0      3        0
  SINCE MAR 1      3             0      3        0
  SINCE JAN 1      3             0      3        0
......................................................


WIND (MPH)
  HIGHEST WIND SPEED    31   HIGHEST WIND DIRECTION     S (180)
  HIGHEST GUST SPEED    37   HIGHEST GUST DIRECTION     S (180)
  AVERAGE WIND SPEED    20.2


SKY COVER
  POSSIBLE SUNSHINE  MM



RELATIVE HUMIDITY (PERCENT)
 HIGHEST    92          1200 AM
 LOWEST     23          1200 PM
 AVERAGE    58

..........................................................


THE SPRINGFIELD CO CLIMATE NORMALS FOR TODAY
                         NORMAL    RECORD    YEAR
 MAXIMUM TEMPERATURE (F)   68        MM        MM
 MINIMUM TEMPERATURE (F)   37        MM        MM


SUNRISE AND SUNSET
APRIL 19 2014.........SUNRISE   610 AM MDT   SUNSET   729 PM MDT
APRIL 20 2014.........SUNRISE   609 AM MDT   SUNSET   730 PM MDT


-  INDICATES NEGATIVE NUMBERS.
R  INDICATES RECORD WAS SET OR TIED.
MM INDICATES DATA IS MISSING.
T  INDICATES TRACE AMOUNT.




$$
