000
CDUS45 KPUB 091130
CLISPD


CLIMATE REPORT
NATIONAL WEATHER SERVICE PUEBLO
430 AM MST TUE FEB 9 2016


...................................

...THE SPRINGFIELD CO CLIMATE SUMMARY FOR FEBRUARY 8 2016...

CLIMATE NORMAL PERIOD 1981 TO 2010
CLIMATE RECORD PERIOD 9999 TO 9999


WEATHER ITEM   OBSERVED TIME   NORMAL DEPARTURE LAST
                VALUE   (LST)  VALUE  FROM      YEAR
                                      NORMAL
......................................................
TEMPERATURE (F)
 YESTERDAY
  MAXIMUM         46    325 PM  49     -3       72
  MINIMUM         20    544 AM  19      1       31
  AVERAGE         33                            52

PRECIPITATION (IN)
  YESTERDAY        0.00          0.02  -0.02     0.00
  MONTH TO DATE    0.14          0.15  -0.01     0.00
  SINCE DEC 1      0.39          1.03  -0.64     1.81
  SINCE JAN 1      0.30          0.52  -0.22     1.04

DEGREE DAYS
 HEATING
  YESTERDAY       32            31      1       13
  MONTH TO DATE  290           251     39      175
  SINCE DEC 1   2239          2281    -42     2098
  SINCE JUL 1   3244          3427   -183     3230

 COOLING
  YESTERDAY        0             0      0        0
  MONTH TO DATE    0             0      0        0
  SINCE DEC 1      0             0      0        0
  SINCE JAN 1      0             0      0        0
......................................................


WIND (MPH)
  HIGHEST WIND SPEED    28   HIGHEST WIND DIRECTION     N (340)
  HIGHEST GUST SPEED    32   HIGHEST GUST DIRECTION     N (340)
  AVERAGE WIND SPEED    13.5


SKY COVER
  POSSIBLE SUNSHINE  MM



RELATIVE HUMIDITY (PERCENT)
 HIGHEST    84           300 AM
 LOWEST     33          1200 PM
 AVERAGE    59

..........................................................


THE SPRINGFIELD CO CLIMATE NORMALS FOR TODAY
                         NORMAL    RECORD    YEAR
 MAXIMUM TEMPERATURE (F)   49        MM        MM
 MINIMUM TEMPERATURE (F)   20        MM        MM


SUNRISE AND SUNSET
FEBRUARY  9 2016......SUNRISE   646 AM MST   SUNSET   523 PM MST
FEBRUARY 10 2016......SUNRISE   645 AM MST   SUNSET   524 PM MST


-  INDICATES NEGATIVE NUMBERS.
R  INDICATES RECORD WAS SET OR TIED.
MM INDICATES DATA IS MISSING.
T  INDICATES TRACE AMOUNT.




$$
