000
CDUS45 KPUB 291024
CLISPD


CLIMATE REPORT
NATIONAL WEATHER SERVICE PUEBLO
424 AM MDT WED JUL 29 2015


...................................

...THE SPRINGFIELD CO CLIMATE SUMMARY FOR JULY 28 2015...

CLIMATE NORMAL PERIOD 1981 TO 2010
CLIMATE RECORD PERIOD 9999 TO 9999


WEATHER ITEM   OBSERVED TIME   NORMAL DEPARTURE LAST
                VALUE   (LST)  VALUE  FROM      YEAR
                                      NORMAL
......................................................
TEMPERATURE (F)
 YESTERDAY
  MAXIMUM         87    251 PM  90     -3       75
  MINIMUM         66   1139 PM  62      4       61
  AVERAGE         77                            68

PRECIPITATION (IN)
  YESTERDAY        0.00          0.10  -0.10     0.02
  MONTH TO DATE    3.15          2.52   0.63     2.63
  SINCE JUN 1      4.01          5.02  -1.01     4.56
  SINCE JAN 1     11.58         10.59   0.99     8.45

DEGREE DAYS
 HEATING
  YESTERDAY        0             0      0        0
  MONTH TO DATE    0             0      0        1
  SINCE JUN 1      0            21    -21       23
  SINCE JUL 1      0             0      0        1

 COOLING
  YESTERDAY       12            11      1        3
  MONTH TO DATE  311           317     -6      309
  SINCE JUN 1    558           525     33      528
  SINCE JAN 1    559           579    -20      586
......................................................


WIND (MPH)
  HIGHEST WIND SPEED    25   HIGHEST WIND DIRECTION     N (20)
  HIGHEST GUST SPEED    30   HIGHEST GUST DIRECTION     N (10)
  AVERAGE WIND SPEED    12.6


SKY COVER
  POSSIBLE SUNSHINE  MM



RELATIVE HUMIDITY (PERCENT)
 HIGHEST    73          1100 PM
 LOWEST     20           100 PM
 AVERAGE    47

..........................................................


THE SPRINGFIELD CO CLIMATE NORMALS FOR TODAY
                         NORMAL    RECORD    YEAR
 MAXIMUM TEMPERATURE (F)   90        MM        MM
 MINIMUM TEMPERATURE (F)   62        MM        MM


SUNRISE AND SUNSET
JULY 29 2015..........SUNRISE   552 AM MDT   SUNSET   801 PM MDT
JULY 30 2015..........SUNRISE   553 AM MDT   SUNSET   800 PM MDT


-  INDICATES NEGATIVE NUMBERS.
R  INDICATES RECORD WAS SET OR TIED.
MM INDICATES DATA IS MISSING.
T  INDICATES TRACE AMOUNT.




$$
