000
CDUS45 KPUB 181142
CLISPD


CLIMATE REPORT
NATIONAL WEATHER SERVICE PUEBLO
442 AM MST WED JAN 18 2017


...................................

...THE SPRINGFIELD CO CLIMATE SUMMARY FOR JANUARY 17 2017...

CLIMATE NORMAL PERIOD 1981 TO 2010
CLIMATE RECORD PERIOD 9999 TO 9999


WEATHER ITEM   OBSERVED TIME   NORMAL DEPARTURE LAST
                VALUE   (LST)  VALUE  FROM      YEAR
                                      NORMAL
......................................................
TEMPERATURE (F)
 YESTERDAY
  MAXIMUM         46    329 PM  47     -1       26
  MINIMUM         23    741 AM  18      5       16
  AVERAGE         35                            21

PRECIPITATION (IN)
  YESTERDAY        0.00          0.01  -0.01     0.00
  MONTH TO DATE    0.17          0.14   0.03     0.12
  SINCE DEC 1      0.24          0.65  -0.41     0.21
  SINCE JAN 1      0.17          0.14   0.03     0.12

DEGREE DAYS
 HEATING
  YESTERDAY       30            33     -3       44
  MONTH TO DATE  615           566     49      592
  SINCE DEC 1   1708          1578    130     1569
  SINCE JUL 1   2525          2724   -199     2574

 COOLING
  YESTERDAY        0             0      0        0
  MONTH TO DATE    0             0      0        0
  SINCE DEC 1      0             0      0        0
  SINCE JAN 1      0             0      0        0
......................................................


WIND (MPH)
  HIGHEST WIND SPEED    18   HIGHEST WIND DIRECTION     S (190)
  HIGHEST GUST SPEED    21   HIGHEST GUST DIRECTION     S (190)
  AVERAGE WIND SPEED     9.0


SKY COVER
  POSSIBLE SUNSHINE  MM



RELATIVE HUMIDITY (PERCENT)
 HIGHEST   100          1200 AM
 LOWEST     65           400 PM
 AVERAGE    83

..........................................................


THE SPRINGFIELD CO CLIMATE NORMALS FOR TODAY
                         NORMAL    RECORD    YEAR
 MAXIMUM TEMPERATURE (F)   47        MM        MM
 MINIMUM TEMPERATURE (F)   18        MM        MM


SUNRISE AND SUNSET
JANUARY 18 2017.......SUNRISE   702 AM MST   SUNSET   500 PM MST
JANUARY 19 2017.......SUNRISE   702 AM MST   SUNSET   501 PM MST


-  INDICATES NEGATIVE NUMBERS.
R  INDICATES RECORD WAS SET OR TIED.
MM INDICATES DATA IS MISSING.
T  INDICATES TRACE AMOUNT.




$$
