000
CDUS45 KPUB 011058
CLISPD


CLIMATE REPORT
NATIONAL WEATHER SERVICE PUEBLO
456 AM MDT SUN MAY 1 2016


...................................

...THE SPRINGFIELD CO CLIMATE SUMMARY FOR APRIL 30 2016...

CLIMATE NORMAL PERIOD 1981 TO 2010
CLIMATE RECORD PERIOD 9999 TO 9999


WEATHER ITEM   OBSERVED TIME   NORMAL DEPARTURE LAST
                VALUE   (LST)  VALUE  FROM      YEAR
                                      NORMAL
......................................................
TEMPERATURE (F)
 YESTERDAY
  MAXIMUM         51    219 PM  71    -20       81
  MINIMUM         33    501 AM  41     -8       40
  AVERAGE         42                            61

PRECIPITATION (IN)
  YESTERDAY        0.00          0.03  -0.03     0.00
  MONTH TO DATE    0.40          1.27  -0.87     0.85
  SINCE MAR 1      0.46          2.40  -1.94     1.23
  SINCE JAN 1      0.78          3.21  -2.43     3.07

DEGREE DAYS
 HEATING
  YESTERDAY       23             9     14        4
  MONTH TO DATE  424           407     17      383
  SINCE MAR 1   1069          1093    -24      990
  SINCE JUL 1   4745          5099   -354     4894

 COOLING
  YESTERDAY        0             0      0        0
  MONTH TO DATE    0             4     -4        0
  SINCE MAR 1      0             4     -4        0
  SINCE JAN 1      0             4     -4        0
......................................................


WIND (MPH)
  HIGHEST WIND SPEED    31   HIGHEST WIND DIRECTION     N (340)
  HIGHEST GUST SPEED    38   HIGHEST GUST DIRECTION    NW (320)
  AVERAGE WIND SPEED    21.5


SKY COVER
  POSSIBLE SUNSHINE  MM



RELATIVE HUMIDITY (PERCENT)
 HIGHEST    96           400 AM
 LOWEST     50           100 PM
 AVERAGE    73

..........................................................


THE SPRINGFIELD CO CLIMATE NORMALS FOR TODAY
                         NORMAL    RECORD    YEAR
 MAXIMUM TEMPERATURE (F)   71        MM        MM
 MINIMUM TEMPERATURE (F)   42        MM        MM


SUNRISE AND SUNSET
MAY  1 2016...........SUNRISE   555 AM MDT   SUNSET   740 PM MDT
MAY  2 2016...........SUNRISE   554 AM MDT   SUNSET   741 PM MDT


-  INDICATES NEGATIVE NUMBERS.
R  INDICATES RECORD WAS SET OR TIED.
MM INDICATES DATA IS MISSING.
T  INDICATES TRACE AMOUNT.




$$
