000
CDUS45 KPUB 291131
CLISPD


CLIMATE REPORT
NATIONAL WEATHER SERVICE PUEBLO
431 AM MST THU JAN 29 2015


...................................

...THE SPRINGFIELD CO CLIMATE SUMMARY FOR JANUARY 28 2015...

CLIMATE NORMAL PERIOD 1981 TO 2010
CLIMATE RECORD PERIOD 9999 TO 9999


WEATHER ITEM   OBSERVED TIME   NORMAL DEPARTURE LAST
                VALUE   (LST)  VALUE  FROM      YEAR
                                      NORMAL
......................................................
TEMPERATURE (F)
 YESTERDAY
  MAXIMUM         67   1247 PM  48     19       33
  MINIMUM         31   1049 PM  18     13        5
  AVERAGE         49                            19

PRECIPITATION (IN)
  YESTERDAY        0.00          0.02  -0.02     0.00
  MONTH TO DATE    0.32          0.32   0.00     0.20
  SINCE DEC 1      1.09          0.83   0.26     0.20
  SINCE JAN 1      0.32          0.32   0.00     0.20

DEGREE DAYS
 HEATING
  YESTERDAY       16            32    -16       46
  MONTH TO DATE  865           923    -58      894
  SINCE DEC 1   1846          1935    -89     1906
  SINCE JUL 1   2978          3081   -103     3018

 COOLING
  YESTERDAY        0             0      0        0
  MONTH TO DATE    0             0      0        0
  SINCE DEC 1      0             0      0        0
  SINCE JAN 1      0             0      0        0
......................................................


WIND (MPH)
  HIGHEST WIND SPEED    26   HIGHEST WIND DIRECTION    NW (310)
  HIGHEST GUST SPEED    32   HIGHEST GUST DIRECTION    NW (310)
  AVERAGE WIND SPEED    13.5


SKY COVER
  POSSIBLE SUNSHINE  MM



RELATIVE HUMIDITY (PERCENT)
 HIGHEST    82          1100 PM
 LOWEST     18          1100 AM
 AVERAGE    50

..........................................................


THE SPRINGFIELD CO CLIMATE NORMALS FOR TODAY
                         NORMAL    RECORD    YEAR
 MAXIMUM TEMPERATURE (F)   48        MM        MM
 MINIMUM TEMPERATURE (F)   18        MM        MM


SUNRISE AND SUNSET
JANUARY 29 2015.......SUNRISE   656 AM MST   SUNSET   512 PM MST
JANUARY 30 2015.......SUNRISE   655 AM MST   SUNSET   513 PM MST


-  INDICATES NEGATIVE NUMBERS.
R  INDICATES RECORD WAS SET OR TIED.
MM INDICATES DATA IS MISSING.
T  INDICATES TRACE AMOUNT.




$$
