000
CDUS43 KILX 022128
CLISPI


CLIMATE REPORT
NATIONAL WEATHER SERVICE LINCOLN IL
428 PM CDT THU JUL 2 2015


...................................

...THE SPRINGFIELD IL CLIMATE SUMMARY FOR JULY 2 2015...
VALID TODAY AS OF 0400 PM LOCAL TIME.

CLIMATE NORMAL PERIOD 1981 TO 2010
CLIMATE RECORD PERIOD 1879 TO 2015


WEATHER ITEM   OBSERVED TIME   RECORD YEAR NORMAL DEPARTURE LAST
                VALUE   (LST)  VALUE       VALUE  FROM      YEAR
                                                  NORMAL
..................................................................
TEMPERATURE (F)
 TODAY
  MAXIMUM         75    258 PM 102    1925  86    -11       72
  MINIMUM         62    720 AM  53    1995  65     -3       60
                                      1904
  AVERAGE         69                        76     -7       66

PRECIPITATION (IN)
  TODAY            T             2.14 1952   0.13  -0.13      T
  MONTH TO DATE    0.12                      0.26  -0.14     0.03
  SINCE JUN 1      9.26                      4.72   4.54     8.90
  SINCE JAN 1     22.17                     18.73   3.44    23.19

SNOWFALL (IN)
  TODAY            0.0           0.0    MM   0.0    0.0      0.0
  MONTH TO DATE    0.0                       0.0    0.0      0.0
  SINCE JUN 1      0.0                       0.0    0.0      0.0
  SINCE JUL 1      0.0                       0.0    0.0      0.0
  SNOW DEPTH       0

DEGREE DAYS
 HEATING
  TODAY            0                         0      0        0
  MONTH TO DATE    0                         0      0        0
  SINCE JUN 1      3                        15    -12        0
  SINCE JUL 1      0                         0      0        0

 COOLING
  TODAY            4                        11     -7        1
  MONTH TO DATE   15                        22     -7       13
  SINCE JUN 1    313                       262     51      319
  SINCE JAN 1    479                       366    113      495
..................................................................


WIND (MPH)
  HIGHEST WIND SPEED    20   HIGHEST WIND DIRECTION    NE (60)
  HIGHEST GUST SPEED    23   HIGHEST GUST DIRECTION    NE (60)
  AVERAGE WIND SPEED    11.6


SKY COVER
  POSSIBLE SUNSHINE  MM
  AVERAGE SKY COVER 0.6


WEATHER CONDITIONS
 THE FOLLOWING WEATHER WAS RECORDED TODAY.
  LIGHT RAIN


RELATIVE HUMIDITY (PERCENT)
 HIGHEST    81           100 AM
 LOWEST     64           100 PM
 AVERAGE    73

..........................................................


THE SPRINGFIELD IL CLIMATE NORMALS FOR TOMORROW
                         NORMAL    RECORD    YEAR
 MAXIMUM TEMPERATURE (F)   86        99      1934
                                             1925
                                             1911
 MINIMUM TEMPERATURE (F)   65        51      1968


SUNRISE AND SUNSET
JULY  2 2015..........SUNRISE   534 AM CDT   SUNSET   831 PM CDT
JULY  3 2015..........SUNRISE   535 AM CDT   SUNSET   831 PM CDT


-  INDICATES NEGATIVE NUMBERS.
R  INDICATES RECORD WAS SET OR TIED.
MM INDICATES DATA IS MISSING.
T  INDICATES TRACE AMOUNT.




$$
