000
CDUS43 KILX 140647
CLISPI


CLIMATE REPORT
NATIONAL WEATHER SERVICE LINCOLN IL
1237 AM CST THU DEC 14 2017


...................................

...THE SPRINGFIELD IL CLIMATE SUMMARY FOR DECEMBER 13 2017...

CLIMATE NORMAL PERIOD 1981 TO 2010
CLIMATE RECORD PERIOD 1879 TO 2017


WEATHER ITEM   OBSERVED TIME   RECORD YEAR NORMAL DEPARTURE LAST
                VALUE   (LST)  VALUE       VALUE  FROM      YEAR
                                                  NORMAL
..................................................................
TEMPERATURE (F)
 YESTERDAY
  MAXIMUM         53    108 PM  67    1948  39     14       32
  MINIMUM         24   1201 AM  -7    1903  23      1       13
  AVERAGE         39                        31      8       23

PRECIPITATION (IN)
  YESTERDAY        T             3.33 1881   0.09  -0.09     0.01
  MONTH TO DATE    0.05                      1.20  -1.15     0.52
  SINCE DEC 1      0.05                      1.20  -1.15     0.52
  SINCE JAN 1     31.18                     36.11  -4.93    42.38

SNOWFALL (IN)
  YESTERDAY        0.0           5.4  2000   0.1   -0.1      0.1
  MONTH TO DATE    T                         1.8   -1.8      2.4
  SINCE DEC 1      T                         1.8   -1.8      2.4
  SINCE JUL 1      T                         2.4   -2.4      2.4
  SNOW DEPTH       0

DEGREE DAYS
 HEATING
  YESTERDAY       26                        34     -8       42
  MONTH TO DATE  368                       417    -49      424
  SINCE DEC 1    368                       417    -49      424
  SINCE JUL 1   1233                      1485   -252     1075

 COOLING
  YESTERDAY        0                         0      0        0
  MONTH TO DATE    0                         0      0        0
  SINCE DEC 1      0                         0      0        0
  SINCE JAN 1   1401                      1122    279     1626
..................................................................


WIND (MPH)
  HIGHEST WIND SPEED    37   HIGHEST WIND DIRECTION     W (290)
  HIGHEST GUST SPEED    46   HIGHEST GUST DIRECTION    NW (300)
  AVERAGE WIND SPEED    18.4


SKY COVER
  POSSIBLE SUNSHINE  MM
  AVERAGE SKY COVER 0.5


WEATHER CONDITIONS
 THE FOLLOWING WEATHER WAS RECORDED YESTERDAY.
  LIGHT RAIN


RELATIVE HUMIDITY (PERCENT)
 HIGHEST    70           400 PM
 LOWEST     41           100 PM
 AVERAGE    56

..........................................................


THE SPRINGFIELD IL CLIMATE NORMALS FOR TODAY
                         NORMAL    RECORD    YEAR
 MAXIMUM TEMPERATURE (F)   38        68      1975
 MINIMUM TEMPERATURE (F)   23        -7      1901


SUNRISE AND SUNSET
DECEMBER 14 2017......SUNRISE   712 AM CST   SUNSET   435 PM CST
DECEMBER 15 2017......SUNRISE   713 AM CST   SUNSET   435 PM CST


-  INDICATES NEGATIVE NUMBERS.
R  INDICATES RECORD WAS SET OR TIED.
MM INDICATES DATA IS MISSING.
T  INDICATES TRACE AMOUNT.




$$
