000
CDUS43 KILX 250635
CLISPI


CLIMATE REPORT
NATIONAL WEATHER SERVICE LINCOLN IL
134 AM CDT SUN SEP 25 2016


...................................

...THE SPRINGFIELD IL CLIMATE SUMMARY FOR SEPTEMBER 24 2016...

CLIMATE NORMAL PERIOD 1981 TO 2010
CLIMATE RECORD PERIOD 1879 TO 2016


WEATHER ITEM   OBSERVED TIME   RECORD YEAR NORMAL DEPARTURE LAST
                VALUE   (LST)  VALUE       VALUE  FROM      YEAR
                                                  NORMAL
..................................................................
TEMPERATURE (F)
 YESTERDAY
  MAXIMUM         91    330 PM  93    2007  76     15       86
                                      1891
  MINIMUM         66    551 AM  33    2012  51     15       56
                                      1989
  AVERAGE         79                        63     16       71

PRECIPITATION (IN)
  YESTERDAY        0.00          1.64 1911   0.10  -0.10     0.00
  MONTH TO DATE    1.45                      2.33  -0.88     4.27
  SINCE SEP 1      1.45                      2.33  -0.88     4.27
  SINCE JAN 1     37.30                     27.98   9.32    32.05

SNOWFALL (IN)
  YESTERDAY        0.0           0.0    MM   0.0    0.0      0.0
  MONTH TO DATE    0.0                       0.0    0.0      0.0
  SINCE SEP 1      0.0                       0.0    0.0      0.0
  SINCE JUL 1      0.0                       0.0    0.0      0.0
  SNOW DEPTH       0

DEGREE DAYS
 HEATING
  YESTERDAY        0                         4     -4        0
  MONTH TO DATE    0                        44    -44       18
  SINCE SEP 1      0                        44    -44       18
  SINCE JUL 1      1                        49    -48       24

 COOLING
  YESTERDAY       14                         3     11        6
  MONTH TO DATE  243                       116    127      232
  SINCE SEP 1    243                       116    127      232
  SINCE JAN 1   1519                      1086    433     1327
..................................................................


WIND (MPH)
  HIGHEST WIND SPEED     9   HIGHEST WIND DIRECTION    SE (130)
  HIGHEST GUST SPEED    12   HIGHEST GUST DIRECTION    SE (120)
  AVERAGE WIND SPEED     3.5


SKY COVER
  POSSIBLE SUNSHINE  MM
  AVERAGE SKY COVER 0.1


WEATHER CONDITIONS
 THE FOLLOWING WEATHER WAS RECORDED YESTERDAY.
  FOG
  FOG W/VISIBILITY <= 1/4 MILE
  HAZE


RELATIVE HUMIDITY (PERCENT)
 HIGHEST    93           200 AM
 LOWEST     36           300 PM
 AVERAGE    65

..........................................................


THE SPRINGFIELD IL CLIMATE NORMALS FOR TODAY
                         NORMAL    RECORD    YEAR
 MAXIMUM TEMPERATURE (F)   75        94      1891
 MINIMUM TEMPERATURE (F)   50        36      2001


SUNRISE AND SUNSET
SEPTEMBER 25 2016.....SUNRISE   650 AM CDT   SUNSET   650 PM CDT
SEPTEMBER 26 2016.....SUNRISE   651 AM CDT   SUNSET   648 PM CDT


-  INDICATES NEGATIVE NUMBERS.
R  INDICATES RECORD WAS SET OR TIED.
MM INDICATES DATA IS MISSING.
T  INDICATES TRACE AMOUNT.




$$
