000
CDUS43 KILX 160658
CLISPI


CLIMATE REPORT
NATIONAL WEATHER SERVICE LINCOLN IL
1256 AM CST MON JAN 16 2017


...................................

...THE SPRINGFIELD IL CLIMATE SUMMARY FOR JANUARY 15 2017...

CLIMATE NORMAL PERIOD 1981 TO 2010
CLIMATE RECORD PERIOD 1879 TO 2017


WEATHER ITEM   OBSERVED TIME   RECORD YEAR NORMAL DEPARTURE LAST
                VALUE   (LST)  VALUE       VALUE  FROM      YEAR
                                                  NORMAL
..................................................................
TEMPERATURE (F)
 YESTERDAY
  MAXIMUM         35   1159 PM  65    1949  35      0       46
  MINIMUM         29    453 AM -17    1888  18     11       28
  AVERAGE         32                        26      6       37

PRECIPITATION (IN)
  YESTERDAY        0.01          0.86 1885   0.06  -0.05     0.10
  MONTH TO DATE    0.76                      0.94  -0.18     0.69
  SINCE DEC 1      1.67                      3.46  -1.79     7.25
  SINCE JAN 1      0.76                      0.94  -0.18     0.69

SNOWFALL (IN)
  YESTERDAY        0.0           5.2  1997   0.2   -0.2      0.0
  MONTH TO DATE    0.9                       3.1   -2.2      2.1
  SINCE DEC 1      3.6                       8.7   -5.1      2.2
  SINCE JUL 1      3.6                       9.3   -5.7      2.7
  SNOW DEPTH       0

DEGREE DAYS
 HEATING
  YESTERDAY       33                        39     -6       28
  MONTH TO DATE  562                       574    -12      518
  SINCE DEC 1   1610                      1646    -36     1210
  SINCE JUL 1   2261                      2714   -453     1980

 COOLING
  YESTERDAY        0                         0      0        0
  MONTH TO DATE    0                         0      0        0
  SINCE DEC 1      0                         0      0        0
  SINCE JAN 1      0                         0      0        0
..................................................................


WIND (MPH)
  HIGHEST WIND SPEED    12   HIGHEST WIND DIRECTION    NE (60)
  HIGHEST GUST SPEED    13   HIGHEST GUST DIRECTION    NE (60)
  AVERAGE WIND SPEED     4.7


SKY COVER
  POSSIBLE SUNSHINE  MM
  AVERAGE SKY COVER 0.9


WEATHER CONDITIONS
 THE FOLLOWING WEATHER WAS RECORDED YESTERDAY.
  LIGHT RAIN
  FOG
  HAZE


RELATIVE HUMIDITY (PERCENT)
 HIGHEST    96          1100 PM
 LOWEST     82          1000 AM
 AVERAGE    89

..........................................................


THE SPRINGFIELD IL CLIMATE NORMALS FOR TODAY
                         NORMAL    RECORD    YEAR
 MAXIMUM TEMPERATURE (F)   35        67      1990
 MINIMUM TEMPERATURE (F)   18       -20      1977


SUNRISE AND SUNSET
JANUARY 16 2017.......SUNRISE   718 AM CST   SUNSET   500 PM CST
JANUARY 17 2017.......SUNRISE   717 AM CST   SUNSET   501 PM CST


-  INDICATES NEGATIVE NUMBERS.
R  INDICATES RECORD WAS SET OR TIED.
MM INDICATES DATA IS MISSING.
T  INDICATES TRACE AMOUNT.




$$
