000
CDUS43 KILX 262143
CLISPI


CLIMATE REPORT
NATIONAL WEATHER SERVICE LINCOLN IL
432 PM CDT THU MAY 26 2016


...................................

...THE SPRINGFIELD IL CLIMATE SUMMARY FOR MAY 26 2016...
VALID TODAY AS OF 0400 PM LOCAL TIME.

CLIMATE NORMAL PERIOD 1981 TO 2010
CLIMATE RECORD PERIOD 1879 TO 2016


WEATHER ITEM   OBSERVED TIME   RECORD YEAR NORMAL DEPARTURE LAST
                VALUE   (LST)  VALUE       VALUE  FROM      YEAR
                                                  NORMAL
..................................................................
TEMPERATURE (F)
 TODAY
  MAXIMUM         84    216 PM  95    1911  78      6       79
  MINIMUM         66    759 AM  38    1961  56     10       67
                                      1925
  AVERAGE         75                        67      8       73

PRECIPITATION (IN)
  TODAY            0.48          4.20 1893   0.14   0.34     0.16
  MONTH TO DATE    2.40                      3.53  -1.13     3.65
  SINCE MAR 1     10.76                      9.67   1.09     7.33
  SINCE JAN 1     13.09                     13.30  -0.21    10.61

SNOWFALL (IN)
  TODAY            0.0           0.0    MM   0.0    0.0      0.0
  MONTH TO DATE    0.0                       0.0    0.0      0.0
  SINCE MAR 1      0.1                       2.8   -2.7      3.7
  SINCE JUL 1     15.7                      20.9   -5.2     33.9
  SNOW DEPTH       0

DEGREE DAYS
 HEATING
  TODAY            0                         2     -2        0
  MONTH TO DATE  119                       116      3       70
  SINCE MAR 1    891                      1190   -299     1085
  SINCE JUL 1   4317                      5461  -1144     5654

 COOLING
  TODAY           10                         4      6        8
  MONTH TO DATE   52                        62    -10      132
  SINCE MAR 1     72                        82    -10      142
  SINCE JAN 1     72                        82    -10      142
..................................................................


WIND (MPH)
  HIGHEST WIND SPEED    25   HIGHEST WIND DIRECTION    NW (310)
  HIGHEST GUST SPEED    34   HIGHEST GUST DIRECTION    NW (310)
  AVERAGE WIND SPEED    10.4


SKY COVER
  POSSIBLE SUNSHINE  MM
  AVERAGE SKY COVER 0.5


WEATHER CONDITIONS
 THE FOLLOWING WEATHER WAS RECORDED TODAY.
  THUNDERSTORM
  HEAVY RAIN
  RAIN
  LIGHT RAIN
  FOG


RELATIVE HUMIDITY (PERCENT)
 HIGHEST    93           800 AM
 LOWEST     55           100 PM
 AVERAGE    74

..........................................................


THE SPRINGFIELD IL CLIMATE NORMALS FOR TOMORROW
                         NORMAL    RECORD    YEAR
 MAXIMUM TEMPERATURE (F)   78        94      1911
 MINIMUM TEMPERATURE (F)   56        34      1992


SUNRISE AND SUNSET
MAY 26 2016...........SUNRISE   535 AM CDT   SUNSET   817 PM CDT
MAY 27 2016...........SUNRISE   535 AM CDT   SUNSET   818 PM CDT


-  INDICATES NEGATIVE NUMBERS.
R  INDICATES RECORD WAS SET OR TIED.
MM INDICATES DATA IS MISSING.
T  INDICATES TRACE AMOUNT.




$$
