000
CDUS43 KILX 280628
CLISPI


CLIMATE REPORT
NATIONAL WEATHER SERVICE LINCOLN IL
127 AM CDT TUE MAR 28 2017


...................................

...THE SPRINGFIELD IL CLIMATE SUMMARY FOR MARCH 27 2017...

CLIMATE NORMAL PERIOD 1981 TO 2010
CLIMATE RECORD PERIOD 1879 TO 2017


WEATHER ITEM   OBSERVED TIME   RECORD YEAR NORMAL DEPARTURE LAST
                VALUE   (LST)  VALUE       VALUE  FROM      YEAR
                                                  NORMAL
..................................................................
TEMPERATURE (F)
 YESTERDAY
  MAXIMUM         58    421 PM  84    1910  57      1       61
  MINIMUM         45    333 AM  14    1955  36      9       43
  AVERAGE         52                        46      6       52

PRECIPITATION (IN)
  YESTERDAY        0.20          4.60 1898   0.09   0.11     0.39
  MONTH TO DATE    2.16                      2.25  -0.09     3.43
  SINCE MAR 1      2.16                      2.25  -0.09     3.43
  SINCE JAN 1      3.63                      5.88  -2.25     5.76

SNOWFALL (IN)
  YESTERDAY        0.0           4.7  1934   0.1   -0.1      0.0
  MONTH TO DATE    4.6                       2.4    2.2      0.1
  SINCE MAR 1      4.6                       2.4    2.2      0.1
  SINCE JUL 1     10.3                      20.5  -10.2     15.7
  SNOW DEPTH       0

DEGREE DAYS
 HEATING
  YESTERDAY       13                        19     -6       13
  MONTH TO DATE  542                       639    -97      415
  SINCE MAR 1    542                       639    -97      415
  SINCE JUL 1   3797                      4910  -1113     3841

 COOLING
  YESTERDAY        0                         0      0        0
  MONTH TO DATE    0                         0      0        0
  SINCE MAR 1      0                         0      0        0
  SINCE JAN 1      0                         0      0        0
..................................................................


WIND (MPH)
  HIGHEST WIND SPEED    13   HIGHEST WIND DIRECTION     N (360)
  HIGHEST GUST SPEED    16   HIGHEST GUST DIRECTION     N (350)
  AVERAGE WIND SPEED     6.8


SKY COVER
  POSSIBLE SUNSHINE  MM
  AVERAGE SKY COVER 0.8


WEATHER CONDITIONS
 THE FOLLOWING WEATHER WAS RECORDED YESTERDAY.
  RAIN
  LIGHT RAIN
  FOG


RELATIVE HUMIDITY (PERCENT)
 HIGHEST    96          1100 AM
 LOWEST     86           400 PM
 AVERAGE    91

..........................................................


THE SPRINGFIELD IL CLIMATE NORMALS FOR TODAY
                         NORMAL    RECORD    YEAR
 MAXIMUM TEMPERATURE (F)   57        86      1985
 MINIMUM TEMPERATURE (F)   36        14      1934


SUNRISE AND SUNSET
MARCH 28 2017.........SUNRISE   649 AM CDT   SUNSET   719 PM CDT
MARCH 29 2017.........SUNRISE   647 AM CDT   SUNSET   720 PM CDT


-  INDICATES NEGATIVE NUMBERS.
R  INDICATES RECORD WAS SET OR TIED.
MM INDICATES DATA IS MISSING.
T  INDICATES TRACE AMOUNT.




$$
