000
CDUS44 KOUN 180632 RRC
CLISPS

CLIMATE REPORT
NATIONAL WEATHER SERVICE NORMAN OK
1225 AM CST MON DEC 18 2017


...................................

...THE WICHITA FALLS CLIMATE SUMMARY FOR DECEMBER 17 2017...

CLIMATE NORMAL PERIOD 1981 TO 2010
CLIMATE RECORD PERIOD 1897 TO 2017


WEATHER ITEM   OBSERVED TIME   RECORD YEAR NORMAL DEPARTURE LAST
                VALUE   (LST)  VALUE       VALUE  FROM      YEAR
                                                  NORMAL
..................................................................
TEMPERATURE (F)
 YESTERDAY
  MAXIMUM         59    315 PM  79    2002  54      5       63
  MINIMUM         36   1159 PM  14    2016  30      6       14
                                      1979
                                      1964
  AVERAGE         48                        42      6       39

PRECIPITATION (IN)
  YESTERDAY        0.00          1.25 1898   0.05  -0.05     0.00
  MONTH TO DATE    T                         0.93  -0.93     0.82
  SINCE DEC 1      T                         0.93  -0.93     0.82
  SINCE JAN 1     24.62                     28.23  -3.61    37.16

SNOWFALL (IN)
  YESTERDAY        0.0

DEGREE DAYS
 HEATING
  YESTERDAY       17                        23     -6       26
  MONTH TO DATE  278                       361    -83      391
  SINCE DEC 1    278                       361    -83      391
  SINCE JUL 1    692                       868   -176      642

 COOLING
  YESTERDAY        0                         0      0        0
  MONTH TO DATE    1                         0      1        0
  SINCE DEC 1      1                         0      1        0
  SINCE JAN 1   2326                      2388    -62     2532
..................................................................


WIND (MPH)
  HIGHEST WIND SPEED    17   HIGHEST WIND DIRECTION     S (160)
  HIGHEST GUST SPEED    20   HIGHEST GUST DIRECTION     S (160)
  AVERAGE WIND SPEED     7.5


SKY COVER
  AVERAGE SKY COVER 0.6


WEATHER CONDITIONS
 THE FOLLOWING WEATHER WAS RECORDED YESTERDAY.
  FOG
  FOG W/VISIBILITY <= 1/4 MILE


RELATIVE HUMIDITY (PERCENT)
 HIGHEST    93           700 AM
 LOWEST     47           300 PM
 AVERAGE    70

..........................................................


THE WICHITA FALLS CLIMATE NORMALS FOR TODAY
                         NORMAL    RECORD    YEAR
 MAXIMUM TEMPERATURE (F)   54        77      1970
 MINIMUM TEMPERATURE (F)   30         8      2016


SUNRISE AND SUNSET
DECEMBER 18 2017......SUNRISE   734 AM CST   SUNSET   528 PM CST
DECEMBER 19 2017......SUNRISE   734 AM CST   SUNSET   528 PM CST


-  INDICATES NEGATIVE NUMBERS.
R  INDICATES RECORD WAS SET OR TIED.
MM INDICATES DATA IS MISSING.
T  INDICATES TRACE AMOUNT.




$$
