000
CDUS44 KOUN 270631
CLISPS

CLIMATE REPORT
NATIONAL WEATHER SERVICE NORMAN OK
129 AM CDT TUE JUN 27 2017


...................................

...THE WICHITA FALLS CLIMATE SUMMARY FOR JUNE 26 2017...

CLIMATE NORMAL PERIOD 1981 TO 2010
CLIMATE RECORD PERIOD 1897 TO 2017


WEATHER ITEM   OBSERVED TIME   RECORD YEAR NORMAL DEPARTURE LAST
                VALUE   (LST)  VALUE       VALUE  FROM      YEAR
                                                  NORMAL
..................................................................
TEMPERATURE (F)
 YESTERDAY
  MAXIMUM         86    426 PM 113    1980  94     -8       95
  MINIMUM         67    413 AM  53    1974  70     -3       74
  AVERAGE         77                        82     -5       85

PRECIPITATION (IN)
  YESTERDAY        0.00          1.72 2007   0.10  -0.10     0.00
  MONTH TO DATE    2.40                      3.81  -1.41     3.29
  SINCE JUN 1      2.40                      3.81  -1.41     3.29
  SINCE JAN 1     12.72                     15.30  -2.58    19.78

SNOWFALL (IN)
  YESTERDAY        0.0

DEGREE DAYS
 HEATING
  YESTERDAY        0                         0      0        0
  MONTH TO DATE    0                         0      0        0
  SINCE JUN 1      0                         0      0        0
  SINCE JUL 1   2162                      2968   -806     2312

 COOLING
  YESTERDAY       12                        17     -5       20
  MONTH TO DATE  348                       366    -18      393
  SINCE JUN 1    348                       366    -18      393
  SINCE JAN 1    697                       685     12      646
..................................................................


WIND (MPH)
  HIGHEST WIND SPEED    14   HIGHEST WIND DIRECTION     E (110)
  HIGHEST GUST SPEED    17   HIGHEST GUST DIRECTION    SE (140)
  AVERAGE WIND SPEED     6.5


SKY COVER
  AVERAGE SKY COVER 0.4


WEATHER CONDITIONS
 THE FOLLOWING WEATHER WAS RECORDED YESTERDAY.
  NO SIGNIFICANT WEATHER WAS OBSERVED.


RELATIVE HUMIDITY (PERCENT)
 HIGHEST    90          1100 PM
 LOWEST     59           300 PM
 AVERAGE    75

..........................................................


THE WICHITA FALLS CLIMATE NORMALS FOR TODAY
                         NORMAL    RECORD    YEAR
 MAXIMUM TEMPERATURE (F)   94       116      1980
 MINIMUM TEMPERATURE (F)   70        55      1958


SUNRISE AND SUNSET
JUNE 27 2017..........SUNRISE   625 AM CDT   SUNSET   849 PM CDT
JUNE 28 2017..........SUNRISE   625 AM CDT   SUNSET   849 PM CDT


-  INDICATES NEGATIVE NUMBERS.
R  INDICATES RECORD WAS SET OR TIED.
MM INDICATES DATA IS MISSING.
T  INDICATES TRACE AMOUNT.




$$
