000
CDUS44 KOUN 230638 RRA
CLISPS

CLIMATE REPORT
NATIONAL WEATHER SERVICE NORMAN OK
1237 AM CST THU FEB 23 2017


...................................

...THE WICHITA FALLS CLIMATE SUMMARY FOR FEBRUARY 22 2017...

CLIMATE NORMAL PERIOD 1981 TO 2010
CLIMATE RECORD PERIOD 1897 TO 2017


WEATHER ITEM   OBSERVED TIME   RECORD YEAR NORMAL DEPARTURE LAST
                VALUE   (LST)  VALUE       VALUE  FROM      YEAR
                                                  NORMAL
..................................................................
TEMPERATURE (F)
 YESTERDAY
  MAXIMUM         83    510 PM  93    1996  60     23       64
  MINIMUM         40    706 AM  18    1968  35      5       36
  AVERAGE         62                        48     14       50

PRECIPITATION (IN)
  YESTERDAY        0.00          2.12 1932   0.07  -0.07     0.26
  MONTH TO DATE    2.10                      1.30   0.80     0.27
  SINCE JAN 1      3.97                      2.44   1.53     0.70

SNOWFALL (IN)
  YESTERDAY        0.0                       0.1   -0.1      0.0
  MONTH TO DATE    0.0                       0.6   -0.6      0.0
  SINCE JUL 1      T                         3.3   -3.3      2.6
  SNOW DEPTH       0

DEGREE DAYS
 HEATING
  YESTERDAY        3                        18    -15       15
  MONTH TO DATE  257                       438   -181      299
  SINCE JUL 1   1785                      2348   -563     1868
..................................................................


WIND (MPH)
  HIGHEST WIND SPEED    22   HIGHEST WIND DIRECTION     S (200)
  HIGHEST GUST SPEED    26   HIGHEST GUST DIRECTION     S (200)
  AVERAGE WIND SPEED     7.6


SKY COVER
  AVERAGE SKY COVER 0.1


WEATHER CONDITIONS
 THE FOLLOWING WEATHER WAS RECORDED YESTERDAY.
  NO SIGNIFICANT WEATHER WAS OBSERVED.


RELATIVE HUMIDITY (PERCENT)
 HIGHEST    89           600 AM
 LOWEST     18           500 PM
 AVERAGE    54

..........................................................


THE WICHITA FALLS CLIMATE NORMALS FOR TODAY
                         NORMAL    RECORD    YEAR
 MAXIMUM TEMPERATURE (F)   60        85      1982
 MINIMUM TEMPERATURE (F)   36        18      1968
                                             1965


SUNRISE AND SUNSET
FEBRUARY 23 2017......SUNRISE   709 AM CST   SUNSET   625 PM CST
FEBRUARY 24 2017......SUNRISE   708 AM CST   SUNSET   626 PM CST


-  INDICATES NEGATIVE NUMBERS.
R  INDICATES RECORD WAS SET OR TIED.
MM INDICATES DATA IS MISSING.
T  INDICATES TRACE AMOUNT.




$$
