000
CDUS44 KOUN 250658 RRA
CLISPS

CLIMATE REPORT
NATIONAL WEATHER SERVICE NORMAN OK
1237 AM CST THU DEC 25 2014


...................................

...THE WICHITA FALLS CLIMATE SUMMARY FOR DECEMBER 24 2014...

CLIMATE NORMAL PERIOD 1981 TO 2010
CLIMATE RECORD PERIOD 1897 TO 2014


WEATHER ITEM   OBSERVED TIME   RECORD YEAR NORMAL DEPARTURE LAST
                VALUE   (LST)  VALUE       VALUE  FROM      YEAR
                                                  NORMAL
..................................................................
TEMPERATURE (F)
 YESTERDAY
  MAXIMUM         50    450 PM  87    1955  53     -3       54
  MINIMUM         33   1004 PM   6    1983  30      3       23
  AVERAGE         42                        41      1       39

PRECIPITATION (IN)
  YESTERDAY        0.00          1.31 2009   0.05  -0.05     0.00
  MONTH TO DATE    0.80                      1.29  -0.49     1.29
  SINCE JAN 1     23.62                     28.59  -4.97    21.33

SNOWFALL (IN)
  YESTERDAY        0.0                       0.0    0.0      0.0
  MONTH TO DATE    0.0                       0.7   -0.7      0.5
  SINCE JUL 1      0.3                       1.0   -0.7      0.7
  SNOW DEPTH       0

DEGREE DAYS
 HEATING
  YESTERDAY       23                        24     -1       26
  MONTH TO DATE  396                       524   -128      625
  SINCE JUL 1    908                      1031   -123     1183
..................................................................


WIND (MPH)
  HIGHEST WIND SPEED    23   HIGHEST WIND DIRECTION    NW (330)
  HIGHEST GUST SPEED    28   HIGHEST GUST DIRECTION    NW (330)
  AVERAGE WIND SPEED    13.4


SKY COVER
  AVERAGE SKY COVER 0.3


WEATHER CONDITIONS
 THE FOLLOWING WEATHER WAS RECORDED YESTERDAY.
  NO SIGNIFICANT WEATHER WAS OBSERVED.


RELATIVE HUMIDITY (PERCENT)
 HIGHEST    75           800 AM
 LOWEST     36           400 PM
 AVERAGE    56

..........................................................


THE WICHITA FALLS CLIMATE NORMALS FOR TODAY
                         NORMAL    RECORD    YEAR
 MAXIMUM TEMPERATURE (F)   53        75      1971
                                             1942
 MINIMUM TEMPERATURE (F)   30         5      1983


SUNRISE AND SUNSET
DECEMBER 25 2014......SUNRISE   737 AM CST   SUNSET   531 PM CST
DECEMBER 26 2014......SUNRISE   738 AM CST   SUNSET   532 PM CST


-  INDICATES NEGATIVE NUMBERS.
R  INDICATES RECORD WAS SET OR TIED.
MM INDICATES DATA IS MISSING.
T  INDICATES TRACE AMOUNT.




$$
