000
CDUS44 KOUN 302215
CLISPS

CLIMATE REPORT
NATIONAL WEATHER SERVICE NORMAN OK
511 PM CDT TUE JUN 30 2015


...................................

...THE WICHITA FALLS CLIMATE SUMMARY FOR JUNE 30 2015...
VALID TODAY AS OF 0500 PM LOCAL TIME.

CLIMATE NORMAL PERIOD 1981 TO 2010
CLIMATE RECORD PERIOD 1897 TO 2015


WEATHER ITEM   OBSERVED TIME   RECORD YEAR NORMAL DEPARTURE LAST
                VALUE   (LST)  VALUE       VALUE  FROM      YEAR
                                                  NORMAL
..................................................................
TEMPERATURE (F)
 TODAY
  MAXIMUM         94    359 PM 110    1980  95     -1      100
  MINIMUM         68    524 AM  61    1924  70     -2       77
  AVERAGE         81                        83     -2       89

PRECIPITATION (IN)
  TODAY            0.00          1.25 1987   0.08  -0.08     0.00
  MONTH TO DATE    4.19                      4.15   0.04     3.14
  SINCE JAN 1     29.30                     15.64  13.66     8.24

DEGREE DAYS
 COOLING
  TODAY           16                        18     -2       24
  MONTH TO DATE  454                       436     18      500
  SINCE JAN 1    692                       755    -63      890
..................................................................


WIND (MPH)
  HIGHEST WIND SPEED    14   HIGHEST WIND DIRECTION     S (190)
  HIGHEST GUST SPEED    15   HIGHEST GUST DIRECTION     S (180)
  AVERAGE WIND SPEED     5.8


SKY COVER
  AVERAGE SKY COVER 0.1


WEATHER CONDITIONS
 THE FOLLOWING WEATHER WAS RECORDED TODAY.
  NO SIGNIFICANT WEATHER WAS OBSERVED.


RELATIVE HUMIDITY (PERCENT)
 HIGHEST    90           600 AM
 LOWEST     39           400 PM
 AVERAGE    65

..........................................................


THE WICHITA FALLS CLIMATE NORMALS FOR TOMORROW
                         NORMAL    RECORD    YEAR
 MAXIMUM TEMPERATURE (F)   95       113      1980
 MINIMUM TEMPERATURE (F)   71        59      1995


SUNRISE AND SUNSET
JUNE 30 2015..........SUNRISE   626 AM CDT   SUNSET   849 PM CDT
JULY  1 2015..........SUNRISE   626 AM CDT   SUNSET   849 PM CDT


-  INDICATES NEGATIVE NUMBERS.
R  INDICATES RECORD WAS SET OR TIED.
MM INDICATES DATA IS MISSING.
T  INDICATES TRACE AMOUNT.




$$
