000
CDUS44 KOUN 230631
CLISPS

CLIMATE REPORT
NATIONAL WEATHER SERVICE NORMAN OK
129 AM CDT WED JUL 23 2014


...................................

...THE WICHITA FALLS CLIMATE SUMMARY FOR JULY 22 2014...

CLIMATE NORMAL PERIOD 1981 TO 2010
CLIMATE RECORD PERIOD 1897 TO 2014


WEATHER ITEM   OBSERVED TIME   RECORD YEAR NORMAL DEPARTURE LAST
                VALUE   (LST)  VALUE       VALUE  FROM      YEAR
                                                  NORMAL
..................................................................
TEMPERATURE (F)
 YESTERDAY
  MAXIMUM         96    400 PM 109    1974  98     -2       97
                                      1939
  MINIMUM         74    559 AM  56    1970  72      2       74
  AVERAGE         85                        85      0       86

PRECIPITATION (IN)
  YESTERDAY        0.00          0.70 1901   0.05  -0.05     0.00
  MONTH TO DATE    4.41                      1.15   3.26     2.58
  SINCE JAN 1     12.65                     16.79  -4.14    12.70

DEGREE DAYS
 COOLING
  YESTERDAY       20                        20      0       21
  MONTH TO DATE  349                       420    -71      395
  SINCE JAN 1   1239                      1175     64     1282
..................................................................


WIND (MPH)
  HIGHEST WIND SPEED    14   HIGHEST WIND DIRECTION    SE (130)
  HIGHEST GUST SPEED    20   HIGHEST GUST DIRECTION    SE (120)
  AVERAGE WIND SPEED     6.1


SKY COVER
  AVERAGE SKY COVER 0.1


WEATHER CONDITIONS
 THE FOLLOWING WEATHER WAS RECORDED YESTERDAY.
  FOG
  HAZE


RELATIVE HUMIDITY (PERCENT)
 HIGHEST    94           700 AM
 LOWEST     42           500 PM
 AVERAGE    68

..........................................................


THE WICHITA FALLS CLIMATE NORMALS FOR TODAY
                         NORMAL    RECORD    YEAR
 MAXIMUM TEMPERATURE (F)   98       110      1974
 MINIMUM TEMPERATURE (F)   72        54      1970


SUNRISE AND SUNSET
JULY 23 2014..........SUNRISE   639 AM CDT   SUNSET   841 PM CDT
JULY 24 2014..........SUNRISE   640 AM CDT   SUNSET   841 PM CDT


-  INDICATES NEGATIVE NUMBERS.
R  INDICATES RECORD WAS SET OR TIED.
MM INDICATES DATA IS MISSING.
T  INDICATES TRACE AMOUNT.




$$
