000
CDUS42 KTBW 122215
CLISRQ


CLIMATE REPORT
NATIONAL WEATHER SERVICE TAMPA BAY FL
515 PM EST TUE DEC 12 2017


...................................

...THE SARASOTA BRADENTON CLIMATE SUMMARY FOR DECEMBER 12 2017...
VALID TODAY AS OF 0500 PM LOCAL TIME.

CLIMATE NORMAL PERIOD 1981 TO 2010
CLIMATE RECORD PERIOD 1911 TO 2017


WEATHER ITEM   OBSERVED TIME   RECORD YEAR NORMAL DEPARTURE LAST
                VALUE   (LST)  VALUE       VALUE  FROM      YEAR
                                                  NORMAL
..................................................................
TEMPERATURE (F)
 TODAY
  MAXIMUM         74    149 PM  85    2015  74      0       79
                                      2007
                                      2001
  MINIMUM         45    101 AM  26    1957  54     -9       63
  AVERAGE         60                        64     -4       71

PRECIPITATION (IN)
  TODAY            0.00          1.54 1935   0.09  -0.09     0.00
  MONTH TO DATE    1.04                      0.85   0.19     1.22
  SINCE DEC 1      1.04                      0.85   0.19     1.22
  SINCE JAN 1     65.23                     51.33  13.90    49.08

DEGREE DAYS
 HEATING
  TODAY            5                         4      1        0
  MONTH TO DATE   34                        35     -1        9
  SINCE DEC 1     34                        35     -1        9
  SINCE JUL 1     47                        68    -21       20

 COOLING
  TODAY            0                         3     -3        6
  MONTH TO DATE   54                        36     18       57
  SINCE DEC 1     54                        36     18       57
  SINCE JAN 1   3757                      3336    421     4083
..................................................................


WIND (MPH)
  RESULTANT WIND SPEED   4   RESULTANT WIND DIRECTION   W (270)
  HIGHEST WIND SPEED    21   HIGHEST WIND DIRECTION    NW (300)
  HIGHEST GUST SPEED    25   HIGHEST GUST DIRECTION    NW (300)
  AVERAGE WIND SPEED     9.1


SKY COVER
  POSSIBLE SUNSHINE  MM
  AVERAGE SKY COVER 0.3


WEATHER CONDITIONS
 THE FOLLOWING WEATHER WAS RECORDED TODAY.
  NO SIGNIFICANT WEATHER WAS OBSERVED.


RELATIVE HUMIDITY (PERCENT)
 HIGHEST   100          1200 AM
 LOWEST     49          1200 PM

..........................................................


THE SARASOTA BRADENTON CLIMATE NORMALS FOR TOMORROW
                         NORMAL    RECORD    YEAR
 MAXIMUM TEMPERATURE (F)   74        87      1965
 MINIMUM TEMPERATURE (F)   54        22      1962


SUNRISE AND SUNSET
DECEMBER 12 2017......SUNRISE   711 AM EST   SUNSET   537 PM EST
DECEMBER 13 2017......SUNRISE   712 AM EST   SUNSET   538 PM EST


-  INDICATES NEGATIVE NUMBERS.
R  INDICATES RECORD WAS SET OR TIED.
MM INDICATES DATA IS MISSING.
T  INDICATES TRACE AMOUNT.




$$


&&
------------------------------------------------------------------
******************** SUPPLEMENTAL DATA ***************************

...GULF WATER TEMPERATURE AT VENICE 68 DEGREES
