000
CDUS42 KTBW 262114
CLISRQ


CLIMATE REPORT
NATIONAL WEATHER SERVICE TAMPA BAY FL
513 PM EDT MON JUN 26 2017


...................................

...THE SARASOTA BRADENTON CLIMATE SUMMARY FOR JUNE 26 2017...
VALID TODAY AS OF 0500 PM LOCAL TIME.

CLIMATE NORMAL PERIOD 1981 TO 2010
CLIMATE RECORD PERIOD 1911 TO 2017


WEATHER ITEM   OBSERVED TIME   RECORD YEAR NORMAL DEPARTURE LAST
                VALUE   (LST)  VALUE       VALUE  FROM      YEAR
                                                  NORMAL
..................................................................
TEMPERATURE (F)
 TODAY
  MAXIMUM         89    157 PM  97    2007  89      0       95
                                      1939
  MINIMUM         77    605 AM  63    1937  74      3       73
  AVERAGE         83                        82      1       84

PRECIPITATION (IN)
  TODAY            0.01          7.67 1992   0.31  -0.30     0.86
  MONTH TO DATE   10.48                      6.19   4.29     6.73
  SINCE JUN 1     10.48                      6.19   4.29     6.73
  SINCE JAN 1     18.76                     19.89  -1.13    19.01

DEGREE DAYS
 HEATING
  TODAY            0                         0      0        0
  MONTH TO DATE    0                         0      0        0
  SINCE JUN 1      0                         0      0        0
  SINCE JUL 1    202                       477   -275      320

 COOLING
  TODAY           18                        17      1       19
  MONTH TO DATE  416                       405     11      481
  SINCE JUN 1    416                       405     11      481
  SINCE JAN 1   1453                      1156    297     1445
..................................................................


WIND (MPH)
  RESULTANT WIND SPEED   2   RESULTANT WIND DIRECTION  SW (230)
  HIGHEST WIND SPEED    16   HIGHEST WIND DIRECTION     S (170)
  HIGHEST GUST SPEED    19   HIGHEST GUST DIRECTION    NE (40)
  AVERAGE WIND SPEED     5.7


SKY COVER
  POSSIBLE SUNSHINE  MM
  AVERAGE SKY COVER 0.8


WEATHER CONDITIONS
 THE FOLLOWING WEATHER WAS RECORDED TODAY.
  THUNDERSTORM
  LIGHT RAIN
  FOG


RELATIVE HUMIDITY (PERCENT)
 HIGHEST    88           600 AM
 LOWEST     63           100 PM

..........................................................


THE SARASOTA BRADENTON CLIMATE NORMALS FOR TOMORROW
                         NORMAL    RECORD    YEAR
 MAXIMUM TEMPERATURE (F)   89        97      2014
 MINIMUM TEMPERATURE (F)   74        64      1966


SUNRISE AND SUNSET
JUNE 26 2017..........SUNRISE   637 AM EDT   SUNSET   829 PM EDT
JUNE 27 2017..........SUNRISE   638 AM EDT   SUNSET   829 PM EDT


-  INDICATES NEGATIVE NUMBERS.
R  INDICATES RECORD WAS SET OR TIED.
MM INDICATES DATA IS MISSING.
T  INDICATES TRACE AMOUNT.




$$


&&
------------------------------------------------------------------
******************** SUPPLEMENTAL DATA ***************************

...GULF WATER TEMPERATURE AT VENICE 88 DEGREES
