000
CDUS42 KTBW 312148
CLISRQ


CLIMATE REPORT
NATIONAL WEATHER SERVICE TAMPA BAY FL
546 PM EDT WED AUG 31 2016


...................................

...THE SARASOTA BRADENTON CLIMATE SUMMARY FOR AUGUST 31 2016...
VALID TODAY AS OF 0500 PM LOCAL TIME.

CLIMATE NORMAL PERIOD 1981 TO 2010
CLIMATE RECORD PERIOD 1911 TO 2016


WEATHER ITEM   OBSERVED TIME   RECORD YEAR NORMAL DEPARTURE LAST
                VALUE   (LST)  VALUE       VALUE  FROM      YEAR
                                                  NORMAL
..................................................................
TEMPERATURE (F)
 TODAY
  MAXIMUM         80   1056 AM  97    1970  90    -10       87
  MINIMUM         75    335 PM  65    1927  75      0       76
  AVERAGE         78                        82     -4       82

PRECIPITATION (IN)
  TODAY            5.76R         1.82 1988   0.28   5.48     0.05
  MONTH TO DATE   12.50                      9.14   3.36     4.47
  SINCE JUN 1     25.44                     24.63   0.81    15.01
  SINCE JAN 1     37.72                     38.33  -0.61    27.33

DEGREE DAYS
 HEATING
  TODAY            0                         0      0        0
  MONTH TO DATE    0                         0      0        0
  SINCE JUN 1      0                         0      0        0
  SINCE JUL 1      0                         0      0        0

 COOLING
  TODAY           13                        17     -4       17
  MONTH TO DATE  618                       535     83      547
  SINCE JUN 1   1815                      1546    269     1595
  SINCE JAN 1   2779                      2297    482     2635
..................................................................


WIND (MPH)
  RESULTANT WIND SPEED   6   RESULTANT WIND DIRECTION   E (110)
  HIGHEST WIND SPEED    24   HIGHEST WIND DIRECTION     S (170)
  HIGHEST GUST SPEED    33   HIGHEST GUST DIRECTION     S (200)
  AVERAGE WIND SPEED     7.5


SKY COVER
  POSSIBLE SUNSHINE  MM
  AVERAGE SKY COVER 0.8


WEATHER CONDITIONS
 THE FOLLOWING WEATHER WAS RECORDED TODAY.
  THUNDERSTORM
  HEAVY RAIN
  RAIN
  LIGHT RAIN
  FOG
  FOG W/VISIBILITY <= 1/4 MILE
  HAZE


RELATIVE HUMIDITY (PERCENT)
 HIGHEST    91           400 AM
 LOWEST     85           100 AM

..........................................................


THE SARASOTA BRADENTON CLIMATE NORMALS FOR TOMORROW
                         NORMAL    RECORD    YEAR
 MAXIMUM TEMPERATURE (F)   90        96      2014
 MINIMUM TEMPERATURE (F)   75        63      1927


SUNRISE AND SUNSET
AUGUST 31 2016........SUNRISE   709 AM EDT   SUNSET   751 PM EDT
SEPTEMBER  1 2016.....SUNRISE   709 AM EDT   SUNSET   750 PM EDT


-  INDICATES NEGATIVE NUMBERS.
R  INDICATES RECORD WAS SET OR TIED.
MM INDICATES DATA IS MISSING.
T  INDICATES TRACE AMOUNT.




$$


&&
------------------------------------------------------------------
******************** SUPPLEMENTAL DATA ***************************

...GULF WATER TEMPERATURE AT VENICE 83 DEGREES
