000
CDUS42 KTBW 192118
CLISRQ


CLIMATE REPORT
NATIONAL WEATHER SERVICE TAMPA BAY FL
514 PM EDT TUE AUG 19 2014


...................................

...THE SARASOTA BRADENTON CLIMATE SUMMARY FOR AUGUST 19 2014...
VALID TODAY AS OF 0500 PM LOCAL TIME.

CLIMATE NORMAL PERIOD 1981 TO 2010
CLIMATE RECORD PERIOD 1911 TO 2014


WEATHER ITEM   OBSERVED TIME   RECORD YEAR NORMAL DEPARTURE LAST
                VALUE   (LST)  VALUE       VALUE  FROM      YEAR
                                                  NORMAL
..................................................................
TEMPERATURE (F)
 TODAY
  MAXIMUM         93    225 PM  96    2007  90      3       93
                                      1973
                                      1924
  MINIMUM         77    516 AM  69    1974  74      3       75
  AVERAGE         85                        82      3       84

PRECIPITATION (IN)
  TODAY            0.00          4.04 1922   0.30  -0.30     0.81
  MONTH TO DATE    1.33                      5.57  -4.24     5.22
  SINCE JUN 1     10.46                     21.06 -10.60    24.37
  SINCE JAN 1     28.84                     34.76  -5.92    32.51

DEGREE DAYS
 HEATING
  TODAY            0                         0      0        0
  MONTH TO DATE    0                         0      0        0
  SINCE JUN 1      0                         0      0        0
  SINCE JUL 1      0                         0      0        0

 COOLING
  TODAY           20                        17      3       19
  MONTH TO DATE  382                       323     59      359
  SINCE JUN 1   1489                      1334    155     1421
  SINCE JAN 1   2301                      2085    216     2289
..................................................................


WIND (MPH)
  RESULTANT WIND SPEED   3   RESULTANT WIND DIRECTION   W (260)
  HIGHEST WIND SPEED    14   HIGHEST WIND DIRECTION     W (280)
  HIGHEST GUST SPEED    18   HIGHEST GUST DIRECTION     W (270)
  AVERAGE WIND SPEED     3.7


SKY COVER
  POSSIBLE SUNSHINE  MM
  AVERAGE SKY COVER 0.0


WEATHER CONDITIONS
 THE FOLLOWING WEATHER WAS RECORDED TODAY.
  NO SIGNIFICANT WEATHER WAS OBSERVED.


RELATIVE HUMIDITY (PERCENT)
 HIGHEST    94           500 AM
 LOWEST     56          1100 AM

..........................................................


THE SARASOTA BRADENTON CLIMATE NORMALS FOR TOMORROW
                         NORMAL    RECORD    YEAR
 MAXIMUM TEMPERATURE (F)   90        96      2007
                                             1973
 MINIMUM TEMPERATURE (F)   74        65      1971


SUNRISE AND SUNSET
AUGUST 19 2014........SUNRISE   703 AM EDT   SUNSET   804 PM EDT
AUGUST 20 2014........SUNRISE   704 AM EDT   SUNSET   803 PM EDT


-  INDICATES NEGATIVE NUMBERS.
R  INDICATES RECORD WAS SET OR TIED.
MM INDICATES DATA IS MISSING.
T  INDICATES TRACE AMOUNT.




$$


&&
------------------------------------------------------------------
******************** SUPPLEMENTAL DATA ***************************

...GULF WATER TEMPERATURE AT NEW PASS 89
