000
CDUS42 KTBW 172118
CLISRQ


CLIMATE REPORT
NATIONAL WEATHER SERVICE TAMPA BAY FL
515 PM EDT THU AUG 17 2017


...................................

...THE SARASOTA BRADENTON CLIMATE SUMMARY FOR AUGUST 17 2017...
VALID TODAY AS OF 0500 PM LOCAL TIME.

CLIMATE NORMAL PERIOD 1981 TO 2010
CLIMATE RECORD PERIOD 1911 TO 2017


WEATHER ITEM   OBSERVED TIME   RECORD YEAR NORMAL DEPARTURE LAST
                VALUE   (LST)  VALUE       VALUE  FROM      YEAR
                                                  NORMAL
..................................................................
TEMPERATURE (F)
 TODAY
  MAXIMUM         93   1231 PM  97    1973  90      3       96
                                      1925
  MINIMUM         74    217 PM  67    1927  74      0       76
                                      1920
  AVERAGE         84                        82      2       86

PRECIPITATION (IN)
  TODAY            0.53          4.00 1922   0.31   0.22     0.56
  MONTH TO DATE    1.99                      4.95  -2.96     4.42
  SINCE JUN 1     22.25                     20.44   1.81    17.36
  SINCE JAN 1     30.53                     34.14  -3.61    29.64

DEGREE DAYS
 HEATING
  TODAY            0                         0      0        0
  MONTH TO DATE    0                         0      0        0
  SINCE JUN 1      0                         0      0        0
  SINCE JUL 1      0                         0      0        0

 COOLING
  TODAY           19                        17      2       21
  MONTH TO DATE  322                       289     33      330
  SINCE JUN 1   1371                      1300     71     1527
  SINCE JAN 1   2408                      2051    357     2491
..................................................................


WIND (MPH)
  RESULTANT WIND SPEED   2   RESULTANT WIND DIRECTION   E (110)
  HIGHEST WIND SPEED    22   HIGHEST WIND DIRECTION     E (110)
  HIGHEST GUST SPEED    30   HIGHEST GUST DIRECTION    SE (120)
  AVERAGE WIND SPEED     3.5


SKY COVER
  POSSIBLE SUNSHINE  MM
  AVERAGE SKY COVER 0.1


WEATHER CONDITIONS
 THE FOLLOWING WEATHER WAS RECORDED TODAY.
  THUNDERSTORM
  HEAVY RAIN
  RAIN
  LIGHT RAIN
  FOG


RELATIVE HUMIDITY (PERCENT)
 HIGHEST    91           200 AM
 LOWEST     56          1100 AM

..........................................................


THE SARASOTA BRADENTON CLIMATE NORMALS FOR TOMORROW
                         NORMAL    RECORD    YEAR
 MAXIMUM TEMPERATURE (F)   90        96      1995
                                             1990
 MINIMUM TEMPERATURE (F)   74        67      1927


SUNRISE AND SUNSET
AUGUST 17 2017........SUNRISE   702 AM EDT   SUNSET   806 PM EDT
AUGUST 18 2017........SUNRISE   703 AM EDT   SUNSET   805 PM EDT


-  INDICATES NEGATIVE NUMBERS.
R  INDICATES RECORD WAS SET OR TIED.
MM INDICATES DATA IS MISSING.
T  INDICATES TRACE AMOUNT.




$$


&&
------------------------------------------------------------------
******************** SUPPLEMENTAL DATA ***************************

...GULF WATER TEMPERATURE AT VENICE 92 DEGREES
