000
CDUS42 KTBW 212115
CLISRQ


CLIMATE REPORT
NATIONAL WEATHER SERVICE TAMPA BAY FL
513 PM EDT SAT OCT 21 2017


...................................

...THE SARASOTA BRADENTON CLIMATE SUMMARY FOR OCTOBER 21 2017...
VALID TODAY AS OF 0500 PM LOCAL TIME.

CLIMATE NORMAL PERIOD 1981 TO 2010
CLIMATE RECORD PERIOD 1911 TO 2017


WEATHER ITEM   OBSERVED TIME   RECORD YEAR NORMAL DEPARTURE LAST
                VALUE   (LST)  VALUE       VALUE  FROM      YEAR
                                                  NORMAL
..................................................................
TEMPERATURE (F)
 TODAY
  MAXIMUM         87    154 PM  91    1973  84      3       87
  MINIMUM         72    706 AM  46    1989  66      6       68
                                      1964
  AVERAGE         80                        75      5       78

PRECIPITATION (IN)
  TODAY            0.00          1.12 1970   0.08  -0.08     0.00
  MONTH TO DATE    0.31                      2.34  -2.03     2.64
  SINCE SEP 1     11.92                      9.44   2.48     8.12
  SINCE JAN 1     61.43                     47.77  13.66    47.84

DEGREE DAYS
 HEATING
  TODAY            0                         0      0        0
  MONTH TO DATE    0                         0      0        0
  SINCE SEP 1      0                         0      0        0
  SINCE JUL 1      0                         0      0        0

 COOLING
  TODAY           15                        10      5       13
  MONTH TO DATE  346                       265     81      344
  SINCE SEP 1    809                       757     52      919
  SINCE JAN 1   3468                      3054    414     3698
..................................................................


WIND (MPH)
  RESULTANT WIND SPEED  12   RESULTANT WIND DIRECTION   E (80)
  HIGHEST WIND SPEED    22   HIGHEST WIND DIRECTION     E (100)
  HIGHEST GUST SPEED    27   HIGHEST GUST DIRECTION     E (80)
  AVERAGE WIND SPEED    12.2


SKY COVER
  POSSIBLE SUNSHINE  MM
  AVERAGE SKY COVER 0.1


WEATHER CONDITIONS
 THE FOLLOWING WEATHER WAS RECORDED TODAY.
  NO SIGNIFICANT WEATHER WAS OBSERVED.


RELATIVE HUMIDITY (PERCENT)
 HIGHEST    93           200 AM
 LOWEST     55           200 PM

..........................................................


THE SARASOTA BRADENTON CLIMATE NORMALS FOR TOMORROW
                         NORMAL    RECORD    YEAR
 MAXIMUM TEMPERATURE (F)   84        92      1993
 MINIMUM TEMPERATURE (F)   66        46      1989
                                             1913


SUNRISE AND SUNSET
OCTOBER 21 2017.......SUNRISE   734 AM EDT   SUNSET   655 PM EDT
OCTOBER 22 2017.......SUNRISE   734 AM EDT   SUNSET   654 PM EDT


-  INDICATES NEGATIVE NUMBERS.
R  INDICATES RECORD WAS SET OR TIED.
MM INDICATES DATA IS MISSING.
T  INDICATES TRACE AMOUNT.




$$


&&
------------------------------------------------------------------
******************** SUPPLEMENTAL DATA ***************************

...GULF WATER TEMPERATURE AT VENICE 81 DEGREES.
