000
CDUS42 KJAX 040532
CLISSI


CLIMATE REPORT
NATIONAL WEATHER SERVICE JACKSONVILLE FL
1231 AM EST SUN DEC 4 2016


...................................

...THE ST SIMONS ISLAND CLIMATE SUMMARY FOR DECEMBER 3 2016...

CLIMATE NORMAL PERIOD 1981 TO 2010
CLIMATE RECORD PERIOD 1948 TO 2016


WEATHER ITEM   OBSERVED TIME   RECORD YEAR NORMAL DEPARTURE LAST
                VALUE   (LST)  VALUE       VALUE  FROM      YEAR
                                                  NORMAL
..................................................................
TEMPERATURE (F)
 YESTERDAY
  MAXIMUM         65    153 PM  80    1991  66     -1       65
  MINIMUM         48    723 AM  31    1988  48      0       52
                                      1960
  AVERAGE         57                        57      0       59

PRECIPITATION (IN)
  YESTERDAY        0.00          2.23 1971   0.08  -0.08     0.00
  MONTH TO DATE    0.18                      0.24  -0.06      T
  SINCE DEC 1      0.18                      0.24  -0.06      T
  SINCE JAN 1     43.43                     42.60   0.83    52.00

SNOWFALL (IN)
  YESTERDAY        0.0           0.0    MM                   0.0
  MONTH TO DATE    0.0                                       0.0
  SINCE DEC 1      0.0                                       0.0
  SINCE JUL 1      0.0                                       0.0
  SNOW DEPTH       0

DEGREE DAYS
 HEATING
  YESTERDAY        8                         9     -1        6
  MONTH TO DATE   19                        26     -7        6
  SINCE DEC 1     19                        26     -7        6
  SINCE JUL 1    124                       206    -82       71

 COOLING
  YESTERDAY        0                         1     -1        0
  MONTH TO DATE    0                         3     -3        8
  SINCE DEC 1      0                         3     -3        8
  SINCE JAN 1   3001                      2618    383     2817
..................................................................


WIND (MPH)
  HIGHEST WIND SPEED    16   HIGHEST WIND DIRECTION    NE (50)
  HIGHEST GUST SPEED    25   HIGHEST GUST DIRECTION     E (70)
  AVERAGE WIND SPEED     8.9


SKY COVER
  POSSIBLE SUNSHINE  MM
  AVERAGE SKY COVER 0.2


WEATHER CONDITIONS
 THE FOLLOWING WEATHER WAS RECORDED YESTERDAY.
  NO SIGNIFICANT WEATHER WAS OBSERVED.


RELATIVE HUMIDITY (PERCENT)
 HIGHEST    72           700 PM
 LOWEST     43           200 PM
 AVERAGE    58

..........................................................


THE ST SIMONS ISLAND CLIMATE NORMALS FOR TODAY
                         NORMAL    RECORD    YEAR
 MAXIMUM TEMPERATURE (F)   65        83      1978
 MINIMUM TEMPERATURE (F)   48        28      1989
                                             1960


SUNRISE AND SUNSET
DECEMBER  4 2016......SUNRISE   709 AM EST   SUNSET   523 PM EST
DECEMBER  5 2016......SUNRISE   710 AM EST   SUNSET   523 PM EST


-  INDICATES NEGATIVE NUMBERS.
R  INDICATES RECORD WAS SET OR TIED.
MM INDICATES DATA IS MISSING.
T  INDICATES TRACE AMOUNT.




$$
