000
CDUS42 KJAX 210530
CLISSI


CLIMATE REPORT
NATIONAL WEATHER SERVICE JACKSONVILLE FL
130 AM EDT TUE OCT 21 2014


...................................

...THE ST SIMONS ISLAND CLIMATE SUMMARY FOR OCTOBER 20 2014...

CLIMATE NORMAL PERIOD 1981 TO 2010
CLIMATE RECORD PERIOD 1948 TO 2014


WEATHER ITEM   OBSERVED TIME   RECORD YEAR NORMAL DEPARTURE LAST
                VALUE   (LST)  VALUE       VALUE  FROM      YEAR
                                                  NORMAL
..................................................................
TEMPERATURE (F)
 YESTERDAY
  MAXIMUM         77    329 PM  87    2006  77      0       75
  MINIMUM         54    535 AM  40    1989  61     -7       63
  AVERAGE         66                        69     -3       69

PRECIPITATION (IN)
  YESTERDAY        0.00          1.49 1970   0.12  -0.12     0.00
  MONTH TO DATE    2.83                      3.35  -0.52     1.13
  SINCE SEP 1      8.47                      9.11  -0.64    12.02
  SINCE JAN 1     39.22                     39.22   0.00    46.96

SNOWFALL (IN)
  YESTERDAY        0.0           0.0    MM                   0.0
  MONTH TO DATE    0.0                                       0.0
  SINCE SEP 1      0.0                                       0.0
  SINCE JUL 1      0.0                                       0.0
  SNOW DEPTH       0

DEGREE DAYS
 HEATING
  YESTERDAY        0                         1     -1        0
  MONTH TO DATE    5                        10     -5        0
  SINCE SEP 1      5                        10     -5        0
  SINCE JUL 1      5                        10     -5        0

 COOLING
  YESTERDAY        1                         5     -4        4
  MONTH TO DATE  145                       146     -1      162
  SINCE SEP 1    529                       541    -12      574
  SINCE JAN 1   2534                      2517     17     2519
..................................................................


WIND (MPH)
  HIGHEST WIND SPEED    12   HIGHEST WIND DIRECTION     E (110)
  HIGHEST GUST SPEED    15   HIGHEST GUST DIRECTION     E (100)
  AVERAGE WIND SPEED     4.5


SKY COVER
  POSSIBLE SUNSHINE  MM
  AVERAGE SKY COVER 0.1


WEATHER CONDITIONS
 THE FOLLOWING WEATHER WAS RECORDED YESTERDAY.
  NO SIGNIFICANT WEATHER WAS OBSERVED.


RELATIVE HUMIDITY (PERCENT)
 HIGHEST   100           200 AM
 LOWEST     56           300 PM
 AVERAGE    78

..........................................................


THE ST SIMONS ISLAND CLIMATE NORMALS FOR TODAY
                         NORMAL    RECORD    YEAR
 MAXIMUM TEMPERATURE (F)   77        87      1962
 MINIMUM TEMPERATURE (F)   61        39      1964


SUNRISE AND SUNSET
OCTOBER 21 2014.......SUNRISE   733 AM EDT   SUNSET   647 PM EDT
OCTOBER 22 2014.......SUNRISE   733 AM EDT   SUNSET   646 PM EDT


-  INDICATES NEGATIVE NUMBERS.
R  INDICATES RECORD WAS SET OR TIED.
MM INDICATES DATA IS MISSING.
T  INDICATES TRACE AMOUNT.




$$
