000
CDUS42 KJAX 212229
CLISSI


CLIMATE REPORT
NATIONAL WEATHER SERVICE JACKSONVILLE FL
529 PM EST FRI NOV 21 2014


...................................

...THE ST SIMONS ISLAND CLIMATE SUMMARY FOR NOVEMBER 21 2014...
VALID TODAY AS OF 0500 PM LOCAL TIME.

CLIMATE NORMAL PERIOD 1981 TO 2010
CLIMATE RECORD PERIOD 1948 TO 2014


WEATHER ITEM   OBSERVED TIME   RECORD YEAR NORMAL DEPARTURE LAST
                VALUE   (LST)  VALUE       VALUE  FROM      YEAR
                                                  NORMAL
..................................................................
TEMPERATURE (F)
 TODAY
  MAXIMUM         64    148 PM  80    1994  69     -5       66
                                      1973
  MINIMUM         39    413 AM  29    1968  52    -13       58
  AVERAGE         52                        60     -8       62

PRECIPITATION (IN)
  TODAY            0.00          2.10 1992   0.06  -0.06     0.01
  MONTH TO DATE    0.60                      1.47  -0.87     1.87
  SINCE SEP 1      9.07                     11.69  -2.62    13.93
  SINCE JAN 1     39.82                     41.80  -1.98    48.87

SNOWFALL (IN)
  TODAY            0.0           0.0    MM                   0.0
  MONTH TO DATE    0.0                                       0.0
  SINCE SEP 1      0.0                                       0.0
  SINCE JUL 1      0.0                                       0.0

DEGREE DAYS
 HEATING
  TODAY           13                         6      7        3
  MONTH TO DATE  193                        87    106       78
  SINCE SEP 1    210                       117     93      100
  SINCE JUL 1    210                       117     93      100

 COOLING
  TODAY            0                         1     -1        0
  MONTH TO DATE   11                        44    -33       37
  SINCE SEP 1    574                       629    -55      634
  SINCE JAN 1   2579                      2605    -26     2579
..................................................................


WIND (MPH)
  HIGHEST WIND SPEED    14   HIGHEST WIND DIRECTION    NE (60)
  HIGHEST GUST SPEED    17   HIGHEST GUST DIRECTION    NE (50)
  AVERAGE WIND SPEED     6.6


SKY COVER
  POSSIBLE SUNSHINE  MM
  AVERAGE SKY COVER 0.0


WEATHER CONDITIONS
 THE FOLLOWING WEATHER WAS RECORDED TODAY.
  NO SIGNIFICANT WEATHER WAS OBSERVED.


RELATIVE HUMIDITY (PERCENT)
 HIGHEST    96          1200 AM
 LOWEST     39          1100 AM
 AVERAGE    68

..........................................................


THE ST SIMONS ISLAND CLIMATE NORMALS FOR TOMORROW
                         NORMAL    RECORD    YEAR
 MAXIMUM TEMPERATURE (F)   69        81      1997
 MINIMUM TEMPERATURE (F)   51        31      2000


SUNRISE AND SUNSET
NOVEMBER 21 2014......SUNRISE   658 AM EST   SUNSET   525 PM EST
NOVEMBER 22 2014......SUNRISE   659 AM EST   SUNSET   524 PM EST


-  INDICATES NEGATIVE NUMBERS.
R  INDICATES RECORD WAS SET OR TIED.
MM INDICATES DATA IS MISSING.
T  INDICATES TRACE AMOUNT.




$$
