601
CDUS42 KJAX 180627
CLISSI


CLIMATE REPORT
NATIONAL WEATHER SERVICE JACKSONVILLE FL
126 AM EST SAT NOV 18 2017


...................................

...THE ST SIMONS ISLAND CLIMATE SUMMARY FOR NOVEMBER 17 2017...

CLIMATE NORMAL PERIOD 1981 TO 2010
CLIMATE RECORD PERIOD 1948 TO 2017


WEATHER ITEM   OBSERVED TIME   RECORD YEAR NORMAL DEPARTURE LAST
                VALUE   (LST)  VALUE       VALUE  FROM      YEAR
                                                  NORMAL
..................................................................
TEMPERATURE (F)
 YESTERDAY
  MAXIMUM         71   1214 PM  83    1993  70      1       76
                                      1964
  MINIMUM         47    643 AM  32    1970  53     -6       48
  AVERAGE         59                        61     -2       62

PRECIPITATION (IN)
  YESTERDAY        0.00          1.16 1976   0.07  -0.07     0.00
  MONTH TO DATE    0.07                      1.23  -1.16     0.04
  SINCE SEP 1     14.99                     11.45   3.54    19.44
  SINCE JAN 1     45.07                     41.56   3.51    43.25

SNOWFALL (IN)
  YESTERDAY        0.0           0.0    MM                   0.0
  MONTH TO DATE    0.0                                       0.0
  SINCE SEP 1      0.0                                       0.0
  SINCE JUL 1      0.0                                       0.0
  SNOW DEPTH       0

DEGREE DAYS
 HEATING
  YESTERDAY        6                         5      1        3
  MONTH TO DATE   41                        64    -23       40
  SINCE SEP 1     74                        94    -20       49
  SINCE JUL 1     74                        94    -20       49

 COOLING
  YESTERDAY        0                         2     -2        0
  MONTH TO DATE   38                        39     -1       36
  SINCE SEP 1    787                       624    163      707
  SINCE JAN 1   3114                      2600    514     2978
..................................................................


WIND (MPH)
  HIGHEST WIND SPEED    18   HIGHEST WIND DIRECTION    NE (40)
  HIGHEST GUST SPEED    24   HIGHEST GUST DIRECTION     N (10)
  AVERAGE WIND SPEED     7.8


SKY COVER
  POSSIBLE SUNSHINE  MM
  AVERAGE SKY COVER 0.0


WEATHER CONDITIONS
 THE FOLLOWING WEATHER WAS RECORDED YESTERDAY.
  NO SIGNIFICANT WEATHER WAS OBSERVED.


RELATIVE HUMIDITY (PERCENT)
 HIGHEST   100          1200 AM
 LOWEST     61          1200 PM
 AVERAGE    81

..........................................................


THE ST SIMONS ISLAND CLIMATE NORMALS FOR TODAY
                         NORMAL    RECORD    YEAR
 MAXIMUM TEMPERATURE (F)   70        83      1978
                                             1964
 MINIMUM TEMPERATURE (F)   53        31      1951


SUNRISE AND SUNSET
NOVEMBER 18 2017......SUNRISE   655 AM EST   SUNSET   526 PM EST
NOVEMBER 19 2017......SUNRISE   656 AM EST   SUNSET   525 PM EST


-  INDICATES NEGATIVE NUMBERS.
R  INDICATES RECORD WAS SET OR TIED.
MM INDICATES DATA IS MISSING.
T  INDICATES TRACE AMOUNT.




$$
