000
CDUS43 KMPX 140625
CLISTC


CLIMATE REPORT
NATIONAL WEATHER SERVICE CHANHASSEN MN
1224 AM CST SUN FEB 14 2016


...................................

...THE ST CLOUD MN CLIMATE SUMMARY FOR FEBRUARY 13 2016...

CLIMATE NORMAL PERIOD 1981 TO 2010
CLIMATE RECORD PERIOD 1893 TO 2016


WEATHER ITEM   OBSERVED TIME   RECORD YEAR NORMAL DEPARTURE LAST
                VALUE   (LST)  VALUE       VALUE  FROM      YEAR
                                                  NORMAL
..................................................................
TEMPERATURE (F)
 YESTERDAY
  MAXIMUM          9   1159 PM  47    2011  26    -17       26
  MINIMUM        -14    742 AM -26    1936   6    -20        8
                                      1905
  AVERAGE         -2                        16    -18       17

PRECIPITATION (IN)
  YESTERDAY        0.00          0.70 1897   0.02  -0.02     0.00
  MONTH TO DATE    0.26                      0.23   0.03     0.26
  SINCE DEC 1      1.59                      1.70  -0.11     1.25
  SINCE JAN 1      0.57                      0.88  -0.31     0.50

SNOWFALL (IN)
  YESTERDAY        0.0           4.6  2013   0.3   -0.3      0.0
  MONTH TO DATE    6.5                       3.0    3.5      2.7
  SINCE DEC 1     19.3                      21.0   -1.7      7.7
  SINCE JUL 1     25.0                      30.2   -5.2     25.3
  SNOW DEPTH       5

DEGREE DAYS
 HEATING
  YESTERDAY       67                        49     18       48
  MONTH TO DATE  662                       657      5      659
  SINCE DEC 1   3425                      3834   -409     3416
  SINCE JUL 1   4884                      5759   -875     5348

 COOLING
  YESTERDAY        0                         0      0        0
  MONTH TO DATE    0                         0      0        0
  SINCE DEC 1      0                         0      0        0
  SINCE JAN 1      0                         0      0        0
..................................................................


WIND (MPH)
  HIGHEST WIND SPEED    17   HIGHEST WIND DIRECTION    SE (150)
  HIGHEST GUST SPEED    20   HIGHEST GUST DIRECTION    SE (150)
  AVERAGE WIND SPEED     7.1


SKY COVER
  POSSIBLE SUNSHINE  MM
  AVERAGE SKY COVER 0.2


WEATHER CONDITIONS
 THE FOLLOWING WEATHER WAS RECORDED YESTERDAY.
  NO SIGNIFICANT WEATHER WAS OBSERVED.


RELATIVE HUMIDITY (PERCENT)
 HIGHEST    78           500 AM
 LOWEST     50           700 PM
 AVERAGE    64

..........................................................


THE ST CLOUD MN CLIMATE NORMALS FOR TODAY
                         NORMAL    RECORD    YEAR
 MAXIMUM TEMPERATURE (F)   26        52      1921
 MINIMUM TEMPERATURE (F)    7       -28      1936


SUNRISE AND SUNSET
FEBRUARY 14 2016......SUNRISE   720 AM CST   SUNSET   541 PM CST
FEBRUARY 15 2016......SUNRISE   719 AM CST   SUNSET   543 PM CST


-  INDICATES NEGATIVE NUMBERS.
R  INDICATES RECORD WAS SET OR TIED.
MM INDICATES DATA IS MISSING.
T  INDICATES TRACE AMOUNT.




$$
