000
CDUS43 KMPX 220031
CLISTC


CLIMATE REPORT
NATIONAL WEATHER SERVICE CHANHASSEN MN
730 PM CDT THU SEP 21 2017


...................................

...THE ST CLOUD MN CLIMATE SUMMARY FOR SEPTEMBER 21 2017...
VALID TODAY AS OF 0700 PM LOCAL TIME.

CLIMATE NORMAL PERIOD 1981 TO 2010
CLIMATE RECORD PERIOD 1893 TO 2017


WEATHER ITEM   OBSERVED TIME   RECORD YEAR NORMAL DEPARTURE LAST
                VALUE   (LST)  VALUE       VALUE  FROM      YEAR
                                                  NORMAL
..................................................................
TEMPERATURE (F)
 TODAY
  MAXIMUM         80    417 PM  89    1908  68     12       67
  MINIMUM         41    530 AM  23    1974  44     -3       56
  AVERAGE         61                        56      5       62

PRECIPITATION (IN)
  TODAY            0.00          2.28 1909   0.11  -0.11     0.45
  MONTH TO DATE    0.95                      2.56  -1.61     2.08
  SINCE SEP 1      0.95                      2.56  -1.61     2.08
  SINCE JAN 1     21.88                     22.14  -0.26    26.90

SNOWFALL (IN)
  TODAY            0.0           0.2  1995   0.0    0.0      0.0
  MONTH TO DATE    0.0                       0.0    0.0      0.0
  SINCE SEP 1      0.0                       0.0    0.0      0.0
  SINCE JUL 1      0.0                       0.0    0.0      0.0
  SNOW DEPTH       0

DEGREE DAYS
 HEATING
  TODAY            4                         9     -5        3
  MONTH TO DATE   80                       127    -47       53
  SINCE SEP 1     80                       127    -47       53
  SINCE JUL 1    120                       185    -65       75

 COOLING
  TODAY            0                         1     -1        0
  MONTH TO DATE   41                        31     10       26
  SINCE SEP 1     41                        31     10       26
  SINCE JAN 1    331                       460   -129      504
..................................................................


WIND (MPH)
  HIGHEST WIND SPEED    18   HIGHEST WIND DIRECTION    SE (140)
  HIGHEST GUST SPEED    24   HIGHEST GUST DIRECTION    SE (150)
  AVERAGE WIND SPEED     7.5


SKY COVER
  POSSIBLE SUNSHINE  MM
  AVERAGE SKY COVER 0.1


WEATHER CONDITIONS
 THE FOLLOWING WEATHER WAS RECORDED TODAY.
  NO SIGNIFICANT WEATHER WAS OBSERVED.


RELATIVE HUMIDITY (PERCENT)
 HIGHEST   100          1200 AM
 LOWEST     53          1100 AM
 AVERAGE    77

..........................................................


THE ST CLOUD MN CLIMATE NORMALS FOR TOMORROW
                         NORMAL    RECORD    YEAR
 MAXIMUM TEMPERATURE (F)   68        92      1936
 MINIMUM TEMPERATURE (F)   44        18      1974


SUNRISE AND SUNSET
SEPTEMBER 21 2017.....SUNRISE   702 AM CDT   SUNSET   715 PM CDT
SEPTEMBER 22 2017.....SUNRISE   704 AM CDT   SUNSET   713 PM CDT


-  INDICATES NEGATIVE NUMBERS.
R  INDICATES RECORD WAS SET OR TIED.
MM INDICATES DATA IS MISSING.
T  INDICATES TRACE AMOUNT.




$$
