000
CDUS43 KEAX 150633
CLISTJ


CLIMATE REPORT
NATIONAL WEATHER SERVICE KANSAS CITY/PLEASANT HILL MO
1232 AM CST FRI DEC 15 2017


...................................

...THE ST. JOSEPH MO CLIMATE SUMMARY FOR DECEMBER 14 2017...

CLIMATE NORMAL PERIOD 1981 TO 2010
CLIMATE RECORD PERIOD 1892 TO 2017


WEATHER ITEM   OBSERVED TIME   RECORD YEAR NORMAL DEPARTURE LAST
                VALUE   (LST)  VALUE       VALUE  FROM      YEAR
                                                  NORMAL
..................................................................
TEMPERATURE (F)
 YESTERDAY
  MAXIMUM         43    230 PM  64    1933  39      4       30
  MINIMUM         26   1113 PM  -8    1914  20      6        9
  AVERAGE         35                        29      6       20

PRECIPITATION (IN)
  YESTERDAY        0.00          0.71 1989   0.06  -0.06     0.00
  MONTH TO DATE    T                         0.70  -0.70     0.59
  SINCE DEC 1      T                         0.70  -0.70     0.59
  SINCE JAN 1     25.86                     34.78  -8.92    41.57

DEGREE DAYS
 HEATING
  YESTERDAY       30                        36     -6       45
  MONTH TO DATE  394                       466    -72      524
  SINCE DEC 1    394                       466    -72      524
  SINCE JUL 1   1369                      1577   -208     1199

 COOLING
  YESTERDAY        0                         0      0        0
  MONTH TO DATE    0                         0      0        0
  SINCE DEC 1      0                         0      0        0
  SINCE JAN 1   1271                      1221     50     1547
..................................................................


WIND (MPH)
  HIGHEST WIND SPEED    20   HIGHEST WIND DIRECTION     N (20)
  HIGHEST GUST SPEED    23   HIGHEST GUST DIRECTION     N (10)
  AVERAGE WIND SPEED     6.3


SKY COVER
  POSSIBLE SUNSHINE  MM
  AVERAGE SKY COVER 0.9


WEATHER CONDITIONS
 THE FOLLOWING WEATHER WAS RECORDED YESTERDAY.
  NO SIGNIFICANT WEATHER WAS OBSERVED.


RELATIVE HUMIDITY (PERCENT)
 HIGHEST    85          1100 PM
 LOWEST     49           300 PM
 AVERAGE    67

..........................................................


THE ST. JOSEPH MO CLIMATE NORMALS FOR TODAY
                         NORMAL    RECORD    YEAR
 MAXIMUM TEMPERATURE (F)   39        67      2002
 MINIMUM TEMPERATURE (F)   19       -15      1989


SUNRISE AND SUNSET
DECEMBER 15 2017......SUNRISE   734 AM CST   SUNSET   456 PM CST
DECEMBER 16 2017......SUNRISE   734 AM CST   SUNSET   456 PM CST


-  INDICATES NEGATIVE NUMBERS.
R  INDICATES RECORD WAS SET OR TIED.
MM INDICATES DATA IS MISSING.
T  INDICATES TRACE AMOUNT.




$$
