000
CDUS43 KEAX 190646
CLISTJ


CLIMATE REPORT
NATIONAL WEATHER SERVICE KANSAS CITY/PLEASANT HILL MO
144 AM CDT SAT APR 19 2014


...................................

...THE ST. JOSEPH MO CLIMATE SUMMARY FOR APRIL 18 2014...

CLIMATE NORMAL PERIOD 1981 TO 2010
CLIMATE RECORD PERIOD 1892 TO 2014


WEATHER ITEM   OBSERVED TIME   RECORD YEAR NORMAL DEPARTURE LAST
                VALUE   (LST)  VALUE       VALUE  FROM      YEAR
                                                  NORMAL
..................................................................
TEMPERATURE (F)
 YESTERDAY
  MAXIMUM         69    453 PM  90    1972  67      2       43
  MINIMUM         28R   433 AM  29    1953  43    -15       34
  AVERAGE         49                        55     -6       39

PRECIPITATION (IN)
  YESTERDAY        0.00          2.54 1920   0.13  -0.13     0.22
  MONTH TO DATE    2.04                      1.91   0.13     2.91
  SINCE MAR 1      2.45                      4.16  -1.71     4.99
  SINCE JAN 1      3.27                      5.65  -2.38     6.00

DEGREE DAYS
 HEATING
  YESTERDAY       16                        11      5       26
  MONTH TO DATE  303                       238     65      313
  SINCE MAR 1   1129                       923    206     1162
  SINCE JUL 1   6069                      5231    838     5266

 COOLING
  YESTERDAY        0                         1     -1        0
  MONTH TO DATE    3                        11     -8        0
  SINCE MAR 1      3                        13    -10        0
  SINCE JAN 1      3                        13    -10        0
..................................................................


WIND (MPH)
  HIGHEST WIND SPEED    17   HIGHEST WIND DIRECTION    SE (140)
  HIGHEST GUST SPEED    21   HIGHEST GUST DIRECTION     S (190)
  AVERAGE WIND SPEED     6.0


SKY COVER
  POSSIBLE SUNSHINE  MM
  AVERAGE SKY COVER 0.0


WEATHER CONDITIONS
 THE FOLLOWING WEATHER WAS RECORDED YESTERDAY.
  FOG
  HAZE


RELATIVE HUMIDITY (PERCENT)
 HIGHEST    92           500 AM
 LOWEST     31           500 PM
 AVERAGE    62

..........................................................


THE ST. JOSEPH MO CLIMATE NORMALS FOR TODAY
                         NORMAL    RECORD    YEAR
 MAXIMUM TEMPERATURE (F)   67        91      1987
 MINIMUM TEMPERATURE (F)   44        20      1976


SUNRISE AND SUNSET
APRIL 19 2014.........SUNRISE   636 AM CDT   SUNSET   802 PM CDT
APRIL 20 2014.........SUNRISE   635 AM CDT   SUNSET   803 PM CDT


-  INDICATES NEGATIVE NUMBERS.
R  INDICATES RECORD WAS SET OR TIED.
MM INDICATES DATA IS MISSING.
T  INDICATES TRACE AMOUNT.




$$
