000
CDUS43 KEAX 261248
CLISTJ


CLIMATE REPORT
NATIONAL WEATHER SERVICE KANSAS CITY/PLEASANT HILL MO
636 AM CST MON JAN 26 2015


...................................

...THE ST. JOSEPH MO CLIMATE SUMMARY FOR JANUARY 26 2015...
VALID AS OF 0600 AM LOCAL TIME.

CLIMATE NORMAL PERIOD 1981 TO 2010
CLIMATE RECORD PERIOD 1892 TO 2015


WEATHER ITEM   OBSERVED TIME   RECORD YEAR NORMAL DEPARTURE LAST
                VALUE   (LST)  VALUE       VALUE  FROM      YEAR
                                                  NORMAL
..................................................................
TEMPERATURE (F)
 TODAY
  MAXIMUM         26    136 AM  66    2002  38    -12       56
  MINIMUM         21    246 AM -12    1936  18      3       15
  AVERAGE         24                        28     -4       36

PRECIPITATION (IN)
  TODAY            0.00          0.67 1916   0.02  -0.02     0.00
  MONTH TO DATE    0.05                      0.45  -0.40     0.01
  SINCE DEC 1      1.01                      1.97  -0.96     0.38
  SINCE JAN 1      0.05                      0.45  -0.40     0.01

DEGREE DAYS
 HEATING
  TODAY           41                        37      4       29
  MONTH TO DATE 1002                       985     17     1084
  SINCE DEC 1   1968                      2087   -119     2343
  SINCE JUL 1   3214                      3198     16     3512

 COOLING
  TODAY            0                         0      0        0
  MONTH TO DATE    0                         0      0        0
  SINCE DEC 1      0                         0      0        0
  SINCE JAN 1      0                         0      0        0
..................................................................


WIND (MPH)
  HIGHEST WIND SPEED     8   HIGHEST WIND DIRECTION     S (180)
  HIGHEST GUST SPEED     9   HIGHEST GUST DIRECTION     S (200)
  AVERAGE WIND SPEED     3.3


SKY COVER
  AVERAGE SKY COVER 0.3


WEATHER CONDITIONS
 THE FOLLOWING WEATHER WAS RECORDED TODAY.
  FOG


RELATIVE HUMIDITY (PERCENT)
 HIGHEST   100           500 AM
 LOWEST     88          1200 AM
 AVERAGE    94

..........................................................


THE ST. JOSEPH MO CLIMATE NORMALS FOR TOMORROW
                         NORMAL    RECORD    YEAR
 MAXIMUM TEMPERATURE (F)   38        67      2002
                                             1934
 MINIMUM TEMPERATURE (F)   18       -17      1936


SUNRISE AND SUNSET
JANUARY 26 2015.......SUNRISE   733 AM CST   SUNSET   532 PM CST
JANUARY 27 2015.......SUNRISE   732 AM CST   SUNSET   533 PM CST


-  INDICATES NEGATIVE NUMBERS.
R  INDICATES RECORD WAS SET OR TIED.
MM INDICATES DATA IS MISSING.
T  INDICATES TRACE AMOUNT.




$$
