000
CDUS43 KEAX 250633
CLISTJ


CLIMATE REPORT
NATIONAL WEATHER SERVICE KANSAS CITY/PLEASANT HILL MO
132 AM CDT THU MAY 25 2017


...................................

...THE ST. JOSEPH MO CLIMATE SUMMARY FOR MAY 24 2017...

CLIMATE NORMAL PERIOD 1981 TO 2010
CLIMATE RECORD PERIOD 1892 TO 2017


WEATHER ITEM   OBSERVED TIME   RECORD YEAR NORMAL DEPARTURE LAST
                VALUE   (LST)  VALUE       VALUE  FROM      YEAR
                                                  NORMAL
..................................................................
TEMPERATURE (F)
 YESTERDAY
  MAXIMUM         69    433 PM  97    1967  78     -9       80
  MINIMUM         48   1149 PM  38    1924  56     -8       63
  AVERAGE         59                        67     -8       72

PRECIPITATION (IN)
  YESTERDAY        0.00          1.20 2011   0.18  -0.18     0.09
  MONTH TO DATE    3.45                      4.27  -0.82     2.37
  SINCE MAR 1     10.66                     10.31   0.35     9.67
  SINCE JAN 1     11.68                     11.80  -0.12    10.58

DEGREE DAYS
 HEATING
  YESTERDAY        6                         2      4        0
  MONTH TO DATE  111                       103      8      126
  SINCE MAR 1    958                      1133   -175      901
  SINCE JUL 1   4255                      5441  -1186     4519

 COOLING
  YESTERDAY        0                         4     -4        7
  MONTH TO DATE   76                        56     20       23
  SINCE MAR 1     94                        77     17       42
  SINCE JAN 1     94                        77     17       42
..................................................................


WIND (MPH)
  HIGHEST WIND SPEED    21   HIGHEST WIND DIRECTION     N (350)
  HIGHEST GUST SPEED    27   HIGHEST GUST DIRECTION    NW (330)
  AVERAGE WIND SPEED     9.2


SKY COVER
  POSSIBLE SUNSHINE  MM
  AVERAGE SKY COVER 0.5


WEATHER CONDITIONS
 THE FOLLOWING WEATHER WAS RECORDED YESTERDAY.
  NO SIGNIFICANT WEATHER WAS OBSERVED.


RELATIVE HUMIDITY (PERCENT)
 HIGHEST   100          1100 PM
 LOWEST     52           300 PM
 AVERAGE    76

..........................................................


THE ST. JOSEPH MO CLIMATE NORMALS FOR TODAY
                         NORMAL    RECORD    YEAR
 MAXIMUM TEMPERATURE (F)   79        98      1967
 MINIMUM TEMPERATURE (F)   57        36      1925


SUNRISE AND SUNSET
MAY 25 2017...........SUNRISE   557 AM CDT   SUNSET   837 PM CDT
MAY 26 2017...........SUNRISE   556 AM CDT   SUNSET   837 PM CDT


-  INDICATES NEGATIVE NUMBERS.
R  INDICATES RECORD WAS SET OR TIED.
MM INDICATES DATA IS MISSING.
T  INDICATES TRACE AMOUNT.




$$
