000
CDUS43 KEAX 230636
CLISTJ


CLIMATE REPORT
NATIONAL WEATHER SERVICE KANSAS CITY/PLEASANT HILL MO
135 AM CDT WED APR 23 2014


...................................

...THE ST. JOSEPH MO CLIMATE SUMMARY FOR APRIL 22 2014...

CLIMATE NORMAL PERIOD 1981 TO 2010
CLIMATE RECORD PERIOD 1892 TO 2014


WEATHER ITEM   OBSERVED TIME   RECORD YEAR NORMAL DEPARTURE LAST
                VALUE   (LST)  VALUE       VALUE  FROM      YEAR
                                                  NORMAL
..................................................................
TEMPERATURE (F)
 YESTERDAY
  MAXIMUM         70    416 PM  93    1989  68      2       68
  MINIMUM         41    541 AM  25    1986  45     -4       39
  AVERAGE         56                        56      0       54

PRECIPITATION (IN)
  YESTERDAY        0.00          1.76 1944   0.15  -0.15     0.22
  MONTH TO DATE    2.32                      2.46  -0.14     3.13
  SINCE MAR 1      2.73                      4.71  -1.98     5.21
  SINCE JAN 1      3.55                      6.20  -2.65     6.22

DEGREE DAYS
 HEATING
  YESTERDAY        9                        10     -1       11
  MONTH TO DATE  317                       279     38      382
  SINCE MAR 1   1143                       964    179     1231
  SINCE JUL 1   6083                      5272    811     5335

 COOLING
  YESTERDAY        0                         1     -1        0
  MONTH TO DATE    6                        15     -9        0
  SINCE MAR 1      6                        17    -11        0
  SINCE JAN 1      6                        17    -11        0
..................................................................


WIND (MPH)
  HIGHEST WIND SPEED    15   HIGHEST WIND DIRECTION    NE (50)
  HIGHEST GUST SPEED    20   HIGHEST GUST DIRECTION     E (70)
  AVERAGE WIND SPEED     7.8


SKY COVER
  POSSIBLE SUNSHINE  MM
  AVERAGE SKY COVER 0.1


WEATHER CONDITIONS
 THE FOLLOWING WEATHER WAS RECORDED YESTERDAY.
  NO SIGNIFICANT WEATHER WAS OBSERVED.


RELATIVE HUMIDITY (PERCENT)
 HIGHEST    70           300 AM
 LOWEST     24           300 PM
 AVERAGE    47

..........................................................


THE ST. JOSEPH MO CLIMATE NORMALS FOR TODAY
                         NORMAL    RECORD    YEAR
 MAXIMUM TEMPERATURE (F)   68        92      1950
 MINIMUM TEMPERATURE (F)   45        30      1996


SUNRISE AND SUNSET
APRIL 23 2014.........SUNRISE   631 AM CDT   SUNSET   806 PM CDT
APRIL 24 2014.........SUNRISE   629 AM CDT   SUNSET   807 PM CDT


-  INDICATES NEGATIVE NUMBERS.
R  INDICATES RECORD WAS SET OR TIED.
MM INDICATES DATA IS MISSING.
T  INDICATES TRACE AMOUNT.




$$
