000
CDUS43 KEAX 302124
CLISTJ


CLIMATE REPORT
NATIONAL WEATHER SERVICE KANSAS CITY/PLEASANT HILL MO
423 PM CDT SAT MAY 30 2015


...................................

...THE ST. JOSEPH MO CLIMATE SUMMARY FOR MAY 30 2015...
VALID AS OF 0400 PM LOCAL TIME.

CLIMATE NORMAL PERIOD 1981 TO 2010
CLIMATE RECORD PERIOD 1892 TO 2015


WEATHER ITEM   OBSERVED TIME   RECORD YEAR NORMAL DEPARTURE LAST
                VALUE   (LST)  VALUE       VALUE  FROM      YEAR
                                                  NORMAL
..................................................................
TEMPERATURE (F)
 TODAY
  MAXIMUM         66   1237 AM 103    1934  80    -14       86
  MINIMUM         54    636 AM  43    1984  59     -5       67
  AVERAGE         60                        69     -9       77

PRECIPITATION (IN)
  TODAY            0.01          1.30 1922   0.17  -0.16     0.02
  MONTH TO DATE    9.76                      5.25   4.51     2.56
  SINCE MAR 1     13.94                     11.29   2.65     6.95
  SINCE JAN 1     15.69                     12.78   2.91     7.77

DEGREE DAYS
 HEATING
  TODAY            5                         1      4        0
  MONTH TO DATE   96                       111    -15      122
  SINCE MAR 1    975                      1141   -166     1329
  SINCE JUL 1   5499                      5449     50     6269

 COOLING
  TODAY            0                         5     -5       12
  MONTH TO DATE   63                        85    -22      142
  SINCE MAR 1     68                       106    -38      150
  SINCE JAN 1     68                       106    -38      150
..................................................................


WIND (MPH)
  HIGHEST WIND SPEED    21   HIGHEST WIND DIRECTION     N (340)
  HIGHEST GUST SPEED    25   HIGHEST GUST DIRECTION    NW (330)
  AVERAGE WIND SPEED    14.8


SKY COVER
  AVERAGE SKY COVER 0.9


WEATHER CONDITIONS
 THE FOLLOWING WEATHER WAS RECORDED TODAY.
  LIGHT RAIN
  FOG


RELATIVE HUMIDITY (PERCENT)
 HIGHEST    93           200 AM
 LOWEST     78           100 PM
 AVERAGE    86

..........................................................


THE ST. JOSEPH MO CLIMATE NORMALS FOR TOMORROW
                         NORMAL    RECORD    YEAR
 MAXIMUM TEMPERATURE (F)   81       101      1934
 MINIMUM TEMPERATURE (F)   59        44      1972


SUNRISE AND SUNSET
MAY 30 2015...........SUNRISE   555 AM CDT   SUNSET   840 PM CDT
MAY 31 2015...........SUNRISE   554 AM CDT   SUNSET   841 PM CDT


-  INDICATES NEGATIVE NUMBERS.
R  INDICATES RECORD WAS SET OR TIED.
MM INDICATES DATA IS MISSING.
T  INDICATES TRACE AMOUNT.




$$
