000
CDUS43 KEAX 310641
CLISTJ


CLIMATE REPORT
NATIONAL WEATHER SERVICE KANSAS CITY/PLEASANT HILL MO
141 AM CDT THU JUL 31 2014


...................................

...THE ST. JOSEPH MO CLIMATE SUMMARY FOR JULY 30 2014...

CLIMATE NORMAL PERIOD 1981 TO 2010
CLIMATE RECORD PERIOD 1892 TO 2014


WEATHER ITEM   OBSERVED TIME   RECORD YEAR NORMAL DEPARTURE LAST
                VALUE   (LST)  VALUE       VALUE  FROM      YEAR
                                                  NORMAL
..................................................................
TEMPERATURE (F)
 YESTERDAY
  MAXIMUM         81    342 PM 107    1980  87     -6       79
  MINIMUM         58   1159 PM  43    1971  67     -9       69
  AVERAGE         70                        77     -7       74

PRECIPITATION (IN)
  YESTERDAY        0.00          2.05 1958   0.17  -0.17      T
  MONTH TO DATE    4.41                      5.01  -0.60     2.27
  SINCE JUN 1     12.32                      9.19   3.13     4.36
  SINCE JAN 1     20.09                     22.14  -2.05    18.41

DEGREE DAYS
 HEATING
  YESTERDAY        0                         0      0        0
  MONTH TO DATE    6                         0      6        2
  SINCE JUN 1      7                         8     -1       17
  SINCE JUL 1      6                         0      6        2

 COOLING
  YESTERDAY        5                        12     -7        9
  MONTH TO DATE  256                       358   -102      337
  SINCE JUN 1    535                       625    -90      612
  SINCE JAN 1    696                       738    -42      738
..................................................................


WIND (MPH)
  HIGHEST WIND SPEED    13   HIGHEST WIND DIRECTION    NE (30)
  HIGHEST GUST SPEED    14   HIGHEST GUST DIRECTION     N (20)
  AVERAGE WIND SPEED     3.3


SKY COVER
  POSSIBLE SUNSHINE  MM
  AVERAGE SKY COVER 0.1


WEATHER CONDITIONS
 THE FOLLOWING WEATHER WAS RECORDED YESTERDAY.
  NO SIGNIFICANT WEATHER WAS OBSERVED.


RELATIVE HUMIDITY (PERCENT)
 HIGHEST   100           600 AM
 LOWEST     42           400 PM
 AVERAGE    71

..........................................................


THE ST. JOSEPH MO CLIMATE NORMALS FOR TODAY
                         NORMAL    RECORD    YEAR
 MAXIMUM TEMPERATURE (F)   87       104      1955
 MINIMUM TEMPERATURE (F)   67        44      1971


SUNRISE AND SUNSET
JULY 31 2014..........SUNRISE   618 AM CDT   SUNSET   834 PM CDT
AUGUST  1 2014........SUNRISE   619 AM CDT   SUNSET   833 PM CDT


-  INDICATES NEGATIVE NUMBERS.
R  INDICATES RECORD WAS SET OR TIED.
MM INDICATES DATA IS MISSING.
T  INDICATES TRACE AMOUNT.




$$
