000
CDUS43 KEAX 261232
CLISTJ


CLIMATE REPORT
NATIONAL WEATHER SERVICE KANSAS CITY/PLEASANT HILL MO
732 AM CDT THU MAR 26 2015


...................................

...THE ST. JOSEPH MO CLIMATE SUMMARY FOR MARCH 26 2015...
VALID AS OF 0700 AM LOCAL TIME.

CLIMATE NORMAL PERIOD 1981 TO 2010
CLIMATE RECORD PERIOD 1892 TO 2015


WEATHER ITEM   OBSERVED TIME   RECORD YEAR NORMAL DEPARTURE LAST
                VALUE   (LST)  VALUE       VALUE  FROM      YEAR
                                                  NORMAL
..................................................................
TEMPERATURE (F)
 TODAY
  MAXIMUM         37   1214 AM  89    1991  59    -22       60
  MINIMUM         28    553 AM   7    1955  35     -7       20
  AVERAGE         33                        47    -14       40

PRECIPITATION (IN)
  TODAY            0.00          1.81 1983   0.08  -0.08     0.04
  MONTH TO DATE    1.33                      1.78  -0.45     0.37
  SINCE MAR 1      1.33                      1.78  -0.45     0.37
  SINCE JAN 1      3.08                      3.27  -0.19     1.19

DEGREE DAYS
 HEATING
  TODAY           32                        18     14       25
  MONTH TO DATE  546                       601    -55      756
  SINCE MAR 1    546                       601    -55      756
  SINCE JUL 1   5070                      4909    161     5696

 COOLING
  TODAY            0                         0      0        0
  MONTH TO DATE    1                         0      1        0
  SINCE MAR 1      1                         0      1        0
  SINCE JAN 1      1                         0      1        0
..................................................................


WIND (MPH)
  HIGHEST WIND SPEED    10   HIGHEST WIND DIRECTION     N (360)
  HIGHEST GUST SPEED    13   HIGHEST GUST DIRECTION     N (360)
  AVERAGE WIND SPEED     6.7


SKY COVER
  AVERAGE SKY COVER 0.0


WEATHER CONDITIONS
 THE FOLLOWING WEATHER WAS RECORDED TODAY.
  NO SIGNIFICANT WEATHER WAS OBSERVED.


RELATIVE HUMIDITY (PERCENT)
 HIGHEST    92           200 AM
 LOWEST     82           100 AM
 AVERAGE    87

..........................................................


THE ST. JOSEPH MO CLIMATE NORMALS FOR TOMORROW
                         NORMAL    RECORD    YEAR
 MAXIMUM TEMPERATURE (F)   60        82      1910
 MINIMUM TEMPERATURE (F)   36        15      1913


SUNRISE AND SUNSET
MARCH 26 2015.........SUNRISE   714 AM CDT   SUNSET   738 PM CDT
MARCH 27 2015.........SUNRISE   712 AM CDT   SUNSET   739 PM CDT


-  INDICATES NEGATIVE NUMBERS.
R  INDICATES RECORD WAS SET OR TIED.
MM INDICATES DATA IS MISSING.
T  INDICATES TRACE AMOUNT.




$$
