131
CDUS43 KEAX 270645
CLISTJ


CLIMATE REPORT
NATIONAL WEATHER SERVICE KANSAS CITY/PLEASANT HILL MO
136 AM CDT THU JUL 27 2017


...................................

...THE ST. JOSEPH MO CLIMATE SUMMARY FOR JULY 26 2017...

CLIMATE NORMAL PERIOD 1981 TO 2010
CLIMATE RECORD PERIOD 1892 TO 2017


WEATHER ITEM   OBSERVED TIME   RECORD YEAR NORMAL DEPARTURE LAST
                VALUE   (LST)  VALUE       VALUE  FROM      YEAR
                                                  NORMAL
..................................................................
TEMPERATURE (F)
 YESTERDAY
  MAXIMUM         82    526 PM 106    1936  87     -5       89
  MINIMUM         76   1159 PM  51    1971  67      9       64
  AVERAGE         79                        77      2       77

PRECIPITATION (IN)
  YESTERDAY        0.17          2.57 1981   0.18  -0.01     0.00
  MONTH TO DATE    1.72                      4.33  -2.61     8.31
  SINCE JUN 1      4.49                      8.51  -4.02     9.02
  SINCE JAN 1     16.57                     21.46  -4.89    23.15

DEGREE DAYS
 HEATING
  YESTERDAY        0                         0      0        0
  MONTH TO DATE    0                         0      0        2
  SINCE JUN 1      4                         8     -4        2
  SINCE JUL 1      0                         0      0        2

 COOLING
  YESTERDAY       14                        12      2       12
  MONTH TO DATE  381                       310     71      363
  SINCE JUN 1    696                       577    119      790
  SINCE JAN 1    815                       690    125      873
..................................................................


WIND (MPH)
  HIGHEST WIND SPEED    15   HIGHEST WIND DIRECTION     S (160)
  HIGHEST GUST SPEED    20   HIGHEST GUST DIRECTION     S (180)
  AVERAGE WIND SPEED     5.5


SKY COVER
  POSSIBLE SUNSHINE  MM
  AVERAGE SKY COVER 0.5


WEATHER CONDITIONS
 THE FOLLOWING WEATHER WAS RECORDED YESTERDAY.
  HEAVY RAIN
  RAIN
  LIGHT RAIN
  FOG


RELATIVE HUMIDITY (PERCENT)
 HIGHEST   100          1000 AM
 LOWEST     79          1200 AM
 AVERAGE    90

..........................................................


THE ST. JOSEPH MO CLIMATE NORMALS FOR TODAY
                         NORMAL    RECORD    YEAR
 MAXIMUM TEMPERATURE (F)   87       106      1930
 MINIMUM TEMPERATURE (F)   67        47      1971


SUNRISE AND SUNSET
JULY 27 2017..........SUNRISE   614 AM CDT   SUNSET   837 PM CDT
JULY 28 2017..........SUNRISE   615 AM CDT   SUNSET   836 PM CDT


-  INDICATES NEGATIVE NUMBERS.
R  INDICATES RECORD WAS SET OR TIED.
MM INDICATES DATA IS MISSING.
T  INDICATES TRACE AMOUNT.




$$
