000
CDUS43 KEAX 021232
CLISTJ


CLIMATE REPORT
NATIONAL WEATHER SERVICE KANSAS CITY/PLEASANT HILL MO
732 AM CDT THU OCT 2 2014


...................................

...THE ST. JOSEPH MO CLIMATE SUMMARY FOR OCTOBER 2 2014...
VALID AS OF 0700 AM LOCAL TIME.

CLIMATE NORMAL PERIOD 1981 TO 2010
CLIMATE RECORD PERIOD 1892 TO 2014


WEATHER ITEM   OBSERVED TIME   RECORD YEAR NORMAL DEPARTURE LAST
                VALUE   (LST)  VALUE       VALUE  FROM      YEAR
                                                  NORMAL
..................................................................
TEMPERATURE (F)
 TODAY
  MAXIMUM         66    559 AM  94    1963  73     -7       84
  MINIMUM         61    310 AM  28    2004  47     14       54
  AVERAGE         64                        60      4       69

PRECIPITATION (IN)
  TODAY            0.00          1.83 1926   0.10  -0.10     0.00
  MONTH TO DATE    1.95                      0.19   1.76     0.00
  SINCE SEP 1      3.66                      3.61   0.05     3.55
  SINCE JAN 1     26.21                     29.91  -3.70    23.22

DEGREE DAYS
 HEATING
  TODAY            1                         7     -6        0
  MONTH TO DATE    1                        13    -12        0
  SINCE SEP 1     79                        88     -9       36
  SINCE JUL 1     85                        93     -8       38

 COOLING
  TODAY            0                         2     -2        4
  MONTH TO DATE    7                         4      3        7
  SINCE SEP 1    126                       126      0      196
  SINCE JAN 1   1175                      1203    -28     1266
..................................................................


WIND (MPH)
  HIGHEST WIND SPEED     7   HIGHEST WIND DIRECTION     E (70)
  HIGHEST GUST SPEED     9   HIGHEST GUST DIRECTION    NE (60)
  AVERAGE WIND SPEED     3.8


SKY COVER
  AVERAGE SKY COVER 0.5


WEATHER CONDITIONS
 THE FOLLOWING WEATHER WAS RECORDED TODAY.
  FOG


RELATIVE HUMIDITY (PERCENT)
 HIGHEST   100           100 AM
 LOWEST     93          1200 AM
 AVERAGE    97

..........................................................


THE ST. JOSEPH MO CLIMATE NORMALS FOR TOMORROW
                         NORMAL    RECORD    YEAR
 MAXIMUM TEMPERATURE (F)   72        95      2006
 MINIMUM TEMPERATURE (F)   47        28      1987


SUNRISE AND SUNSET
OCTOBER  2 2014.......SUNRISE   717 AM CDT   SUNSET   700 PM CDT
OCTOBER  3 2014.......SUNRISE   718 AM CDT   SUNSET   659 PM CDT


-  INDICATES NEGATIVE NUMBERS.
R  INDICATES RECORD WAS SET OR TIED.
MM INDICATES DATA IS MISSING.
T  INDICATES TRACE AMOUNT.




$$
