000
CDUS43 KEAX 232232
CLISTJ


CLIMATE REPORT
NATIONAL WEATHER SERVICE KANSAS CITY/PLEASANT HILL MO
431 PM CST MON JAN 23 2017


...................................

...THE ST. JOSEPH MO CLIMATE SUMMARY FOR JANUARY 23 2017...
VALID AS OF 0400 PM LOCAL TIME.

CLIMATE NORMAL PERIOD 1981 TO 2010
CLIMATE RECORD PERIOD 1892 TO 2017


WEATHER ITEM   OBSERVED TIME   RECORD YEAR NORMAL DEPARTURE LAST
                VALUE   (LST)  VALUE       VALUE  FROM      YEAR
                                                  NORMAL
..................................................................
TEMPERATURE (F)
 TODAY
  MAXIMUM         41    257 PM  68    1967  38      3       28
  MINIMUM         28    124 AM -12    1963  18     10       20
  AVERAGE         35                        28      7       24

PRECIPITATION (IN)
  TODAY            0.00          0.98 1938   0.02  -0.02     0.00
  MONTH TO DATE    0.97                      0.39   0.58     0.59
  SINCE DEC 1      2.07                      1.91   0.16     2.84
  SINCE JAN 1      0.97                      0.39   0.58     0.59

DEGREE DAYS
 HEATING
  TODAY           30                        37     -7       41
  MONTH TO DATE  576                       874   -298      928
  SINCE DEC 1   1721                      1976   -255     1754
  SINCE JUL 1   2396                      3087   -691     2590

 COOLING
  TODAY            0                         0      0        0
  MONTH TO DATE    0                         0      0        0
  SINCE DEC 1      0                         0      0        0
  SINCE JAN 1      0                         0      0        0
..................................................................


WIND (MPH)
  HIGHEST WIND SPEED    12   HIGHEST WIND DIRECTION     N (350)
  HIGHEST GUST SPEED    14   HIGHEST GUST DIRECTION     N (10)
  AVERAGE WIND SPEED     5.3


SKY COVER
  AVERAGE SKY COVER 0.8


WEATHER CONDITIONS
 THE FOLLOWING WEATHER WAS RECORDED TODAY.
  FOG
  HAZE


RELATIVE HUMIDITY (PERCENT)
 HIGHEST   100          1200 AM
 LOWEST     73           300 PM
 AVERAGE    87

..........................................................


THE ST. JOSEPH MO CLIMATE NORMALS FOR TOMORROW
                         NORMAL    RECORD    YEAR
 MAXIMUM TEMPERATURE (F)   38        68      1981
 MINIMUM TEMPERATURE (F)   18        -9      1963


SUNRISE AND SUNSET
JANUARY 23 2017.......SUNRISE   735 AM CST   SUNSET   529 PM CST
JANUARY 24 2017.......SUNRISE   734 AM CST   SUNSET   530 PM CST


-  INDICATES NEGATIVE NUMBERS.
R  INDICATES RECORD WAS SET OR TIED.
MM INDICATES DATA IS MISSING.
T  INDICATES TRACE AMOUNT.




$$
