000
CDUS43 KEAX 310647
CLISTJ


CLIMATE REPORT
NATIONAL WEATHER SERVICE KANSAS CITY/PLEASANT HILL MO
146 AM CDT FRI JUL 31 2015


...................................

...THE ST. JOSEPH MO CLIMATE SUMMARY FOR JULY 30 2015...

CLIMATE NORMAL PERIOD 1981 TO 2010
CLIMATE RECORD PERIOD 1892 TO 2015


WEATHER ITEM   OBSERVED TIME   RECORD YEAR NORMAL DEPARTURE LAST
                VALUE   (LST)  VALUE       VALUE  FROM      YEAR
                                                  NORMAL
..................................................................
TEMPERATURE (F)
 YESTERDAY
  MAXIMUM         87    401 PM 107    1980  87      0       81
  MINIMUM         62    622 AM  43    1971  67     -5       58
  AVERAGE         75                        77     -2       70

PRECIPITATION (IN)
  YESTERDAY        0.00          2.05 1958   0.17  -0.17     0.00
  MONTH TO DATE    6.55                      5.01   1.54     4.41
  SINCE JUN 1     13.45                      9.19   4.26    12.32
  SINCE JAN 1     29.14                     22.14   7.00    20.09

DEGREE DAYS
 HEATING
  YESTERDAY        0                         0      0        0
  MONTH TO DATE    0                         0      0        6
  SINCE JUN 1      1                         8     -7        7
  SINCE JUL 1      0                         0      0        6

 COOLING
  YESTERDAY       10                        12     -2        5
  MONTH TO DATE  373                       358     15      256
  SINCE JUN 1    687                       625     62      535
  SINCE JAN 1    755                       738     17      696
..................................................................


WIND (MPH)
  HIGHEST WIND SPEED    10   HIGHEST WIND DIRECTION    SW (210)
  HIGHEST GUST SPEED    13   HIGHEST GUST DIRECTION    SW (210)
  AVERAGE WIND SPEED     2.3


SKY COVER
  POSSIBLE SUNSHINE  MM
  AVERAGE SKY COVER 0.2


WEATHER CONDITIONS
 THE FOLLOWING WEATHER WAS RECORDED YESTERDAY.
  FOG
  FOG W/VISIBILITY <= 1/4 MILE


RELATIVE HUMIDITY (PERCENT)
 HIGHEST   100           200 AM
 LOWEST     48           200 PM
 AVERAGE    74

..........................................................


THE ST. JOSEPH MO CLIMATE NORMALS FOR TODAY
                         NORMAL    RECORD    YEAR
 MAXIMUM TEMPERATURE (F)   87       104      1955
 MINIMUM TEMPERATURE (F)   67        44      1971


SUNRISE AND SUNSET
JULY 31 2015..........SUNRISE   618 AM CDT   SUNSET   834 PM CDT
AUGUST  1 2015........SUNRISE   618 AM CDT   SUNSET   833 PM CDT


-  INDICATES NEGATIVE NUMBERS.
R  INDICATES RECORD WAS SET OR TIED.
MM INDICATES DATA IS MISSING.
T  INDICATES TRACE AMOUNT.




$$
