000
CDUS43 KLSX 120745
CLISTL


CLIMATE REPORT
NATIONAL WEATHER SERVICE ST LOUIS MO
145 AM CST FRI FEB 12 2016


...................................

...THE ST. LOUIS CLIMATE SUMMARY FOR FEBRUARY 11 2016...

CLIMATE NORMAL PERIOD 1981 TO 2010
CLIMATE RECORD PERIOD 1874 TO 2016


WEATHER ITEM   OBSERVED TIME   RECORD YEAR NORMAL DEPARTURE LAST
                VALUE   (LST)  VALUE       VALUE  FROM      YEAR
                                                  NORMAL
..................................................................
TEMPERATURE (F)
 YESTERDAY
  MAXIMUM         32    333 PM  72    1999  44    -12       42
  MINIMUM         23    932 AM  -9    1899  27     -4       29
  AVERAGE         28                        35     -7       36

PRECIPITATION (IN)
  YESTERDAY        T             1.22 2009   0.08  -0.08     0.00
  MONTH TO DATE    0.22                      0.87  -0.65     0.72
  SINCE DEC 1     12.76                      6.11   6.65     4.65
  SINCE JAN 1      1.02                      3.27  -2.25     1.93

SNOWFALL (IN)
  YESTERDAY        T             2.4  1956   0.2   -0.2      0.0
  MONTH TO DATE    1.6                       1.8   -0.2      0.9
  SINCE DEC 1      4.9                      11.8   -6.9      1.4
  SINCE JUL 1      4.9                      12.5   -7.6      5.2
  SNOW DEPTH       1

DEGREE DAYS
 HEATING
  YESTERDAY       37                        30      7       29
  MONTH TO DATE  313                       341    -28      320
  SINCE DEC 1   1869                      2309   -440     2102
  SINCE JUL 1   2431                      3135   -704     3059

 COOLING
  YESTERDAY        0                         0      0        0
  MONTH TO DATE    0                         0      0        0
  SINCE DEC 1      0                         0      0        0
  SINCE JAN 1      0                         0      0        0
..................................................................


WIND (MPH)
  HIGHEST WIND SPEED    13   HIGHEST WIND DIRECTION    SE (120)
  HIGHEST GUST SPEED    15   HIGHEST GUST DIRECTION    NE (30)
  AVERAGE WIND SPEED     5.7


SKY COVER
  AVERAGE SKY COVER 0.9


WEATHER CONDITIONS
 THE FOLLOWING WEATHER WAS RECORDED YESTERDAY.
  LIGHT SNOW


RELATIVE HUMIDITY (PERCENT)
 HIGHEST    81          1200 AM
 LOWEST     39           500 PM
 AVERAGE    60

..........................................................


THE ST. LOUIS CLIMATE NORMALS FOR TODAY
                         NORMAL    RECORD    YEAR
 MAXIMUM TEMPERATURE (F)   44        78      1938
 MINIMUM TEMPERATURE (F)   27       -16      1899


SUNRISE AND SUNSET
FEBRUARY 12 2016......SUNRISE   657 AM CST   SUNSET   535 PM CST
FEBRUARY 13 2016......SUNRISE   655 AM CST   SUNSET   536 PM CST


-  INDICATES NEGATIVE NUMBERS.
R  INDICATES RECORD WAS SET OR TIED.
MM INDICATES DATA IS MISSING.
T  INDICATES TRACE AMOUNT.




$$
