000
CDUS43 KLSX 290734
CLISTL


CLIMATE REPORT
NATIONAL WEATHER SERVICE ST LOUIS MO
233 AM CDT SUN MAR 29 2015


...................................

...THE ST. LOUIS CLIMATE SUMMARY FOR MARCH 28 2015...

CLIMATE NORMAL PERIOD 1981 TO 2010
CLIMATE RECORD PERIOD 1874 TO 2015


WEATHER ITEM   OBSERVED TIME   RECORD YEAR NORMAL DEPARTURE LAST
                VALUE   (LST)  VALUE       VALUE  FROM      YEAR
                                                  NORMAL
..................................................................
TEMPERATURE (F)
 YESTERDAY
  MAXIMUM         46    454 PM  89    1985  61    -15       52
  MINIMUM         28    438 AM  21    1934  41    -13       41
  AVERAGE         37                        51    -14       47

PRECIPITATION (IN)
  YESTERDAY        0.00          2.38 1977   0.12  -0.12     0.01
  MONTH TO DATE    2.98                      2.93   0.05     1.55
  SINCE MAR 1      2.98                      2.93   0.05     1.55
  SINCE JAN 1      5.93                      7.57  -1.64     4.70

SNOWFALL (IN)
  YESTERDAY        0.0           1.2  1899   0.0    0.0      0.0
  MONTH TO DATE    0.6                       2.2   -1.6      1.6
  SINCE MAR 1      0.6                       2.2   -1.6      1.6
  SINCE JUL 1     16.8                      17.2   -0.4     28.8
  SNOW DEPTH       0

DEGREE DAYS
 HEATING
  YESTERDAY       28                        15     13       18
  MONTH TO DATE  541                       545     -4      643
  SINCE MAR 1    541                       545     -4      643
  SINCE JUL 1   4343                      4143    200     4680

 COOLING
  YESTERDAY        0                         0      0        0
  MONTH TO DATE    0                         0      0        0
  SINCE MAR 1      0                         0      0        0
  SINCE JAN 1      0                         0      0        0
..................................................................


WIND (MPH)
  HIGHEST WIND SPEED    15   HIGHEST WIND DIRECTION    SE (140)
  HIGHEST GUST SPEED    18   HIGHEST GUST DIRECTION    SE (140)
  AVERAGE WIND SPEED     7.2


SKY COVER
  AVERAGE SKY COVER 0.3


WEATHER CONDITIONS
 THE FOLLOWING WEATHER WAS RECORDED YESTERDAY.
  NO SIGNIFICANT WEATHER WAS OBSERVED.


RELATIVE HUMIDITY (PERCENT)
 HIGHEST    63           300 AM
 LOWEST     28           400 PM
 AVERAGE    46

..........................................................


THE ST. LOUIS CLIMATE NORMALS FOR TODAY
                         NORMAL    RECORD    YEAR
 MAXIMUM TEMPERATURE (F)   61        88      1963
 MINIMUM TEMPERATURE (F)   41        21      1970


SUNRISE AND SUNSET
MARCH 29 2015.........SUNRISE   651 AM CDT   SUNSET   722 PM CDT
MARCH 30 2015.........SUNRISE   650 AM CDT   SUNSET   723 PM CDT


-  INDICATES NEGATIVE NUMBERS.
R  INDICATES RECORD WAS SET OR TIED.
MM INDICATES DATA IS MISSING.
T  INDICATES TRACE AMOUNT.




$$
