000
CDUS46 KMTR 250845
CLISTS


CLIMATE REPORT
NATIONAL WEATHER SERVICE SAN FRANCISCO BAY AREA
1245 AM PST SUN JAN 25 2015


...................................

...THE SANTA ROSA AIRPORT CLIMATE SUMMARY FOR JANUARY 24 2015...

CLIMATE NORMAL PERIOD 1981 TO 2010
CLIMATE RECORD PERIOD 1998 TO 2015


WEATHER ITEM   OBSERVED TIME   RECORD YEAR NORMAL DEPARTURE LAST
                VALUE   (LST)  VALUE       VALUE  FROM      YEAR
                                                  NORMAL
..................................................................
TEMPERATURE (F)
 YESTERDAY
  MAXIMUM         65    324 PM  73    2014  57      8       73
  MINIMUM         37    800 AM  26    2007  37      0       33
  AVERAGE         51                        47      4       53

PRECIPITATION (IN)
  YESTERDAY        0.00          0.82 2000   0.17  -0.17     0.00
  MONTH TO DATE    0.12                      5.84  -5.72     0.08
  SINCE JUL 1     19.51                     20.03  -0.52     2.10
  SINCE JAN 1      0.12                      5.84  -5.72     0.08

DEGREE DAYS
 HEATING
  YESTERDAY       14                                        12
  MONTH TO DATE  380                                       387
  SINCE DEC 1    749                                       935
  SINCE JUL 1   1107                                      1498

 COOLING
  YESTERDAY        0                                         0
  MONTH TO DATE    0                                         0
  SINCE DEC 1      0                                         0
  SINCE JAN 1      0                                         0
..................................................................


WIND (MPH)
  RESULTANT WIND SPEED   2   RESULTANT WIND DIRECTION   S (160)
  HIGHEST WIND SPEED     9   HIGHEST WIND DIRECTION     S (180)
  HIGHEST GUST SPEED    10   HIGHEST GUST DIRECTION     S (170)
  AVERAGE WIND SPEED     2.2


SKY COVER
  POSSIBLE SUNSHINE  MM
  AVERAGE SKY COVER 0.1


WEATHER CONDITIONS
 THE FOLLOWING WEATHER WAS RECORDED YESTERDAY.
  FOG
  HAZE


RELATIVE HUMIDITY (PERCENT)
 HIGHEST   100          1200 AM
 LOWEST     56           200 PM
 AVERAGE    78

..........................................................


THE SANTA ROSA AIRPORT CLIMATE NORMALS FOR TODAY
                         NORMAL    RECORD    YEAR
 MAXIMUM TEMPERATURE (F)   58        76      2014
 MINIMUM TEMPERATURE (F)   37        31      2002


SUNRISE AND SUNSET
JANUARY 25 2015.......SUNRISE   722 AM PST   SUNSET   525 PM PST
JANUARY 26 2015.......SUNRISE   722 AM PST   SUNSET   526 PM PST


-  INDICATES NEGATIVE NUMBERS.
R  INDICATES RECORD WAS SET OR TIED.
MM INDICATES DATA IS MISSING.
T  INDICATES TRACE AMOUNT.




$$
