000
CDUS46 KMTR 240826
CLISTS


CLIMATE REPORT
NATIONAL WEATHER SERVICE SAN FRANCISCO BAY AREA
126 AM PDT FRI MAR 24 2017


...................................

...THE SANTA ROSA AIRPORT CLIMATE SUMMARY FOR MARCH 23 2017...

CLIMATE NORMAL PERIOD 1981 TO 2010
CLIMATE RECORD PERIOD 1998 TO 2017


WEATHER ITEM   OBSERVED TIME   RECORD YEAR NORMAL DEPARTURE LAST
                VALUE   (LST)  VALUE       VALUE  FROM      YEAR
                                                  NORMAL
..................................................................
TEMPERATURE (F)
 YESTERDAY
  MAXIMUM         62    136 PM  77    2007  65     -3       68
  MINIMUM         37    652 AM  32    2008  42     -5       39
  AVERAGE         50                        53     -3       54

PRECIPITATION (IN)
  YESTERDAY        0.01          0.72 2011   0.12  -0.11     0.00
  MONTH TO DATE    1.89                      3.92  -2.03    10.11
  SINCE OCT 1     53.96                     31.12  22.84    30.30
  SINCE JAN 1     35.54                     17.37  18.17    21.72

DEGREE DAYS
 HEATING
  YESTERDAY       15                                        11
  MONTH TO DATE  231                                       234
  SINCE MAR 1    231                                       234
  SINCE JUL 1   2254                                      1964

 COOLING
  YESTERDAY        0                                         0
  MONTH TO DATE    0                                         0
  SINCE MAR 1      0                                         0
  SINCE JAN 1      0                                         3
..................................................................


WIND (MPH)
  RESULTANT WIND SPEED   3   RESULTANT WIND DIRECTION   S (170)
  HIGHEST WIND SPEED    16   HIGHEST WIND DIRECTION     S (180)
  HIGHEST GUST SPEED    21   HIGHEST GUST DIRECTION     S (180)
  AVERAGE WIND SPEED     4.2


SKY COVER
  POSSIBLE SUNSHINE  MM
  AVERAGE SKY COVER 0.5


WEATHER CONDITIONS
 THE FOLLOWING WEATHER WAS RECORDED YESTERDAY.
  LIGHT RAIN
  FOG
  FOG W/VISIBILITY <= 1/4 MILE


RELATIVE HUMIDITY (PERCENT)
 HIGHEST   100           300 AM
 LOWEST     51           100 PM
 AVERAGE    76

..........................................................


THE SANTA ROSA AIRPORT CLIMATE NORMALS FOR TODAY
                         NORMAL    RECORD    YEAR
 MAXIMUM TEMPERATURE (F)   65        77      2014
 MINIMUM TEMPERATURE (F)   42        34      2005


SUNRISE AND SUNSET
MARCH 24 2017.........SUNRISE   708 AM PDT   SUNSET   727 PM PDT
MARCH 25 2017.........SUNRISE   706 AM PDT   SUNSET   728 PM PDT


-  INDICATES NEGATIVE NUMBERS.
R  INDICATES RECORD WAS SET OR TIED.
MM INDICATES DATA IS MISSING.
T  INDICATES TRACE AMOUNT.




$$
