000
CDUS43 KFSD 050722
CLISUX


CLIMATE REPORT
NATIONAL WEATHER SERVICE SIOUX FALLS SD
222 AM CDT SUN JUL 5 2015


...................................

...THE SIOUX CITY IA CLIMATE SUMMARY FOR JULY 4 2015...

CLIMATE NORMAL PERIOD 1981 TO 2010
CLIMATE RECORD PERIOD 1889 TO 2015


WEATHER ITEM   OBSERVED TIME   RECORD YEAR NORMAL DEPARTURE LAST
                VALUE   (LST)  VALUE       VALUE  FROM      YEAR
                                                  NORMAL
..................................................................
TEMPERATURE (F)
 YESTERDAY
  MAXIMUM         83    259 PM 111    1936  86     -3       82
  MINIMUM         57    532 AM  46    1967  63     -6       60
  AVERAGE         70                        74     -4       71

PRECIPITATION (IN)
  YESTERDAY        0.00          1.87 2003   0.12  -0.12     0.00
  MONTH TO DATE    0.56                      0.45   0.11     0.01
  SINCE JUN 1      4.75                      4.34   0.41    16.66
  SINCE JAN 1     12.65                     14.32  -1.67    21.91

SNOWFALL (IN)
  YESTERDAY        0.0           0.0    MM   0.0    0.0      0.0
  MONTH TO DATE    0.0                       0.0    0.0      0.0
  SINCE JUN 1      0.0                       0.0    0.0      0.0
  SINCE JUL 1      0.0                       0.0    0.0      0.0
  SNOW DEPTH       0

DEGREE DAYS
 HEATING
  YESTERDAY        0                         0      0        0
  MONTH TO DATE    0                         0      0        2
  SINCE JUN 1      2                        27    -25       22
  SINCE JUL 1      0                         0      0        2

 COOLING
  YESTERDAY        5                         9     -4        6
  MONTH TO DATE   12                        36    -24        7
  SINCE JUN 1    221                       224     -3      202
  SINCE JAN 1    250                       288    -38      323
..................................................................


WIND (MPH)
  HIGHEST WIND SPEED    17   HIGHEST WIND DIRECTION     S (190)
  HIGHEST GUST SPEED    20   HIGHEST GUST DIRECTION     S (190)
  AVERAGE WIND SPEED     8.1


SKY COVER
  POSSIBLE SUNSHINE  MM
  AVERAGE SKY COVER 0.0


WEATHER CONDITIONS
 THE FOLLOWING WEATHER WAS RECORDED YESTERDAY.
  FOG
  HAZE


RELATIVE HUMIDITY (PERCENT)
 HIGHEST    93           600 AM
 LOWEST     55           300 PM
 AVERAGE    74

..........................................................


THE SIOUX CITY IA CLIMATE NORMALS FOR TODAY
                         NORMAL    RECORD    YEAR
 MAXIMUM TEMPERATURE (F)   86       108      1936
 MINIMUM TEMPERATURE (F)   63        47      1972


SUNRISE AND SUNSET
JULY  5 2015..........SUNRISE   555 AM CDT   SUNSET   905 PM CDT
JULY  6 2015..........SUNRISE   555 AM CDT   SUNSET   905 PM CDT


-  INDICATES NEGATIVE NUMBERS.
R  INDICATES RECORD WAS SET OR TIED.
MM INDICATES DATA IS MISSING.
T  INDICATES TRACE AMOUNT.




$$
