000
CDUS43 KFSD 250842
CLISUX


CLIMATE REPORT
NATIONAL WEATHER SERVICE SIOUX FALLS SD
340 AM CDT MON MAY 25 2015


...................................

...THE SIOUX CITY IA CLIMATE SUMMARY FOR MAY 24 2015...

CLIMATE NORMAL PERIOD 1981 TO 2010
CLIMATE RECORD PERIOD 1889 TO 2015


WEATHER ITEM   OBSERVED TIME   RECORD YEAR NORMAL DEPARTURE LAST
                VALUE   (LST)  VALUE       VALUE  FROM      YEAR
                                                  NORMAL
..................................................................
TEMPERATURE (F)
 YESTERDAY
  MAXIMUM         67    303 PM  98    1939  76     -9       83
  MINIMUM         60   1114 PM  34    1924  52      8       60
  AVERAGE         64                        64      0       72

PRECIPITATION (IN)
  YESTERDAY        0.24          1.26 1996   0.12   0.12     0.00
  MONTH TO DATE    2.70                      2.85  -0.15     0.58
  SINCE MAR 1      6.11                      7.80  -1.69     3.03
  SINCE JAN 1      7.07                      9.09  -2.02     3.80

SNOWFALL (IN)
  YESTERDAY        0.0           0.0    MM   0.0    0.0      0.0
  MONTH TO DATE    0.0                       0.2   -0.2      0.0
  SINCE MAR 1      T                         8.5   -8.5     10.0
  SINCE JUL 1     21.5                      35.0  -13.5     23.8
  SNOW DEPTH       0

DEGREE DAYS
 HEATING
  YESTERDAY        1                         4     -3        0
  MONTH TO DATE  147                       160    -13      177
  SINCE MAR 1   1222                      1518   -296     1622
  SINCE JUL 1   6388                      6812   -424     7226

 COOLING
  YESTERDAY        0                         2     -2        7
  MONTH TO DATE   18                        34    -16       46
  SINCE MAR 1     19                        45    -26       55
  SINCE JAN 1     19                        45    -26       55
..................................................................


WIND (MPH)
  HIGHEST WIND SPEED    14   HIGHEST WIND DIRECTION     E (90)
  HIGHEST GUST SPEED    17   HIGHEST GUST DIRECTION     E (100)
  AVERAGE WIND SPEED     5.4


SKY COVER
  POSSIBLE SUNSHINE  MM
  AVERAGE SKY COVER 1.0


WEATHER CONDITIONS
 THE FOLLOWING WEATHER WAS RECORDED YESTERDAY.
  RAIN
  LIGHT RAIN
  FOG


RELATIVE HUMIDITY (PERCENT)
 HIGHEST    97          1100 PM
 LOWEST     78           300 PM
 AVERAGE    88

..........................................................


THE SIOUX CITY IA CLIMATE NORMALS FOR TODAY
                         NORMAL    RECORD    YEAR
 MAXIMUM TEMPERATURE (F)   76       102      1967
 MINIMUM TEMPERATURE (F)   52        36      1925


SUNRISE AND SUNSET
MAY 25 2015...........SUNRISE   555 AM CDT   SUNSET   850 PM CDT
MAY 26 2015...........SUNRISE   555 AM CDT   SUNSET   851 PM CDT


-  INDICATES NEGATIVE NUMBERS.
R  INDICATES RECORD WAS SET OR TIED.
MM INDICATES DATA IS MISSING.
T  INDICATES TRACE AMOUNT.




$$
