000
CDUS41 KBGM 220649
CLISYR


CLIMATE REPORT
NATIONAL WEATHER SERVICE BINGHAMTON NY
147 AM EST MON DEC 22 2014


...................................

...THE SYRACUSE NY CLIMATE SUMMARY FOR DECEMBER 21 2014...

CLIMATE NORMAL PERIOD 1981 TO 2010
CLIMATE RECORD PERIOD 1902 TO 2014


WEATHER ITEM   OBSERVED TIME   RECORD YEAR NORMAL DEPARTURE LAST
                VALUE   (LST)  VALUE       VALUE  FROM      YEAR
                                                  NORMAL
..................................................................
TEMPERATURE (F)
 YESTERDAY
  MAXIMUM         31    508 PM  58    1988  35     -4       56
  MINIMUM         24    121 AM -20    1955  21      3       33
  AVERAGE         28                        28      0       45

PRECIPITATION (IN)
  YESTERDAY        T             1.02 1993   0.10  -0.10     0.63
  MONTH TO DATE    2.36                      2.26   0.10     2.07
  SINCE DEC 1      2.36                      2.26   0.10     2.07
  SINCE JAN 1     39.84                     37.51   2.33    39.60

SNOWFALL (IN)
  YESTERDAY        T             8.8  1977   1.1   -1.1      0.0
  MONTH TO DATE   16.4                      21.9   -5.5     20.5
  SINCE DEC 1     16.4                      21.9   -5.5     20.5
  SINCE JUL 1     27.4                      31.8   -4.4     34.8
  SNOW DEPTH       T

DEGREE DAYS
 HEATING
  YESTERDAY       37                        37      0       20
  MONTH TO DATE  718                       714      4      762
  SINCE DEC 1    718                       714      4      762
  SINCE JUL 1   1903                      2063   -160     2095

 COOLING
  YESTERDAY        0                         0      0        0
  MONTH TO DATE    0                         0      0        0
  SINCE DEC 1      0                         0      0        0
  SINCE JAN 1    647                       569     78      712
..................................................................


WIND (MPH)
  HIGHEST WIND SPEED     6   HIGHEST WIND DIRECTION    SE (120)
  HIGHEST GUST SPEED     7   HIGHEST GUST DIRECTION    SW (240)
  AVERAGE WIND SPEED     2.2


SKY COVER
  POSSIBLE SUNSHINE  MM
  AVERAGE SKY COVER 1.0


WEATHER CONDITIONS
 THE FOLLOWING WEATHER WAS RECORDED YESTERDAY.
  LIGHT SNOW
  FOG


RELATIVE HUMIDITY (PERCENT)
 HIGHEST    92           200 AM
 LOWEST     78          1100 AM
 AVERAGE    85

..........................................................


THE SYRACUSE NY CLIMATE NORMALS FOR TODAY
                         NORMAL    RECORD    YEAR
 MAXIMUM TEMPERATURE (F)   34        66      1949
 MINIMUM TEMPERATURE (F)   20       -13      1989


SUNRISE AND SUNSET
DECEMBER 22 2014......SUNRISE   733 AM EST   SUNSET   433 PM EST
DECEMBER 23 2014......SUNRISE   734 AM EST   SUNSET   433 PM EST


-  INDICATES NEGATIVE NUMBERS.
R  INDICATES RECORD WAS SET OR TIED.
MM INDICATES DATA IS MISSING.
T  INDICATES TRACE AMOUNT.




$$
