000
CDUS41 KBGM 060727
CLISYR


CLIMATE REPORT
NATIONAL WEATHER SERVICE BINGHAMTON NY
223 AM EST FRI MAR 6 2015


...................................

...THE SYRACUSE NY CLIMATE SUMMARY FOR MARCH 5 2015...

CLIMATE NORMAL PERIOD 1981 TO 2010
CLIMATE RECORD PERIOD 1902 TO 2015


WEATHER ITEM   OBSERVED TIME   RECORD YEAR NORMAL DEPARTURE LAST
                VALUE   (LST)  VALUE       VALUE  FROM      YEAR
                                                  NORMAL
..................................................................
TEMPERATURE (F)
 YESTERDAY
  MAXIMUM         21   1228 AM  71    1976  39    -18       23
  MINIMUM          5   1159 PM  -8    1948  21    -16        0
                                      1944
  AVERAGE         13                        30    -17       12

PRECIPITATION (IN)
  YESTERDAY        T             0.79 1920   0.08  -0.08      T
  MONTH TO DATE    0.41                      0.42  -0.01     0.19
  SINCE MAR 1      0.41                      0.42  -0.01     0.19
  SINCE JAN 1      4.29                      4.99  -0.70     5.74

SNOWFALL (IN)
  YESTERDAY        0.8          12.3  2001   0.8    0.0      0.4
  MONTH TO DATE    7.4                       4.1    3.3      4.9
  SINCE MAR 1      7.4                       4.1    3.3      4.9
  SINCE JUL 1    114.2                     106.0    8.2    114.8
  SNOW DEPTH      28

DEGREE DAYS
 HEATING
  YESTERDAY       52                        35     17       53
  MONTH TO DATE  244                       177     67      253
  SINCE MAR 1    244                       177     67      253
  SINCE JUL 1   5468                      5008    460     5345

 COOLING
  YESTERDAY        0                         0      0        0
  MONTH TO DATE    0                         0      0        0
  SINCE MAR 1      0                         0      0        0
  SINCE JAN 1      0                         0      0        0
..................................................................


WIND (MPH)
  HIGHEST WIND SPEED    21   HIGHEST WIND DIRECTION     W (280)
  HIGHEST GUST SPEED    28   HIGHEST GUST DIRECTION    NW (310)
  AVERAGE WIND SPEED    12.1


SKY COVER
  POSSIBLE SUNSHINE  MM
  AVERAGE SKY COVER 0.9


WEATHER CONDITIONS
 THE FOLLOWING WEATHER WAS RECORDED YESTERDAY.
  LIGHT SNOW
  FOG


RELATIVE HUMIDITY (PERCENT)
 HIGHEST   100          1200 AM
 LOWEST     61           400 PM
 AVERAGE    81

..........................................................


THE SYRACUSE NY CLIMATE NORMALS FOR TODAY
                         NORMAL    RECORD    YEAR
 MAXIMUM TEMPERATURE (F)   39        67      1946
 MINIMUM TEMPERATURE (F)   22       -10      1948


SUNRISE AND SUNSET
MARCH  6 2015.........SUNRISE   633 AM EST   SUNSET   600 PM EST
MARCH  7 2015.........SUNRISE   631 AM EST   SUNSET   601 PM EST


-  INDICATES NEGATIVE NUMBERS.
R  INDICATES RECORD WAS SET OR TIED.
MM INDICATES DATA IS MISSING.
T  INDICATES TRACE AMOUNT.




$$
