000
CDUS41 KBGM 200601
CLISYR


CLIMATE REPORT
NATIONAL WEATHER SERVICE BINGHAMTON NY
200 AM EDT WED AUG 20 2014


...................................

...THE SYRACUSE NY CLIMATE SUMMARY FOR AUGUST 19 2014...

CLIMATE NORMAL PERIOD 1981 TO 2010
CLIMATE RECORD PERIOD 1902 TO 2014


WEATHER ITEM   OBSERVED TIME   RECORD YEAR NORMAL DEPARTURE LAST
                VALUE   (LST)  VALUE       VALUE  FROM      YEAR
                                                  NORMAL
..................................................................
TEMPERATURE (F)
 YESTERDAY
  MAXIMUM         80    418 PM  94    1936  80      0       83
  MINIMUM         49    546 AM  46    1988  60    -11       59
                                      1977
  AVERAGE         65                        70     -5       71

PRECIPITATION (IN)
  YESTERDAY        0.00          1.15 1956   0.12  -0.12     0.00
  MONTH TO DATE    1.86                      2.20  -0.34     1.29
  SINCE JUN 1      9.78                      9.29   0.49    11.35
  SINCE JAN 1     27.16                     23.22   3.94    25.29

SNOWFALL (IN)
  YESTERDAY        0.0           0.0  2002   0.0    0.0      0.0
                                      2000
                                      2001
  MONTH TO DATE    0.0                       0.0    0.0      0.0
  SINCE JUN 1      0.0                       0.0    0.0      0.0
  SINCE JUL 1      0.0                       0.0    0.0      0.0
  SNOW DEPTH       0

DEGREE DAYS
 HEATING
  YESTERDAY        0                         1     -1        0
  MONTH TO DATE    8                         6      2        3
  SINCE JUN 1     33                        75    -42       67
  SINCE JUL 1     10                        14     -4        6

 COOLING
  YESTERDAY        0                         5     -5        6
  MONTH TO DATE   85                       111    -26       69
  SINCE JUN 1    442                       427     15      496
  SINCE JAN 1    498                       457     41      548
..................................................................


WIND (MPH)
  HIGHEST WIND SPEED    12   HIGHEST WIND DIRECTION    NE (60)
  HIGHEST GUST SPEED    14   HIGHEST GUST DIRECTION    SE (120)
  AVERAGE WIND SPEED     4.2


SKY COVER
  POSSIBLE SUNSHINE  MM
  AVERAGE SKY COVER 0.5


WEATHER CONDITIONS
 THE FOLLOWING WEATHER WAS RECORDED YESTERDAY.
  NO SIGNIFICANT WEATHER WAS OBSERVED.


RELATIVE HUMIDITY (PERCENT)
 HIGHEST    93          1200 AM
 LOWEST     54          1200 PM
 AVERAGE    74

..........................................................


THE SYRACUSE NY CLIMATE NORMALS FOR TODAY
                         NORMAL    RECORD    YEAR
 MAXIMUM TEMPERATURE (F)   80        93      1955
 MINIMUM TEMPERATURE (F)   59        44      1984


SUNRISE AND SUNSET
AUGUST 20 2014........SUNRISE   616 AM EDT   SUNSET   759 PM EDT
AUGUST 21 2014........SUNRISE   617 AM EDT   SUNSET   758 PM EDT


-  INDICATES NEGATIVE NUMBERS.
R  INDICATES RECORD WAS SET OR TIED.
MM INDICATES DATA IS MISSING.
T  INDICATES TRACE AMOUNT.




$$
