000
CDUS41 KBGM 260528
CLISYR


CLIMATE REPORT
NATIONAL WEATHER SERVICE BINGHAMTON NY
126 AM EDT TUE SEP 26 2017


...................................

...THE SYRACUSE NY CLIMATE SUMMARY FOR SEPTEMBER 25 2017...

CLIMATE NORMAL PERIOD 1981 TO 2010
CLIMATE RECORD PERIOD 1902 TO 2017


WEATHER ITEM   OBSERVED TIME   RECORD YEAR NORMAL DEPARTURE LAST
                VALUE   (LST)  VALUE       VALUE  FROM      YEAR
                                                  NORMAL
..................................................................
TEMPERATURE (F)
 YESTERDAY
  MAXIMUM         90    255 PM  91    2007  68     22       64
  MINIMUM         61    559 AM  32    1963  48     13       40
  AVERAGE         76                        58     18       52

PRECIPITATION (IN)
  YESTERDAY        0.00          2.49 1975   0.12  -0.12     0.00
  MONTH TO DATE    1.22                      3.06  -1.84     3.67
  SINCE SEP 1      1.22                      3.06  -1.84     3.67
  SINCE JAN 1     33.74                     27.65   6.09    26.88

SNOWFALL (IN)
  YESTERDAY        0.0           0.0  2002   0.0    0.0      0.0
                                      2000
                                      2001
  MONTH TO DATE    0.0                       0.0    0.0      0.0
  SINCE SEP 1      0.0                       0.0    0.0      0.0
  SINCE JUL 1      0.0                       0.0    0.0      0.0
  SNOW DEPTH       0

DEGREE DAYS
 HEATING
  YESTERDAY        0                         7     -7       13
  MONTH TO DATE   72                        98    -26       51
  SINCE SEP 1     72                        98    -26       51
  SINCE JUL 1    108                       124    -16       52

 COOLING
  YESTERDAY       11                         1     10        0
  MONTH TO DATE   62                        50     12       90
  SINCE SEP 1     62                        50     12       90
  SINCE JAN 1    512                       563    -51      802
..................................................................


WIND (MPH)
  HIGHEST WIND SPEED    10   HIGHEST WIND DIRECTION     N (20)
  HIGHEST GUST SPEED    13   HIGHEST GUST DIRECTION     N (20)
  AVERAGE WIND SPEED     2.9


SKY COVER
  POSSIBLE SUNSHINE  MM
  AVERAGE SKY COVER 0.4


WEATHER CONDITIONS
 THE FOLLOWING WEATHER WAS RECORDED YESTERDAY.
  FOG


RELATIVE HUMIDITY (PERCENT)
 HIGHEST   100           300 AM
 LOWEST     46           400 PM
 AVERAGE    73

..........................................................


THE SYRACUSE NY CLIMATE NORMALS FOR TODAY
                         NORMAL    RECORD    YEAR
 MAXIMUM TEMPERATURE (F)   68        88      1934
 MINIMUM TEMPERATURE (F)   48        30      1943


SUNRISE AND SUNSET
SEPTEMBER 26 2017.....SUNRISE   656 AM EDT   SUNSET   654 PM EDT
SEPTEMBER 27 2017.....SUNRISE   658 AM EDT   SUNSET   652 PM EDT


-  INDICATES NEGATIVE NUMBERS.
R  INDICATES RECORD WAS SET OR TIED.
MM INDICATES DATA IS MISSING.
T  INDICATES TRACE AMOUNT.




$$
