000
CDUS41 KBGM 280555
CLISYR


CLIMATE REPORT
NATIONAL WEATHER SERVICE BINGHAMTON NY
154 AM EDT FRI JUL 28 2017


...................................

...THE SYRACUSE NY CLIMATE SUMMARY FOR JULY 27 2017...

CLIMATE NORMAL PERIOD 1981 TO 2010
CLIMATE RECORD PERIOD 1902 TO 2017


WEATHER ITEM   OBSERVED TIME   RECORD YEAR NORMAL DEPARTURE LAST
                VALUE   (LST)  VALUE       VALUE  FROM      YEAR
                                                  NORMAL
..................................................................
TEMPERATURE (F)
 YESTERDAY
  MAXIMUM         75    512 PM  95    1941  82     -7       87
  MINIMUM         63   1159 PM  50    2001  61      2       60
                                      1977
  AVERAGE         69                        72     -3       74

PRECIPITATION (IN)
  YESTERDAY        0.47          2.60 2004   0.12   0.35     0.00
  MONTH TO DATE    4.19                      3.30   0.89     2.62
  SINCE JUN 1      8.88                      6.61   2.27     4.57
  SINCE JAN 1     30.72                     20.54  10.18    19.13

SNOWFALL (IN)
  YESTERDAY        0.0           0.0  2002   0.0    0.0      0.0
                                      2000
                                      2001
  MONTH TO DATE    0.0                       0.0    0.0      0.0
  SINCE JUN 1      0.0                       0.0    0.0       T
  SINCE JUL 1      0.0                       0.0    0.0      0.0
  SNOW DEPTH       0

DEGREE DAYS
 HEATING
  YESTERDAY        0                         0      0        0
  MONTH TO DATE    2                         2      0        0
  SINCE JUN 1     73                        63     10       53
  SINCE JUL 1      2                         2      0        0

 COOLING
  YESTERDAY        4                         7     -3        9
  MONTH TO DATE  166                       181    -15      235
  SINCE JUN 1    269                       294    -25      336
  SINCE JAN 1    301                       324    -23      392
..................................................................


WIND (MPH)
  HIGHEST WIND SPEED    14   HIGHEST WIND DIRECTION     W (250)
  HIGHEST GUST SPEED    19   HIGHEST GUST DIRECTION     W (250)
  AVERAGE WIND SPEED     6.0


SKY COVER
  POSSIBLE SUNSHINE  MM
  AVERAGE SKY COVER 0.8


WEATHER CONDITIONS
 THE FOLLOWING WEATHER WAS RECORDED YESTERDAY.
  HEAVY RAIN
  LIGHT RAIN
  FOG


RELATIVE HUMIDITY (PERCENT)
 HIGHEST   100           700 AM
 LOWEST     73          1200 AM
 AVERAGE    87

..........................................................


THE SYRACUSE NY CLIMATE NORMALS FOR TODAY
                         NORMAL    RECORD    YEAR
 MAXIMUM TEMPERATURE (F)   82        96      1964
 MINIMUM TEMPERATURE (F)   61        46      1977


SUNRISE AND SUNSET
JULY 28 2017..........SUNRISE   551 AM EDT   SUNSET   830 PM EDT
JULY 29 2017..........SUNRISE   552 AM EDT   SUNSET   829 PM EDT


-  INDICATES NEGATIVE NUMBERS.
R  INDICATES RECORD WAS SET OR TIED.
MM INDICATES DATA IS MISSING.
T  INDICATES TRACE AMOUNT.




$$
