000
CDUS41 KBGM 270552
CLISYR


CLIMATE REPORT
NATIONAL WEATHER SERVICE BINGHAMTON NY
151 AM EDT SAT MAY 27 2017


...................................

...THE SYRACUSE NY CLIMATE SUMMARY FOR MAY 26 2017...

CLIMATE NORMAL PERIOD 1981 TO 2010
CLIMATE RECORD PERIOD 1902 TO 2017


WEATHER ITEM   OBSERVED TIME   RECORD YEAR NORMAL DEPARTURE LAST
                VALUE   (LST)  VALUE       VALUE  FROM      YEAR
                                                  NORMAL
..................................................................
TEMPERATURE (F)
 YESTERDAY
  MAXIMUM         62    124 PM  90    2011  72    -10       87
                                      2010
  MINIMUM         53    512 AM  36    1969  50      3       57
  AVERAGE         58                        61     -3       72

PRECIPITATION (IN)
  YESTERDAY        0.18          1.47 1991   0.11   0.07     0.00
  MONTH TO DATE    4.47                      2.69   1.78     1.16
  SINCE MAR 1     13.27                      8.83   4.44     5.62
  SINCE JAN 1     19.85                     13.40   6.45    12.14

SNOWFALL (IN)
  YESTERDAY        0.0           0.0  2002   0.0    0.0      0.0
                                      2001
  MONTH TO DATE    0.0                       0.1   -0.1       T
  SINCE MAR 1     31.2                      21.9    9.3     13.5
  SINCE JUL 1    134.9                     123.8   11.1     80.3
  SNOW DEPTH       0

DEGREE DAYS
 HEATING
  YESTERDAY        7                         6      1        0
  MONTH TO DATE  290                       230     60      261
  SINCE MAR 1   1788                      1734     54     1699
  SINCE JUL 1   6057                      6565   -508     5798

 COOLING
  YESTERDAY        0                         1     -1        7
  MONTH TO DATE   18                        16      2        8
  SINCE MAR 1     30                        20     10        8
  SINCE JAN 1     30                        20     10        8
..................................................................


WIND (MPH)
  HIGHEST WIND SPEED    17   HIGHEST WIND DIRECTION    NW (300)
  HIGHEST GUST SPEED    22   HIGHEST GUST DIRECTION    NW (300)
  AVERAGE WIND SPEED     7.1


SKY COVER
  POSSIBLE SUNSHINE  MM
  AVERAGE SKY COVER 1.0


WEATHER CONDITIONS
 THE FOLLOWING WEATHER WAS RECORDED YESTERDAY.
  LIGHT RAIN
  FOG


RELATIVE HUMIDITY (PERCENT)
 HIGHEST   100           300 AM
 LOWEST     78           200 PM
 AVERAGE    89

..........................................................


THE SYRACUSE NY CLIMATE NORMALS FOR TODAY
                         NORMAL    RECORD    YEAR
 MAXIMUM TEMPERATURE (F)   72        91      1939
 MINIMUM TEMPERATURE (F)   50        33      1969


SUNRISE AND SUNSET
MAY 27 2017...........SUNRISE   530 AM EDT   SUNSET   833 PM EDT
MAY 28 2017...........SUNRISE   530 AM EDT   SUNSET   834 PM EDT


-  INDICATES NEGATIVE NUMBERS.
R  INDICATES RECORD WAS SET OR TIED.
MM INDICATES DATA IS MISSING.
T  INDICATES TRACE AMOUNT.




$$
