000
CDKA40 PTYA 291600
CLIT11
DAILY CLIMATE REPORT
NATIONAL WEATHER SERVICE YAP FM
2AM LST FRI SEP 30 2016
THE YAP FM CLIMATE SUMMARY FOR SEPTEMBER 29 2016
CLIMATE NORMAL PERIOD  1981  TO 2010
CLIMATE RECORD PERIOD  1951  TO 2016
WEATHER ITEM OBSERVED TIME  RECORD YEAR NORMAL DEPARTURE LAST
              VALUE   (LST) VALUE       VALUE    FROM    YEAR
                                                NORMAL
TEMPERATURE   (F)
YESTERDAY
MAXIMUM       87  1445 PM  97  2014     88      -1        82
MINIMUM       78  0845 PM  63  1999     78       1        76
AVERAGE       83                        83       0        89
PRECIPITATION INCHES
YESTERDAY       0.09    164.24 1996  0.44    -0.35      0.24
MONTH TO DATE   7.92                13.32    -5.40      9.21
SINCE 01 SEP    7.92                13.32    -5.40      9.21
SINCE JAN 01   54.58                89.87   -35.39     80.14
