896
CDKA40 PTYA 111600
CLIT11
DAILY CLIMATE REPORT
NATIONAL WEATHER SERVICE YAP FM
2AM LST SUN NOV 12 2017
THE YAP FM CLIMATE SUMMARY FOR NOVEMBER 11 2017
CLIMATE NORMAL PERIOD  1981  TO 2010
CLIMATE RECORD PERIOD  1951  TO 2017
WEATHER ITEM OBSERVED TIME  RECORD YEAR NORMAL DEPARTURE LAST
              VALUE   (LST) VALUE       VALUE    FROM    YEAR
                                                NORMAL
TEMPERATURE   (F)
YESTERDAY
MAXIMUM       87  1445        97  2014     88     -1        87
MINIMUM       78  0145        63  1999     78      0        77
AVERAGE       83                           83      0        82
PRECIPITATION INCHES
YESTERDAY       0.30     164.24/1996       0.30     0.00    0.00
MONTH TO DATE   6.10                       3.51     2.59    6.22
SINCE 01 SEP   37.68                      29.52     8.16   35.11
SINCE JAN 01  125.11                     106.07    19.04   81.77
