000
CDKA40 PTYA 281600
CLIT11
DAILY CLIMATE REPORT
NATIONAL WEATHER SERVICE YAP FM
2AM LST FRI JUL 29 2016
THE YAP FM CLIMATE SUMMARY FOR JULY 28 2016
CLIMATE NORMAL PERIOD  1981  TO 2010
CLIMATE RECORD PERIOD  1951  TO 2016
WEATHER ITEM OBSERVED TIME  RECORD YEAR NORMAL DEPARTURE LAST
              VALUE   (LST) VALUE       VALUE    FROM    YEAR
                                                NORMAL
TEMPERATURE   (F)
YESTERDAY
MAXIMUM       89  0945 AM  97/2014      87       2        89
MINIMUM       77  0045 AM  63/1999      78      -1        77
AVERAGE       83                        83       0        83
PRECIPITATION INCHES
YESTERDAY       0.75  164.24  1996   0.51      0.24     0.00
MONTH TO DATE   9.47                13.48     -4.01    12.21
SINCE 01 JUN   15.93                26.68    -10.75    23.28
SINCE JAN 01   33.00                59.53    -26.53    48.83
