000
CDKA40 PTYA 050700
CLIT11
DAILY CLIMATE REPORT
NATIONAL WEATHER SERVICE YAP FM
5PM LST MON DEC 05 2016
THE YAP FM CLIMATE SUMMARY FOR DECEMBER 05 2016
CLIMATE NORMAL PERIOD  1981  TO 2010
CLIMATE RECORD PERIOD  1951  TO 2016
WEATHER ITEM OBSERVED TIME  RECORD YEAR NORMAL DEPARTURE LAST
              VALUE   (LST) VALUE       VALUE    FROM    YEAR
                                                NORMAL
TEMPERATURE   (F)
TODAY
MAXIMUM       85  1345        97  2014     88      -3        90
MINIMUM       79  0345        63  1999     78       1        79
AVERAGE       82                           83      -1        85
PRECIPITATION INCHES
TODAY           0.21   164.24 1996   0.30    -0.09    0.02
MONTH TO DATE   0.35                 1.50    -1.15    0.90
SINCE 01 DEC    0.35                 1.50    -1.15    0.90
SINCE JAN 01   89.68               113.15   -23.47   89.71
