000
CDUS45 KPUB 161206
CLITAD


CLIMATE REPORT
NATIONAL WEATHER SERVICE PUEBLO
506 AM MST MON JAN 16 2017


...................................

...THE TRINIDAD CO CLIMATE SUMMARY FOR JANUARY 15 2017...

CLIMATE NORMAL PERIOD 1981 TO 2010
CLIMATE RECORD PERIOD 9999 TO 9999


WEATHER ITEM   OBSERVED TIME   NORMAL DEPARTURE LAST
                VALUE   (LST)  VALUE  FROM      YEAR
                                      NORMAL
......................................................
TEMPERATURE (F)
 YESTERDAY
  MAXIMUM         34    240 AM  47    -13       40
  MINIMUM         30   1144 PM  18     12       18
  AVERAGE         32            32      0       29

PRECIPITATION (IN)
  YESTERDAY        0.40          0.01   0.39     0.00
  MONTH TO DATE    0.86          0.19   0.67     0.24
  SINCE DEC 1      1.16          0.73   0.43     0.47
  SINCE JAN 1      0.86          0.19   0.67     0.24

DEGREE DAYS
 HEATING
  YESTERDAY       33            33      0       36
  MONTH TO DATE  520           495     25      538
  SINCE DEC 1   1546          1530     16     1451
  SINCE JUL 1   2312          2763   -451     2369

 COOLING
  YESTERDAY        0             0      0        0
  MONTH TO DATE    0             0      0        0
  SINCE DEC 1      0             0      0        0
  SINCE JAN 1      0             0      0        0
......................................................


WIND (MPH)
  HIGHEST WIND SPEED     8   HIGHEST WIND DIRECTION    NW (320)
  HIGHEST GUST SPEED     9   HIGHEST GUST DIRECTION     W (290)
  AVERAGE WIND SPEED     1.9


SKY COVER
  POSSIBLE SUNSHINE  MM
  AVERAGE SKY COVER 1.0


WEATHER CONDITIONS
 THE FOLLOWING WEATHER WAS RECORDED YESTERDAY.
  LIGHT RAIN
  HEAVY SNOW
  SNOW
  LIGHT SNOW
  FOG
  FOG W/VISIBILITY <= 1/4 MILE
  HAZE


RELATIVE HUMIDITY (PERCENT)
 HIGHEST    92           500 AM
 LOWEST     75          1200 AM
 AVERAGE    84

..........................................................




SUNRISE AND SUNSET
JANUARY 16 2017.......SUNRISE   710 AM MST   SUNSET   505 PM MST
JANUARY 17 2017.......SUNRISE   709 AM MST   SUNSET   506 PM MST


-  INDICATES NEGATIVE NUMBERS.
R  INDICATES RECORD WAS SET OR TIED.
MM INDICATES DATA IS MISSING.
T  INDICATES TRACE AMOUNT.




$$
