000
CDUS44 KBMX 220850
CLITCL


CLIMATE REPORT
NATIONAL WEATHER SERVICE BIRMINGHAM, AL
250 AM CST WED NOV 22 2017


...................................

...THE TUSCALOOSA CLIMATE SUMMARY FOR NOVEMBER 21 2017...

CLIMATE NORMAL PERIOD 1981 TO 2010
CLIMATE RECORD PERIOD 1948 TO 2017


WEATHER ITEM   OBSERVED TIME   RECORD YEAR NORMAL DEPARTURE LAST
                VALUE   (LST)  VALUE       VALUE  FROM      YEAR
                                                  NORMAL
..................................................................
TEMPERATURE (F)
 YESTERDAY
  MAXIMUM         66    217 PM  79    1965  65      1       65
  MINIMUM         31    644 AM  23    2008  41    -10       26
  AVERAGE         49                        53     -4       46

PRECIPITATION (IN)
  YESTERDAY        0.00          1.58 1977   0.19  -0.19     0.00
  MONTH TO DATE    0.86                      3.25  -2.39      T
  SINCE SEP 1      6.97                     10.28  -3.31     0.33
  SINCE JAN 1     55.26                     46.15   9.11    32.07

SNOWFALL (IN)
  YESTERDAY        0.0                       0.0    0.0
  MONTH TO DATE    0.0                       0.0    0.0
  SINCE SEP 1      0.0                       0.0    0.0
  SINCE JUL 1      0.0                       0.0    0.0

DEGREE DAYS
 HEATING
  YESTERDAY       16                        12      4
  MONTH TO DATE  149                       196    -47
  SINCE SEP 1    264                       313    -49
  SINCE JUL 1    264                       313    -49
..................................................................


WIND (MPH)
  HIGHEST WIND SPEED     7   HIGHEST WIND DIRECTION     N (360)
  HIGHEST GUST SPEED    11   HIGHEST GUST DIRECTION     S (180)
  AVERAGE WIND SPEED     1.2


SKY COVER
  AVERAGE SKY COVER 0.1


WEATHER CONDITIONS
 THE FOLLOWING WEATHER WAS RECORDED YESTERDAY.
  FOG


RELATIVE HUMIDITY (PERCENT)
 HIGHEST   100          1200 AM
 LOWEST     34           400 PM
 AVERAGE    67

..........................................................


THE TUSCALOOSA CLIMATE NORMALS FOR TODAY
                         NORMAL    RECORD    YEAR
 MAXIMUM TEMPERATURE (F)   65        79      1979
 MINIMUM TEMPERATURE (F)   41        19      2008


SUNRISE AND SUNSET
NOVEMBER 22 2017......SUNRISE   628 AM CST   SUNSET   445 PM CST
NOVEMBER 23 2017......SUNRISE   629 AM CST   SUNSET   445 PM CST


-  INDICATES NEGATIVE NUMBERS.
R  INDICATES RECORD WAS SET OR TIED.
MM INDICATES DATA IS MISSING.
T  INDICATES TRACE AMOUNT.




$$
