000
CDUS44 KBMX 292121
CLITCL


CLIMATE REPORT
NATIONAL WEATHER SERVICE BIRMINGHAM, AL
420 PM CDT FRI AUG 29 2014


...................................

...THE TUSCALOOSA CLIMATE SUMMARY FOR AUGUST 29 2014...
VALID AS OF 0400 PM LOCAL TIME.

CLIMATE NORMAL PERIOD 1981 TO 2010
CLIMATE RECORD PERIOD 1948 TO 2014


WEATHER ITEM   OBSERVED TIME   RECORD YEAR NORMAL DEPARTURE LAST
                VALUE   (LST)  VALUE       VALUE  FROM      YEAR
                                                  NORMAL
..................................................................
TEMPERATURE (F)
 TODAY
  MAXIMUM         96    258 PM 107    2000  91      5       93
  MINIMUM         65    520 AM  56    1992  69     -4       70
                                      1986
  AVERAGE         81                        80      1       82

PRECIPITATION (IN)
  TODAY            0.00          1.83 1974   0.11  -0.11     0.00
  MONTH TO DATE    2.44                      3.10  -0.66     4.02
  SINCE JUN 1      8.51                     12.27  -3.76    16.86
  SINCE JAN 1     33.55                     35.67  -2.12    38.82

DEGREE DAYS
 COOLING
  TODAY           16                        15      1
  MONTH TO DATE  490                       478     12
  SINCE JUN 1   1365                      1399    -34
  SINCE JAN 1   1655                      1710    -55
..................................................................


WIND (MPH)
  HIGHEST WIND SPEED    15   HIGHEST WIND DIRECTION     S (190)
  HIGHEST GUST SPEED    18   HIGHEST GUST DIRECTION     S (190)
  AVERAGE WIND SPEED     3.0


SKY COVER
  AVERAGE SKY COVER 0.1


WEATHER CONDITIONS
 THE FOLLOWING WEATHER WAS RECORDED TODAY.
  FOG


RELATIVE HUMIDITY (PERCENT)
 HIGHEST    93           500 AM
 LOWEST     33           200 PM
 AVERAGE    63

..........................................................


THE TUSCALOOSA CLIMATE NORMALS FOR TOMORROW
                         NORMAL    RECORD    YEAR
 MAXIMUM TEMPERATURE (F)   91       103      1951
 MINIMUM TEMPERATURE (F)   69        54      1968


SUNRISE AND SUNSET
AUGUST 29 2014........SUNRISE   623 AM CDT   SUNSET   719 PM CDT
AUGUST 30 2014........SUNRISE   623 AM CDT   SUNSET   718 PM CDT


-  INDICATES NEGATIVE NUMBERS.
R  INDICATES RECORD WAS SET OR TIED.
MM INDICATES DATA IS MISSING.
T  INDICATES TRACE AMOUNT.




$$
