000
CDUS44 KBMX 260711
CLITCL


CLIMATE REPORT
NATIONAL WEATHER SERVICE BIRMINGHAM, AL
109 AM CST MON JAN 26 2015


...................................

...THE TUSCALOOSA CLIMATE SUMMARY FOR JANUARY 25 2015...

CLIMATE NORMAL PERIOD 1981 TO 2010
CLIMATE RECORD PERIOD 1948 TO 2015


WEATHER ITEM   OBSERVED TIME   RECORD YEAR NORMAL DEPARTURE LAST
                VALUE   (LST)  VALUE       VALUE  FROM      YEAR
                                                  NORMAL
..................................................................
TEMPERATURE (F)
 YESTERDAY
  MAXIMUM         64    332 PM  81    1950  56      8       57
  MINIMUM         29    327 AM  11    1963  34     -5       20
  AVERAGE         47                        45      2       39

PRECIPITATION (IN)
  YESTERDAY        0.04          1.95 1976   0.18  -0.14     0.00
  MONTH TO DATE    6.17                      4.17   2.00     2.09
  SINCE DEC 1     13.17                      8.79   4.38     9.50
  SINCE JAN 1      6.17                      4.17   2.00     2.09

SNOWFALL (IN)
  YESTERDAY        0.0                       0.0    0.0
  MONTH TO DATE    0.0                       0.3   -0.3
  SINCE DEC 1      0.0                       0.3   -0.3
  SINCE JUL 1      0.0                       0.3   -0.3

DEGREE DAYS
 HEATING
  YESTERDAY       18                        20     -2
  MONTH TO DATE  533                       514     19
  SINCE DEC 1    996                      1078    -82
  SINCE JUL 1   1540                      1515     25
..................................................................


WIND (MPH)
  HIGHEST WIND SPEED    39   HIGHEST WIND DIRECTION     W (270)
  HIGHEST GUST SPEED    58   HIGHEST GUST DIRECTION     W (280)
  AVERAGE WIND SPEED     6.4


SKY COVER
  AVERAGE SKY COVER 0.3


WEATHER CONDITIONS
 THE FOLLOWING WEATHER WAS RECORDED YESTERDAY.
  THUNDERSTORM
  RAIN
  LIGHT RAIN
  FOG


RELATIVE HUMIDITY (PERCENT)
 HIGHEST    92           100 AM
 LOWEST     37           300 PM
 AVERAGE    65

..........................................................


THE TUSCALOOSA CLIMATE NORMALS FOR TODAY
                         NORMAL    RECORD    YEAR
 MAXIMUM TEMPERATURE (F)   56        81      1950
 MINIMUM TEMPERATURE (F)   34        16      1985


SUNRISE AND SUNSET
JANUARY 26 2015.......SUNRISE   650 AM CST   SUNSET   516 PM CST
JANUARY 27 2015.......SUNRISE   649 AM CST   SUNSET   517 PM CST


-  INDICATES NEGATIVE NUMBERS.
R  INDICATES RECORD WAS SET OR TIED.
MM INDICATES DATA IS MISSING.
T  INDICATES TRACE AMOUNT.




$$
