000
CDUS44 KBMX 212159
CLITCL


CLIMATE REPORT
NATIONAL WEATHER SERVICE BIRMINGHAM, AL
459 PM CDT THU SEP 21 2017


...................................

...THE TUSCALOOSA CLIMATE SUMMARY FOR SEPTEMBER 21 2017...
VALID TODAY AS OF 0400 PM LOCAL TIME.

CLIMATE NORMAL PERIOD 1981 TO 2010
CLIMATE RECORD PERIOD 1948 TO 2017


WEATHER ITEM   OBSERVED TIME   RECORD YEAR NORMAL DEPARTURE LAST
                VALUE   (LST)  VALUE       VALUE  FROM      YEAR
                                                  NORMAL
..................................................................
TEMPERATURE (F)
 TODAY
  MAXIMUM         93    210 PM  99    1955  86      7       97
  MINIMUM         69    557 AM  46    1956  62      7       66
  AVERAGE         81                        74      7       82

PRECIPITATION (IN)
  TODAY            0.00          1.93 2009   0.11  -0.11     0.00
  MONTH TO DATE    1.63                      2.46  -0.83     0.33
  SINCE SEP 1      1.63                      2.46  -0.83     0.33
  SINCE JAN 1     49.92                     38.33  11.59    32.07

DEGREE DAYS

 COOLING
  TODAY           16                         9      7
  MONTH TO DATE  190                       255    -65
  SINCE SEP 1    190                       255    -65
  SINCE JAN 1   1965                      1992    -27
..................................................................


WIND (MPH)
  HIGHEST WIND SPEED     8   HIGHEST WIND DIRECTION    NE (30)
  HIGHEST GUST SPEED    13   HIGHEST GUST DIRECTION     N (20)
  AVERAGE WIND SPEED     2.0


SKY COVER
  AVERAGE SKY COVER 0.0


WEATHER CONDITIONS
 THE FOLLOWING WEATHER WAS RECORDED TODAY.
  FOG
  FOG W/VISIBILITY <= 1/4 MILE


RELATIVE HUMIDITY (PERCENT)
 HIGHEST   100          1200 AM
 LOWEST     47           300 PM
 AVERAGE    74

..........................................................


THE TUSCALOOSA CLIMATE NORMALS FOR TOMORROW
                         NORMAL    RECORD    YEAR
 MAXIMUM TEMPERATURE (F)   85        99      1955
 MINIMUM TEMPERATURE (F)   62        42      1983


SUNRISE AND SUNSET
SEPTEMBER 21 2017.....SUNRISE   638 AM CDT   SUNSET   648 PM CDT
SEPTEMBER 22 2017.....SUNRISE   639 AM CDT   SUNSET   647 PM CDT


-  INDICATES NEGATIVE NUMBERS.
R  INDICATES RECORD WAS SET OR TIED.
MM INDICATES DATA IS MISSING.
T  INDICATES TRACE AMOUNT.




$$
