000
CDUS44 KBMX 280942
CLITCL


CLIMATE REPORT
NATIONAL WEATHER SERVICE BIRMINGHAM, AL
440 AM CDT MON JUL 28 2014


...................................

...THE TUSCALOOSA CLIMATE SUMMARY FOR JULY 27 2014...

CLIMATE NORMAL PERIOD 1981 TO 2010
CLIMATE RECORD PERIOD 1948 TO 2014


WEATHER ITEM   OBSERVED TIME   RECORD YEAR NORMAL DEPARTURE LAST
                VALUE   (LST)  VALUE       VALUE  FROM      YEAR
                                                  NORMAL
..................................................................
TEMPERATURE (F)
 YESTERDAY
  MAXIMUM         97    309 PM 104    1952  92      5       88
  MINIMUM         72    521 AM  64    1962  72      0       72
  AVERAGE         85                        82      3       80

PRECIPITATION (IN)
  YESTERDAY        0.00          1.40 1985   0.13  -0.13      T
  MONTH TO DATE    0.92                      3.90  -2.98     6.83
  SINCE JUN 1      6.07                      8.67  -2.60    12.51
  SINCE JAN 1     31.11                     32.07  -0.96    34.47

..................................................................


WIND (MPH)
  HIGHEST WIND SPEED    13   HIGHEST WIND DIRECTION     W (280)
  HIGHEST GUST SPEED    18   HIGHEST GUST DIRECTION    SW (240)
  AVERAGE WIND SPEED     4.6


SKY COVER
  AVERAGE SKY COVER 0.1


WEATHER CONDITIONS
 THE FOLLOWING WEATHER WAS RECORDED YESTERDAY.
  FOG


RELATIVE HUMIDITY (PERCENT)
 HIGHEST    94          1200 AM
 LOWEST     45           200 PM
 AVERAGE    70

..........................................................


THE TUSCALOOSA CLIMATE NORMALS FOR TODAY
                         NORMAL    RECORD    YEAR
 MAXIMUM TEMPERATURE (F)   92       107      1952
 MINIMUM TEMPERATURE (F)   72        62      1994


SUNRISE AND SUNSET
JULY 28 2014..........SUNRISE   601 AM CDT   SUNSET   753 PM CDT
JULY 29 2014..........SUNRISE   601 AM CDT   SUNSET   752 PM CDT


-  INDICATES NEGATIVE NUMBERS.
R  INDICATES RECORD WAS SET OR TIED.
MM INDICATES DATA IS MISSING.
T  INDICATES TRACE AMOUNT.




$$
