000
CDUS44 KBMX 070839
CLITCL


CLIMATE REPORT
NATIONAL WEATHER SERVICE BIRMINGHAM, AL
237 AM CST WED DEC 7 2016


...................................

...THE TUSCALOOSA CLIMATE SUMMARY FOR DECEMBER 6 2016...

CLIMATE NORMAL PERIOD 1981 TO 2010
CLIMATE RECORD PERIOD 1948 TO 2016


WEATHER ITEM   OBSERVED TIME   RECORD YEAR NORMAL DEPARTURE LAST
                VALUE   (LST)  VALUE       VALUE  FROM      YEAR
                                                  NORMAL
..................................................................
TEMPERATURE (F)
 YESTERDAY
  MAXIMUM         60    806 AM  81    1951  60      0       66
  MINIMUM         50   1159 PM  23    2008  38     12       37
  AVERAGE         55                        49      6       52

PRECIPITATION (IN)
  YESTERDAY        0.17          2.76 1971   0.17   0.00     0.00
  MONTH TO DATE    1.85                      1.09   0.76     2.33
  SINCE DEC 1      1.85                      1.09   0.76     2.33
  SINCE JAN 1     36.45                     49.07 -12.62    47.02

SNOWFALL (IN)
  YESTERDAY        0.0                       0.0    0.0
  MONTH TO DATE    0.0                       0.0    0.0
  SINCE DEC 1      0.0                       0.0    0.0
  SINCE JUL 1      0.0                       0.0    0.0

DEGREE DAYS
 HEATING
  YESTERDAY       10                        16     -6
  MONTH TO DATE   87                        94     -7
  SINCE DEC 1     87                        94     -7
  SINCE JUL 1    346                       531   -185
..................................................................


WIND (MPH)
  HIGHEST WIND SPEED    21   HIGHEST WIND DIRECTION    SW (240)
  HIGHEST GUST SPEED    29   HIGHEST GUST DIRECTION     W (250)
  AVERAGE WIND SPEED     7.8


SKY COVER
  AVERAGE SKY COVER 1.0


WEATHER CONDITIONS
 THE FOLLOWING WEATHER WAS RECORDED YESTERDAY.
  HEAVY RAIN
  LIGHT RAIN
  FOG


RELATIVE HUMIDITY (PERCENT)
 HIGHEST   100           100 AM
 LOWEST     77          1200 PM
 AVERAGE    89

..........................................................


THE TUSCALOOSA CLIMATE NORMALS FOR TODAY
                         NORMAL    RECORD    YEAR
 MAXIMUM TEMPERATURE (F)   60        79      1951
 MINIMUM TEMPERATURE (F)   38        17      1984


SUNRISE AND SUNSET
DECEMBER  7 2016......SUNRISE   641 AM CST   SUNSET   443 PM CST
DECEMBER  8 2016......SUNRISE   642 AM CST   SUNSET   443 PM CST


-  INDICATES NEGATIVE NUMBERS.
R  INDICATES RECORD WAS SET OR TIED.
MM INDICATES DATA IS MISSING.
T  INDICATES TRACE AMOUNT.




$$
