000
CDUS44 KBMX 020709
CLITCL


CLIMATE REPORT
NATIONAL WEATHER SERVICE BIRMINGHAM, AL
209 AM CDT THU JUL 2 2015


...................................

...THE TUSCALOOSA CLIMATE SUMMARY FOR JULY 1 2015...

CLIMATE NORMAL PERIOD 1994 TO 1994
CLIMATE RECORD PERIOD 1994 TO 2015


WEATHER ITEM   OBSERVED TIME   RECORD YEAR NORMAL DEPARTURE LAST
                VALUE   (LST)  VALUE       VALUE  FROM      YEAR
                                                  NORMAL
..................................................................
TEMPERATURE (F)
 YESTERDAY
  MAXIMUM         92    315 PM 104    2012  92      0       93
  MINIMUM         69    533 AM  54    1950  70     -1       72
  AVERAGE         81                        81      0       83

PRECIPITATION (IN)
  YESTERDAY        0.03          1.82 1971   0.16  -0.13     0.00
  MONTH TO DATE    0.03                      0.16  -0.13     0.00
  SINCE JUN 1      1.73                      4.93  -3.20     5.15
  SINCE JAN 1     27.31                     28.33  -1.02    30.19

..................................................................


WIND (MPH)
  HIGHEST WIND SPEED    18   HIGHEST WIND DIRECTION     W (250)
  HIGHEST GUST SPEED    23   HIGHEST GUST DIRECTION     W (260)
  AVERAGE WIND SPEED     6.4


SKY COVER
  AVERAGE SKY COVER 0.3


WEATHER CONDITIONS
 THE FOLLOWING WEATHER WAS RECORDED YESTERDAY.
  THUNDERSTORM
  FOG


RELATIVE HUMIDITY (PERCENT)
 HIGHEST    97           300 AM
 LOWEST     49           200 PM
 AVERAGE    73

..........................................................


THE TUSCALOOSA CLIMATE NORMALS FOR TODAY
                         NORMAL    RECORD    YEAR
 MAXIMUM TEMPERATURE (F)   92       102      1970
 MINIMUM TEMPERATURE (F)   71        58      2008


SUNRISE AND SUNSET
JULY  2 2015..........SUNRISE   545 AM CDT   SUNSET   804 PM CDT
JULY  3 2015..........SUNRISE   546 AM CDT   SUNSET   804 PM CDT


-  INDICATES NEGATIVE NUMBERS.
R  INDICATES RECORD WAS SET OR TIED.
MM INDICATES DATA IS MISSING.
T  INDICATES TRACE AMOUNT.




$$
