000
CDUS44 KBMX 110711
CLITCL


CLIMATE REPORT
NATIONAL WEATHER SERVICE BIRMINGHAM, AL
109 AM CST THU FEB 11 2016


...................................

...THE TUSCALOOSA CLIMATE SUMMARY FOR FEBRUARY 10 2016...

CLIMATE NORMAL PERIOD 1994 TO 1994
CLIMATE RECORD PERIOD 1948 TO 2016


WEATHER ITEM   OBSERVED TIME   RECORD YEAR NORMAL DEPARTURE LAST
                VALUE   (LST)  VALUE       VALUE  FROM      YEAR
                                                  NORMAL
..................................................................
TEMPERATURE (F)
 YESTERDAY
  MAXIMUM         45    425 PM  78    1959  59    -14       55
  MINIMUM         20    518 AM  10    1971  36    -16       32
  AVERAGE         33                        48    -15       44

PRECIPITATION (IN)
  YESTERDAY        0.00          2.50 1981   0.19  -0.19     0.00
  MONTH TO DATE    1.35                      1.82  -0.47     0.32
  SINCE DEC 1     13.76                     11.79   1.97    13.49
  SINCE JAN 1      5.49                      7.17  -1.68     6.49

SNOWFALL (IN)
  YESTERDAY        0.0                       0.0    0.0
  MONTH TO DATE    0.0                       0.0    0.0
  SINCE DEC 1      T                         0.3   -0.3
  SINCE JUL 1      T                         0.3   -0.3

DEGREE DAYS
 HEATING
  YESTERDAY       32                        18     14
  MONTH TO DATE  183                       185     -2
  SINCE DEC 1   1162                      1380   -218
  SINCE JUL 1   1425                      1817   -392
..................................................................


WIND (MPH)
  HIGHEST WIND SPEED    16   HIGHEST WIND DIRECTION    NW (320)
  HIGHEST GUST SPEED    22   HIGHEST GUST DIRECTION     N (350)
  AVERAGE WIND SPEED     4.9


SKY COVER
  AVERAGE SKY COVER 0.0


WEATHER CONDITIONS
 THE FOLLOWING WEATHER WAS RECORDED YESTERDAY.
  NO SIGNIFICANT WEATHER WAS OBSERVED.


RELATIVE HUMIDITY (PERCENT)
 HIGHEST    84           700 AM
 LOWEST     22           100 PM
 AVERAGE    53

..........................................................


THE TUSCALOOSA CLIMATE NORMALS FOR TODAY
                         NORMAL    RECORD    YEAR
 MAXIMUM TEMPERATURE (F)   59        79      1999
                                             1965
 MINIMUM TEMPERATURE (F)   36        18      2011


SUNRISE AND SUNSET
FEBRUARY 11 2016......SUNRISE   638 AM CST   SUNSET   531 PM CST
FEBRUARY 12 2016......SUNRISE   638 AM CST   SUNSET   532 PM CST


-  INDICATES NEGATIVE NUMBERS.
R  INDICATES RECORD WAS SET OR TIED.
MM INDICATES DATA IS MISSING.
T  INDICATES TRACE AMOUNT.




$$
