000
CDUS44 KBMX 222134
CLITCL


CLIMATE REPORT
NATIONAL WEATHER SERVICE BIRMINGHAM, AL
434 PM CDT SAT JUL 22 2017


...................................

...THE TUSCALOOSA CLIMATE SUMMARY FOR JULY 22 2017...
VALID TODAY AS OF 0400 PM LOCAL TIME.

CLIMATE NORMAL PERIOD 1981 TO 2010
CLIMATE RECORD PERIOD 1948 TO 2017


WEATHER ITEM   OBSERVED TIME   RECORD YEAR NORMAL DEPARTURE LAST
                VALUE   (LST)  VALUE       VALUE  FROM      YEAR
                                                  NORMAL
..................................................................
TEMPERATURE (F)
 TODAY
  MAXIMUM         93    245 PM 102    1951  92      1       94
  MINIMUM         73    520 AM  63    2007  72      1       74
  AVERAGE         83                        82      1       84

PRECIPITATION (IN)
  TODAY            0.00          1.73 1958   0.14  -0.14     0.44
  MONTH TO DATE    0.96                      3.21  -2.25     4.14
  SINCE JUN 1     13.38                      7.98   5.40     8.44
  SINCE JAN 1     39.37                     31.38   7.99    28.85

DEGREE DAYS
 COOLING
  TODAY           18                        17      1
  MONTH TO DATE  383                       367     16
  SINCE JUN 1    747                       770    -23
  SINCE JAN 1   1144                      1081     63
..................................................................


WIND (MPH)
  HIGHEST WIND SPEED     9   HIGHEST WIND DIRECTION     S (190)
  HIGHEST GUST SPEED    12   HIGHEST GUST DIRECTION     S (200)
  AVERAGE WIND SPEED     3.2


SKY COVER
  AVERAGE SKY COVER 0.1


WEATHER CONDITIONS
 THE FOLLOWING WEATHER WAS RECORDED TODAY.
  FOG


RELATIVE HUMIDITY (PERCENT)
 HIGHEST   100          1200 AM
 LOWEST     60          1200 PM
 AVERAGE    80

..........................................................


THE TUSCALOOSA CLIMATE NORMALS FOR TOMORROW
                         NORMAL    RECORD    YEAR
 MAXIMUM TEMPERATURE (F)   92       104      1952
 MINIMUM TEMPERATURE (F)   72        64      1971


SUNRISE AND SUNSET
JULY 22 2017..........SUNRISE   557 AM CDT   SUNSET   757 PM CDT
JULY 23 2017..........SUNRISE   557 AM CDT   SUNSET   756 PM CDT


-  INDICATES NEGATIVE NUMBERS.
R  INDICATES RECORD WAS SET OR TIED.
MM INDICATES DATA IS MISSING.
T  INDICATES TRACE AMOUNT.




$$
