000
CDUS44 KBMX 282216
CLITCL


CLIMATE REPORT
NATIONAL WEATHER SERVICE BIRMINGHAM, AL
415 PM CST SAT FEB 28 2015


...................................

...THE TUSCALOOSA CLIMATE SUMMARY FOR FEBRUARY 28 2015...
VALID TODAY AS OF 0400 PM LOCAL TIME.

CLIMATE NORMAL PERIOD 1994 TO 1994
CLIMATE RECORD PERIOD 1994 TO 2015


WEATHER ITEM   OBSERVED TIME   RECORD YEAR NORMAL DEPARTURE LAST
                VALUE   (LST)  VALUE       VALUE  FROM      YEAR
                                                  NORMAL
..................................................................
TEMPERATURE (F)
 TODAY
  MAXIMUM         65    259 PM  83    2011  64      1       60
  MINIMUM         33   1252 AM  17    2002  41     -8       25
  AVERAGE         49                        52     -3       43

PRECIPITATION (IN)
  TODAY            0.00          2.30 1983   0.18  -0.18     0.02
  MONTH TO DATE    4.58                      5.32  -0.74     5.63
  SINCE DEC 1     17.75                     15.29   2.46    15.13
  SINCE JAN 1     10.75                     10.67   0.08     7.72

SNOWFALL (IN)
  TODAY            0.0                       0.0    0.0
  MONTH TO DATE    0.0                       0.1   -0.1
  SINCE DEC 1      0.0                       0.4   -0.4
  SINCE JUL 1      0.0                       0.4   -0.4
  SNOW DEPTH       0

..................................................................


WIND (MPH)
  HIGHEST WIND SPEED    13   HIGHEST WIND DIRECTION     E (90)
  HIGHEST GUST SPEED    17   HIGHEST GUST DIRECTION     S (160)
  AVERAGE WIND SPEED     6.0


SKY COVER
  AVERAGE SKY COVER 0.5


WEATHER CONDITIONS
 THE FOLLOWING WEATHER WAS RECORDED TODAY.
  NO SIGNIFICANT WEATHER WAS OBSERVED.


RELATIVE HUMIDITY (PERCENT)
 HIGHEST    56           700 AM
 LOWEST     26           300 PM
 AVERAGE    41

..........................................................


THE TUSCALOOSA CLIMATE NORMALS FOR TOMORROW
                         NORMAL    RECORD    YEAR
 MAXIMUM TEMPERATURE (F)   64        83      1997
 MINIMUM TEMPERATURE (F)   41        20      1980


SUNRISE AND SUNSET
FEBRUARY 28 2015......SUNRISE   620 AM CST   SUNSET   546 PM CST
MARCH  1 2015.........SUNRISE   619 AM CST   SUNSET   547 PM CST


-  INDICATES NEGATIVE NUMBERS.
R  INDICATES RECORD WAS SET OR TIED.
MM INDICATES DATA IS MISSING.
T  INDICATES TRACE AMOUNT.




$$
