000
CDUS44 KBMX 060753
CLITCL


CLIMATE REPORT
NATIONAL WEATHER SERVICE BIRMINGHAM, AL
253 AM CDT FRI MAY 6 2016


...................................

...THE TUSCALOOSA CLIMATE SUMMARY FOR MAY 5 2016...

CLIMATE NORMAL PERIOD 1994 TO 1994
CLIMATE RECORD PERIOD 1948 TO 2016


WEATHER ITEM   OBSERVED TIME   RECORD YEAR NORMAL DEPARTURE LAST
                VALUE   (LST)  VALUE       VALUE  FROM      YEAR
                                                  NORMAL
..................................................................
TEMPERATURE (F)
 YESTERDAY
  MAXIMUM         73    343 PM  95    1952  81     -8       85
  MINIMUM         48    525 AM  40    1957  57     -9       56
                                      1954
  AVERAGE         61                        69     -8       71

PRECIPITATION (IN)
  YESTERDAY        0.00          0.79 1991   0.13  -0.13     0.00
  MONTH TO DATE    0.11                      0.62  -0.51     0.00
  SINCE MAR 1     10.22                      9.37   0.85    12.51
  SINCE JAN 1     19.82                     20.04  -0.22    23.26

..................................................................


WIND (MPH)
  HIGHEST WIND SPEED    22   HIGHEST WIND DIRECTION    NW (310)
  HIGHEST GUST SPEED    29   HIGHEST GUST DIRECTION    NW (320)
  AVERAGE WIND SPEED     9.9


SKY COVER
  AVERAGE SKY COVER 0.1


WEATHER CONDITIONS
 THE FOLLOWING WEATHER WAS RECORDED YESTERDAY.
  NO SIGNIFICANT WEATHER WAS OBSERVED.


RELATIVE HUMIDITY (PERCENT)
 HIGHEST   100           100 AM
 LOWEST     25           500 PM
 AVERAGE    63

..........................................................


THE TUSCALOOSA CLIMATE NORMALS FOR TODAY
                         NORMAL    RECORD    YEAR
 MAXIMUM TEMPERATURE (F)   81        95      1952
 MINIMUM TEMPERATURE (F)   57        41      1954


SUNRISE AND SUNSET
MAY  6 2016...........SUNRISE   557 AM CDT   SUNSET   737 PM CDT
MAY  7 2016...........SUNRISE   557 AM CDT   SUNSET   738 PM CDT


-  INDICATES NEGATIVE NUMBERS.
R  INDICATES RECORD WAS SET OR TIED.
MM INDICATES DATA IS MISSING.
T  INDICATES TRACE AMOUNT.




$$
