000
CDUS44 KBMX 270734
CLITCL


CLIMATE REPORT
NATIONAL WEATHER SERVICE BIRMINGHAM, AL
234 AM CDT MON MAR 27 2017


...................................

...THE TUSCALOOSA CLIMATE SUMMARY FOR MARCH 26 2017...

CLIMATE NORMAL PERIOD 1981 TO 2010
CLIMATE RECORD PERIOD 1948 TO 2017


WEATHER ITEM   OBSERVED TIME   RECORD YEAR NORMAL DEPARTURE LAST
                VALUE   (LST)  VALUE       VALUE  FROM      YEAR
                                                  NORMAL
..................................................................
TEMPERATURE (F)
 YESTERDAY
  MAXIMUM         78    448 PM  87    2005  71      7       76
  MINIMUM         59   1015 PM  24    1955  45     14       45
  AVERAGE         69                        58     11       61

PRECIPITATION (IN)
  YESTERDAY        T             2.17 1976   0.15  -0.15     0.00
  MONTH TO DATE    3.56                      3.82  -0.26     4.89
  SINCE MAR 1      3.56                      3.82  -0.26     4.89
  SINCE JAN 1     14.77                     14.49   0.28    14.49

SNOWFALL (IN)
  YESTERDAY        0.0                       0.0    0.0
  MONTH TO DATE    0.0                       0.3   -0.3
  SINCE MAR 1      0.0                       0.3   -0.3
  SINCE JUL 1      0.0                       0.7   -0.7

DEGREE DAYS
 HEATING
  YESTERDAY        0                         7     -7
  MONTH TO DATE  234                       259    -25
  SINCE MAR 1    234                       259    -25
  SINCE JUL 1   1537                      2349   -812
..................................................................


WIND (MPH)
  HIGHEST WIND SPEED    15   HIGHEST WIND DIRECTION     S (200)
  HIGHEST GUST SPEED    20   HIGHEST GUST DIRECTION     S (190)
  AVERAGE WIND SPEED     5.8


SKY COVER
  AVERAGE SKY COVER 0.6


WEATHER CONDITIONS
 THE FOLLOWING WEATHER WAS RECORDED YESTERDAY.
  FOG


RELATIVE HUMIDITY (PERCENT)
 HIGHEST    97           700 AM
 LOWEST     52           400 PM
 AVERAGE    75

..........................................................


THE TUSCALOOSA CLIMATE NORMALS FOR TODAY
                         NORMAL    RECORD    YEAR
 MAXIMUM TEMPERATURE (F)   72        85      2012
                                             2007
                                             1991
 MINIMUM TEMPERATURE (F)   45        20      1955


SUNRISE AND SUNSET
MARCH 27 2017.........SUNRISE   645 AM CDT   SUNSET   707 PM CDT
MARCH 28 2017.........SUNRISE   643 AM CDT   SUNSET   708 PM CDT


-  INDICATES NEGATIVE NUMBERS.
R  INDICATES RECORD WAS SET OR TIED.
MM INDICATES DATA IS MISSING.
T  INDICATES TRACE AMOUNT.




$$
