000
CDUS42 KTAE 300631
CLITLH


CLIMATE REPORT
NATIONAL WEATHER SERVICE TALLAHASSEE FL
231 AM EDT TUE MAY 30 2017


...................................

...THE TALLAHASSEE CLIMATE SUMMARY FOR MAY 29 2017...

CLIMATE NORMAL PERIOD 1981 TO 2010
CLIMATE RECORD PERIOD 1896 TO 2017


WEATHER ITEM   OBSERVED TIME   RECORD YEAR NORMAL DEPARTURE LAST
                VALUE   (LST)  VALUE       VALUE  FROM      YEAR
                                                  NORMAL
..................................................................
TEMPERATURE (F)
 YESTERDAY
  MAXIMUM         92    510 PM 100    1937  89      3       95
  MINIMUM         72    645 AM  51    1988  66      6       70
  AVERAGE         82                        78      4       83

PRECIPITATION (IN)
  YESTERDAY        0.00          2.27 1992   0.16  -0.16     0.00
  MONTH TO DATE    5.51                      3.14   2.37     1.63
  SINCE MAR 1      9.87                     12.14  -2.27    14.62
  SINCE JAN 1     19.80                     21.33  -1.53    23.32

SNOWFALL (IN)
  YESTERDAY        0.0                       0.0    0.0

DEGREE DAYS
 HEATING
  YESTERDAY        0                                0
  MONTH TO DATE    5                                2
  SINCE MAR 1    157                              -93
  SINCE JUL 1    805                             -788

 COOLING
  YESTERDAY       17                                4
  MONTH TO DATE  277                                9
  SINCE MAR 1    533                              126
  SINCE JAN 1    593                              172
..................................................................


WIND (MPH)
  HIGHEST WIND SPEED    15   HIGHEST WIND DIRECTION     W (260)
  HIGHEST GUST SPEED    24   HIGHEST GUST DIRECTION    SW (240)
  AVERAGE WIND SPEED     6.1




RELATIVE HUMIDITY (PERCENT)
 HIGHEST   100
 LOWEST     49
 AVERAGE    75

..........................................................


THE TALLAHASSEE CLIMATE NORMALS FOR TODAY
                         NORMAL    RECORD    YEAR
 MAXIMUM TEMPERATURE (F)   90        99      1941
                                             1937
                                             1927
 MINIMUM TEMPERATURE (F)   66        49      1971


SUNRISE AND SUNSET
MAY 30 2017...........SUNRISE   636 AM EDT   SUNSET   834 PM EDT
MAY 31 2017...........SUNRISE   636 AM EDT   SUNSET   834 PM EDT


-  INDICATES NEGATIVE NUMBERS.
R  INDICATES RECORD WAS SET OR TIED.
MM INDICATES DATA IS MISSING.
T  INDICATES TRACE AMOUNT.




$$
