000
CDUS42 KTAE 220633
CLITLH


CLIMATE REPORT
NATIONAL WEATHER SERVICE TALLAHASSEE FL
233 AM EDT WED OCT 22 2014


...................................

...THE TALLAHASSEE CLIMATE SUMMARY FOR OCTOBER 21 2014...

CLIMATE NORMAL PERIOD 1981 TO 2010
CLIMATE RECORD PERIOD 1896 TO 2014


WEATHER ITEM   OBSERVED TIME   RECORD YEAR NORMAL DEPARTURE LAST
                VALUE   (LST)  VALUE       VALUE  FROM      YEAR
                                                  NORMAL
..................................................................
TEMPERATURE (F)
 YESTERDAY
  MAXIMUM         83        MM  90    2005  80      3
                                      1993
  MINIMUM         57        MM  30    1989  55      2
  AVERAGE         70                        68      2

PRECIPITATION (IN)
  YESTERDAY        0.00          1.35 1959   0.10  -0.10     0.00
  MONTH TO DATE    4.87                      2.27   2.60     0.88
  SINCE SEP 1     11.69                      6.96   4.73     4.05
  SINCE JAN 1     52.77                     50.87   1.90    57.34

SNOWFALL (IN)
  YESTERDAY        0.0                       0.0    0.0

DEGREE DAYS
 HEATING
  YESTERDAY        0                               -2
  MONTH TO DATE    8                              -12
  SINCE SEP 1      8                              -13
  SINCE JUL 1      8                              -13

 COOLING
  YESTERDAY        5                                0
  MONTH TO DATE  143                               -3
  SINCE SEP 1    589                               44
  SINCE JAN 1   2760                              262
..................................................................


WIND (MPH)
  HIGHEST WIND SPEED     7   HIGHEST WIND DIRECTION     N (350)
  HIGHEST GUST SPEED    MM   HIGHEST GUST DIRECTION    MM
  AVERAGE WIND SPEED     2.8




RELATIVE HUMIDITY (PERCENT)
 HIGHEST    90
 LOWEST     31
 AVERAGE    61

..........................................................


THE TALLAHASSEE CLIMATE NORMALS FOR TODAY
                         NORMAL    RECORD    YEAR
 MAXIMUM TEMPERATURE (F)   80        90      1993
 MINIMUM TEMPERATURE (F)   55        34      1989


SUNRISE AND SUNSET
OCTOBER 22 2014.......SUNRISE   744 AM EDT   SUNSET   659 PM EDT
OCTOBER 23 2014.......SUNRISE   745 AM EDT   SUNSET   658 PM EDT


-  INDICATES NEGATIVE NUMBERS.
R  INDICATES RECORD WAS SET OR TIED.
MM INDICATES DATA IS MISSING.
T  INDICATES TRACE AMOUNT.




$$
