000
CDUS42 KTAE 250634
CLITLH


CLIMATE REPORT
NATIONAL WEATHER SERVICE TALLAHASSEE FL
232 AM EDT THU AUG 25 2016

...................................

...THE TALLAHASSEE CLIMATE SUMMARY FOR AUGUST 24 2016...

CLIMATE NORMAL PERIOD 1981 TO 2010
CLIMATE RECORD PERIOD 1896 TO 2016


WEATHER ITEM   OBSERVED TIME   RECORD YEAR NORMAL DEPARTURE LAST
                VALUE   (LST)  VALUE       VALUE  FROM      YEAR
                                                  NORMAL
..................................................................
TEMPERATURE (F)
 YESTERDAY
  MAXIMUM         96    355 PM 101    2014  91      5       95
  MINIMUM         78    615 AM  61    2009  72      6       74
  AVERAGE         87                        82      5       85

PRECIPITATION (IN)
  YESTERDAY        0.00          2.11 2008   0.22  -0.22     0.00
  MONTH TO DATE    6.95                      5.97   0.98     5.75
  SINCE JUN 1     23.26                     20.87   2.39    18.89
  SINCE JAN 1     46.66                     42.53   4.13    37.42

SNOWFALL (IN)
  YESTERDAY        0.0                       0.0    0.0

DEGREE DAYS
 HEATING
  YESTERDAY        0                                0
  MONTH TO DATE    0                                0
  SINCE JUN 1      0                                0
  SINCE JUL 1      0                                0

 COOLING
  YESTERDAY       22                                5
  MONTH TO DATE  475                               67
  SINCE JUN 1   1651                              257
  SINCE JAN 1   2261                              421
..................................................................


WIND (MPH)
  HIGHEST WIND SPEED    15   HIGHEST WIND DIRECTION     E (100)
  HIGHEST GUST SPEED    22   HIGHEST GUST DIRECTION     E (80)
  AVERAGE WIND SPEED     7.3




RELATIVE HUMIDITY (PERCENT)
 HIGHEST    97
 LOWEST     45
 AVERAGE    71

..........................................................


THE TALLAHASSEE CLIMATE NORMALS FOR TODAY
                         NORMAL    RECORD    YEAR
 MAXIMUM TEMPERATURE (F)   91       102      1938
 MINIMUM TEMPERATURE (F)   72        60      2009


SUNRISE AND SUNSET
AUGUST 25 2016........SUNRISE   710 AM EDT   SUNSET   808 PM EDT
AUGUST 26 2016........SUNRISE   711 AM EDT   SUNSET   807 PM EDT


-  INDICATES NEGATIVE NUMBERS.
R  INDICATES RECORD WAS SET OR TIED.
MM INDICATES DATA IS MISSING.
T  INDICATES TRACE AMOUNT.

$$
