000
CDUS42 KTAE 300639
CLITLH


CLIMATE REPORT
NATIONAL WEATHER SERVICE TALLAHASSEE FL
239 AM EDT SAT APR 30 2016


...................................

...THE TALLAHASSEE CLIMATE SUMMARY FOR APRIL 29 2016...

CLIMATE NORMAL PERIOD 1981 TO 2010
CLIMATE RECORD PERIOD 1896 TO 2016


WEATHER ITEM   OBSERVED TIME   RECORD YEAR NORMAL DEPARTURE LAST
                VALUE   (LST)  VALUE       VALUE  FROM      YEAR
                                                  NORMAL
..................................................................
TEMPERATURE (F)
 YESTERDAY
  MAXIMUM         91    326 PM  95    1942  83      8       81
  MINIMUM         69   1159 PM  34    1992  56     13       61
  AVERAGE         80                        69     11       71

PRECIPITATION (IN)
  YESTERDAY        0.00          2.10 1996   0.09  -0.09     0.03
  MONTH TO DATE    6.49                      2.98   3.51     4.27
  SINCE MAR 1     12.99                      8.92   4.07     7.42
  SINCE JAN 1     21.69                     18.11   3.58    16.61

SNOWFALL (IN)
  YESTERDAY        0.0                       0.0    0.0

DEGREE DAYS
 HEATING
  YESTERDAY        0                               -1
  MONTH TO DATE   12                              -54
  SINCE MAR 1     98                             -149
  SINCE JUL 1    943                             -647

 COOLING
  YESTERDAY       15                               10
  MONTH TO DATE  133                               40
  SINCE MAR 1    241                              108
  SINCE JAN 1    244                               97
..................................................................


WIND (MPH)
  HIGHEST WIND SPEED    14   HIGHEST WIND DIRECTION     S (200)
  HIGHEST GUST SPEED    17   HIGHEST GUST DIRECTION     S (190)
  AVERAGE WIND SPEED     3.5




RELATIVE HUMIDITY (PERCENT)
 HIGHEST    94
 LOWEST     44
 AVERAGE    69

..........................................................


THE TALLAHASSEE CLIMATE NORMALS FOR TODAY
                         NORMAL    RECORD    YEAR
 MAXIMUM TEMPERATURE (F)   83        95      2012
                                             1942
 MINIMUM TEMPERATURE (F)   56        40      1992


SUNRISE AND SUNSET
APRIL 30 2016.........SUNRISE   654 AM EDT   SUNSET   815 PM EDT
MAY  1 2016...........SUNRISE   654 AM EDT   SUNSET   816 PM EDT


-  INDICATES NEGATIVE NUMBERS.
R  INDICATES RECORD WAS SET OR TIED.
MM INDICATES DATA IS MISSING.
T  INDICATES TRACE AMOUNT.




$$
