000
CDUS42 KTAE 230702
CLITLH


CLIMATE REPORT
NATIONAL WEATHER SERVICE TALLAHASSEE FL
252 AM EDT SAT AUG 23 2014


...................................

...THE TALLAHASSEE CLIMATE SUMMARY FOR AUGUST 22 2014...

CLIMATE NORMAL PERIOD 1981 TO 2010
CLIMATE RECORD PERIOD 1896 TO 2014


WEATHER ITEM   OBSERVED TIME   RECORD YEAR NORMAL DEPARTURE LAST
                VALUE   (LST)  VALUE       VALUE  FROM      YEAR
                                                  NORMAL
..................................................................
TEMPERATURE (F)
 YESTERDAY
  MAXIMUM        100R   404 PM 100    1980  91      9
  MINIMUM         74    629 AM  62    2001  72      2
                                      1997
  AVERAGE         87                        82      5

PRECIPITATION (IN)
  YESTERDAY        T             3.03 2008   0.23  -0.23     0.75
  MONTH TO DATE    1.93                      5.53  -3.60     7.49
  SINCE JUN 1      8.66                     20.43 -11.77    29.77
  SINCE JAN 1     40.75                     42.09  -1.34    52.16

SNOWFALL (IN)
  YESTERDAY        0.0                       0.0    0.0

DEGREE DAYS
 HEATING
  YESTERDAY        0                                0
  MONTH TO DATE    0                                0
  SINCE JUN 1      0                                0
  SINCE JUL 1      0                                0

 COOLING
  YESTERDAY       22                                5
  MONTH TO DATE  435                               61
  SINCE JUN 1   1501                              141
  SINCE JAN 1   1990                              184
..................................................................


WIND (MPH)
  HIGHEST WIND SPEED    MM   HIGHEST WIND DIRECTION    MM
  HIGHEST GUST SPEED    MM   HIGHEST GUST DIRECTION    MM
  AVERAGE WIND SPEED    MM




RELATIVE HUMIDITY (PERCENT)
 HIGHEST    88
 LOWEST     36
 AVERAGE    62

..........................................................


THE TALLAHASSEE CLIMATE NORMALS FOR TODAY
                         NORMAL    RECORD    YEAR
 MAXIMUM TEMPERATURE (F)   91       101      1918
 MINIMUM TEMPERATURE (F)   72        57      1997


SUNRISE AND SUNSET
AUGUST 23 2014........SUNRISE   709 AM EDT   SUNSET   811 PM EDT
AUGUST 24 2014........SUNRISE   710 AM EDT   SUNSET   809 PM EDT


-  INDICATES NEGATIVE NUMBERS.
R  INDICATES RECORD WAS SET OR TIED.
MM INDICATES DATA IS MISSING.
T  INDICATES TRACE AMOUNT.




$$
