000
CDUS42 KTAE 290700
CLITLH


CLIMATE REPORT
NATIONAL WEATHER SERVICE TALLAHASSEE FL
300 AM EDT FRI MAY 29 2015


...................................

...THE TALLAHASSEE CLIMATE SUMMARY FOR MAY 28 2015...

CLIMATE NORMAL PERIOD 1981 TO 2010
CLIMATE RECORD PERIOD 1896 TO 2015


WEATHER ITEM   OBSERVED TIME   RECORD YEAR NORMAL DEPARTURE LAST
                VALUE   (LST)  VALUE       VALUE  FROM      YEAR
                                                  NORMAL
..................................................................
TEMPERATURE (F)
 YESTERDAY
  MAXIMUM         91    437 PM 100    2000  89      2       92
  MINIMUM         70    600 AM  47    1988  66      4       69
  AVERAGE         81                        78      3       81

PRECIPITATION (IN)
  YESTERDAY        0.00          2.00 1919   0.16  -0.16     0.00
  MONTH TO DATE    1.22                      2.98  -1.76     1.11
  SINCE MAR 1      8.64                     11.98  -3.34    23.80
  SINCE JAN 1     17.83                     21.17  -3.34    31.85

SNOWFALL (IN)
  YESTERDAY        0.0                       0.0    0.0

DEGREE DAYS
 HEATING
  YESTERDAY        0                                0
  MONTH TO DATE    0                               -3
  SINCE MAR 1     75                             -175
  SINCE JUL 1   1441                             -152

 COOLING
  YESTERDAY       16                                4
  MONTH TO DATE  373                              118
  SINCE MAR 1    768                              374
  SINCE JAN 1    775                              367
..................................................................


WIND (MPH)
  HIGHEST WIND SPEED    16   HIGHEST WIND DIRECTION     E (110)
  HIGHEST GUST SPEED    22   HIGHEST GUST DIRECTION     E (70)
  AVERAGE WIND SPEED     7.6




RELATIVE HUMIDITY (PERCENT)
 HIGHEST    93
 LOWEST     41
 AVERAGE    67

..........................................................


THE TALLAHASSEE CLIMATE NORMALS FOR TODAY
                         NORMAL    RECORD    YEAR
 MAXIMUM TEMPERATURE (F)   89       100      1937
 MINIMUM TEMPERATURE (F)   66        51      1988


SUNRISE AND SUNSET
MAY 29 2015...........SUNRISE   637 AM EDT   SUNSET   833 PM EDT
MAY 30 2015...........SUNRISE   637 AM EDT   SUNSET   834 PM EDT


-  INDICATES NEGATIVE NUMBERS.
R  INDICATES RECORD WAS SET OR TIED.
MM INDICATES DATA IS MISSING.
T  INDICATES TRACE AMOUNT.




$$
