000
CDUS42 KTAE 200633
CLITLH


CLIMATE REPORT
NATIONAL WEATHER SERVICE TALLAHASSEE FL
132 AM EST SAT JAN 20 2018


...................................

...THE TALLAHASSEE CLIMATE SUMMARY FOR JANUARY 19 2018...

CLIMATE NORMAL PERIOD 1981 TO 2010
CLIMATE RECORD PERIOD 1896 TO 2018


WEATHER ITEM   OBSERVED TIME   RECORD YEAR NORMAL DEPARTURE LAST
                VALUE   (LST)  VALUE       VALUE  FROM      YEAR
                                                  NORMAL
..................................................................
TEMPERATURE (F)
 YESTERDAY
  MAXIMUM         60    509 PM  79    2001  63     -3       76
                                      1950
                                      1942
  MINIMUM         21    735 AM  15    1976  39    -18       59
  AVERAGE         41                        51    -10       68

PRECIPITATION (IN)
  YESTERDAY        0.00          4.93 1991   0.15  -0.15     0.00
  MONTH TO DATE    1.12                      2.50  -1.38     4.51
  SINCE DEC 1      3.11                      6.40  -3.29     8.71
  SINCE JAN 1      1.12                      2.50  -1.38     4.51

SNOWFALL (IN)
  YESTERDAY        0.0                       0.0    0.0

DEGREE DAYS
 HEATING
  YESTERDAY       24                               10
  MONTH TO DATE  379                              113
  SINCE DEC 1    695                               50
  SINCE JUL 1    867                              -14

 COOLING
  YESTERDAY        0                                0
  MONTH TO DATE    8                                8
  SINCE DEC 1     38                               25
  SINCE JAN 1      8                                8
..................................................................


WIND (MPH)
  HIGHEST WIND SPEED     8   HIGHEST WIND DIRECTION     N (10)
  HIGHEST GUST SPEED    10   HIGHEST GUST DIRECTION     N (340)
  AVERAGE WIND SPEED     1.4




RELATIVE HUMIDITY (PERCENT)
 HIGHEST    92
 LOWEST     14
 AVERAGE    53

..........................................................


THE TALLAHASSEE CLIMATE NORMALS FOR TODAY
                         NORMAL    RECORD    YEAR
 MAXIMUM TEMPERATURE (F)   64        80      1952
 MINIMUM TEMPERATURE (F)   39        16      1971


SUNRISE AND SUNSET
JANUARY 20 2018.......SUNRISE   734 AM EST   SUNSET   604 PM EST
JANUARY 21 2018.......SUNRISE   733 AM EST   SUNSET   604 PM EST


-  INDICATES NEGATIVE NUMBERS.
R  INDICATES RECORD WAS SET OR TIED.
MM INDICATES DATA IS MISSING.
T  INDICATES TRACE AMOUNT.




$$
