000
CDUS42 KTAE 300631
CLITLH


CLIMATE REPORT
NATIONAL WEATHER SERVICE TALLAHASSEE FL
230 AM EDT SAT JUL 30 2016


...................................

...THE TALLAHASSEE CLIMATE SUMMARY FOR JULY 29 2016...

CLIMATE NORMAL PERIOD 1981 TO 2010
CLIMATE RECORD PERIOD 1896 TO 2016


WEATHER ITEM   OBSERVED TIME   RECORD YEAR NORMAL DEPARTURE LAST
                VALUE   (LST)  VALUE       VALUE  FROM      YEAR
                                                  NORMAL
..................................................................
TEMPERATURE (F)
 YESTERDAY
  MAXIMUM         98    235 PM 101    1993  92      6      100
  MINIMUM         75    620 AM  64    1920  72      3       78
  AVERAGE         87                        82      5       89

PRECIPITATION (IN)
  YESTERDAY        0.00          4.27 1975   0.24  -0.24     0.09
  MONTH TO DATE    7.63                      6.66   0.97     5.84
  SINCE JUN 1     16.01                     14.39   1.62    12.83
  SINCE JAN 1     39.41                     36.05   3.36    31.36

SNOWFALL (IN)
  YESTERDAY        0.0                       0.0    0.0

DEGREE DAYS
 HEATING
  YESTERDAY        0                                0
  MONTH TO DATE    0                                0
  SINCE JUN 1      0                                0
  SINCE JUL 1      0                                0

 COOLING
  YESTERDAY       22                                5
  MONTH TO DATE  587                               94
  SINCE JUN 1   1135                              185
  SINCE JAN 1   1745                              349
..................................................................


WIND (MPH)
  HIGHEST WIND SPEED    18   HIGHEST WIND DIRECTION     W (290)
  HIGHEST GUST SPEED    27   HIGHEST GUST DIRECTION     W (290)
  AVERAGE WIND SPEED     4.0




RELATIVE HUMIDITY (PERCENT)
 HIGHEST    94
 LOWEST     38
 AVERAGE    66

..........................................................


THE TALLAHASSEE CLIMATE NORMALS FOR TODAY
                         NORMAL    RECORD    YEAR
 MAXIMUM TEMPERATURE (F)   92       103      2010
 MINIMUM TEMPERATURE (F)   72        66      2014


SUNRISE AND SUNSET
JULY 30 2016..........SUNRISE   655 AM EDT   SUNSET   832 PM EDT
JULY 31 2016..........SUNRISE   656 AM EDT   SUNSET   832 PM EDT


-  INDICATES NEGATIVE NUMBERS.
R  INDICATES RECORD WAS SET OR TIED.
MM INDICATES DATA IS MISSING.
T  INDICATES TRACE AMOUNT.




$$
