000
CDUS42 KTAE 190637
CLITLH


CLIMATE REPORT
NATIONAL WEATHER SERVICE TALLAHASSEE FL
234 AM EDT SAT APR 19 2014


...................................

...THE TALLAHASSEE CLIMATE SUMMARY FOR APRIL 18 2014...

CLIMATE NORMAL PERIOD 1981 TO 2010
CLIMATE RECORD PERIOD 1896 TO 2014


WEATHER ITEM   OBSERVED TIME   RECORD YEAR NORMAL DEPARTURE LAST
                VALUE   (LST)  VALUE       VALUE  FROM      YEAR
                                                  NORMAL
..................................................................
TEMPERATURE (F)
 YESTERDAY
  MAXIMUM         64    615 PM  92    2006  80    -16
                                      1927
  MINIMUM         58   1159 PM  32    1999  53      5
  AVERAGE         61                        66     -5

PRECIPITATION (IN)
  YESTERDAY        2.88          3.40 1912   0.09   2.79     0.00
  MONTH TO DATE    8.41                      2.04   6.37     1.89
  SINCE MAR 1     18.64                      7.98  10.66     6.24
  SINCE JAN 1     26.69                     17.17   9.52    19.45

SNOWFALL (IN)
  YESTERDAY        0.0                       0.0    0.0

DEGREE DAYS
 HEATING
  YESTERDAY        4                                2
  MONTH TO DATE   30                              -22
  SINCE MAR 1    204                              -29
  SINCE JUL 1   1347                             -229

 COOLING
  YESTERDAY        0                               -3
  MONTH TO DATE   59                               13
  SINCE MAR 1     71                              -15
  SINCE JAN 1     83                              -17
..................................................................


WIND (MPH)
  HIGHEST WIND SPEED    16   HIGHEST WIND DIRECTION     E (80)
  HIGHEST GUST SPEED    26   HIGHEST GUST DIRECTION     E (80)
  AVERAGE WIND SPEED     8.1



RELATIVE HUMIDITY (PERCENT)
 HIGHEST    90
 LOWEST     84
 AVERAGE    87

..........................................................


THE TALLAHASSEE CLIMATE NORMALS FOR TODAY
                         NORMAL    RECORD    YEAR
 MAXIMUM TEMPERATURE (F)   81        92      1942
 MINIMUM TEMPERATURE (F)   53        33      2001


SUNRISE AND SUNSET
APRIL 19 2014.........SUNRISE   706 AM EDT   SUNSET   808 PM EDT
APRIL 20 2014.........SUNRISE   705 AM EDT   SUNSET   808 PM EDT


-  INDICATES NEGATIVE NUMBERS.
R  INDICATES RECORD WAS SET OR TIED.
MM INDICATES DATA IS MISSING.
T  INDICATES TRACE AMOUNT.


$$
