000
CDUS42 KTAE 280633
CLITLH


CLIMATE REPORT
NATIONAL WEATHER SERVICE TALLAHASSEE FL
233 AM EDT WED SEP 28 2016


...................................

...THE TALLAHASSEE CLIMATE SUMMARY FOR SEPTEMBER 27 2016...

CLIMATE NORMAL PERIOD 1981 TO 2010
CLIMATE RECORD PERIOD 1896 TO 2016


WEATHER ITEM   OBSERVED TIME   RECORD YEAR NORMAL DEPARTURE LAST
                VALUE   (LST)  VALUE       VALUE  FROM      YEAR
                                                  NORMAL
..................................................................
TEMPERATURE (F)
 YESTERDAY
  MAXIMUM         91    214 PM  96    1972  86      5       77
  MINIMUM         71    632 AM  47    2001  65      6       74
  AVERAGE         81                        76      5       76

PRECIPITATION (IN)
  YESTERDAY        T             2.80 1999   0.14  -0.14     0.16
  MONTH TO DATE    7.58                      4.30   3.28     2.69
  SINCE SEP 1      7.58                      4.30   3.28     2.69
  SINCE JAN 1     54.89                     48.21   6.68    40.43

SNOWFALL (IN)
  YESTERDAY        0.0                       0.0    0.0

DEGREE DAYS
 HEATING
  YESTERDAY        0                                0
  MONTH TO DATE    0                                0
  SINCE SEP 1      0                                0
  SINCE JUL 1      0                                0

 COOLING
  YESTERDAY       16                                5
  MONTH TO DATE  471                              103
  SINCE SEP 1    471                              103
  SINCE JAN 1   2876                              555
..................................................................


WIND (MPH)
  HIGHEST WIND SPEED    20   HIGHEST WIND DIRECTION    SW (230)
  HIGHEST GUST SPEED    59   HIGHEST GUST DIRECTION     E (90)
  AVERAGE WIND SPEED     2.3




RELATIVE HUMIDITY (PERCENT)
 HIGHEST    94
 LOWEST     44
 AVERAGE    69

..........................................................


THE TALLAHASSEE CLIMATE NORMALS FOR TODAY
                         NORMAL    RECORD    YEAR
 MAXIMUM TEMPERATURE (F)   86        96      1972
 MINIMUM TEMPERATURE (F)   64        47      1983


SUNRISE AND SUNSET
SEPTEMBER 28 2016.....SUNRISE   729 AM EDT   SUNSET   726 PM EDT
SEPTEMBER 29 2016.....SUNRISE   730 AM EDT   SUNSET   725 PM EDT


-  INDICATES NEGATIVE NUMBERS.
R  INDICATES RECORD WAS SET OR TIED.
MM INDICATES DATA IS MISSING.
T  INDICATES TRACE AMOUNT.




$$
