000
CDUS42 KTAE 250638
CLITLH


CLIMATE REPORT
NATIONAL WEATHER SERVICE TALLAHASSEE FL
237 AM EDT FRI JUL 25 2014


...................................

...THE TALLAHASSEE CLIMATE SUMMARY FOR JULY 24 2014...

CLIMATE NORMAL PERIOD 1981 TO 2010
CLIMATE RECORD PERIOD 1896 TO 2014


WEATHER ITEM   OBSERVED TIME   RECORD YEAR NORMAL DEPARTURE LAST
                VALUE   (LST)  VALUE       VALUE  FROM      YEAR
                                                  NORMAL
..................................................................
TEMPERATURE (F)
 YESTERDAY
  MAXIMUM         93    116 PM  98    1954  92      1
                                      1952
                                      1932
  MINIMUM         71    623 AM  67    1929  72     -1
  AVERAGE         82                        82      0

PRECIPITATION (IN)
  YESTERDAY        0.01          3.28 1980   0.23  -0.22     0.57
  MONTH TO DATE    1.56                      5.47  -3.91    11.42
  SINCE JUN 1      5.96                     13.20  -7.24    18.74
  SINCE JAN 1     38.05                     34.86   3.19    41.13

SNOWFALL (IN)
  YESTERDAY        0.0                       0.0    0.0

DEGREE DAYS
 HEATING
  YESTERDAY        0                                0
  MONTH TO DATE    0                                0
  SINCE JUN 1      0                                0
  SINCE JUL 1      0                                0

 COOLING
  YESTERDAY       17                                0
  MONTH TO DATE  414                                6
  SINCE JUN 1    935                               70
  SINCE JAN 1   1424                              113
..................................................................


WIND (MPH)
  HIGHEST WIND SPEED    MM   HIGHEST WIND DIRECTION     E (110)
  HIGHEST GUST SPEED    MM   HIGHEST GUST DIRECTION    MM
  AVERAGE WIND SPEED     2.8




RELATIVE HUMIDITY (PERCENT)
 HIGHEST    93
 LOWEST     49
 AVERAGE    71

..........................................................


THE TALLAHASSEE CLIMATE NORMALS FOR TODAY
                         NORMAL    RECORD    YEAR
 MAXIMUM TEMPERATURE (F)   92        99      2012
                                             1932
 MINIMUM TEMPERATURE (F)   72        66      1988
                                             1977
                                             1904


SUNRISE AND SUNSET
JULY 25 2014..........SUNRISE   652 AM EDT   SUNSET   836 PM EDT
JULY 26 2014..........SUNRISE   652 AM EDT   SUNSET   835 PM EDT


-  INDICATES NEGATIVE NUMBERS.
R  INDICATES RECORD WAS SET OR TIED.
MM INDICATES DATA IS MISSING.
T  INDICATES TRACE AMOUNT.




$$
