229
CDUS43 KTOP 240637
CLITOP


CLIMATE REPORT
NATIONAL WEATHER SERVICE TOPEKA KS
1235 AM CST SAT FEB 24 2018


...................................

...THE TOPEKA KS CLIMATE SUMMARY FOR FEBRUARY 23 2018...

CLIMATE NORMAL PERIOD 1981 TO 2010
CLIMATE RECORD PERIOD 1887 TO 2018


WEATHER ITEM   OBSERVED TIME   RECORD YEAR NORMAL DEPARTURE LAST
                VALUE   (LST)  VALUE       VALUE  FROM      YEAR
                                                  NORMAL
..................................................................
TEMPERATURE (F)
 YESTERDAY
  MAXIMUM         36    453 PM  78    1918  48    -12       63
  MINIMUM         33    851 AM  -6    1889  26      7       42
  AVERAGE         35                        37     -2       53

PRECIPITATION (IN)
  YESTERDAY        0.01          0.63 1942   0.06  -0.05      T
  MONTH TO DATE    0.70                      1.06  -0.36     0.11
  SINCE DEC 1      1.95                      3.27  -1.32     2.44
  SINCE JAN 1      1.64                      1.92  -0.28     1.39

SNOWFALL (IN)
  YESTERDAY        0.0           6.0  1965   0.2   -0.2      0.0
  MONTH TO DATE    2.2                       4.0   -1.8       T
  SINCE JAN 1      5.3                       8.9   -3.6      2.2
  SINCE JUL 1      7.4                      15.4   -8.0      5.3
  SNOW DEPTH       T

DEGREE DAYS
 HEATING
  YESTERDAY       30                        28      2       12
  MONTH TO DATE  786                       722     64      461
  SINCE DEC 1   2856                      2838     18     2495
  SINCE JUL 1   3679                      3832   -153     3068

 COOLING
  YESTERDAY        0                         0      0        0
  MONTH TO DATE    0                         0      0        0
  SINCE DEC 1      0                         0      0        0
  SINCE JAN 1      0                         0      0        0
..................................................................


WIND (MPH)
  HIGHEST WIND SPEED    13   HIGHEST WIND DIRECTION    NE (50)
  HIGHEST GUST SPEED    16   HIGHEST GUST DIRECTION    NE (50)
  AVERAGE WIND SPEED     5.3


SKY COVER
  AVERAGE SKY COVER 1.0


WEATHER CONDITIONS
 THE FOLLOWING WEATHER WAS RECORDED YESTERDAY.
  LIGHT RAIN
  FOG


RELATIVE HUMIDITY (PERCENT)
 HIGHEST   100          1200 AM
 LOWEST     75          1000 AM
 AVERAGE    88

..........................................................


THE TOPEKA KS CLIMATE NORMALS FOR TODAY
                         NORMAL    RECORD    YEAR
 MAXIMUM TEMPERATURE (F)   48        83      1930
 MINIMUM TEMPERATURE (F)   27        -4      1913


SUNRISE AND SUNSET
FEBRUARY 24 2018......SUNRISE   702 AM CST   SUNSET   610 PM CST
FEBRUARY 25 2018......SUNRISE   701 AM CST   SUNSET   611 PM CST


-  INDICATES NEGATIVE NUMBERS.
R  INDICATES RECORD WAS SET OR TIED.
MM INDICATES DATA IS MISSING.
T  INDICATES TRACE AMOUNT.




$$
