000
CDUS43 KTOP 290636
CLITOP


CLIMATE REPORT
NATIONAL WEATHER SERVICE TOPEKA KS
1235 AM CST MON DEC 29 2014


...................................

...THE TOPEKA KS CLIMATE SUMMARY FOR DECEMBER 28 2014...

CLIMATE NORMAL PERIOD 1981 TO 2010
CLIMATE RECORD PERIOD 1887 TO 2014


WEATHER ITEM   OBSERVED TIME   RECORD YEAR NORMAL DEPARTURE LAST
                VALUE   (LST)  VALUE       VALUE  FROM      YEAR
                                                  NORMAL
..................................................................
TEMPERATURE (F)
 YESTERDAY
  MAXIMUM         42    237 PM  73    1984  40      2       58
  MINIMUM         15    729 AM  -9    1924  20     -5       28
                                      1887
  AVERAGE         29                        30     -1       43

PRECIPITATION (IN)
  YESTERDAY        0.00          0.28 1990   0.03  -0.03     0.00
  MONTH TO DATE    2.27                      1.26   1.01     0.56
  SINCE DEC 1      2.27                      1.26   1.01     0.56
  SINCE JAN 1     31.15                     36.37  -5.22    34.01

SNOWFALL (IN)
  YESTERDAY        0.0           4.1  1943   0.2   -0.2      0.0
  MONTH TO DATE    2.0                       4.7   -2.7      4.3
  SINCE JAN 1     25.5                      17.3    8.2     28.5
  SINCE JUL 1      2.4                       6.0   -3.6      4.3
  SNOW DEPTH       0

DEGREE DAYS
 HEATING
  YESTERDAY       36                        35      1       22
  MONTH TO DATE  748                       918   -170      998
  SINCE DEC 1    748                       918   -170      998
  SINCE JUL 1   1779                      1912   -133     1994

 COOLING
  YESTERDAY        0                         0      0        0
  MONTH TO DATE    0                         0      0        0
  SINCE DEC 1      0                         0      0        0
  SINCE JAN 1   1611                      1422    189     1586
..................................................................


WIND (MPH)
  HIGHEST WIND SPEED     9   HIGHEST WIND DIRECTION     S (180)
  HIGHEST GUST SPEED    11   HIGHEST GUST DIRECTION     S (180)
  AVERAGE WIND SPEED     2.6


SKY COVER
  AVERAGE SKY COVER 0.0


WEATHER CONDITIONS
 THE FOLLOWING WEATHER WAS RECORDED YESTERDAY.
  NO SIGNIFICANT WEATHER WAS OBSERVED.


RELATIVE HUMIDITY (PERCENT)
 HIGHEST    92           100 AM
 LOWEST     41           200 PM
 AVERAGE    67

..........................................................


THE TOPEKA KS CLIMATE NORMALS FOR TODAY
                         NORMAL    RECORD    YEAR
 MAXIMUM TEMPERATURE (F)   40        70      1999
 MINIMUM TEMPERATURE (F)   20        -9      1917


SUNRISE AND SUNSET
DECEMBER 29 2014......SUNRISE   741 AM CST   SUNSET   508 PM CST
DECEMBER 30 2014......SUNRISE   741 AM CST   SUNSET   509 PM CST


-  INDICATES NEGATIVE NUMBERS.
R  INDICATES RECORD WAS SET OR TIED.
MM INDICATES DATA IS MISSING.
T  INDICATES TRACE AMOUNT.




$$
