000
CDUS43 KTOP 040631
CLITOP


CLIMATE REPORT
NATIONAL WEATHER SERVICE TOPEKA KS
131 AM CDT FRI SEP 4 2015


...................................

...THE TOPEKA KS CLIMATE SUMMARY FOR SEPTEMBER 3 2015...

CLIMATE NORMAL PERIOD 1981 TO 2010
CLIMATE RECORD PERIOD 1887 TO 2015


WEATHER ITEM   OBSERVED TIME   RECORD YEAR NORMAL DEPARTURE LAST
                VALUE   (LST)  VALUE       VALUE  FROM      YEAR
                                                  NORMAL
..................................................................
TEMPERATURE (F)
 YESTERDAY
  MAXIMUM         93    249 PM 110    1947  85      8       90
  MINIMUM         73    514 AM  43    1891  62     11       69
  AVERAGE         83                        74      9       80

PRECIPITATION (IN)
  YESTERDAY        0.00          2.71 2014   0.11  -0.11     2.71
  MONTH TO DATE    0.19                      0.36  -0.17     3.59
  SINCE SEP 1      0.19                      0.36  -0.17     3.59
  SINCE JAN 1     33.43                     26.93   6.50    23.43

SNOWFALL (IN)
  YESTERDAY        0.0           0.0    MM   0.0    0.0      0.0
  MONTH TO DATE    0.0                       0.0    0.0      0.0
  SINCE JAN 1      7.9                      11.3   -3.4     23.1
  SINCE JUL 1      0.0                       0.0    0.0       T
  SNOW DEPTH       0

DEGREE DAYS
 HEATING
  YESTERDAY        0                         0      0        0
  MONTH TO DATE    0                         0      0        0
  SINCE SEP 1      0                         0      0        0
  SINCE JUL 1      0                         2     -2        0

 COOLING
  YESTERDAY       18                         9      9       15
  MONTH TO DATE   51                        27     24       36
  SINCE SEP 1     51                        27     24       36
  SINCE JAN 1   1269                      1255     14     1446
..................................................................


WIND (MPH)
  HIGHEST WIND SPEED    20   HIGHEST WIND DIRECTION     S (170)
  HIGHEST GUST SPEED    25   HIGHEST GUST DIRECTION    SE (150)
  AVERAGE WIND SPEED     9.8


SKY COVER
  AVERAGE SKY COVER 0.0


WEATHER CONDITIONS
 THE FOLLOWING WEATHER WAS RECORDED YESTERDAY.
  NO SIGNIFICANT WEATHER WAS OBSERVED.


RELATIVE HUMIDITY (PERCENT)
 HIGHEST    79           200 AM
 LOWEST     41           500 PM
 AVERAGE    60

..........................................................


THE TOPEKA KS CLIMATE NORMALS FOR TODAY
                         NORMAL    RECORD    YEAR
 MAXIMUM TEMPERATURE (F)   85       103      1954
 MINIMUM TEMPERATURE (F)   61        39      1974


SUNRISE AND SUNSET
SEPTEMBER  4 2015.....SUNRISE   654 AM CDT   SUNSET   749 PM CDT
SEPTEMBER  5 2015.....SUNRISE   655 AM CDT   SUNSET   747 PM CDT


-  INDICATES NEGATIVE NUMBERS.
R  INDICATES RECORD WAS SET OR TIED.
MM INDICATES DATA IS MISSING.
T  INDICATES TRACE AMOUNT.




$$
