000
CDUS43 KTOP 190634
CLITOP


CLIMATE REPORT
NATIONAL WEATHER SERVICE TOPEKA KS
134 AM CDT TUE SEP 19 2017


...................................

...THE TOPEKA KS CLIMATE SUMMARY FOR SEPTEMBER 18 2017...

CLIMATE NORMAL PERIOD 1981 TO 2010
CLIMATE RECORD PERIOD 1887 TO 2017


WEATHER ITEM   OBSERVED TIME   RECORD YEAR NORMAL DEPARTURE LAST
                VALUE   (LST)  VALUE       VALUE  FROM      YEAR
                                                  NORMAL
..................................................................
TEMPERATURE (F)
 YESTERDAY
  MAXIMUM         80    422 PM 101    1925  80      0       84
  MINIMUM         66    707 AM  35    1973  55     11       58
  AVERAGE         73                        67      6       71

PRECIPITATION (IN)
  YESTERDAY        0.14          1.40 1922   0.13   0.01     0.00
  MONTH TO DATE    1.22                      2.20  -0.98     5.40
  SINCE SEP 1      1.22                      2.20  -0.98     5.40
  SINCE JAN 1     34.69                     28.77   5.92    38.29

SNOWFALL (IN)
  YESTERDAY        0.0           T    2002   0.0    0.0      0.0
  MONTH TO DATE    0.0                       0.0    0.0      0.0
  SINCE JAN 1      3.5                      11.3   -7.8      3.7
  SINCE JUL 1      T                         0.0    0.0       T
  SNOW DEPTH       0

DEGREE DAYS
 HEATING
  YESTERDAY        0                         2     -2        0
  MONTH TO DATE    5                        18    -13        0
  SINCE SEP 1      5                        18    -13        0
  SINCE JUL 1      5                        20    -15        0

 COOLING
  YESTERDAY        8                         5      3        6
  MONTH TO DATE  116                       125     -9      156
  SINCE SEP 1    116                       125     -9      156
  SINCE JAN 1   1306                      1353    -47     1557
..................................................................


WIND (MPH)
  HIGHEST WIND SPEED    13   HIGHEST WIND DIRECTION     S (200)
  HIGHEST GUST SPEED    16   HIGHEST GUST DIRECTION    SE (140)
  AVERAGE WIND SPEED     6.6


SKY COVER
  AVERAGE SKY COVER 0.5


WEATHER CONDITIONS
 THE FOLLOWING WEATHER WAS RECORDED YESTERDAY.
  THUNDERSTORM
  HEAVY RAIN
  LIGHT RAIN
  FOG


RELATIVE HUMIDITY (PERCENT)
 HIGHEST   100          1200 AM
 LOWEST     74           300 PM
 AVERAGE    87

..........................................................


THE TOPEKA KS CLIMATE NORMALS FOR TODAY
                         NORMAL    RECORD    YEAR
 MAXIMUM TEMPERATURE (F)   79        97      1954
 MINIMUM TEMPERATURE (F)   55        35      1991


SUNRISE AND SUNSET
SEPTEMBER 19 2017.....SUNRISE   708 AM CDT   SUNSET   724 PM CDT
SEPTEMBER 20 2017.....SUNRISE   709 AM CDT   SUNSET   722 PM CDT


-  INDICATES NEGATIVE NUMBERS.
R  INDICATES RECORD WAS SET OR TIED.
MM INDICATES DATA IS MISSING.
T  INDICATES TRACE AMOUNT.




$$
