000
CDUS43 KTOP 210634
CLITOP


CLIMATE REPORT
NATIONAL WEATHER SERVICE TOPEKA KS
132 AM CDT THU AUG 21 2014


...................................

...THE TOPEKA KS CLIMATE SUMMARY FOR AUGUST 20 2014...

CLIMATE NORMAL PERIOD 1981 TO 2010
CLIMATE RECORD PERIOD 1887 TO 2014


WEATHER ITEM   OBSERVED TIME   RECORD YEAR NORMAL DEPARTURE LAST
                VALUE   (LST)  VALUE       VALUE  FROM      YEAR
                                                  NORMAL
..................................................................
TEMPERATURE (F)
 YESTERDAY
  MAXIMUM         96    434 PM 104    1936  88      8       90
  MINIMUM         73    546 AM  45    1950  66      7       67
  AVERAGE         85                        77      8       79

PRECIPITATION (IN)
  YESTERDAY        0.00          2.92 1964   0.14  -0.14     0.00
  MONTH TO DATE    3.32                      2.73   0.59     5.19
  SINCE JUN 1     10.50                     11.95  -1.45    10.12
  SINCE JAN 1     17.97                     25.06  -7.09    24.45

SNOWFALL (IN)
  YESTERDAY        0.0           0.0    MM   0.0    0.0      0.0
  MONTH TO DATE    T                         0.0    0.0      0.0
  SINCE JAN 1     23.1                      11.3   11.8     24.2
  SINCE JUL 1      T                         0.0    0.0      0.0
  SNOW DEPTH       0

DEGREE DAYS
 HEATING
  YESTERDAY        0                         0      0        0
  MONTH TO DATE    0                         0      0        0
  SINCE JUN 1      0                         8     -8        5
  SINCE JUL 1      0                         0      0        0

 COOLING
  YESTERDAY       20                        12      8       14
  MONTH TO DATE  269                       266      3      190
  SINCE JUN 1    975                       982     -7      951
  SINCE JAN 1   1192                      1108     84     1096
..................................................................


WIND (MPH)
  HIGHEST WIND SPEED    20   HIGHEST WIND DIRECTION     S (180)
  HIGHEST GUST SPEED    28   HIGHEST GUST DIRECTION    SW (210)
  AVERAGE WIND SPEED    10.2


SKY COVER
  AVERAGE SKY COVER 0.1


WEATHER CONDITIONS
 THE FOLLOWING WEATHER WAS RECORDED YESTERDAY.
  NO SIGNIFICANT WEATHER WAS OBSERVED.


RELATIVE HUMIDITY (PERCENT)
 HIGHEST    87           600 AM
 LOWEST     42           400 PM
 AVERAGE    65

..........................................................


THE TOPEKA KS CLIMATE NORMALS FOR TODAY
                         NORMAL    RECORD    YEAR
 MAXIMUM TEMPERATURE (F)   88       107      2003
 MINIMUM TEMPERATURE (F)   66        45      1956


SUNRISE AND SUNSET
AUGUST 21 2014........SUNRISE   641 AM CDT   SUNSET   809 PM CDT
AUGUST 22 2014........SUNRISE   642 AM CDT   SUNSET   808 PM CDT


-  INDICATES NEGATIVE NUMBERS.
R  INDICATES RECORD WAS SET OR TIED.
MM INDICATES DATA IS MISSING.
T  INDICATES TRACE AMOUNT.

$$
