000
CDUS45 KCYS 272121
CLITOR


CLIMATE REPORT
NATIONAL WEATHER SERVICE CHEYENNE WY
321 PM MDT WED AUG 27 2014


...................................

...THE TORRINGTON WY AIRPORT CLIMATE SUMMARY FOR AUGUST 27 2014...
VALID AS OF 0300 PM LOCAL TIME.

CLIMATE NORMAL PERIOD 1981 TO 2010
CLIMATE RECORD PERIOD 1998 TO 2014


WEATHER ITEM   OBSERVED TIME   RECORD YEAR NORMAL DEPARTURE LAST
                VALUE   (LST)  VALUE       VALUE  FROM      YEAR
                                                  NORMAL
..................................................................
TEMPERATURE (F)
 TODAY
  MAXIMUM         67    840 AM 101    2010  85    -18       95
  MINIMUM         57   1139 AM  45    2004  52      5       63
  AVERAGE         62                        69     -7       79

PRECIPITATION (IN)
  TODAY            1.61R         0.45 2002   0.03   1.58     0.00
  MONTH TO DATE    2.32                      1.15   1.17     0.83
  SINCE JAN 1     13.78                     10.84   2.94     6.76

DEGREE DAYS
 HEATING
  TODAY            3                         1      2        0
  MONTH TO DATE    5                         6     -1        0
  SINCE JUN 1     90                        87      3       36
  SINCE JUL 1     12                        12      0        2

 COOLING
  TODAY            0                         5     -5       14
  MONTH TO DATE  194                       199     -5      229
  SINCE JUN 1    514                       597    -83      677
  SINCE JAN 1    530                       615    -85      716
..................................................................


WIND (MPH)
  HIGHEST WIND SPEED    21   HIGHEST WIND DIRECTION    SW (240)
  HIGHEST GUST SPEED    25   HIGHEST GUST DIRECTION    SW (240)
  AVERAGE WIND SPEED     5.4


SKY COVER
  AVERAGE SKY COVER 0.8


WEATHER CONDITIONS
 THE FOLLOWING WEATHER WAS RECORDED TODAY.
  THUNDERSTORM
  HEAVY RAIN
  RAIN
  LIGHT RAIN
  FOG
  FOG W/VISIBILITY <= 1/4 MILE


RELATIVE HUMIDITY (PERCENT)
 HIGHEST   100           700 AM
 LOWEST     81           900 AM
 AVERAGE    91

..........................................................


THE TORRINGTON WY AIRPORT CLIMATE NORMALS FOR TOMORROW
                         NORMAL    RECORD    YEAR
 MAXIMUM TEMPERATURE (F)   85       100      2012
 MINIMUM TEMPERATURE (F)   52        36      2004


SUNRISE AND SUNSET
AUGUST 27 2014........SUNRISE   617 AM MDT   SUNSET   738 PM MDT
AUGUST 28 2014........SUNRISE   618 AM MDT   SUNSET   737 PM MDT


-  INDICATES NEGATIVE NUMBERS.
R  INDICATES RECORD WAS SET OR TIED.
MM INDICATES DATA IS MISSING.
T  INDICATES TRACE AMOUNT.




$$
