000
CDUS45 KCYS 240727
CLITOR


CLIMATE REPORT
NATIONAL WEATHER SERVICE CHEYENNE WY
126 AM MDT WED AUG 24 2016


...................................

...THE TORRINGTON WY AIRPORT CLIMATE SUMMARY FOR AUGUST 23 2016...

CLIMATE NORMAL PERIOD 1981 TO 2010
CLIMATE RECORD PERIOD 1998 TO 2016


WEATHER ITEM   OBSERVED TIME   RECORD YEAR NORMAL DEPARTURE LAST
                VALUE   (LST)  VALUE       VALUE  FROM      YEAR
                                                  NORMAL
..................................................................
TEMPERATURE (F)
 YESTERDAY
  MAXIMUM         87    259 PM 101    2006  87      0       75
  MINIMUM         51    526 AM  38    2015  54     -3       38
  AVERAGE         69                        70     -1       57

PRECIPITATION (IN)
  YESTERDAY        0.00          0.04 2007   0.03  -0.03     0.00
  MONTH TO DATE    1.08                      1.05   0.03     0.22
  SINCE JAN 1      9.89                     10.74  -0.85    15.65

DEGREE DAYS
 HEATING
  YESTERDAY        0                         1     -1        8
  MONTH TO DATE   13                         2     11       26
  SINCE JUN 1     20                        83    -63       37
  SINCE JUL 1     13                         8      5       34

 COOLING
  YESTERDAY        4                         6     -2        0
  MONTH TO DATE  169                       179    -10      179
  SINCE JUN 1    737                       577    160      551
  SINCE JAN 1    737                       595    142      551
..................................................................


WIND (MPH)
  HIGHEST WIND SPEED    21   HIGHEST WIND DIRECTION    NW (330)
  HIGHEST GUST SPEED    28   HIGHEST GUST DIRECTION    NW (310)
  AVERAGE WIND SPEED    10.2


SKY COVER
  AVERAGE SKY COVER 0.0


WEATHER CONDITIONS
 THE FOLLOWING WEATHER WAS RECORDED YESTERDAY.
  NO SIGNIFICANT WEATHER WAS OBSERVED.


RELATIVE HUMIDITY (PERCENT)
 HIGHEST    89           400 AM
 LOWEST      7           300 PM
 AVERAGE    48

..........................................................


THE TORRINGTON WY AIRPORT CLIMATE NORMALS FOR TODAY
                         NORMAL    RECORD    YEAR
 MAXIMUM TEMPERATURE (F)   86        99      2000
 MINIMUM TEMPERATURE (F)   53        44      2015


SUNRISE AND SUNSET
AUGUST 24 2016........SUNRISE   614 AM MDT   SUNSET   742 PM MDT
AUGUST 25 2016........SUNRISE   615 AM MDT   SUNSET   741 PM MDT


-  INDICATES NEGATIVE NUMBERS.
R  INDICATES RECORD WAS SET OR TIED.
MM INDICATES DATA IS MISSING.
T  INDICATES TRACE AMOUNT.




$$
