000
CDUS42 KTBW 222118
CLITPA


CLIMATE REPORT
NATIONAL WEATHER SERVICE TAMPA BAY FL
516 PM EDT TUE APR 22 2014


...................................

...THE TAMPA CLIMATE SUMMARY FOR APRIL 22 2014...
VALID TODAY AS OF 0500 PM LOCAL TIME.

CLIMATE NORMAL PERIOD 1981 TO 2010
CLIMATE RECORD PERIOD 1890 TO 2014


WEATHER ITEM   OBSERVED TIME   RECORD YEAR NORMAL DEPARTURE LAST
                VALUE   (LST)  VALUE       VALUE  FROM      YEAR
                                                  NORMAL
..................................................................
TEMPERATURE (F)
 TODAY
  MAXIMUM         76    314 PM  91    1970  82     -6       83
  MINIMUM         60    551 AM  49    1993  64     -4       67
                                      1953
                                      1950
  AVERAGE         68                        73     -5       75

PRECIPITATION (IN)
  TODAY            0.00          1.07 1958   0.06  -0.06     0.03
  MONTH TO DATE    0.89                      1.56  -0.67     1.60
  SINCE MAR 1      5.84                      4.59   1.25     3.66
  SINCE JAN 1     10.79                      9.63   1.16     5.22

DEGREE DAYS
 HEATING
  TODAY            0                         0      0        0
  MONTH TO DATE    0                         9     -9        0
  SINCE MAR 1     48                        65    -17      143
  SINCE JUL 1    444                       536    -92      400

 COOLING
  TODAY            3                         8     -5       10
  MONTH TO DATE  137                       146     -9      222
  SINCE MAR 1    215                       272    -57      267
  SINCE JAN 1    319                       385    -66      481
..................................................................


WIND (MPH)
  RESULTANT WIND SPEED   5   RESULTANT WIND DIRECTION   W (280)
  HIGHEST WIND SPEED    15   HIGHEST WIND DIRECTION     W (260)
  HIGHEST GUST SPEED    23   HIGHEST GUST DIRECTION     W (270)
  AVERAGE WIND SPEED     5.7


SKY COVER
  POSSIBLE SUNSHINE  MM
  AVERAGE SKY COVER 0.5


WEATHER CONDITIONS
 THE FOLLOWING WEATHER WAS RECORDED TODAY.
  NO SIGNIFICANT WEATHER WAS OBSERVED.


RELATIVE HUMIDITY (PERCENT)
 HIGHEST    90           100 AM
 LOWEST     57           400 PM

..........................................................


THE TAMPA CLIMATE NORMALS FOR TOMORROW
                         NORMAL    RECORD    YEAR
 MAXIMUM TEMPERATURE (F)   82        91      1964
 MINIMUM TEMPERATURE (F)   64        45      1993


SUNRISE AND SUNSET
APRIL 22 2014.........SUNRISE   658 AM EDT   SUNSET   759 PM EDT
APRIL 23 2014.........SUNRISE   657 AM EDT   SUNSET   800 PM EDT


-  INDICATES NEGATIVE NUMBERS.
R  INDICATES RECORD WAS SET OR TIED.
MM INDICATES DATA IS MISSING.
T  INDICATES TRACE AMOUNT.




$$


&&
------------------------------------------------------------------
******************** SUPPLEMENTAL DATA ***************************

...RUSKIN                HIGH 77    LOW 58    PCPN 0.00
...SARASOTA/BRADENTON    HIGH 77    LOW 55    PCPN 0.00
...LAKELAND              HIGH 78    LOW 54    PCPN 0.00
...ST. PETERSBURG        HIGH 74    LOW 65    PCPN 0.00
...GULF WATER TEMPERATURE AT CLEARWATER BEACH 71
