000
CDUS42 KTBW 310828
CLITPA


CLIMATE REPORT
NATIONAL WEATHER SERVICE TAMPA BAY FL
426 AM EDT SUN AUG 31 2014


...................................

...THE TAMPA CLIMATE SUMMARY FOR AUGUST 30 2014...

CLIMATE NORMAL PERIOD 1981 TO 2010
CLIMATE RECORD PERIOD 1890 TO 2014


WEATHER ITEM   OBSERVED TIME   RECORD YEAR NORMAL DEPARTURE LAST
                VALUE   (LST)  VALUE       VALUE  FROM      YEAR
                                                  NORMAL
..................................................................
TEMPERATURE (F)
 YESTERDAY
  MAXIMUM         95    357 PM  96    1960  90      5       89
                                      1951
  MINIMUM         77    634 PM  66    1896  76      1       75
  AVERAGE         86                        83      3       82

PRECIPITATION (IN)
  YESTERDAY        0.15          3.04 1909   0.24  -0.09     0.21
  MONTH TO DATE    5.57                      7.52  -1.95    11.66
  SINCE JUN 1     20.02                     21.27  -1.25    33.15
  SINCE JAN 1     39.35                     33.47   5.88    42.27

DEGREE DAYS
 HEATING
  YESTERDAY        0                         0      0        0
  MONTH TO DATE    0                         0      0        0
  SINCE JUN 1      0                         0      0        0
  SINCE JUL 1      0                         0      0        0

 COOLING
  YESTERDAY       21                        18      3       17
  MONTH TO DATE  584                       540     44      573
  SINCE JUN 1   1674                      1614     60     1645
  SINCE JAN 1   2497                      2491      6     2620
..................................................................


WIND (MPH)
  RESULTANT WIND SPEED   3   RESULTANT WIND DIRECTION  SE (120)
  HIGHEST WIND SPEED    20   HIGHEST WIND DIRECTION     E (110)
  HIGHEST GUST SPEED    31   HIGHEST GUST DIRECTION    SE (120)
  AVERAGE WIND SPEED     4.3


SKY COVER
  POSSIBLE SUNSHINE  MM
  AVERAGE SKY COVER 0.7


WEATHER CONDITIONS
 THE FOLLOWING WEATHER WAS RECORDED YESTERDAY.
  THUNDERSTORM
  LIGHT RAIN
  FOG
  HAZE


RELATIVE HUMIDITY (PERCENT)
 HIGHEST    79           700 AM
 LOWEST     41           400 PM
 AVERAGE    60

..........................................................


THE TAMPA CLIMATE NORMALS FOR TODAY
                         NORMAL    RECORD    YEAR
 MAXIMUM TEMPERATURE (F)   90        95      1947
 MINIMUM TEMPERATURE (F)   76        69      1935
                                             1926


SUNRISE AND SUNSET
AUGUST 31 2014........SUNRISE   708 AM EDT   SUNSET   752 PM EDT
SEPTEMBER  1 2014.....SUNRISE   709 AM EDT   SUNSET   751 PM EDT


-  INDICATES NEGATIVE NUMBERS.
R  INDICATES RECORD WAS SET OR TIED.
MM INDICATES DATA IS MISSING.
T  INDICATES TRACE AMOUNT.




$$


&&
------------------------------------------------------------------
******************** SUPPLEMENTAL DATA ***************************

...RUSKIN                HIGH 97    LOW 74    PCPN 0.19
...SARASOTA/BRADENTON    HIGH 97    LOW 75    PCPN 0.98
...ST. PETERSBURG        HIGH 94    LOW 77    PCPN 0.51
...GULF WATER TEMPERATURE AT CLEARWATER BEACH 87
