000
CDUS42 KTBW 280834
CLITPA


CLIMATE REPORT
NATIONAL WEATHER SERVICE TAMPA BAY FL
432 AM EDT FRI APR 28 2017


...................................

...THE TAMPA CLIMATE SUMMARY FOR APRIL 27 2017...

CLIMATE NORMAL PERIOD 1981 TO 2010
CLIMATE RECORD PERIOD 1890 TO 2017


WEATHER ITEM   OBSERVED TIME   RECORD YEAR NORMAL DEPARTURE LAST
                VALUE   (LST)  VALUE       VALUE  FROM      YEAR
                                                  NORMAL
..................................................................
TEMPERATURE (F)
 YESTERDAY
  MAXIMUM         89    357 PM  92    1975  83      6       85
  MINIMUM         73    616 AM  49    1977  65      8       71
  AVERAGE         81                        74      7       78

PRECIPITATION (IN)
  YESTERDAY        0.00          1.23 1928   0.05  -0.05     0.00
  MONTH TO DATE    0.59                      1.86  -1.27     1.67
  SINCE MAR 1      1.58                      4.89  -3.31     3.43
  SINCE JAN 1      4.54                      9.93  -5.39    12.14

DEGREE DAYS
 HEATING
  YESTERDAY        0                         0      0        0
  MONTH TO DATE    0                         9     -9        0
  SINCE MAR 1     28                        65    -37       15
  SINCE JUL 1    164                       536   -372      323

 COOLING
  YESTERDAY       16                         9      7       13
  MONTH TO DATE  307                       191    116      246
  SINCE MAR 1    498                       317    181      461
  SINCE JAN 1    751                       430    321      539
..................................................................


WIND (MPH)
  RESULTANT WIND SPEED   6   RESULTANT WIND DIRECTION   S (190)
  HIGHEST WIND SPEED    15   HIGHEST WIND DIRECTION     S (190)
  HIGHEST GUST SPEED    19   HIGHEST GUST DIRECTION    SW (220)
  AVERAGE WIND SPEED     7.9


SKY COVER
  POSSIBLE SUNSHINE  MM
  AVERAGE SKY COVER 0.2


WEATHER CONDITIONS
 THE FOLLOWING WEATHER WAS RECORDED YESTERDAY.
  NO SIGNIFICANT WEATHER WAS OBSERVED.


RELATIVE HUMIDITY (PERCENT)
 HIGHEST    87           300 AM
 LOWEST     50           200 PM
 AVERAGE    69

..........................................................


THE TAMPA CLIMATE NORMALS FOR TODAY
                         NORMAL    RECORD    YEAR
 MAXIMUM TEMPERATURE (F)   84        91      1996
                                             1991
 MINIMUM TEMPERATURE (F)   65        48      1978
                                             1977


SUNRISE AND SUNSET
APRIL 28 2017.........SUNRISE   653 AM EDT   SUNSET   803 PM EDT
APRIL 29 2017.........SUNRISE   652 AM EDT   SUNSET   803 PM EDT


-  INDICATES NEGATIVE NUMBERS.
R  INDICATES RECORD WAS SET OR TIED.
MM INDICATES DATA IS MISSING.
T  INDICATES TRACE AMOUNT.




$$


&&
------------------------------------------------------------------
******************** SUPPLEMENTAL DATA ***************************

...RUSKIN                HIGH 93    LOW 67    PCPN 0.00
...SARASOTA/BRADENTON    HIGH 86    LOW 69    PCPN 0.00
...ST. PETERSBURG        HIGH 85    LOW 72    PCPN 0.00
...GULF WATER TEMPERATURE AT CLEARWATER BEACH 79 DEGREES
