000
CDUS42 KTBW 020830
CLITPA


CLIMATE REPORT
NATIONAL WEATHER SERVICE TAMPA BAY FL
428 AM EDT THU OCT 2 2014


...................................

...THE TAMPA CLIMATE SUMMARY FOR OCTOBER 1 2014...

CLIMATE NORMAL PERIOD 1981 TO 2010
CLIMATE RECORD PERIOD 1890 TO 2014


WEATHER ITEM   OBSERVED TIME   RECORD YEAR NORMAL DEPARTURE LAST
                VALUE   (LST)  VALUE       VALUE  FROM      YEAR
                                                  NORMAL
..................................................................
TEMPERATURE (F)
 YESTERDAY
  MAXIMUM         86    441 PM  92    2002  87     -1       91
                                      1990
                                      1988
  MINIMUM         76    748 AM  52    1920  72      4       74
  AVERAGE         81                        80      1       83

PRECIPITATION (IN)
  YESTERDAY        0.18          2.36 1946   0.12   0.06     0.00
  MONTH TO DATE    0.18                      0.12   0.06     0.00
  SINCE SEP 1      9.75                      6.42   3.33     7.37
  SINCE JAN 1     49.70                     40.14   9.56    49.89

DEGREE DAYS
 HEATING
  YESTERDAY        0                         0      0        0
  MONTH TO DATE    0                         0      0        0
  SINCE SEP 1      0                         0      0        0
  SINCE JUL 1      0                         0      0        0

 COOLING
  YESTERDAY       16                        15      1       18
  MONTH TO DATE   16                        15      1       18
  SINCE SEP 1    505                       516    -11      533
  SINCE JAN 1   3022                      3031     -9     3170
..................................................................


WIND (MPH)
  RESULTANT WIND SPEED   3   RESULTANT WIND DIRECTION  NW (310)
  HIGHEST WIND SPEED    15   HIGHEST WIND DIRECTION     W (270)
  HIGHEST GUST SPEED    19   HIGHEST GUST DIRECTION     W (270)
  AVERAGE WIND SPEED     6.3


SKY COVER
  POSSIBLE SUNSHINE  MM
  AVERAGE SKY COVER 0.6


WEATHER CONDITIONS
 THE FOLLOWING WEATHER WAS RECORDED YESTERDAY.
  THUNDERSTORM
  LIGHT RAIN
  FOG


RELATIVE HUMIDITY (PERCENT)
 HIGHEST    94           300 AM
 LOWEST     61           300 PM
 AVERAGE    78

..........................................................


THE TAMPA CLIMATE NORMALS FOR TODAY
                         NORMAL    RECORD    YEAR
 MAXIMUM TEMPERATURE (F)   87        93      1986
                                             1958
                                             1919
 MINIMUM TEMPERATURE (F)   72        55      1920


SUNRISE AND SUNSET
OCTOBER  2 2014.......SUNRISE   723 AM EDT   SUNSET   715 PM EDT
OCTOBER  3 2014.......SUNRISE   724 AM EDT   SUNSET   714 PM EDT


-  INDICATES NEGATIVE NUMBERS.
R  INDICATES RECORD WAS SET OR TIED.
MM INDICATES DATA IS MISSING.
T  INDICATES TRACE AMOUNT.




$$


&&
------------------------------------------------------------------
******************** SUPPLEMENTAL DATA ***************************

...RUSKIN                HIGH 87    LOW 74    PCPN 0.02
...SARASOTA/BRADENTON    HIGH 87    LOW 77    PCPN 0.00
...ST. PETERSBURG        HIGH 85    LOW 75    PCPN T
...GULF WATER TEMPERATURE AT CLEARWATER BEACH 83
