000
CDUS42 KTBW 050927
CLITPA


CLIMATE REPORT
NATIONAL WEATHER SERVICE TAMPA BAY FL
426 AM EST THU MAR 5 2015


...................................

...THE TAMPA CLIMATE SUMMARY FOR MARCH 4 2015...

CLIMATE NORMAL PERIOD 1981 TO 2010
CLIMATE RECORD PERIOD 1890 TO 2015


WEATHER ITEM   OBSERVED TIME   RECORD YEAR NORMAL DEPARTURE LAST
                VALUE   (LST)  VALUE       VALUE  FROM      YEAR
                                                  NORMAL
..................................................................
TEMPERATURE (F)
 YESTERDAY
  MAXIMUM         81    339 PM  88    1961  75      6       76
  MINIMUM         67    450 AM  31    1943  57     10       65
  AVERAGE         74                        66      8       71

PRECIPITATION (IN)
  YESTERDAY        0.00          1.59 2001   0.09  -0.09     0.00
  MONTH TO DATE    0.02                      0.37  -0.35     0.00
  SINCE MAR 1      0.02                      0.37  -0.35     0.00
  SINCE JAN 1      8.32                      5.41   2.91     4.95

DEGREE DAYS
 HEATING
  YESTERDAY        0                         3     -3        0
  MONTH TO DATE    0                        12    -12        3
  SINCE MAR 1      0                        12    -12        3
  SINCE JUL 1    455                       483    -28      399

 COOLING
  YESTERDAY        9                         3      6        6
  MONTH TO DATE   37                        12     25       12
  SINCE MAR 1     37                        12     25       12
  SINCE JAN 1    104                       125    -21      116
..................................................................


WIND (MPH)
  RESULTANT WIND SPEED   5   RESULTANT WIND DIRECTION   S (170)
  HIGHEST WIND SPEED    16   HIGHEST WIND DIRECTION     S (180)
  HIGHEST GUST SPEED    20   HIGHEST GUST DIRECTION     S (170)
  AVERAGE WIND SPEED     6.3


SKY COVER
  POSSIBLE SUNSHINE  MM
  AVERAGE SKY COVER 0.1


WEATHER CONDITIONS
 THE FOLLOWING WEATHER WAS RECORDED YESTERDAY.
  NO SIGNIFICANT WEATHER WAS OBSERVED.


RELATIVE HUMIDITY (PERCENT)
 HIGHEST    87           600 AM
 LOWEST     58           200 PM
 AVERAGE    73

..........................................................


THE TAMPA CLIMATE NORMALS FOR TODAY
                         NORMAL    RECORD    YEAR
 MAXIMUM TEMPERATURE (F)   75        88      1961
 MINIMUM TEMPERATURE (F)   57        32      1893


SUNRISE AND SUNSET
MARCH  5 2015.........SUNRISE   651 AM EST   SUNSET   633 PM EST
MARCH  6 2015.........SUNRISE   650 AM EST   SUNSET   633 PM EST


-  INDICATES NEGATIVE NUMBERS.
R  INDICATES RECORD WAS SET OR TIED.
MM INDICATES DATA IS MISSING.
T  INDICATES TRACE AMOUNT.




$$


&&
------------------------------------------------------------------
******************** SUPPLEMENTAL DATA ***************************

...RUSKIN                HIGH 86    LOW 62    PCPN 0.00
...SARASOTA/BRADENTON    HIGH 81    LOW 62    PCPN 0.00
...ST. PETERSBURG        HIGH 80    LOW 66    PCPN 0.00
...GULF WATER TEMPERATURE AT CLEARWATER BEACH 66
