000
CDUS42 KTBW 290831
CLITPA


CLIMATE REPORT
NATIONAL WEATHER SERVICE TAMPA BAY FL
429 AM EDT SAT AUG 29 2015


...................................

...THE TAMPA CLIMATE SUMMARY FOR AUGUST 28 2015...

CLIMATE NORMAL PERIOD 1981 TO 2010
CLIMATE RECORD PERIOD 1890 TO 2015


WEATHER ITEM   OBSERVED TIME   RECORD YEAR NORMAL DEPARTURE LAST
                VALUE   (LST)  VALUE       VALUE  FROM      YEAR
                                                  NORMAL
..................................................................
TEMPERATURE (F)
 YESTERDAY
  MAXIMUM         88    142 PM  97    1960  90     -2       95
  MINIMUM         75   1155 PM  68    1984  76     -1       76
  AVERAGE         82                        83     -1       86

PRECIPITATION (IN)
  YESTERDAY        T             4.65 1925   0.25  -0.25     0.00
  MONTH TO DATE   14.89                      7.03   7.86     5.42
  SINCE JUN 1     32.96                     20.78  12.18    19.87
  SINCE JAN 1     53.85                     32.98  20.87    39.20

DEGREE DAYS
 HEATING
  YESTERDAY        0                         0      0        0
  MONTH TO DATE    0                         0      0        0
  SINCE JUN 1      0                         0      0        0
  SINCE JUL 1      0                         0      0        0

 COOLING
  YESTERDAY       17                        18     -1       21
  MONTH TO DATE  523                       504     19      543
  SINCE JUN 1   1639                      1578     61     1633
  SINCE JAN 1   2860                      2455    405     2456
..................................................................


WIND (MPH)
  RESULTANT WIND SPEED   3   RESULTANT WIND DIRECTION   E (110)
  HIGHEST WIND SPEED    16   HIGHEST WIND DIRECTION     W (290)
  HIGHEST GUST SPEED    21   HIGHEST GUST DIRECTION     N (20)
  AVERAGE WIND SPEED     5.1


SKY COVER
  POSSIBLE SUNSHINE  MM
  AVERAGE SKY COVER 0.8


WEATHER CONDITIONS
 THE FOLLOWING WEATHER WAS RECORDED YESTERDAY.
  THUNDERSTORM
  LIGHT RAIN


RELATIVE HUMIDITY (PERCENT)
 HIGHEST    85           600 AM
 LOWEST     59          1000 AM
 AVERAGE    72

..........................................................


THE TAMPA CLIMATE NORMALS FOR TODAY
                         NORMAL    RECORD    YEAR
 MAXIMUM TEMPERATURE (F)   90        97      1951
 MINIMUM TEMPERATURE (F)   76        69      1969


SUNRISE AND SUNSET
AUGUST 29 2015........SUNRISE   707 AM EDT   SUNSET   755 PM EDT
AUGUST 30 2015........SUNRISE   708 AM EDT   SUNSET   753 PM EDT


-  INDICATES NEGATIVE NUMBERS.
R  INDICATES RECORD WAS SET OR TIED.
MM INDICATES DATA IS MISSING.
T  INDICATES TRACE AMOUNT.




$$


&&
------------------------------------------------------------------
******************** SUPPLEMENTAL DATA ***************************

...RUSKIN                HIGH 87    LOW 73    PCPN 0.63
...SARASOTA/BRADENTON    HIGH 87    LOW 73    PCPN T
...ST. PETERSBURG        HIGH 87    LOW 76    PCPN 0.41
...GULF WATER TEMPERATURE AT CLEARWATER BEACH 87
