000
CDUS42 KTBW 172118
CLITPA


CLIMATE REPORT
NATIONAL WEATHER SERVICE TAMPA BAY FL
515 PM EDT THU AUG 17 2017


...................................

...THE TAMPA CLIMATE SUMMARY FOR AUGUST 17 2017...
VALID TODAY AS OF 0500 PM LOCAL TIME.

CLIMATE NORMAL PERIOD 1981 TO 2010
CLIMATE RECORD PERIOD 1890 TO 2017


WEATHER ITEM   OBSERVED TIME   RECORD YEAR NORMAL DEPARTURE LAST
                VALUE   (LST)  VALUE       VALUE  FROM      YEAR
                                                  NORMAL
..................................................................
TEMPERATURE (F)
 TODAY
  MAXIMUM         91    257 PM  97    1960  90      1       94
  MINIMUM         82    217 PM  68    1890  76      6       77
  AVERAGE         87                        83      4       86

PRECIPITATION (IN)
  TODAY            0.24          2.37 1901   0.24   0.00     0.29
  MONTH TO DATE    3.27                      4.24  -0.97     5.86
  SINCE JUN 1     20.16                     17.99   2.17    23.68
  SINCE JAN 1     26.18                     30.19  -4.01    39.58

DEGREE DAYS
 HEATING
  TODAY            0                         0      0        0
  MONTH TO DATE    0                         0      0        0
  SINCE JUN 1      0                         0      0        0
  SINCE JUL 1      0                         0      0        0

 COOLING
  TODAY           22                        18      4       21
  MONTH TO DATE  352                       306     46      314
  SINCE JUN 1   1489                      1380    109     1489
  SINCE JAN 1   2805                      2257    548     2509
..................................................................


WIND (MPH)
  RESULTANT WIND SPEED   1   RESULTANT WIND DIRECTION  SE (140)
  HIGHEST WIND SPEED    16   HIGHEST WIND DIRECTION     N (360)
  HIGHEST GUST SPEED    21   HIGHEST GUST DIRECTION     N (360)
  AVERAGE WIND SPEED     1.5


SKY COVER
  POSSIBLE SUNSHINE  MM
  AVERAGE SKY COVER 0.5


WEATHER CONDITIONS
 THE FOLLOWING WEATHER WAS RECORDED TODAY.
  THUNDERSTORM
  RAIN
  LIGHT RAIN
  FOG


RELATIVE HUMIDITY (PERCENT)
 HIGHEST    80          1200 AM
 LOWEST     68           900 AM

..........................................................


THE TAMPA CLIMATE NORMALS FOR TOMORROW
                         NORMAL    RECORD    YEAR
 MAXIMUM TEMPERATURE (F)   90        95      1960
                                             1951
                                             1916
 MINIMUM TEMPERATURE (F)   76        70      1966
                                             1937
                                             1901


SUNRISE AND SUNSET
AUGUST 17 2017........SUNRISE   701 AM EDT   SUNSET   806 PM EDT
AUGUST 18 2017........SUNRISE   702 AM EDT   SUNSET   805 PM EDT


-  INDICATES NEGATIVE NUMBERS.
R  INDICATES RECORD WAS SET OR TIED.
MM INDICATES DATA IS MISSING.
T  INDICATES TRACE AMOUNT.




$$


&&
------------------------------------------------------------------
******************** SUPPLEMENTAL DATA ***************************

...RUSKIN                HIGH 93    LOW 77    PCPN 0.02
...SARASOTA/BRADENTON    HIGH 93    LOW 74    PCPN 0.53
...LAKELAND*             HIGH 94    LOW 77    PCPN TRACE
...ST. PETERSBURG        HIGH 92    LOW 83    PCPN 0.01
...GULF WATER TEMPERATURE AT CLEARWATER BEACH 91 DEGREES

*LAKELAND DATA IS FROM 4:30 PM WEDNESDAY TO 4:30 PM THURSDAY
AND MAY REFLECT YESTERDAYS RAINFALL AND HIGH TEMPERATURE.
