000
CDUS42 KTBW 240828
CLITPA


CLIMATE REPORT
NATIONAL WEATHER SERVICE TAMPA BAY FL
426 AM EDT SUN MAY 24 2015


...................................

...THE TAMPA CLIMATE SUMMARY FOR MAY 23 2015...

CLIMATE NORMAL PERIOD 1981 TO 2010
CLIMATE RECORD PERIOD 1890 TO 2015


WEATHER ITEM   OBSERVED TIME   RECORD YEAR NORMAL DEPARTURE LAST
                VALUE   (LST)  VALUE       VALUE  FROM      YEAR
                                                  NORMAL
..................................................................
TEMPERATURE (F)
 YESTERDAY
  MAXIMUM         94    209 PM  95    1975  89      5       91
  MINIMUM         74    510 PM  58    1892  71      3       70
  AVERAGE         84                        80      4       81

PRECIPITATION (IN)
  YESTERDAY        0.46          3.12 1924   0.08   0.38     0.00
  MONTH TO DATE    3.12                      1.35   1.77     3.58
  SINCE MAR 1      8.97                      6.41   2.56     9.42
  SINCE JAN 1     17.27                     11.45   5.82    14.37

DEGREE DAYS
 HEATING
  YESTERDAY        0                         0      0        0
  MONTH TO DATE    0                         0      0        0
  SINCE MAR 1     12                        67    -55       48
  SINCE JUL 1    467                       538    -71      444

 COOLING
  YESTERDAY       19                        15      4       16
  MONTH TO DATE  350                       293     57      286
  SINCE MAR 1   1015                       640    375      599
  SINCE JAN 1   1082                       753    329      703
..................................................................


WIND (MPH)
  RESULTANT WIND SPEED   6   RESULTANT WIND DIRECTION   E (70)
  HIGHEST WIND SPEED    21   HIGHEST WIND DIRECTION    NE (30)
  HIGHEST GUST SPEED    31   HIGHEST GUST DIRECTION     N (10)
  AVERAGE WIND SPEED     6.5


SKY COVER
  POSSIBLE SUNSHINE  MM
  AVERAGE SKY COVER 0.4


WEATHER CONDITIONS
 THE FOLLOWING WEATHER WAS RECORDED YESTERDAY.
  THUNDERSTORM
  RAIN
  LIGHT RAIN


RELATIVE HUMIDITY (PERCENT)
 HIGHEST    79           300 AM
 LOWEST     41          1200 PM
 AVERAGE    60

..........................................................


THE TAMPA CLIMATE NORMALS FOR TODAY
                         NORMAL    RECORD    YEAR
 MAXIMUM TEMPERATURE (F)   89        96      2012
 MINIMUM TEMPERATURE (F)   72        60      1892


SUNRISE AND SUNSET
MAY 24 2015...........SUNRISE   636 AM EDT   SUNSET   818 PM EDT
MAY 25 2015...........SUNRISE   636 AM EDT   SUNSET   818 PM EDT


-  INDICATES NEGATIVE NUMBERS.
R  INDICATES RECORD WAS SET OR TIED.
MM INDICATES DATA IS MISSING.
T  INDICATES TRACE AMOUNT.




$$


&&
------------------------------------------------------------------
******************** SUPPLEMENTAL DATA ***************************

...RUSKIN                HIGH 95    LOW 71    PCPN 0.00
...SARASOTA/BRADENTON    HIGH 93    LOW 70    PCPN 0.00
...ST. PETERSBURG        HIGH 94    LOW 75    PCPN 0.74
...GULF WATER TEMPERATURE AT CLEARWATER BEACH 85
