000
CDUS42 KTBW 212359 AAA
CLITPA

CLIMATE REPORT UPDATED
NATIONAL WEATHER SERVICE TAMPA BAY FL
530 PM EST SAT JAN 21 2017

UPDATED TO ADD LAKELAND DATA

...................................

...THE TAMPA CLIMATE SUMMARY FOR JANUARY 21 2017...
VALID TODAY AS OF 0500 PM LOCAL TIME.

CLIMATE NORMAL PERIOD 1981 TO 2010
CLIMATE RECORD PERIOD 1890 TO 2017


WEATHER ITEM   OBSERVED TIME   RECORD YEAR NORMAL DEPARTURE LAST
                VALUE   (LST)  VALUE       VALUE  FROM      YEAR
                                                  NORMAL
..................................................................
TEMPERATURE (F)
 TODAY
  MAXIMUM         80    115 PM  83    1959  70     10       71
                                      1929
  MINIMUM         67    405 AM  21    1985  52     15       49
  AVERAGE         74                        61     13       60

PRECIPITATION (IN)
  TODAY            0.00          1.42 2011   0.07  -0.07     0.00
  MONTH TO DATE    0.23                      1.42  -1.19     2.97
  SINCE DEC 1      0.66                      3.89  -3.23     3.46
  SINCE JAN 1      0.23                      1.42  -1.19     2.97

DEGREE DAYS
 HEATING
  TODAY            0                         6     -6        5
  MONTH TO DATE   42                       126    -84      111
  SINCE DEC 1     69                       265   -196      119
  SINCE JUL 1     84                       309   -225      124

 COOLING
  TODAY            9                         2      7        0
  MONTH TO DATE  107                        40     67       28
  SINCE DEC 1    299                       120    179      303
  SINCE JAN 1    107                        40     67       28
..................................................................


WIND (MPH)
  RESULTANT WIND SPEED   9   RESULTANT WIND DIRECTION   S (180)
  HIGHEST WIND SPEED    21   HIGHEST WIND DIRECTION     S (200)
  HIGHEST GUST SPEED    25   HIGHEST GUST DIRECTION     S (200)
  AVERAGE WIND SPEED     8.9


SKY COVER
  POSSIBLE SUNSHINE  MM
  AVERAGE SKY COVER 0.2


WEATHER CONDITIONS
 THE FOLLOWING WEATHER WAS RECORDED TODAY.
  NO SIGNIFICANT WEATHER WAS OBSERVED.


RELATIVE HUMIDITY (PERCENT)
 HIGHEST    93           300 AM
 LOWEST     60          1000 AM

..........................................................


THE TAMPA CLIMATE NORMALS FOR TOMORROW
                         NORMAL    RECORD    YEAR
 MAXIMUM TEMPERATURE (F)   70        83      2006
                                             1999
                                             1962
 MINIMUM TEMPERATURE (F)   52        25      1985


SUNRISE AND SUNSET
JANUARY 21 2017.......SUNRISE   721 AM EST   SUNSET   602 PM EST
JANUARY 22 2017.......SUNRISE   721 AM EST   SUNSET   603 PM EST


-  INDICATES NEGATIVE NUMBERS.
R  INDICATES RECORD WAS SET OR TIED.
MM INDICATES DATA IS MISSING.
T  INDICATES TRACE AMOUNT.




$$


&&
------------------------------------------------------------------
******************** SUPPLEMENTAL DATA ***************************

...RUSKIN                HIGH 81    LOW 63    PCPN 0.00
...SARASOTA/BRADENTON    HIGH 79    LOW 61    PCPN 0.00
...LAKELAND*             HIGH 85    LOW 62    PCPN 0.00
...ST. PETERSBURG        HIGH 77    LOW 66    PCPN 0.00
...GULF WATER TEMPERATURE AT CLEARWATER BEACH 69 DEGREES

*LAKELAND DATA IS FROM 4:30 PM FRIDAY TO 4:30 PM SATURDAY
AND MAY REFLECT YESTERDAYS RAINFALL AND HIGH TEMPERATURE.
