000
CDUS42 KTBW 042118
CLITPA


CLIMATE REPORT
NATIONAL WEATHER SERVICE TAMPA BAY FL
515 PM EDT TUE AUG 4 2015


...................................

...THE TAMPA CLIMATE SUMMARY FOR AUGUST 4 2015...
VALID TODAY AS OF 0500 PM LOCAL TIME.

CLIMATE NORMAL PERIOD 1981 TO 2010
CLIMATE RECORD PERIOD 1890 TO 2015


WEATHER ITEM   OBSERVED TIME   RECORD YEAR NORMAL DEPARTURE LAST
                VALUE   (LST)  VALUE       VALUE  FROM      YEAR
                                                  NORMAL
..................................................................
TEMPERATURE (F)
 TODAY
  MAXIMUM         89    353 PM  97    1970  90     -1       89
  MINIMUM         78    720 AM  69    1920  76      2       78
                                      1903
  AVERAGE         84                        83      1       84

PRECIPITATION (IN)
  TODAY            T             3.20 1957   0.24  -0.24     0.00
  MONTH TO DATE    8.42                      0.96   7.46     1.18
  SINCE JUN 1     26.49                     14.71  11.78    15.63
  SINCE JAN 1     47.38                     26.91  20.47    34.96

DEGREE DAYS
 HEATING
  TODAY            0                         0      0        0
  MONTH TO DATE    0                         0      0        0
  SINCE JUN 1      0                         0      0        0
  SINCE JUL 1      0                         0      0        0

 COOLING
  TODAY           19                        18      1       19
  MONTH TO DATE   60                        72    -12       76
  SINCE JUN 1   1176                      1146     30     1166
  SINCE JAN 1   2397                      2023    374     1989
..................................................................


WIND (MPH)
  RESULTANT WIND SPEED   4   RESULTANT WIND DIRECTION  SW (210)
  HIGHEST WIND SPEED    17   HIGHEST WIND DIRECTION     W (290)
  HIGHEST GUST SPEED    21   HIGHEST GUST DIRECTION     W (290)
  AVERAGE WIND SPEED     6.3


SKY COVER
  POSSIBLE SUNSHINE  MM
  AVERAGE SKY COVER 0.7


WEATHER CONDITIONS
 THE FOLLOWING WEATHER WAS RECORDED TODAY.
  LIGHT RAIN
  FOG


RELATIVE HUMIDITY (PERCENT)
 HIGHEST    97           200 AM
 LOWEST     63           100 PM

..........................................................


THE TAMPA CLIMATE NORMALS FOR TOMORROW
                         NORMAL    RECORD    YEAR
 MAXIMUM TEMPERATURE (F)   90        96      1990
                                             1970
 MINIMUM TEMPERATURE (F)   76        68      1900


SUNRISE AND SUNSET
AUGUST  4 2015........SUNRISE   654 AM EDT   SUNSET   818 PM EDT
AUGUST  5 2015........SUNRISE   655 AM EDT   SUNSET   817 PM EDT


-  INDICATES NEGATIVE NUMBERS.
R  INDICATES RECORD WAS SET OR TIED.
MM INDICATES DATA IS MISSING.
T  INDICATES TRACE AMOUNT.




$$


&&
------------------------------------------------------------------
******************** SUPPLEMENTAL DATA ***************************

...RUSKIN                HIGH 89    LOW 74    PCPN 0.01
...SARASOTA/BRADENTON    HIGH 89    LOW 74    PCPN 0.00
...LAKELAND              HIGH 93    LOW 73    PCPN 0.00
...ST. PETERSBURG        HIGH 87    LOW 78    PCPN TRACE
...GULF WATER TEMPERATURE AT CLEARWATER BEACH 81
