000
CDUS42 KTBW 202132
CLITPA


CLIMATE REPORT
NATIONAL WEATHER SERVICE TAMPA BAY FL
527 PM EDT MON OCT 20 2014


...................................

...THE TAMPA CLIMATE SUMMARY FOR OCTOBER 20 2014...
VALID TODAY AS OF 0500 PM LOCAL TIME.

CLIMATE NORMAL PERIOD 1981 TO 2010
CLIMATE RECORD PERIOD 1890 TO 2014


WEATHER ITEM   OBSERVED TIME   RECORD YEAR NORMAL DEPARTURE LAST
                VALUE   (LST)  VALUE       VALUE  FROM      YEAR
                                                  NORMAL
..................................................................
TEMPERATURE (F)
 TODAY
  MAXIMUM         84   1246 PM  91    1993  84      0       86
  MINIMUM         65    452 AM  45    1964  67     -2       76
  AVERAGE         75                        75      0       81

PRECIPITATION (IN)
  TODAY            0.00          1.52 1959   0.06  -0.06      T
  MONTH TO DATE    1.52                      1.67  -0.15     0.70
  SINCE SEP 1     11.09                      7.97   3.12     8.07
  SINCE JAN 1     51.04                     41.69   9.35    50.59

DEGREE DAYS
 HEATING
  TODAY            0                         0      0        0
  MONTH TO DATE    0                         0      0        0
  SINCE SEP 1      0                         0      0        0
  SINCE JUL 1      0                         0      0        0

 COOLING
  TODAY           10                        10      0       16
  MONTH TO DATE  253                       251      2      293
  SINCE SEP 1    742                       752    -10      808
  SINCE JAN 1   3259                      3267     -8     3445
..................................................................


WIND (MPH)
  RESULTANT WIND SPEED   1   RESULTANT WIND DIRECTION   E (80)
  HIGHEST WIND SPEED    10   HIGHEST WIND DIRECTION     W (260)
  HIGHEST GUST SPEED    13   HIGHEST GUST DIRECTION     W (250)
  AVERAGE WIND SPEED     4.4


SKY COVER
  POSSIBLE SUNSHINE  MM
  AVERAGE SKY COVER 0.2


WEATHER CONDITIONS
 THE FOLLOWING WEATHER WAS RECORDED TODAY.
  NO SIGNIFICANT WEATHER WAS OBSERVED.


RELATIVE HUMIDITY (PERCENT)
 HIGHEST    87           400 AM
 LOWEST     43          1200 PM

..........................................................


THE TAMPA CLIMATE NORMALS FOR TOMORROW
                         NORMAL    RECORD    YEAR
 MAXIMUM TEMPERATURE (F)   83        91      1993
                                             1990
 MINIMUM TEMPERATURE (F)   67        40      1964


SUNRISE AND SUNSET
OCTOBER 20 2014.......SUNRISE   733 AM EDT   SUNSET   656 PM EDT
OCTOBER 21 2014.......SUNRISE   734 AM EDT   SUNSET   655 PM EDT


-  INDICATES NEGATIVE NUMBERS.
R  INDICATES RECORD WAS SET OR TIED.
MM INDICATES DATA IS MISSING.
T  INDICATES TRACE AMOUNT.




$$


&&
------------------------------------------------------------------
******************** SUPPLEMENTAL DATA ***************************

...RUSKIN                HIGH 86    LOW 64    PCPN 0.00
...SARASOTA/BRADENTON    HIGH 87    LOW 65    PCPN 0.00
...LAKELAND              HIGH 84    LOW 58    PCPN 0.00
...ST. PETERSBURG        HIGH 86    LOW 72    PCPN 0.00

...GULF WATER TEMPERATURE AT CLEARWATER BEACH 79E
