000
CDUS45 KLKN 240028
CLITPH


CLIMATE REPORT
NATIONAL WEATHER SERVICE ELKO NV
528 PM PDT THU OCT 23 2014


...................................

...THE TONOPAH AIRPORT NV CLIMATE SUMMARY FOR OCTOBER 23 2014...
VALID TODAY AS OF 0500 PM LOCAL TIME.

CLIMATE NORMAL PERIOD 1981 TO 2010
CLIMATE RECORD PERIOD 1954 TO 2014


WEATHER ITEM   OBSERVED TIME   RECORD YEAR NORMAL DEPARTURE LAST
                VALUE   (LST)  VALUE       VALUE  FROM      YEAR
                                                  NORMAL
..................................................................
TEMPERATURE (F)
 TODAY
  MAXIMUM         70    320 PM  83    1959  65      5       70
  MINIMUM         40    521 AM  22    1961  35      5       37
  AVERAGE         55                        50      5       54

PRECIPITATION (IN)
  TODAY            0.00          0.16 1963   0.01  -0.01     0.00
  MONTH TO DATE    0.00                      0.24  -0.24     0.05
  SINCE OCT 1      0.00                      0.24  -0.24     0.05
  SINCE JAN 1      3.71                      4.39  -0.68     4.08

DEGREE DAYS
 HEATING
  TODAY           10                        15     -5       11
  MONTH TO DATE  135                       247   -112      317
  SINCE SEP 1    178                       332   -154      414
  SINCE JUL 1    178                       338   -160      414

 COOLING
  TODAY            0                         0      0        0
  MONTH TO DATE    0                         0      0        0
  SINCE SEP 1    141                        68     73      121
  SINCE JAN 1   1004                       781    223     1042
..................................................................


WIND (MPH)
  HIGHEST WIND SPEED    14   HIGHEST WIND DIRECTION     S (170)
  HIGHEST GUST SPEED    20   HIGHEST GUST DIRECTION     S (170)



WEATHER CONDITIONS
 THE FOLLOWING WEATHER WAS RECORDED TODAY.
  NO SIGNIFICANT WEATHER WAS OBSERVED.


RELATIVE HUMIDITY (PERCENT)
 HIGHEST    34           400 AM
 LOWEST     16           200 PM
 AVERAGE    25

..........................................................


THE TONOPAH AIRPORT NV CLIMATE NORMALS FOR TOMORROW
                         NORMAL    RECORD    YEAR
 MAXIMUM TEMPERATURE (F)   65        85      1959
 MINIMUM TEMPERATURE (F)   35        18      1975


SUNRISE AND SUNSET
OCTOBER 23 2014.......SUNRISE   705 AM PDT   SUNSET   600 PM PDT
OCTOBER 24 2014.......SUNRISE   706 AM PDT   SUNSET   559 PM PDT


-  INDICATES NEGATIVE NUMBERS.
R  INDICATES RECORD WAS SET OR TIED.
MM INDICATES DATA IS MISSING.
T  INDICATES TRACE AMOUNT.




$$
