000
CDUS45 KLKN 270927
CLITPH


CLIMATE REPORT
NATIONAL WEATHER SERVICE ELKO NV
227 AM PDT WED MAY 27 2015


...................................

...THE TONOPAH AIRPORT NV CLIMATE SUMMARY FOR MAY 26 2015...

CLIMATE NORMAL PERIOD 1981 TO 2010
CLIMATE RECORD PERIOD 1954 TO 2015


WEATHER ITEM   OBSERVED TIME   RECORD YEAR NORMAL DEPARTURE LAST
                VALUE   (LST)  VALUE       VALUE  FROM      YEAR
                                                  NORMAL
..................................................................
TEMPERATURE (F)
 YESTERDAY
  MAXIMUM         78    343 PM  91    1986  78      0       90
  MINIMUM         47    438 AM  31    1980  46      1       54
  AVERAGE         63                        62      1       72

PRECIPITATION (IN)
  YESTERDAY        0.00          0.41 1981   0.02  -0.02     0.00
  MONTH TO DATE    1.24                      0.44   0.80     0.05
  SINCE OCT 1      2.29                      3.53  -1.24     1.38
  SINCE JAN 1      1.81                      2.44  -0.63     0.92

DEGREE DAYS
 HEATING
  YESTERDAY        2                         5     -3        0
  MONTH TO DATE  241                       199     42      169
  SINCE MAR 1   1127                      1350   -223     1163
  SINCE JUL 1   4249                      5392  -1143     4936

 COOLING
  YESTERDAY        0                         2     -2        7
  MONTH TO DATE    0                        14    -14       18
  SINCE MAR 1      0                        15    -15       18
  SINCE JAN 1      0                        15    -15       18
..................................................................


WIND (MPH)
  HIGHEST WIND SPEED    16   HIGHEST WIND DIRECTION    SW (220)
  HIGHEST GUST SPEED    22   HIGHEST GUST DIRECTION    SW (230)
  AVERAGE WIND SPEED     6.2



WEATHER CONDITIONS
 THE FOLLOWING WEATHER WAS RECORDED YESTERDAY.
  THUNDERSTORM


RELATIVE HUMIDITY (PERCENT)
 HIGHEST    77           400 AM
 LOWEST     19           400 PM
 AVERAGE    48

..........................................................


THE TONOPAH AIRPORT NV CLIMATE NORMALS FOR TODAY
                         NORMAL    RECORD    YEAR
 MAXIMUM TEMPERATURE (F)   78        94      2003
 MINIMUM TEMPERATURE (F)   46        29      1998


SUNRISE AND SUNSET
MAY 27 2015...........SUNRISE   530 AM PDT   SUNSET   802 PM PDT
MAY 28 2015...........SUNRISE   529 AM PDT   SUNSET   802 PM PDT


-  INDICATES NEGATIVE NUMBERS.
R  INDICATES RECORD WAS SET OR TIED.
MM INDICATES DATA IS MISSING.
T  INDICATES TRACE AMOUNT.




$$
