000
CDUS45 KLKN 070937
CLITPH


CLIMATE REPORT
NATIONAL WEATHER SERVICE ELKO NV
132 AM PST WED DEC 7 2016


...................................

...THE TONOPAH AIRPORT NV CLIMATE SUMMARY FOR DECEMBER 6 2016...

CLIMATE NORMAL PERIOD 1981 TO 2010
CLIMATE RECORD PERIOD 1954 TO 2016


WEATHER ITEM   OBSERVED TIME   RECORD YEAR NORMAL DEPARTURE LAST
                VALUE   (LST)  VALUE       VALUE  FROM      YEAR
                                                  NORMAL
..................................................................
TEMPERATURE (F)
 YESTERDAY
  MAXIMUM         51    209 PM  64    1958  45      6       50
  MINIMUM         20   1159 PM   2    2013  20      0       22
                                      2009
  AVERAGE         36                        33      3       36

PRECIPITATION (IN)
  YESTERDAY        0.00          0.65 1966   0.01  -0.01     0.00
  MONTH TO DATE    0.00                      0.07  -0.07     0.00
  SINCE OCT 1      0.20                      0.85  -0.65     3.31
  SINCE JAN 1      3.77                      5.00  -1.23     5.78

DEGREE DAYS
 HEATING
  YESTERDAY       29                        32     -3       29
  MONTH TO DATE  186                       189     -3      176
  SINCE DEC 1    186                       189     -3      176
  SINCE JUL 1   1203                      1406   -203     1250

 COOLING
  YESTERDAY        0                         0      0        0
  MONTH TO DATE    0                         0      0        0
  SINCE DEC 1      0                         0      0        0
  SINCE JAN 1   1022                       783    239     1034
..................................................................


WIND (MPH)
  HIGHEST WIND SPEED    25   HIGHEST WIND DIRECTION    NW (330)
  HIGHEST GUST SPEED    31   HIGHEST GUST DIRECTION    NW (330)
  AVERAGE WIND SPEED     9.7



WEATHER CONDITIONS
 THE FOLLOWING WEATHER WAS RECORDED YESTERDAY.
  NO SIGNIFICANT WEATHER WAS OBSERVED.


RELATIVE HUMIDITY (PERCENT)
 HIGHEST    62           500 AM
 LOWEST     13           200 PM
 AVERAGE    38

..........................................................


THE TONOPAH AIRPORT NV CLIMATE NORMALS FOR TODAY
                         NORMAL    RECORD    YEAR
 MAXIMUM TEMPERATURE (F)   45        63      1977
 MINIMUM TEMPERATURE (F)   20         3      1978


SUNRISE AND SUNSET
DECEMBER  7 2016......SUNRISE   652 AM PST   SUNSET   428 PM PST
DECEMBER  8 2016......SUNRISE   652 AM PST   SUNSET   429 PM PST


-  INDICATES NEGATIVE NUMBERS.
R  INDICATES RECORD WAS SET OR TIED.
MM INDICATES DATA IS MISSING.
T  INDICATES TRACE AMOUNT.




$$
