000
CDUS45 KLKN 300932
CLITPH


CLIMATE REPORT
NATIONAL WEATHER SERVICE ELKO NV
232 AM PDT MON MAR 30 2015


...................................

...THE TONOPAH AIRPORT NV CLIMATE SUMMARY FOR MARCH 29 2015...

CLIMATE NORMAL PERIOD 1981 TO 2010
CLIMATE RECORD PERIOD 1954 TO 2015


WEATHER ITEM   OBSERVED TIME   RECORD YEAR NORMAL DEPARTURE LAST
                VALUE   (LST)  VALUE       VALUE  FROM      YEAR
                                                  NORMAL
..................................................................
TEMPERATURE (F)
 YESTERDAY
  MAXIMUM         75R   400 PM  75    1969  60     15       67
  MINIMUM         43   1159 PM  17    1977  31     12       33
  AVERAGE         59                        45     14       50

PRECIPITATION (IN)
  YESTERDAY        0.00          0.03 2006   0.01  -0.01     0.00
  MONTH TO DATE    0.26                      0.54  -0.28      T
  SINCE OCT 1      0.92                      2.64  -1.72     1.12
  SINCE JAN 1      0.44                      1.55  -1.11     0.66

DEGREE DAYS
 HEATING
  YESTERDAY        6                        20    -14       15
  MONTH TO DATE  439                       646   -207      567
  SINCE MAR 1    439                       646   -207      567
  SINCE JUL 1   3561                      4688  -1127     4340

 COOLING
  YESTERDAY        0                         0      0        0
  MONTH TO DATE    0                         0      0        0
  SINCE MAR 1      0                         0      0        0
  SINCE JAN 1      0                         0      0        0
..................................................................


WIND (MPH)
  HIGHEST WIND SPEED    18   HIGHEST WIND DIRECTION     N (10)
  HIGHEST GUST SPEED    22   HIGHEST GUST DIRECTION     N (10)
  AVERAGE WIND SPEED     9.4



WEATHER CONDITIONS
 THE FOLLOWING WEATHER WAS RECORDED YESTERDAY.
  NO SIGNIFICANT WEATHER WAS OBSERVED.


RELATIVE HUMIDITY (PERCENT)
 HIGHEST    27           500 AM
 LOWEST      5           300 PM
 AVERAGE    16

..........................................................


THE TONOPAH AIRPORT NV CLIMATE NORMALS FOR TODAY
                         NORMAL    RECORD    YEAR
 MAXIMUM TEMPERATURE (F)   60        77      1966
 MINIMUM TEMPERATURE (F)   31        14      1967


SUNRISE AND SUNSET
MARCH 30 2015.........SUNRISE   637 AM PDT   SUNSET   709 PM PDT
MARCH 31 2015.........SUNRISE   635 AM PDT   SUNSET   710 PM PDT


-  INDICATES NEGATIVE NUMBERS.
R  INDICATES RECORD WAS SET OR TIED.
MM INDICATES DATA IS MISSING.
T  INDICATES TRACE AMOUNT.




$$
