000
CDUS45 KLKN 310934
CLITPH


CLIMATE REPORT
NATIONAL WEATHER SERVICE ELKO NV
134 AM PST SAT JAN 31 2015


...................................

...THE TONOPAH AIRPORT NV CLIMATE SUMMARY FOR JANUARY 30 2015...

CLIMATE NORMAL PERIOD 1981 TO 2010
CLIMATE RECORD PERIOD 1954 TO 2015


WEATHER ITEM   OBSERVED TIME   RECORD YEAR NORMAL DEPARTURE LAST
                VALUE   (LST)  VALUE       VALUE  FROM      YEAR
                                                  NORMAL
..................................................................
TEMPERATURE (F)
 YESTERDAY
  MAXIMUM         52    108 PM  65    2003  46      6       52
                                      1971
  MINIMUM         38    715 AM   0    1979  22     16       28
  AVERAGE         45                        34     11       40

PRECIPITATION (IN)
  YESTERDAY        T             0.36 1986   0.02  -0.02     0.10
  MONTH TO DATE    0.17                      0.47  -0.30     0.10
  SINCE OCT 1      0.65                      1.56  -0.91     0.56
  SINCE JAN 1      0.17                      0.47  -0.30     0.10

DEGREE DAYS
 HEATING
  YESTERDAY       20                        31    -11       25
  MONTH TO DATE  745                       975   -230      759
  SINCE DEC 1   1635                      2003   -368     1810
  SINCE JUL 1   2548                      3220   -672     3037

 COOLING
  YESTERDAY        0                         0      0        0
  MONTH TO DATE    0                         0      0        0
  SINCE DEC 1      0                         0      0        0
  SINCE JAN 1      0                         0      0        0
..................................................................


WIND (MPH)
  HIGHEST WIND SPEED    25   HIGHEST WIND DIRECTION     N (360)
  HIGHEST GUST SPEED    30   HIGHEST GUST DIRECTION     N (350)
  AVERAGE WIND SPEED    12.0



WEATHER CONDITIONS
 THE FOLLOWING WEATHER WAS RECORDED YESTERDAY.
  LIGHT RAIN


RELATIVE HUMIDITY (PERCENT)
 HIGHEST    79          1200 AM
 LOWEST     35           100 PM
 AVERAGE    57

..........................................................


THE TONOPAH AIRPORT NV CLIMATE NORMALS FOR TODAY
                         NORMAL    RECORD    YEAR
 MAXIMUM TEMPERATURE (F)   46        65      2003
 MINIMUM TEMPERATURE (F)   22         6      1985
                                             1957


SUNRISE AND SUNSET
JANUARY 31 2015.......SUNRISE   654 AM PST   SUNSET   510 PM PST
FEBRUARY  1 2015......SUNRISE   653 AM PST   SUNSET   511 PM PST


-  INDICATES NEGATIVE NUMBERS.
R  INDICATES RECORD WAS SET OR TIED.
MM INDICATES DATA IS MISSING.
T  INDICATES TRACE AMOUNT.




$$
