000
CDUS45 KLKN 250946
CLITPH


CLIMATE REPORT
NATIONAL WEATHER SERVICE ELKO NV
141 AM PST SAT FEB 25 2017


...................................

...THE TONOPAH AIRPORT NV CLIMATE SUMMARY FOR FEBRUARY 24 2017...

CLIMATE NORMAL PERIOD 1981 TO 2010
CLIMATE RECORD PERIOD 1954 TO 2017


WEATHER ITEM   OBSERVED TIME   RECORD YEAR NORMAL DEPARTURE LAST
                VALUE   (LST)  VALUE       VALUE  FROM      YEAR
                                                  NORMAL
..................................................................
TEMPERATURE (F)
 YESTERDAY
  MAXIMUM         36    319 PM  70    1986  52    -16       58
  MINIMUM         17    517 AM   9    1960  26     -9       28
  AVERAGE         27                        39    -12       43

PRECIPITATION (IN)
  YESTERDAY        0.00          0.28 1966   0.02  -0.02     0.00
  MONTH TO DATE    0.61                      0.44   0.17     0.10
  SINCE OCT 1      1.50                      2.02  -0.52     4.45
  SINCE JAN 1      0.97                      0.93   0.04     1.07

DEGREE DAYS
 HEATING
  YESTERDAY       38                        26     12       22
  MONTH TO DATE  580                       687   -107      704
  SINCE DEC 1   2714                      2721     -7     2776
  SINCE JUL 1   3731                      3938   -207     3850

 COOLING
  YESTERDAY        0                         0      0        0
  MONTH TO DATE    0                         0      0        0
  SINCE DEC 1      0                         0      0        0
  SINCE JAN 1      0                         0      0        0
..................................................................


WIND (MPH)
  HIGHEST WIND SPEED    14   HIGHEST WIND DIRECTION    NW (330)
  HIGHEST GUST SPEED    17   HIGHEST GUST DIRECTION    NW (330)
  AVERAGE WIND SPEED     5.3



WEATHER CONDITIONS
 THE FOLLOWING WEATHER WAS RECORDED YESTERDAY.
  NO SIGNIFICANT WEATHER WAS OBSERVED.


RELATIVE HUMIDITY (PERCENT)
 HIGHEST    74          1100 PM
 LOWEST     24           200 PM
 AVERAGE    49

..........................................................


THE TONOPAH AIRPORT NV CLIMATE NORMALS FOR TODAY
                         NORMAL    RECORD    YEAR
 MAXIMUM TEMPERATURE (F)   52        75      1986
 MINIMUM TEMPERATURE (F)   26        10      1956


SUNRISE AND SUNSET
FEBRUARY 25 2017......SUNRISE   625 AM PST   SUNSET   538 PM PST
FEBRUARY 26 2017......SUNRISE   624 AM PST   SUNSET   539 PM PST


-  INDICATES NEGATIVE NUMBERS.
R  INDICATES RECORD WAS SET OR TIED.
MM INDICATES DATA IS MISSING.
T  INDICATES TRACE AMOUNT.




$$
