000
CDUS45 KLKN 300932
CLITPH


CLIMATE REPORT
NATIONAL WEATHER SERVICE ELKO NV
226 AM PDT TUE SEP 30 2014


...................................

...THE TONOPAH AIRPORT NV CLIMATE SUMMARY FOR SEPTEMBER 29 2014...

CLIMATE NORMAL PERIOD 1981 TO 2010
CLIMATE RECORD PERIOD 1954 TO 2014


WEATHER ITEM   OBSERVED TIME   RECORD YEAR NORMAL DEPARTURE LAST
                VALUE   (LST)  VALUE       VALUE  FROM      YEAR
                                                  NORMAL
..................................................................
TEMPERATURE (F)
 YESTERDAY
  MAXIMUM         68    325 PM  91    2010  75     -7       72
  MINIMUM         40    249 AM  29    1971  44     -4       39
  AVERAGE         54                        60     -6       56

PRECIPITATION (IN)
  YESTERDAY        0.00          0.13 1983   0.01  -0.01     0.00
  MONTH TO DATE    0.69                      0.37   0.32     1.38
  SINCE OCT 1      4.17                      5.23  -1.06     5.25
  SINCE JAN 1      3.71                      4.14  -0.43     4.03

DEGREE DAYS
 HEATING
  YESTERDAY       11                         6      5        9
  MONTH TO DATE   35                        79    -44       92
  SINCE SEP 1     35                        79    -44       92
  SINCE JUL 1     35                        85    -50       92

 COOLING
  YESTERDAY        0                         0      0        0
  MONTH TO DATE  141                        68     73      121
  SINCE SEP 1    141                        68     73      121
  SINCE JAN 1   1004                       781    223     1042
..................................................................


WIND (MPH)
  HIGHEST WIND SPEED    25   HIGHEST WIND DIRECTION    NW (320)
  HIGHEST GUST SPEED    34   HIGHEST GUST DIRECTION     N (340)
  AVERAGE WIND SPEED     9.6



WEATHER CONDITIONS
 THE FOLLOWING WEATHER WAS RECORDED YESTERDAY.
  NO SIGNIFICANT WEATHER WAS OBSERVED.


RELATIVE HUMIDITY (PERCENT)
 HIGHEST    83           100 AM
 LOWEST     29           400 PM
 AVERAGE    56

..........................................................


THE TONOPAH AIRPORT NV CLIMATE NORMALS FOR TODAY
                         NORMAL    RECORD    YEAR
 MAXIMUM TEMPERATURE (F)   75        90      1980
 MINIMUM TEMPERATURE (F)   43        24      1982


SUNRISE AND SUNSET
SEPTEMBER 30 2014.....SUNRISE   643 AM PDT   SUNSET   633 PM PDT
OCTOBER  1 2014.......SUNRISE   644 AM PDT   SUNSET   631 PM PDT


-  INDICATES NEGATIVE NUMBERS.
R  INDICATES RECORD WAS SET OR TIED.
MM INDICATES DATA IS MISSING.
T  INDICATES TRACE AMOUNT.




$$
