000
CDUS45 KLKN 180934
CLITPH


CLIMATE REPORT
NATIONAL WEATHER SERVICE ELKO NV
128 AM PST THU JAN 18 2018


...................................

...THE TONOPAH AIRPORT NV CLIMATE SUMMARY FOR JANUARY 17 2018...

CLIMATE NORMAL PERIOD 1981 TO 2010
CLIMATE RECORD PERIOD 1954 TO 2018


WEATHER ITEM   OBSERVED TIME   RECORD YEAR NORMAL DEPARTURE LAST
                VALUE   (LST)  VALUE       VALUE  FROM      YEAR
                                                  NORMAL
..................................................................
TEMPERATURE (F)
 YESTERDAY
  MAXIMUM         57    249 PM  64    1971  45     12       43
  MINIMUM         29    704 AM  -4    1955  20      9       15
  AVERAGE         43                        33     10       29

PRECIPITATION (IN)
  YESTERDAY        0.00          0.35 1988   0.02  -0.02     0.00
  MONTH TO DATE    0.40                      0.26   0.14     0.14
  SINCE OCT 1      0.41                      1.35  -0.94     0.67
  SINCE JAN 1      0.40                      0.26   0.14     0.14

DEGREE DAYS
 HEATING
  YESTERDAY       22                        32    -10       36
  MONTH TO DATE  401                       563   -162      559
  SINCE DEC 1   1296                      1591   -295     1600
  SINCE JUL 1   2372                      2808   -436     2617

 COOLING
  YESTERDAY        0                         0      0        0
  MONTH TO DATE    0                         0      0        0
  SINCE DEC 1      0                         0      0        0
  SINCE JAN 1      0                         0      0        0
..................................................................


WIND (MPH)
  HIGHEST WIND SPEED    12   HIGHEST WIND DIRECTION     N (360)
  HIGHEST GUST SPEED    14   HIGHEST GUST DIRECTION     N (20)
  AVERAGE WIND SPEED     5.7



WEATHER CONDITIONS
 THE FOLLOWING WEATHER WAS RECORDED YESTERDAY.
  NO SIGNIFICANT WEATHER WAS OBSERVED.


RELATIVE HUMIDITY (PERCENT)
 HIGHEST    85           600 AM
 LOWEST     35           200 PM
 AVERAGE    60

..........................................................


THE TONOPAH AIRPORT NV CLIMATE NORMALS FOR TODAY
                         NORMAL    RECORD    YEAR
 MAXIMUM TEMPERATURE (F)   45        67      1971
 MINIMUM TEMPERATURE (F)   20         5      1955


SUNRISE AND SUNSET
JANUARY 18 2018.......SUNRISE   702 AM PST   SUNSET   456 PM PST
JANUARY 19 2018.......SUNRISE   702 AM PST   SUNSET   457 PM PST


-  INDICATES NEGATIVE NUMBERS.
R  INDICATES RECORD WAS SET OR TIED.
MM INDICATES DATA IS MISSING.
T  INDICATES TRACE AMOUNT.




$$
