000
CDUS45 KLKN 030035
CLITPH


CLIMATE REPORT
NATIONAL WEATHER SERVICE ELKO NV
534 PM PDT TUE SEP 2 2014


...................................

...THE TONOPAH AIRPORT NV CLIMATE SUMMARY FOR SEPTEMBER 2 2014...
VALID TODAY AS OF 0500 PM LOCAL TIME.

CLIMATE NORMAL PERIOD 1981 TO 2010
CLIMATE RECORD PERIOD 1954 TO 2014


WEATHER ITEM   OBSERVED TIME   RECORD YEAR NORMAL DEPARTURE LAST
                VALUE   (LST)  VALUE       VALUE  FROM      YEAR
                                                  NORMAL
..................................................................
TEMPERATURE (F)
 TODAY
  MAXIMUM         93    325 PM  96    1959  86      7       85
  MINIMUM         56    544 AM  38    1964  52      4       59
  AVERAGE         75                        69      6       72

PRECIPITATION (IN)
  TODAY            0.00          0.26 1997   0.01  -0.01      T
  MONTH TO DATE    0.00                      0.03  -0.03     1.30
  SINCE OCT 1      3.48                      4.89  -1.41     5.17
  SINCE JAN 1      3.02                      3.80  -0.78     3.95

DEGREE DAYS
 HEATING
  TODAY            0                         1     -1        0
  MONTH TO DATE    0                         2     -2        0
  SINCE SEP 1      0                         2     -2        0
  SINCE JUL 1      0                         8     -8        0

 COOLING
  TODAY           10                         5      5        7
  MONTH TO DATE   19                        10      9       15
  SINCE SEP 1     19                        10      9       15
  SINCE JAN 1    882                       723    159      936
..................................................................


WIND (MPH)
  HIGHEST WIND SPEED    22   HIGHEST WIND DIRECTION     S (200)
  HIGHEST GUST SPEED    29   HIGHEST GUST DIRECTION     S (200)



WEATHER CONDITIONS
 THE FOLLOWING WEATHER WAS RECORDED TODAY.
  NO SIGNIFICANT WEATHER WAS OBSERVED.


RELATIVE HUMIDITY (PERCENT)
 HIGHEST    25           300 AM
 LOWEST      9          1200 PM
 AVERAGE    17

..........................................................


THE TONOPAH AIRPORT NV CLIMATE NORMALS FOR TOMORROW
                         NORMAL    RECORD    YEAR
 MAXIMUM TEMPERATURE (F)   86        94      2007
                                             1988
                                             1982
 MINIMUM TEMPERATURE (F)   52        39      1964


SUNRISE AND SUNSET
SEPTEMBER  2 2014.....SUNRISE   619 AM PDT   SUNSET   716 PM PDT
SEPTEMBER  3 2014.....SUNRISE   620 AM PDT   SUNSET   715 PM PDT


-  INDICATES NEGATIVE NUMBERS.
R  INDICATES RECORD WAS SET OR TIED.
MM INDICATES DATA IS MISSING.
T  INDICATES TRACE AMOUNT.




$$
