000
CDUS44 KMRX 200838
CLITRI


CLIMATE REPORT
NATIONAL WEATHER SERVICE MORRISTOWN TN
438 AM EDT FRI OCT 20 2017


...................................

...THE TRI-CITIES      ASOS CLIMATE SUMMARY FOR OCTOBER 19 2017...

CLIMATE NORMAL PERIOD 1981 TO 2010
CLIMATE RECORD PERIOD 1934 TO 2017


WEATHER ITEM   OBSERVED TIME   RECORD YEAR NORMAL DEPARTURE LAST
                VALUE   (LST)  VALUE       VALUE  FROM      YEAR
                                                  NORMAL
..................................................................
TEMPERATURE (F)
 YESTERDAY
  MAXIMUM         72    357 PM  86    2016  68      4       86
  MINIMUM         38    618 AM  24    1948  42     -4       54
  AVERAGE         55                        55      0       70

PRECIPITATION (IN)
  YESTERDAY        0.00          0.91 2004   0.06  -0.06     0.00
  MONTH TO DATE    1.98                      1.24   0.74     0.25
  SINCE SEP 1      2.97                      4.23  -1.26     2.82
  SINCE JAN 1     37.78                     33.68   4.10    26.98

SNOWFALL (IN)
  YESTERDAY        0.0                       0.0    0.0      0.0
  MONTH TO DATE    0.0                       0.0    0.0      0.0
  SINCE SEP 1      0.0                       0.0    0.0      0.0
  SINCE JUL 1      0.0                       0.0    0.0      0.0
  SNOW DEPTH       0

DEGREE DAYS
 HEATING
  YESTERDAY       10                        10      0        0
  MONTH TO DATE   62                       141    -79       50
  SINCE SEP 1     99                       193    -94       55
  SINCE JUL 1     99                       194    -95       55

 COOLING
  YESTERDAY        0                         0      0        5
  MONTH TO DATE   68                         9     59       15
  SINCE SEP 1    187                       125     62      252
  SINCE JAN 1   1141                       977    164     1485
..................................................................


WIND (MPH)
  HIGHEST WIND SPEED     8   HIGHEST WIND DIRECTION     W (280)
  HIGHEST GUST SPEED    11   HIGHEST GUST DIRECTION     W (270)
  AVERAGE WIND SPEED     1.3


SKY COVER
  POSSIBLE SUNSHINE  MM
  AVERAGE SKY COVER 0.1


WEATHER CONDITIONS
 THE FOLLOWING WEATHER WAS RECORDED YESTERDAY.
  FOG


RELATIVE HUMIDITY (PERCENT)
 HIGHEST   100          1200 AM
 LOWEST     35           300 PM
 AVERAGE    68

..........................................................


THE TRI-CITIES      ASOS CLIMATE NORMALS FOR TODAY
                         NORMAL    RECORD    YEAR
 MAXIMUM TEMPERATURE (F)   68        85      2016
 MINIMUM TEMPERATURE (F)   42        26      1972


SUNRISE AND SUNSET
OCTOBER 20 2017.......SUNRISE   742 AM EDT   SUNSET   647 PM EDT
OCTOBER 21 2017.......SUNRISE   743 AM EDT   SUNSET   645 PM EDT


-  INDICATES NEGATIVE NUMBERS.
R  INDICATES RECORD WAS SET OR TIED.
MM INDICATES DATA IS MISSING.
T  INDICATES TRACE AMOUNT.




$$
