000
CDUS44 KMRX 220827
CLITRI


CLIMATE REPORT
NATIONAL WEATHER SERVICE MORRISTOWN TN
427 AM EDT MON MAY 22 2017


...................................

...THE TRI-CITIES      ASOS CLIMATE SUMMARY FOR MAY 21 2017...

CLIMATE NORMAL PERIOD 1981 TO 2010
CLIMATE RECORD PERIOD 1934 TO 2017


WEATHER ITEM   OBSERVED TIME   RECORD YEAR NORMAL DEPARTURE LAST
                VALUE   (LST)  VALUE       VALUE  FROM      YEAR
                                                  NORMAL
..................................................................
TEMPERATURE (F)
 YESTERDAY
  MAXIMUM         72    222 AM  93    1941  77     -5       72
  MINIMUM         61   1159 PM  37    2002  53      8       57
  AVERAGE         67                        65      2       65

PRECIPITATION (IN)
  YESTERDAY        0.87          1.10 1947   0.13   0.74     0.15
  MONTH TO DATE    4.32                      2.54   1.78     3.39
  SINCE MAR 1     14.05                      9.31   4.74     7.92
  SINCE JAN 1     18.73                     16.13   2.60    15.32

SNOWFALL (IN)
  YESTERDAY        0.0                       0.0    0.0      0.0
  MONTH TO DATE    0.0                       0.0    0.0      0.0
  SINCE MAR 1      0.3                       2.5   -2.2       T
  SINCE JUL 1      4.3                      13.3   -9.0     18.4
  SNOW DEPTH       0

DEGREE DAYS
 HEATING
  YESTERDAY        0                         3     -3        0
  MONTH TO DATE   67                        90    -23       82
  SINCE MAR 1    732                       962   -230      716
  SINCE JUL 1   3299                      4344  -1045     3536

 COOLING
  YESTERDAY        2                         3     -1        0
  MONTH TO DATE   60                        31     29       28
  SINCE MAR 1     92                        42     50       54
  SINCE JAN 1     92                        42     50       54
..................................................................


WIND (MPH)
  HIGHEST WIND SPEED    12   HIGHEST WIND DIRECTION     S (200)
  HIGHEST GUST SPEED    15   HIGHEST GUST DIRECTION    SW (210)
  AVERAGE WIND SPEED     2.3


SKY COVER
  POSSIBLE SUNSHINE  MM
  AVERAGE SKY COVER 0.9


WEATHER CONDITIONS
 THE FOLLOWING WEATHER WAS RECORDED YESTERDAY.
  HEAVY RAIN
  RAIN
  LIGHT RAIN
  FOG


RELATIVE HUMIDITY (PERCENT)
 HIGHEST   100           400 AM
 LOWEST     68           100 AM
 AVERAGE    84

..........................................................


THE TRI-CITIES      ASOS CLIMATE NORMALS FOR TODAY
                         NORMAL    RECORD    YEAR
 MAXIMUM TEMPERATURE (F)   77        94      1941
 MINIMUM TEMPERATURE (F)   53        31      2002


SUNRISE AND SUNSET
MAY 22 2017...........SUNRISE   618 AM EDT   SUNSET   835 PM EDT
MAY 23 2017...........SUNRISE   617 AM EDT   SUNSET   836 PM EDT


-  INDICATES NEGATIVE NUMBERS.
R  INDICATES RECORD WAS SET OR TIED.
MM INDICATES DATA IS MISSING.
T  INDICATES TRACE AMOUNT.




$$
