000
CDUS44 KMRX 201235
CLITRI

CLIMATE REPORT
NATIONAL WEATHER SERVICE MORRISTOWN TN
829 AM EDT WED AUG 20 2014


...................................

...THE TRI-CITIES CLIMATE SUMMARY FOR AUGUST 19 2014...

CLIMATE NORMAL PERIOD 1981 TO 2010
CLIMATE RECORD PERIOD 1934 TO 2014


WEATHER ITEM   OBSERVED TIME   RECORD YEAR NORMAL DEPARTURE LAST
                VALUE   (LST)  VALUE       VALUE  FROM      YEAR
                                                  NORMAL
..................................................................
TEMPERATURE (F)
 YESTERDAY
  MAXIMUM         85    226 PM  96    2007  85      0       80
  MINIMUM         68   1159 PM  52    1943  63      5       66
  AVERAGE         77                        74      3       73

PRECIPITATION (IN)
  YESTERDAY        0.00          2.14 1960   0.11  -0.11     0.06
  MONTH TO DATE    1.86                      2.27  -0.41     4.41
  SINCE JUN 1     10.69                     10.86  -0.17    19.89
  SINCE JAN 1     22.69                     28.25  -5.56    44.58

SNOWFALL (IN)
  YESTERDAY        0.0                       0.0    0.0      0.0
  MONTH TO DATE    0.0                       0.0    0.0      0.0
  SINCE JUN 1      0.0                       0.0    0.0      0.0
  SINCE JUL 1      0.0                       0.0    0.0      0.0
  SNOW DEPTH       0

DEGREE DAYS
 HEATING
  YESTERDAY        0                         0      0        0
  MONTH TO DATE    0                         0      0        0
  SINCE JUN 1      0                        11    -11        0
  SINCE JUL 1      0                         0      0        0

 COOLING
  YESTERDAY       12                         9      3        8
  MONTH TO DATE  140                       173    -33      153
  SINCE JUN 1    694                       678     16      671
  SINCE JAN 1    828                       751     77      743
..................................................................


WIND (MPH)
  HIGHEST WIND SPEED    16   HIGHEST WIND DIRECTION     W (260)
  HIGHEST GUST SPEED    19   HIGHEST GUST DIRECTION     W (260)
  AVERAGE WIND SPEED     5.3


SKY COVER
  POSSIBLE SUNSHINE  MM
  AVERAGE SKY COVER  MM


WEATHER CONDITIONS
 THE FOLLOWING WEATHER WAS RECORDED YESTERDAY.
  FOG


RELATIVE HUMIDITY (PERCENT)
 HIGHEST    90          1200 AM
 LOWEST     55           200 PM
 AVERAGE    73

..........................................................


THE TRI-CITIES CLIMATE NORMALS FOR TODAY
                         NORMAL    RECORD    YEAR
 MAXIMUM TEMPERATURE (F)   85        94      2007
                                             1983
 MINIMUM TEMPERATURE (F)   62        51      1943


SUNRISE AND SUNSET
AUGUST 20 2014........SUNRISE   651 AM EDT   SUNSET   814 PM EDT
AUGUST 21 2014........SUNRISE   652 AM EDT   SUNSET   813 PM EDT


-  INDICATES NEGATIVE NUMBERS.
R  INDICATES RECORD WAS SET OR TIED.
MM INDICATES DATA IS MISSING.
T  INDICATES TRACE AMOUNT.

&&

THE LOW TEMPERATURE SINCE MIDNIGHT HAS BEEN 65.
THERE HAS BEEN 0.44 INCHES OF PRECIPITATION SINCE MIDNIGHT.


$$
