000
CDUS44 KMRX 231238
CLITRI

CLIMATE REPORT
NATIONAL WEATHER SERVICE MORRISTOWN TN
832 AM EDT TUE SEP 23 2014


...THE TRI-CITIES CLIMATE SUMMARY FOR SEPTEMBER 22 2014...

CLIMATE NORMAL PERIOD 1981 TO 2010
CLIMATE RECORD PERIOD 1934 TO 2014


WEATHER ITEM   OBSERVED TIME   RECORD YEAR NORMAL DEPARTURE LAST
                VALUE   (LST)  VALUE       VALUE  FROM      YEAR
                                                  NORMAL
..................................................................
TEMPERATURE (F)
 YESTERDAY
  MAXIMUM         71    401 PM  90    2007  77     -6       73
                                      2005
                                      1965
  MINIMUM         49    622 AM  39    1983  53     -4       50
  AVERAGE         60                        65     -5       62

PRECIPITATION (IN)
  YESTERDAY        0.00          1.26 1975   0.09  -0.09     0.00
  MONTH TO DATE    1.39                      2.27  -0.88     1.65
  SINCE SEP 1      1.39                      2.27  -0.88     1.65
  SINCE JAN 1     26.43                     31.72  -5.29    46.52

SNOWFALL (IN)
  YESTERDAY        0.0                       0.0    0.0      0.0
  MONTH TO DATE    0.0                       0.0    0.0      0.0
  SINCE SEP 1      0.0                       0.0    0.0      0.0
  SINCE JUL 1      0.0                       0.0    0.0      0.0
  SNOW DEPTH       0

DEGREE DAYS
 HEATING
  YESTERDAY        5                         3      2        3
  MONTH TO DATE    5                        20    -15       10
  SINCE SEP 1      5                        20    -15       10
  SINCE JUL 1      5                        21    -16       10

 COOLING
  YESTERDAY        0                         2     -2        0
  MONTH TO DATE  159                       102     57      119
  SINCE SEP 1    159                       102     57      119
  SINCE JAN 1   1116                       954    162      977
..................................................................


WIND (MPH)
  HIGHEST WIND SPEED    12   HIGHEST WIND DIRECTION     N (350)
  HIGHEST GUST SPEED    17   HIGHEST GUST DIRECTION    NW (300)
  AVERAGE WIND SPEED     3.4


SKY COVER
  POSSIBLE SUNSHINE  MM
  AVERAGE SKY COVER  MM


WEATHER CONDITIONS
 THE FOLLOWING WEATHER WAS RECORDED YESTERDAY.
  NO SIGNIFICANT WEATHER WAS OBSERVED.


RELATIVE HUMIDITY (PERCENT)
 HIGHEST    93           600 AM
 LOWEST     40           100 PM
 AVERAGE    67

..........................................................


THE TRI-CITIES CLIMATE NORMALS FOR TODAY
                         NORMAL    RECORD    YEAR
 MAXIMUM TEMPERATURE (F)   77        94      1955
 MINIMUM TEMPERATURE (F)   52        35      1999


SUNRISE AND SUNSET
SEPTEMBER 23 2014.....SUNRISE   718 AM EDT   SUNSET   725 PM EDT
SEPTEMBER 24 2014.....SUNRISE   719 AM EDT   SUNSET   723 PM EDT


-  INDICATES NEGATIVE NUMBERS.
R  INDICATES RECORD WAS SET OR TIED.
MM INDICATES DATA IS MISSING.
T  INDICATES TRACE AMOUNT.

&&

THE LOW TEMPERATURE SINCE MIDNIGHT HAS BEEN 43.
THERE HAS BEEN NO PRECIPITATION SINCE MIDNIGHT.

$$
