000
CDUS46 KSGX 141518
CLITRM


CLIMATE REPORT
NATIONAL WEATHER SERVICE SAN DIEGO, CA
717 AM PST SUN FEB 14 2016


...................................

...THE THERMAL AIRPORT CA CLIMATE SUMMARY FOR FEBRUARY 13 2016...

CLIMATE NORMAL PERIOD 1981 TO 2010
CLIMATE RECORD PERIOD 1950 TO 2016


WEATHER ITEM   OBSERVED TIME   RECORD YEAR NORMAL DEPARTURE LAST
                VALUE   (LST)  VALUE       VALUE  FROM      YEAR
                                                  NORMAL
..................................................................
TEMPERATURE (F)
 YESTERDAY
  MAXIMUM         86    326 PM  94    1957  74     12       88
  MINIMUM         40    640 AM  25    2004  41     -1       42
  AVERAGE         63                        58      5       65

PRECIPITATION (IN)
  YESTERDAY        0.00          0.59 1980   0.02  -0.02     0.00
  MONTH TO DATE    0.00                      0.27  -0.27     0.00
  SINCE OCT 1      1.63                      1.75  -0.12     0.42
  SINCE JAN 1      1.20                      0.94   0.26     0.27

DEGREE DAYS
 HEATING
  YESTERDAY        2                         8     -6        0
  MONTH TO DATE   88                       111    -23       23
  SINCE DEC 1    812                       804      8      573
  SINCE JUL 1   1011                       971     40      682

 COOLING
  YESTERDAY        0                         0      0        0
  MONTH TO DATE   10                         0     10       17
  SINCE DEC 1     10                         3      7       20
  SINCE JAN 1     10                         2      8       17
..................................................................


WIND (MPH)
  RESULTANT WIND SPEED   1   RESULTANT WIND DIRECTION   N (360)
  HIGHEST WIND SPEED    10   HIGHEST WIND DIRECTION    SE (130)
  HIGHEST GUST SPEED    13   HIGHEST GUST DIRECTION    SE (130)
  AVERAGE WIND SPEED     4.1


SKY COVER
  POSSIBLE SUNSHINE  MM
  AVERAGE SKY COVER 0.0


WEATHER CONDITIONS
 THE FOLLOWING WEATHER WAS RECORDED YESTERDAY.
  HAZE


RELATIVE HUMIDITY (PERCENT)
 HIGHEST    65           500 AM
 LOWEST     10           300 PM
 AVERAGE    38

..........................................................


THE THERMAL AIRPORT CA CLIMATE NORMALS FOR TODAY
                         NORMAL    RECORD    YEAR
 MAXIMUM TEMPERATURE (F)   75        90      2015
                                             1957
 MINIMUM TEMPERATURE (F)   41        26      1966


SUNRISE AND SUNSET
FEBRUARY 14 2016......SUNRISE   630 AM PST   SUNSET   528 PM PST
FEBRUARY 15 2016......SUNRISE   629 AM PST   SUNSET   529 PM PST


-  INDICATES NEGATIVE NUMBERS.
R  INDICATES RECORD WAS SET OR TIED.
MM INDICATES DATA IS MISSING.
T  INDICATES TRACE AMOUNT.




$$
