000
CDUS46 KSGX 031416
CLITRM


CLIMATE REPORT
NATIONAL WEATHER SERVICE SAN DIEGO, CA
716 AM PDT MON AUG 3 2015


...................................

...THE THERMAL AIRPORT CA CLIMATE SUMMARY FOR AUGUST 2 2015...

CLIMATE NORMAL PERIOD 1981 TO 2010
CLIMATE RECORD PERIOD 1950 TO 2015


WEATHER ITEM   OBSERVED TIME   RECORD YEAR NORMAL DEPARTURE LAST
                VALUE   (LST)  VALUE       VALUE  FROM      YEAR
                                                  NORMAL
..................................................................
TEMPERATURE (F)
 YESTERDAY
  MAXIMUM        112    248 PM 117    1994 106      6       94
  MINIMUM         77    533 AM  66    2002  75      2       80
                                      1994
  AVERAGE         95                        91      4       87

PRECIPITATION (IN)
  YESTERDAY        0.00          0.03 2014   0.01  -0.01     0.03
  MONTH TO DATE    0.00                      0.01  -0.01     0.03
  SINCE OCT 1      1.72                      2.78  -1.06     0.19
  SINCE JAN 1      1.57                      1.97  -0.40     0.11

DEGREE DAYS
 HEATING
  YESTERDAY        0                         0      0        0
  MONTH TO DATE    0                         0      0        0
  SINCE JUN 1      0                         0      0        0
  SINCE JUL 1      0                         0      0        0

 COOLING
  YESTERDAY       30                        26      4       22
  MONTH TO DATE   59                        52      7       50
  SINCE JUN 1   1537                      1446     91     1650
  SINCE JAN 1   2291                      2119    172     2472
..................................................................


WIND (MPH)
  RESULTANT WIND SPEED   2   RESULTANT WIND DIRECTION   N (340)
  HIGHEST WIND SPEED    16   HIGHEST WIND DIRECTION    NW (320)
  HIGHEST GUST SPEED    21   HIGHEST GUST DIRECTION    SE (120)
  AVERAGE WIND SPEED     7.9


SKY COVER
  POSSIBLE SUNSHINE  MM
  AVERAGE SKY COVER 0.0


WEATHER CONDITIONS
 THE FOLLOWING WEATHER WAS RECORDED YESTERDAY.
  NO SIGNIFICANT WEATHER WAS OBSERVED.


RELATIVE HUMIDITY (PERCENT)
 HIGHEST    49           600 AM
 LOWEST     11           500 PM
 AVERAGE    30

..........................................................


THE THERMAL AIRPORT CA CLIMATE NORMALS FOR TODAY
                         NORMAL    RECORD    YEAR
 MAXIMUM TEMPERATURE (F)  106       120      1998
 MINIMUM TEMPERATURE (F)   75        64      2002


SUNRISE AND SUNSET
AUGUST  3 2015........SUNRISE   558 AM PDT   SUNSET   743 PM PDT
AUGUST  4 2015........SUNRISE   559 AM PDT   SUNSET   742 PM PDT


-  INDICATES NEGATIVE NUMBERS.
R  INDICATES RECORD WAS SET OR TIED.
MM INDICATES DATA IS MISSING.
T  INDICATES TRACE AMOUNT.




$$
