000
CDUS46 KSGX 261416
CLITRM


CLIMATE REPORT
NATIONAL WEATHER SERVICE SAN DIEGO, CA
716 AM PDT TUE JUL 26 2016


...................................

...THE THERMAL AIRPORT CA CLIMATE SUMMARY FOR JULY 25 2016...

CLIMATE NORMAL PERIOD 1981 TO 2010
CLIMATE RECORD PERIOD 1950 TO 2016


WEATHER ITEM   OBSERVED TIME   RECORD YEAR NORMAL DEPARTURE LAST
                VALUE   (LST)  VALUE       VALUE  FROM      YEAR
                                                  NORMAL
..................................................................
TEMPERATURE (F)
 YESTERDAY
  MAXIMUM        108    142 PM 115    2000 107      1      111
  MINIMUM         80    512 AM  61    1992  75      5       80
  AVERAGE         94                        91      3       96

PRECIPITATION (IN)
  YESTERDAY        0.00          0.14 1956   0.01  -0.01     0.00
  MONTH TO DATE    0.00                      0.11  -0.11     0.84
  SINCE OCT 1      1.98                      2.74  -0.76     1.68
  SINCE JAN 1      1.55                      1.93  -0.38     1.53

DEGREE DAYS
 HEATING
  YESTERDAY        0                         0      0        0
  MONTH TO DATE    0                         0      0        0
  SINCE JUN 1      0                         0      0        0
  SINCE JUL 1      0                         0      0        0

 COOLING
  YESTERDAY       29                        26      3       31
  MONTH TO DATE  667                       633     34      633
  SINCE JUN 1   1428                      1241    187     1306
  SINCE JAN 1   2305                      1914    391     2060
..................................................................


WIND (MPH)
  RESULTANT WIND SPEED   3   RESULTANT WIND DIRECTION  SE (120)
  HIGHEST WIND SPEED    13   HIGHEST WIND DIRECTION    SE (130)
  HIGHEST GUST SPEED    17   HIGHEST GUST DIRECTION    SE (120)
  AVERAGE WIND SPEED     4.4


SKY COVER
  POSSIBLE SUNSHINE  MM
  AVERAGE SKY COVER 0.0


WEATHER CONDITIONS
 THE FOLLOWING WEATHER WAS RECORDED YESTERDAY.
  NO SIGNIFICANT WEATHER WAS OBSERVED.


RELATIVE HUMIDITY (PERCENT)
 HIGHEST    74           500 AM
 LOWEST     24          1000 PM
 AVERAGE    49

..........................................................


THE THERMAL AIRPORT CA CLIMATE NORMALS FOR TODAY
                         NORMAL    RECORD    YEAR
 MAXIMUM TEMPERATURE (F)  107       120      1998
 MINIMUM TEMPERATURE (F)   75        65      1995


SUNRISE AND SUNSET
JULY 26 2016..........SUNRISE   553 AM PDT   SUNSET   749 PM PDT
JULY 27 2016..........SUNRISE   554 AM PDT   SUNSET   748 PM PDT


-  INDICATES NEGATIVE NUMBERS.
R  INDICATES RECORD WAS SET OR TIED.
MM INDICATES DATA IS MISSING.
T  INDICATES TRACE AMOUNT.




$$
