000
CDUS46 KSGX 191517
CLITRM


CLIMATE REPORT
NATIONAL WEATHER SERVICE SAN DIEGO, CA
717 AM PST SUN FEB 19 2017


...................................

...THE THERMAL AIRPORT CA CLIMATE SUMMARY FOR FEBRUARY 18 2017...

CLIMATE NORMAL PERIOD 1981 TO 2010
CLIMATE RECORD PERIOD 1950 TO 2017


WEATHER ITEM   OBSERVED TIME   RECORD YEAR NORMAL DEPARTURE LAST
                VALUE   (LST)  VALUE       VALUE  FROM      YEAR
                                                  NORMAL
..................................................................
TEMPERATURE (F)
 YESTERDAY
  MAXIMUM         59   1241 PM  93    1981  75    -16       83
  MINIMUM         52    749 PM  30    1975  42     10       65
  AVERAGE         56                        59     -3       74

PRECIPITATION (IN)
  YESTERDAY        0.13          0.73 2011   0.03   0.10     0.00
  MONTH TO DATE    0.37                      0.41  -0.04     0.00
  SINCE OCT 1      3.36                      1.89   1.47     1.63
  SINCE JAN 1      1.68                      1.08   0.60     1.20

DEGREE DAYS
 HEATING
  YESTERDAY        9                         7      2        0
  MONTH TO DATE   49                       147    -98       89
  SINCE DEC 1    677                       840   -163      813
  SINCE JUL 1    795                      1007   -212     1012

 COOLING
  YESTERDAY        0                         0      0        9
  MONTH TO DATE   32                         0     32       42
  SINCE DEC 1     34                         3     31       42
  SINCE JAN 1     32                         2     30       42
..................................................................


WIND (MPH)
  RESULTANT WIND SPEED   3   RESULTANT WIND DIRECTION  SE (120)
  HIGHEST WIND SPEED    13   HIGHEST WIND DIRECTION    SE (120)
  HIGHEST GUST SPEED    17   HIGHEST GUST DIRECTION    SE (120)
  AVERAGE WIND SPEED     3.4


SKY COVER
  POSSIBLE SUNSHINE  MM
  AVERAGE SKY COVER 0.9


WEATHER CONDITIONS
 THE FOLLOWING WEATHER WAS RECORDED YESTERDAY.
  LIGHT RAIN
  FOG


RELATIVE HUMIDITY (PERCENT)
 HIGHEST   100           600 PM
 LOWEST     93          1200 AM
 AVERAGE    97

..........................................................


THE THERMAL AIRPORT CA CLIMATE NORMALS FOR TODAY
                         NORMAL    RECORD    YEAR
 MAXIMUM TEMPERATURE (F)   75        92      1995
 MINIMUM TEMPERATURE (F)   42        30      1975


SUNRISE AND SUNSET
FEBRUARY 19 2017......SUNRISE   624 AM PST   SUNSET   533 PM PST
FEBRUARY 20 2017......SUNRISE   623 AM PST   SUNSET   534 PM PST


-  INDICATES NEGATIVE NUMBERS.
R  INDICATES RECORD WAS SET OR TIED.
MM INDICATES DATA IS MISSING.
T  INDICATES TRACE AMOUNT.




$$
