000
CDUS46 KSGX 261418
CLITRM


CLIMATE REPORT
NATIONAL WEATHER SERVICE SAN DIEGO, CA
617 AM PST MON JAN 26 2015


...................................

...THE THERMAL AIRPORT CA CLIMATE SUMMARY FOR JANUARY 25 2015...

CLIMATE NORMAL PERIOD 1981 TO 2010
CLIMATE RECORD PERIOD 1950 TO 2015


WEATHER ITEM   OBSERVED TIME   RECORD YEAR NORMAL DEPARTURE LAST
                VALUE   (LST)  VALUE       VALUE  FROM      YEAR
                                                  NORMAL
..................................................................
TEMPERATURE (F)
 YESTERDAY
  MAXIMUM         83    318 PM  91    1951  72     11       80
  MINIMUM         42    426 AM  27    2002  38      4       45
                                      1972
  AVERAGE         63                        55      8       63

PRECIPITATION (IN)
  YESTERDAY        0.00          0.29 2013   0.03  -0.03     0.00
  MONTH TO DATE    0.02                      0.55  -0.53     0.00
  SINCE OCT 1      0.17                      1.36  -1.19     0.08
  SINCE JAN 1      0.02                      0.55  -0.53     0.00

SNOWFALL (IN)
  YESTERDAY        0.0
  MONTH TO DATE    0.0
  SINCE JAN 1      0.0
  SINCE JUL 1      0.0
  SNOW DEPTH       0

DEGREE DAYS
 HEATING
  YESTERDAY        2                        10     -8        2
  MONTH TO DATE  233                       265    -32      184
  SINCE DEC 1    532                       636   -104      550
  SINCE JUL 1    641                       803   -162      659

 COOLING
  YESTERDAY        0                         0      0        0
  MONTH TO DATE    0                         0      0        0
  SINCE DEC 1      3                         1      2        0
  SINCE JAN 1      0                         0      0        0
..................................................................


WIND (MPH)
  RESULTANT WIND SPEED   3   RESULTANT WIND DIRECTION  NW (320)
  HIGHEST WIND SPEED    12   HIGHEST WIND DIRECTION    NW (310)
  HIGHEST GUST SPEED    13   HIGHEST GUST DIRECTION     N (20)
  AVERAGE WIND SPEED     4.7


SKY COVER
  POSSIBLE SUNSHINE  MM
  AVERAGE SKY COVER 0.0


WEATHER CONDITIONS
 THE FOLLOWING WEATHER WAS RECORDED YESTERDAY.
  NO SIGNIFICANT WEATHER WAS OBSERVED.


RELATIVE HUMIDITY (PERCENT)
 HIGHEST    54          1100 PM
 LOWEST     12           100 PM
 AVERAGE    33

..........................................................


THE THERMAL AIRPORT CA CLIMATE NORMALS FOR TODAY
                         NORMAL    RECORD    YEAR
 MAXIMUM TEMPERATURE (F)   72        86      2003
 MINIMUM TEMPERATURE (F)   39        27      2002


SUNRISE AND SUNSET
JANUARY 26 2015.......SUNRISE   645 AM PST   SUNSET   510 PM PST
JANUARY 27 2015.......SUNRISE   644 AM PST   SUNSET   511 PM PST


-  INDICATES NEGATIVE NUMBERS.
R  INDICATES RECORD WAS SET OR TIED.
MM INDICATES DATA IS MISSING.
T  INDICATES TRACE AMOUNT.




$$
