000
CDUS46 KSGX 240022
CLITRM


CLIMATE REPORT
NATIONAL WEATHER SERVICE SAN DIEGO, CA
522 PM PDT WED JUL 23 2014


...................................

...THE THERMAL AIRPORT CA CLIMATE SUMMARY FOR JULY 23 2014...
VALID TODAY AS OF 0500 PM LOCAL TIME.

CLIMATE NORMAL PERIOD 1981 TO 2010
CLIMATE RECORD PERIOD 1950 TO 2014


WEATHER ITEM   OBSERVED TIME   RECORD YEAR NORMAL DEPARTURE LAST
                VALUE   (LST)  VALUE       VALUE  FROM      YEAR
                                                  NORMAL
..................................................................
TEMPERATURE (F)
 TODAY
  MAXIMUM        119R   222 PM 118    2006 107     12      106
  MINIMUM         87    533 AM  65    1993  75     12       82
  AVERAGE        103                        91     12       94

PRECIPITATION (IN)
  TODAY            0.00          T    2005   0.00   0.00     0.00
                                      2005
                                      2006
  MONTH TO DATE    T                         0.09  -0.09     0.05
  SINCE JUL 1      T                         0.09  -0.09     0.05
  SINCE JAN 1      0.08                      1.91  -1.83     0.49

SNOWFALL (IN)
  TODAY            0.0
  MONTH TO DATE    0.0
  SINCE JAN 1      0.0
  SINCE JUL 1      0.0
  SNOW DEPTH       0

DEGREE DAYS
 HEATING
  TODAY            0                         0      0        0
  MONTH TO DATE    0                         0      0        0
  SINCE JUN 1      0                         0      0        0
  SINCE JUL 1      0                         0      0        0

 COOLING
  TODAY           38                        26     12       29
  MONTH TO DATE  654                       581     73      657
  SINCE JUN 1   1338                      1189    149     1380
  SINCE JAN 1   2160                      1862    298     2287
..................................................................


WIND (MPH)
  RESULTANT WIND SPEED   8   RESULTANT WIND DIRECTION  NW (320)
  HIGHEST WIND SPEED    22   HIGHEST WIND DIRECTION    NW (320)
  HIGHEST GUST SPEED    30   HIGHEST GUST DIRECTION    NW (310)
  AVERAGE WIND SPEED     9.8


SKY COVER
  POSSIBLE SUNSHINE  MM
  AVERAGE SKY COVER 0.0


WEATHER CONDITIONS
 THE FOLLOWING WEATHER WAS RECORDED TODAY.
  NO SIGNIFICANT WEATHER WAS OBSERVED.


RELATIVE HUMIDITY (PERCENT)
 HIGHEST    26           100 AM
 LOWEST      4           200 PM
 AVERAGE    15

..........................................................


THE THERMAL AIRPORT CA CLIMATE NORMALS FOR TOMORROW
                         NORMAL    RECORD    YEAR
 MAXIMUM TEMPERATURE (F)  107       117      2000
 MINIMUM TEMPERATURE (F)   75        65      2008


SUNRISE AND SUNSET
JULY 23 2014..........SUNRISE   551 AM PDT   SUNSET   751 PM PDT
JULY 24 2014..........SUNRISE   551 AM PDT   SUNSET   751 PM PDT


-  INDICATES NEGATIVE NUMBERS.
R  INDICATES RECORD WAS SET OR TIED.
MM INDICATES DATA IS MISSING.
T  INDICATES TRACE AMOUNT.




$$
