414
CDUS46 KPQR 241141
CLITTD


CLIMATE REPORT
NATIONAL WEATHER SERVICE PORTLAND OREGON
441 AM PDT FRI MAR 24 2017


...................................

...THE TROUTDALE OR CLIMATE SUMMARY FOR MARCH 23 2017...

CLIMATE NORMAL PERIOD 1981 TO 2010
CLIMATE RECORD PERIOD 1948 TO 2017


WEATHER ITEM   OBSERVED TIME   RECORD YEAR NORMAL DEPARTURE LAST
                VALUE   (LST)  VALUE       VALUE  FROM      YEAR
                                                  NORMAL
..................................................................
TEMPERATURE (F)
 YESTERDAY
  MAXIMUM         58    335 PM  74    1979  58      0       56
  MINIMUM         40    603 AM  30    2012  39      1       46
                                      1951
  AVERAGE         49                        49      0       51

PRECIPITATION (IN)
  YESTERDAY        0.26                      0.15   0.11     0.11
  MONTH TO DATE    5.31                      3.49   1.82     4.25
  SINCE OCT 1     36.78                     33.16   3.62    32.21
  SINCE JAN 1     15.69                     14.76   0.93    12.39

DEGREE DAYS
 HEATING
  YESTERDAY       16                        16      0       14
  MONTH TO DATE  386                       419    -33      341

 COOLING
  YESTERDAY        0                         0      0        0
  MONTH TO DATE    0                         0      0        0
..................................................................


WIND (MPH)
  HIGHEST WIND SPEED    18   HIGHEST WIND DIRECTION     E (90)
  HIGHEST GUST SPEED    22   HIGHEST GUST DIRECTION     E (90)
  AVERAGE WIND SPEED     6.9


SKY COVER
  POSSIBLE SUNSHINE  MM
  AVERAGE SKY COVER 0.9


WEATHER CONDITIONS
 THE FOLLOWING WEATHER WAS RECORDED YESTERDAY.
  LIGHT RAIN
  FOG


RELATIVE HUMIDITY (PERCENT)
 HIGHEST    93           900 PM
 LOWEST     47           200 PM
 AVERAGE    70

..........................................................


THE TROUTDALE OR CLIMATE NORMALS FOR TODAY
                         NORMAL    RECORD    YEAR
 MAXIMUM TEMPERATURE (F)   58        71      1960
 MINIMUM TEMPERATURE (F)   40        29      1951


SUNRISE AND SUNSET
MARCH 24 2017.........SUNRISE   704 AM PDT   SUNSET   728 PM PDT
MARCH 25 2017.........SUNRISE   702 AM PDT   SUNSET   729 PM PDT


-  INDICATES NEGATIVE NUMBERS.
R  INDICATES RECORD WAS SET OR TIED.
MM INDICATES DATA IS MISSING.
T  INDICATES TRACE AMOUNT.




$$
