000
CDUS46 KPQR 201141
CLITTD


CLIMATE REPORT
NATIONAL WEATHER SERVICE PORTLAND OREGON
441 AM PDT FRI OCT 20 2017


...................................

...THE TROUTDALE OR CLIMATE SUMMARY FOR OCTOBER 19 2017...

CLIMATE NORMAL PERIOD 1981 TO 2010
CLIMATE RECORD PERIOD 1948 TO 2017


WEATHER ITEM   OBSERVED TIME   RECORD YEAR NORMAL DEPARTURE LAST
                VALUE   (LST)  VALUE       VALUE  FROM      YEAR
                                                  NORMAL
..................................................................
TEMPERATURE (F)
 YESTERDAY
  MAXIMUM         62    152 AM  76    2014  63     -1       59
  MINIMUM         51   1159 PM  24    1949  43      8       44
  AVERAGE         57                        53      4       52

PRECIPITATION (IN)
  YESTERDAY        0.98                      0.14   0.84     0.19
  MONTH TO DATE    2.51                      1.93   0.58     8.44
  SINCE OCT 1      2.51                      1.93   0.58     8.44
  SINCE JAN 1     32.89                     30.50   2.39    30.95

DEGREE DAYS
 HEATING
  YESTERDAY        8                        12     -4       13
  MONTH TO DATE  206                       180     26      160

 COOLING
  YESTERDAY        0                         0      0        0
  MONTH TO DATE    0                         0      0        0
..................................................................


WIND (MPH)
  HIGHEST WIND SPEED    16   HIGHEST WIND DIRECTION    SW (240)
  HIGHEST GUST SPEED    22   HIGHEST GUST DIRECTION    SW (240)
  AVERAGE WIND SPEED     7.4


SKY COVER
  POSSIBLE SUNSHINE  MM
  AVERAGE SKY COVER 1.0


WEATHER CONDITIONS
 THE FOLLOWING WEATHER WAS RECORDED YESTERDAY.
  RAIN
  LIGHT RAIN
  FOG


RELATIVE HUMIDITY (PERCENT)
 HIGHEST    93           500 AM
 LOWEST     64          1200 AM
 AVERAGE    79

..........................................................


THE TROUTDALE OR CLIMATE NORMALS FOR TODAY
                         NORMAL    RECORD    YEAR
 MAXIMUM TEMPERATURE (F)   62        81      2003
 MINIMUM TEMPERATURE (F)   43        26      1949


SUNRISE AND SUNSET
OCTOBER 20 2017.......SUNRISE   733 AM PDT   SUNSET   615 PM PDT
OCTOBER 21 2017.......SUNRISE   735 AM PDT   SUNSET   613 PM PDT


-  INDICATES NEGATIVE NUMBERS.
R  INDICATES RECORD WAS SET OR TIED.
MM INDICATES DATA IS MISSING.
T  INDICATES TRACE AMOUNT.




$$
