000
CDUS46 KPQR 301141
CLITTD


CLIMATE REPORT
NATIONAL WEATHER SERVICE PORTLAND OREGON
440 AM PDT SAT AUG 30 2014


...................................

...THE TROUTDALE OR CLIMATE SUMMARY FOR AUGUST 29 2014...

CLIMATE NORMAL PERIOD 1981 TO 2010
CLIMATE RECORD PERIOD 9999 TO 9999


WEATHER ITEM   OBSERVED TIME   NORMAL DEPARTURE LAST
                VALUE   (LST)  VALUE  FROM      YEAR
                                      NORMAL
......................................................
TEMPERATURE (F)
 YESTERDAY
  MAXIMUM         78    236 PM  80     -2       81
  MINIMUM         61   1139 PM  52      9       66
  AVERAGE         70            66      4       74

PRECIPITATION (IN)
  YESTERDAY        0.00          0.04  -0.04     0.22
  MONTH TO DATE    0.06          0.77  -0.71     0.30
  SINCE OCT 1     29.21         45.03 -15.82    36.80
  SINCE JAN 1     21.62         26.63  -5.01    16.82

DEGREE DAYS
 HEATING
  YESTERDAY        0             1     -1        0
  MONTH TO DATE    0            29    -29        5

 COOLING
  YESTERDAY        5             3      2        9
  MONTH TO DATE  237           116    121      179
......................................................


WIND (MPH)
  HIGHEST WIND SPEED     8   HIGHEST WIND DIRECTION    NW (320)
  HIGHEST GUST SPEED    15   HIGHEST GUST DIRECTION     N (350)
  AVERAGE WIND SPEED     2.2


SKY COVER
  POSSIBLE SUNSHINE  MM
  AVERAGE SKY COVER 0.6


WEATHER CONDITIONS
 THE FOLLOWING WEATHER WAS RECORDED YESTERDAY.
  NO SIGNIFICANT WEATHER WAS OBSERVED.


RELATIVE HUMIDITY (PERCENT)
 HIGHEST    87           100 AM
 LOWEST     46           400 PM
 AVERAGE    67

..........................................................


THE TROUTDALE OR CLIMATE NORMALS FOR TODAY
                         NORMAL    RECORD    YEAR
 MAXIMUM TEMPERATURE (F)   80        94      1996
 MINIMUM TEMPERATURE (F)   52        42      1965


SUNRISE AND SUNSET
AUGUST 30 2014........SUNRISE   629 AM PDT   SUNSET   751 PM PDT
AUGUST 31 2014........SUNRISE   630 AM PDT   SUNSET   749 PM PDT


-  INDICATES NEGATIVE NUMBERS.
R  INDICATES RECORD WAS SET OR TIED.
MM INDICATES DATA IS MISSING.
T  INDICATES TRACE AMOUNT.




$$
