000
CDUS46 KPQR 051141
CLITTD


CLIMATE REPORT
NATIONAL WEATHER SERVICE PORTLAND OREGON
340 AM PST THU MAR 5 2015


...................................

...THE TROUTDALE OR CLIMATE SUMMARY FOR MARCH 4 2015...

CLIMATE NORMAL PERIOD 1981 TO 2010
CLIMATE RECORD PERIOD 1948 TO 2015


WEATHER ITEM   OBSERVED TIME   RECORD YEAR NORMAL DEPARTURE LAST
                VALUE   (LST)  VALUE       VALUE  FROM      YEAR
                                                  NORMAL
..................................................................
TEMPERATURE (F)
 YESTERDAY
  MAXIMUM         59    450 PM  67    1986  54      5       63
  MINIMUM         29    554 AM  23    1989  37     -8       46
  AVERAGE         44                        45     -1       55

PRECIPITATION (IN)
  YESTERDAY        0.00                      0.16  -0.16     0.02
  MONTH TO DATE    T                         0.63  -0.63     0.67
  SINCE OCT 1     20.84                     30.30  -9.46    14.32
  SINCE JAN 1      5.88                     11.90  -6.02     6.73

DEGREE DAYS
 HEATING
  YESTERDAY       21                        20      1       10
  MONTH TO DATE   80                        80      0       70

 COOLING
  YESTERDAY        0                         0      0        0
  MONTH TO DATE    0                         0      0        0
..................................................................


WIND (MPH)
  HIGHEST WIND SPEED     8   HIGHEST WIND DIRECTION     W (250)
  HIGHEST GUST SPEED     9   HIGHEST GUST DIRECTION    NW (300)
  AVERAGE WIND SPEED     2.6


SKY COVER
  POSSIBLE SUNSHINE  MM
  AVERAGE SKY COVER 0.0


WEATHER CONDITIONS
 THE FOLLOWING WEATHER WAS RECORDED YESTERDAY.
  NO SIGNIFICANT WEATHER WAS OBSERVED.


RELATIVE HUMIDITY (PERCENT)
 HIGHEST    85           600 AM
 LOWEST     28           400 PM
 AVERAGE    57

..........................................................


THE TROUTDALE OR CLIMATE NORMALS FOR TODAY
                         NORMAL    RECORD    YEAR
 MAXIMUM TEMPERATURE (F)   54        66      1986
 MINIMUM TEMPERATURE (F)   37        22      1960


SUNRISE AND SUNSET
MARCH  5 2015.........SUNRISE   641 AM PST   SUNSET   602 PM PST
MARCH  6 2015.........SUNRISE   639 AM PST   SUNSET   603 PM PST


-  INDICATES NEGATIVE NUMBERS.
R  INDICATES RECORD WAS SET OR TIED.
MM INDICATES DATA IS MISSING.
T  INDICATES TRACE AMOUNT.




$$
