000
CDUS46 KPQR 191142
CLITTD


CLIMATE REPORT
NATIONAL WEATHER SERVICE PORTLAND OREGON
441 AM PDT SUN OCT 19 2014


...................................

...THE TROUTDALE OR CLIMATE SUMMARY FOR OCTOBER 18 2014...

CLIMATE NORMAL PERIOD 1981 TO 2010
CLIMATE RECORD PERIOD 9999 TO 9999


WEATHER ITEM   OBSERVED TIME   NORMAL DEPARTURE LAST
                VALUE   (LST)  VALUE  FROM      YEAR
                                      NORMAL
......................................................
TEMPERATURE (F)
 YESTERDAY
  MAXIMUM         69    414 PM  63      6       69
  MINIMUM         57    609 AM  43     14       48
  AVERAGE         63            53     10       59

PRECIPITATION (IN)
  YESTERDAY        0.02          0.13  -0.11     0.00
  MONTH TO DATE    1.35          1.79  -0.44     1.32
  SINCE OCT 1      1.35          1.79  -0.44     1.32
  SINCE JAN 1     24.05         30.36  -6.31    22.24

DEGREE DAYS
 HEATING
  YESTERDAY        2            12    -10        6
  MONTH TO DATE   66           168   -102      205

 COOLING
  YESTERDAY        0             0      0        0
  MONTH TO DATE   11             0     11        0
......................................................


WIND (MPH)
  HIGHEST WIND SPEED    20   HIGHEST WIND DIRECTION     E (90)
  HIGHEST GUST SPEED    24   HIGHEST GUST DIRECTION     E (100)
  AVERAGE WIND SPEED     9.4


SKY COVER
  POSSIBLE SUNSHINE  MM
  AVERAGE SKY COVER 0.6


WEATHER CONDITIONS
 THE FOLLOWING WEATHER WAS RECORDED YESTERDAY.
  LIGHT RAIN
  FOG


RELATIVE HUMIDITY (PERCENT)
 HIGHEST    87           900 AM
 LOWEST     66           300 PM
 AVERAGE    77

..........................................................


THE TROUTDALE OR CLIMATE NORMALS FOR TODAY
                         NORMAL    RECORD    YEAR
 MAXIMUM TEMPERATURE (F)   63        78      1974
 MINIMUM TEMPERATURE (F)   43        24      1949


SUNRISE AND SUNSET
OCTOBER 19 2014.......SUNRISE   731 AM PDT   SUNSET   617 PM PDT
OCTOBER 20 2014.......SUNRISE   733 AM PDT   SUNSET   615 PM PDT


-  INDICATES NEGATIVE NUMBERS.
R  INDICATES RECORD WAS SET OR TIED.
MM INDICATES DATA IS MISSING.
T  INDICATES TRACE AMOUNT.




$$
