000
CDUS46 KPQR 281146
CLITTD


CLIMATE REPORT
NATIONAL WEATHER SERVICE PORTLAND OREGON
345 AM PST WED JAN 28 2015


...................................

...THE TROUTDALE OR CLIMATE SUMMARY FOR JANUARY 27 2015...

CLIMATE NORMAL PERIOD 1981 TO 2010
CLIMATE RECORD PERIOD 1948 TO 2015


WEATHER ITEM   OBSERVED TIME   RECORD YEAR NORMAL DEPARTURE LAST
                VALUE   (LST)  VALUE       VALUE  FROM      YEAR
                                                  NORMAL
..................................................................
TEMPERATURE (F)
 YESTERDAY
  MAXIMUM         52    315 PM  59    1993  47      5       39
  MINIMUM         38    340 AM   7    1957  35      3       34
  AVERAGE         45                        41      4       37

PRECIPITATION (IN)
  YESTERDAY        0.01                      0.17  -0.16      T
  MONTH TO DATE    2.73                      5.51  -2.78     2.16
  SINCE OCT 1     17.69                     23.91  -6.22     9.75
  SINCE JAN 1      2.73                      5.51  -2.78     2.16

DEGREE DAYS
 HEATING
  YESTERDAY       20                        24     -4       28
  MONTH TO DATE  542                       686   -144      623

 COOLING
  YESTERDAY        0                         0      0        0
  MONTH TO DATE    0                         0      0        0
..................................................................


WIND (MPH)
  HIGHEST WIND SPEED     9   HIGHEST WIND DIRECTION     E (90)
  HIGHEST GUST SPEED    11   HIGHEST GUST DIRECTION     E (80)
  AVERAGE WIND SPEED     2.6


SKY COVER
  POSSIBLE SUNSHINE  MM
  AVERAGE SKY COVER 0.9


WEATHER CONDITIONS
 THE FOLLOWING WEATHER WAS RECORDED YESTERDAY.
  FOG


RELATIVE HUMIDITY (PERCENT)
 HIGHEST    96           900 AM
 LOWEST     77           200 PM
 AVERAGE    87

..........................................................


THE TROUTDALE OR CLIMATE NORMALS FOR TODAY
                         NORMAL    RECORD    YEAR
 MAXIMUM TEMPERATURE (F)   47        60      1992
 MINIMUM TEMPERATURE (F)   35         5      1957


SUNRISE AND SUNSET
JANUARY 28 2015.......SUNRISE   735 AM PST   SUNSET   510 PM PST
JANUARY 29 2015.......SUNRISE   734 AM PST   SUNSET   512 PM PST


-  INDICATES NEGATIVE NUMBERS.
R  INDICATES RECORD WAS SET OR TIED.
MM INDICATES DATA IS MISSING.
T  INDICATES TRACE AMOUNT.




$$
