000
CDUS46 KPQR 291143
CLITTD


CLIMATE REPORT
NATIONAL WEATHER SERVICE PORTLAND OREGON
442 AM PDT FRI MAY 29 2015


...................................

...THE TROUTDALE OR CLIMATE SUMMARY FOR MAY 28 2015...

CLIMATE NORMAL PERIOD 1981 TO 2010
CLIMATE RECORD PERIOD 1948 TO 2015


WEATHER ITEM   OBSERVED TIME   RECORD YEAR NORMAL DEPARTURE LAST
                VALUE   (LST)  VALUE       VALUE  FROM      YEAR
                                                  NORMAL
..................................................................
TEMPERATURE (F)
 YESTERDAY
  MAXIMUM         85    533 PM  91    1972  71     14       61
  MINIMUM         52    453 AM  33    1998  49      3       51
  AVERAGE         69                        60      9       56

PRECIPITATION (IN)
  YESTERDAY        0.00                      0.10  -0.10     0.48
  MONTH TO DATE    0.82                      2.65  -1.83     3.38
  SINCE OCT 1     28.34                     40.81 -12.47    25.87
  SINCE JAN 1     13.38                     22.41  -9.03    18.28

DEGREE DAYS
 HEATING
  YESTERDAY        0                         6     -6        9
  MONTH TO DATE  150                       235    -85      136

 COOLING
  YESTERDAY        4                         1      3        0
  MONTH TO DATE    6                        11     -5       28
..................................................................


WIND (MPH)
  HIGHEST WIND SPEED    10   HIGHEST WIND DIRECTION     W (250)
  HIGHEST GUST SPEED    13   HIGHEST GUST DIRECTION     W (250)
  AVERAGE WIND SPEED     2.7


SKY COVER
  POSSIBLE SUNSHINE  MM
  AVERAGE SKY COVER 0.0


WEATHER CONDITIONS
 THE FOLLOWING WEATHER WAS RECORDED YESTERDAY.
  NO SIGNIFICANT WEATHER WAS OBSERVED.


RELATIVE HUMIDITY (PERCENT)
 HIGHEST    89           400 AM
 LOWEST     29           500 PM
 AVERAGE    59

..........................................................


THE TROUTDALE OR CLIMATE NORMALS FOR TODAY
                         NORMAL    RECORD    YEAR
 MAXIMUM TEMPERATURE (F)   71        90      1995
 MINIMUM TEMPERATURE (F)   49        35      1951


SUNRISE AND SUNSET
MAY 29 2015...........SUNRISE   526 AM PDT   SUNSET   848 PM PDT
MAY 30 2015...........SUNRISE   525 AM PDT   SUNSET   849 PM PDT


-  INDICATES NEGATIVE NUMBERS.
R  INDICATES RECORD WAS SET OR TIED.
MM INDICATES DATA IS MISSING.
T  INDICATES TRACE AMOUNT.




$$
