000
CDUS46 KPQR 101145
CLITTD


CLIMATE REPORT
NATIONAL WEATHER SERVICE PORTLAND OREGON
344 AM PST WED FEB 10 2016


...................................

...THE TROUTDALE OR CLIMATE SUMMARY FOR FEBRUARY 9 2016...

CLIMATE NORMAL PERIOD 1981 TO 2010
CLIMATE RECORD PERIOD 1948 TO 2016


WEATHER ITEM   OBSERVED TIME   RECORD YEAR NORMAL DEPARTURE LAST
                VALUE   (LST)  VALUE       VALUE  FROM      YEAR
                                                  NORMAL
..................................................................
TEMPERATURE (F)
 YESTERDAY
  MAXIMUM         57    304 PM  62    1971  49      8       55
  MINIMUM         47    805 AM  23    1989  35     12       50
  AVERAGE         52                        42     10       53

PRECIPITATION (IN)
  YESTERDAY        0.00                      0.18  -0.18     0.33
  MONTH TO DATE    0.47                      1.71  -1.24     2.36
  SINCE OCT 1     24.79                     26.29  -1.50    20.06
  SINCE JAN 1      4.97                      7.89  -2.92     5.10

DEGREE DAYS
 HEATING
  YESTERDAY       13                        23    -10       12
  MONTH TO DATE  153                       209    -56      133

 COOLING
  YESTERDAY        0                         0      0        0
  MONTH TO DATE    0                         0      0        0
..................................................................


WIND (MPH)
  HIGHEST WIND SPEED    33   HIGHEST WIND DIRECTION     E (90)
  HIGHEST GUST SPEED    42   HIGHEST GUST DIRECTION     E (90)
  AVERAGE WIND SPEED    26.0


SKY COVER
  POSSIBLE SUNSHINE  MM
  AVERAGE SKY COVER 0.0


WEATHER CONDITIONS
 THE FOLLOWING WEATHER WAS RECORDED YESTERDAY.
  NO SIGNIFICANT WEATHER WAS OBSERVED.


RELATIVE HUMIDITY (PERCENT)
 HIGHEST    65           700 AM
 LOWEST     47           300 PM
 AVERAGE    56

..........................................................


THE TROUTDALE OR CLIMATE NORMALS FOR TODAY
                         NORMAL    RECORD    YEAR
 MAXIMUM TEMPERATURE (F)   49        61      1988
 MINIMUM TEMPERATURE (F)   35        23      1989


SUNRISE AND SUNSET
FEBRUARY 10 2016......SUNRISE   719 AM PST   SUNSET   529 PM PST
FEBRUARY 11 2016......SUNRISE   718 AM PST   SUNSET   530 PM PST


-  INDICATES NEGATIVE NUMBERS.
R  INDICATES RECORD WAS SET OR TIED.
MM INDICATES DATA IS MISSING.
T  INDICATES TRACE AMOUNT.




$$
