000
CDUS41 KPHI 230627
CLITTN


CLIMATE REPORT
NATIONAL WEATHER SERVICE MOUNT HOLLY NJ
227 AM EDT THU OCT 23 2014


...................................

...THE TRENTON NJ CLIMATE SUMMARY FOR OCTOBER 22 2014...

CLIMATE NORMAL PERIOD 1981 TO 2010
CLIMATE RECORD PERIOD 1865 TO 2014


WEATHER ITEM   OBSERVED TIME   RECORD YEAR NORMAL DEPARTURE LAST
                VALUE   (LST)  VALUE       VALUE  FROM      YEAR
                                                  NORMAL
..................................................................
TEMPERATURE (F)
 YESTERDAY
  MAXIMUM         56    539 AM  83    1979  63     -7       66
  MINIMUM         51   1159 PM  27    1940  42      9       42
  AVERAGE         54                        52      2       54

PRECIPITATION (IN)
  YESTERDAY        0.75          2.12 1970   0.14   0.61     0.01
  MONTH TO DATE    2.94                      3.00  -0.06     1.61
  SINCE SEP 1      3.99                      7.27  -3.28     3.22
  SINCE JAN 1     35.45                     38.25  -2.80    35.57

SNOWFALL (IN)
  YESTERDAY       MM            MM      MM  MM     MM       MM
  MONTH TO DATE   MM                        MM     MM       MM
  SINCE SEP 1     MM                        MM     MM       MM
  SINCE JUL 1     MM                        MM     MM       MM
  SNOW DEPTH      MM

DEGREE DAYS
 HEATING
  YESTERDAY       11                        13     -2       11
  MONTH TO DATE  145                       207    -62      109
  SINCE SEP 1    193                       269    -76      197
  SINCE JUL 1    193                       272    -79      197

 COOLING
  YESTERDAY        0                         0      0        0
  MONTH TO DATE   14                         7      7       36
  SINCE SEP 1    147                       106     41      127
  SINCE JAN 1    930                       962    -32     1077
..................................................................


WIND (MPH)
  HIGHEST WIND SPEED    18   HIGHEST WIND DIRECTION     N (350)
  HIGHEST GUST SPEED    26   HIGHEST GUST DIRECTION     N (350)
  AVERAGE WIND SPEED    12.6


SKY COVER
  POSSIBLE SUNSHINE  MM
  AVERAGE SKY COVER 0.9


WEATHER CONDITIONS
 THE FOLLOWING WEATHER WAS RECORDED YESTERDAY.
  HEAVY RAIN
  RAIN
  LIGHT RAIN
  FOG


RELATIVE HUMIDITY (PERCENT)
 HIGHEST    93           900 AM
 LOWEST     83          1200 AM
 AVERAGE    88

..........................................................


THE TRENTON NJ CLIMATE NORMALS FOR TODAY
                         NORMAL    RECORD    YEAR
 MAXIMUM TEMPERATURE (F)   63        85      1947
 MINIMUM TEMPERATURE (F)   42        30      1997


SUNRISE AND SUNSET
OCTOBER 23 2014.......SUNRISE   719 AM EDT   SUNSET   608 PM EDT
OCTOBER 24 2014.......SUNRISE   720 AM EDT   SUNSET   607 PM EDT


-  INDICATES NEGATIVE NUMBERS.
R  INDICATES RECORD WAS SET OR TIED.
MM INDICATES DATA IS MISSING.
T  INDICATES TRACE AMOUNT.




$$
