000
CDUS41 KPHI 222129
CLITTN


CLIMATE REPORT
NATIONAL WEATHER SERVICE MOUNT HOLLY NJ
428 PM EST WED FEB 22 2017


...................................

...THE TRENTON NJ CLIMATE SUMMARY FOR FEBRUARY 22 2017...
VALID TODAY AS OF 0400 PM LOCAL TIME.

CLIMATE NORMAL PERIOD 1981 TO 2010
CLIMATE RECORD PERIOD 1865 TO 2017


WEATHER ITEM   OBSERVED TIME   RECORD YEAR NORMAL DEPARTURE LAST
                VALUE   (LST)  VALUE       VALUE  FROM      YEAR
                                                  NORMAL
..................................................................
TEMPERATURE (F)
 TODAY
  MAXIMUM         58    356 PM  66    1997  44     14       52
  MINIMUM         39    416 AM   8    1963  27     12       35
                                      1918
                                      1911
  AVERAGE         49                        35     14       44

PRECIPITATION (IN)
  TODAY            0.00          1.84 2003   0.09  -0.09     0.00
  MONTH TO DATE    0.99                      1.75  -0.76     2.12
  SINCE DEC 1      7.01                      8.61  -1.60     9.82
  SINCE JAN 1      4.36                      4.91  -0.55     5.41

DEGREE DAYS
 HEATING
  TODAY           16                        30    -14       21
  MONTH TO DATE  575                       695   -120      674
  SINCE DEC 1   2327                      2665   -338     2197
  SINCE JUL 1   3137                      3641   -504     2943

 COOLING
  TODAY            0                         0      0        0
  MONTH TO DATE    0                         0      0        0
  SINCE DEC 1      0                         0      0        2
  SINCE JAN 1      0                         0      0        0
..................................................................


WIND (MPH)
  HIGHEST WIND SPEED     8   HIGHEST WIND DIRECTION     S (200)
  HIGHEST GUST SPEED    10   HIGHEST GUST DIRECTION     S (160)
  AVERAGE WIND SPEED     3.8


SKY COVER
  POSSIBLE SUNSHINE  MM
  AVERAGE SKY COVER 0.6


WEATHER CONDITIONS
 THE FOLLOWING WEATHER WAS RECORDED TODAY.
  NO SIGNIFICANT WEATHER WAS OBSERVED.


RELATIVE HUMIDITY (PERCENT)
 HIGHEST    85           500 AM
 LOWEST     57           400 PM
 AVERAGE    71

..........................................................


THE TRENTON NJ CLIMATE NORMALS FOR TOMORROW
                         NORMAL    RECORD    YEAR
 MAXIMUM TEMPERATURE (F)   44        74      1874
 MINIMUM TEMPERATURE (F)   27         1      1868


SUNRISE AND SUNSET
FEBRUARY 22 2017......SUNRISE   643 AM EST   SUNSET   543 PM EST
FEBRUARY 23 2017......SUNRISE   641 AM EST   SUNSET   544 PM EST


-  INDICATES NEGATIVE NUMBERS.
R  INDICATES RECORD WAS SET OR TIED.
MM INDICATES DATA IS MISSING.
T  INDICATES TRACE AMOUNT.




$$
