000
CDUS41 KPHI 182131
CLITTN


CLIMATE REPORT
NATIONAL WEATHER SERVICE MOUNT HOLLY NJ
528 PM EDT THU SEP 18 2014


...................................

...THE TRENTON NJ CLIMATE SUMMARY FOR SEPTEMBER 18 2014...
VALID TODAY AS OF 0500 PM LOCAL TIME.

CLIMATE NORMAL PERIOD 1981 TO 2010
CLIMATE RECORD PERIOD 1865 TO 2014


WEATHER ITEM   OBSERVED TIME   RECORD YEAR NORMAL DEPARTURE LAST
                VALUE   (LST)  VALUE       VALUE  FROM      YEAR
                                                  NORMAL
..................................................................
TEMPERATURE (F)
 TODAY
  MAXIMUM         75    200 PM  90    1965  75      0       71
  MINIMUM         48    627 AM  39    1986  56     -8       41
                                      1984
  AVERAGE         62                        66     -4       56

PRECIPITATION (IN)
  TODAY            0.00          2.38 1936   0.15  -0.15     0.00
  MONTH TO DATE    0.71                      2.37  -1.66     0.56
  SINCE SEP 1      0.71                      2.37  -1.66     0.56
  SINCE JAN 1     32.17                     33.35  -1.18    32.91

SNOWFALL (IN)
  TODAY           MM            MM      MM  MM     MM       MM
  MONTH TO DATE   MM                        MM     MM       MM
  SINCE SEP 1     MM                        MM     MM       MM
  SINCE JUL 1     MM                        MM     MM       MM
  SNOW DEPTH      MM

DEGREE DAYS
 HEATING
  TODAY            3                         2      1        9
  MONTH TO DATE   24                        14     10       42
  SINCE SEP 1     24                        14     10       42
  SINCE JUL 1     24                        17      7       42

 COOLING
  TODAY            0                         3     -3        0
  MONTH TO DATE  110                        81     29       90
  SINCE SEP 1    110                        81     29       90
  SINCE JAN 1    893                       937    -44     1040
..................................................................


WIND (MPH)
  HIGHEST WIND SPEED     8   HIGHEST WIND DIRECTION    NW (310)
  HIGHEST GUST SPEED    13   HIGHEST GUST DIRECTION     W (290)
  AVERAGE WIND SPEED     2.8


SKY COVER
  POSSIBLE SUNSHINE  MM
  AVERAGE SKY COVER 0.4


WEATHER CONDITIONS
 THE FOLLOWING WEATHER WAS RECORDED TODAY.
  NO SIGNIFICANT WEATHER WAS OBSERVED.


RELATIVE HUMIDITY (PERCENT)
 HIGHEST    93           500 AM
 LOWEST     41           100 PM
 AVERAGE    67

..........................................................


THE TRENTON NJ CLIMATE NORMALS FOR TOMORROW
                         NORMAL    RECORD    YEAR
 MAXIMUM TEMPERATURE (F)   75        93      1983
 MINIMUM TEMPERATURE (F)   55        41      1929


SUNRISE AND SUNSET
SEPTEMBER 18 2014.....SUNRISE   643 AM EDT   SUNSET   703 PM EDT
SEPTEMBER 19 2014.....SUNRISE   644 AM EDT   SUNSET   701 PM EDT


-  INDICATES NEGATIVE NUMBERS.
R  INDICATES RECORD WAS SET OR TIED.
MM INDICATES DATA IS MISSING.
T  INDICATES TRACE AMOUNT.




$$
