959
CDUS41 KPHI 290550
CLITTN


CLIMATE REPORT
NATIONAL WEATHER SERVICE MOUNT HOLLY NJ
149 AM EDT SAT JUL 29 2017


...................................

...THE TRENTON NJ CLIMATE SUMMARY FOR JULY 28 2017...

CLIMATE NORMAL PERIOD 1981 TO 2010
CLIMATE RECORD PERIOD 1865 TO 2017


WEATHER ITEM   OBSERVED TIME   RECORD YEAR NORMAL DEPARTURE LAST
                VALUE   (LST)  VALUE       VALUE  FROM      YEAR
                                                  NORMAL
..................................................................
TEMPERATURE (F)
 YESTERDAY
  MAXIMUM         85    319 PM 100    1865  85      0       91
  MINIMUM         68    316 AM  54    1912  66      2       70
  AVERAGE         77                        76      1       81

PRECIPITATION (IN)
  YESTERDAY        0.00          2.35 2012   0.16  -0.16     0.09
  MONTH TO DATE    5.48                      4.47   1.01     5.97
  SINCE JUN 1     10.17                      8.88   1.29     8.08
  SINCE JAN 1     27.93                     26.40   1.53    22.12

DEGREE DAYS
 HEATING
  YESTERDAY        0                         0      0        0
  MONTH TO DATE    0                         0      0        0
  SINCE JUN 1     25                        24      1        8
  SINCE JUL 1      0                         0      0        0

 COOLING
  YESTERDAY       12                        11      1       16
  MONTH TO DATE  341                       299     42      383
  SINCE JUN 1    570                       489     81      606
  SINCE JAN 1    653                       546    107      698
..................................................................


WIND (MPH)
  HIGHEST WIND SPEED    12   HIGHEST WIND DIRECTION    SE (130)
  HIGHEST GUST SPEED    22   HIGHEST GUST DIRECTION     E (90)
  AVERAGE WIND SPEED     5.1


SKY COVER
  POSSIBLE SUNSHINE  MM
  AVERAGE SKY COVER 0.5


WEATHER CONDITIONS
 THE FOLLOWING WEATHER WAS RECORDED YESTERDAY.
  FOG
  FOG W/VISIBILITY <= 1/4 MILE
  HAZE


RELATIVE HUMIDITY (PERCENT)
 HIGHEST   100           400 AM
 LOWEST     55           100 PM
 AVERAGE    78

..........................................................


THE TRENTON NJ CLIMATE NORMALS FOR TODAY
                         NORMAL    RECORD    YEAR
 MAXIMUM TEMPERATURE (F)   85       100      1894
 MINIMUM TEMPERATURE (F)   66        54      1992


SUNRISE AND SUNSET
JULY 29 2017..........SUNRISE   554 AM EDT   SUNSET   816 PM EDT
JULY 30 2017..........SUNRISE   555 AM EDT   SUNSET   815 PM EDT


-  INDICATES NEGATIVE NUMBERS.
R  INDICATES RECORD WAS SET OR TIED.
MM INDICATES DATA IS MISSING.
T  INDICATES TRACE AMOUNT.




$$
