000
CDUS41 KPHI 310639
CLITTN


CLIMATE REPORT
NATIONAL WEATHER SERVICE MOUNT HOLLY NJ
239 AM EDT FRI JUL 31 2015


...................................

...THE TRENTON NJ CLIMATE SUMMARY FOR JULY 30 2015...

CLIMATE NORMAL PERIOD 1981 TO 2010
CLIMATE RECORD PERIOD 1865 TO 2015


WEATHER ITEM   OBSERVED TIME   RECORD YEAR NORMAL DEPARTURE LAST
                VALUE   (LST)  VALUE       VALUE  FROM      YEAR
                                                  NORMAL
..................................................................
TEMPERATURE (F)
 YESTERDAY
  MAXIMUM         90   1144 AM  98    1999  85      5       81
  MINIMUM         74   1159 PM  54    1997  66      8       58
  AVERAGE         82                        76      6       70

PRECIPITATION (IN)
  YESTERDAY        0.54          3.17 1960   0.16   0.38     0.00
  MONTH TO DATE    3.11                      4.79  -1.68     5.43
  SINCE JUN 1      9.44                      9.20   0.24     7.67
  SINCE JAN 1     23.50                     26.72  -3.22    28.00

SNOWFALL (IN)
  YESTERDAY       MM            MM      MM  MM     MM       MM
  MONTH TO DATE   MM                        MM     MM       MM
  SINCE JUN 1     MM                        MM     MM       MM
  SINCE JUL 1     MM                        MM     MM       MM
  SNOW DEPTH      MM

DEGREE DAYS
 HEATING
  YESTERDAY        0                         0      0        0
  MONTH TO DATE    0                         0      0        0
  SINCE JUN 1     25                        24      1        3
  SINCE JUL 1      0                         0      0        0

 COOLING
  YESTERDAY       17                        11      6        5
  MONTH TO DATE  350                       321     29      312
  SINCE JUN 1    574                       511     63      513
  SINCE JAN 1    713                       568    145      557
..................................................................


WIND (MPH)
  HIGHEST WIND SPEED    18   HIGHEST WIND DIRECTION    SW (210)
  HIGHEST GUST SPEED    27   HIGHEST GUST DIRECTION    NW (320)
  AVERAGE WIND SPEED     7.9


SKY COVER
  POSSIBLE SUNSHINE  MM
  AVERAGE SKY COVER 0.5


WEATHER CONDITIONS
 THE FOLLOWING WEATHER WAS RECORDED YESTERDAY.
  THUNDERSTORM
  HEAVY RAIN
  RAIN
  LIGHT RAIN
  FOG
  HAZE


RELATIVE HUMIDITY (PERCENT)
 HIGHEST    94           800 PM
 LOWEST     59          1200 PM
 AVERAGE    77

..........................................................


THE TRENTON NJ CLIMATE NORMALS FOR TODAY
                         NORMAL    RECORD    YEAR
 MAXIMUM TEMPERATURE (F)   85        99      1954
 MINIMUM TEMPERATURE (F)   66        56      2001
                                             1914
                                             1895


SUNRISE AND SUNSET
JULY 31 2015..........SUNRISE   556 AM EDT   SUNSET   815 PM EDT
AUGUST  1 2015........SUNRISE   557 AM EDT   SUNSET   814 PM EDT


-  INDICATES NEGATIVE NUMBERS.
R  INDICATES RECORD WAS SET OR TIED.
MM INDICATES DATA IS MISSING.
T  INDICATES TRACE AMOUNT.




$$
