000
CDUS41 KPHI 260630
CLITTN


CLIMATE REPORT
NATIONAL WEATHER SERVICE MOUNT HOLLY NJ
229 AM EDT THU MAY 26 2016


...................................

...THE TRENTON NJ CLIMATE SUMMARY FOR MAY 25 2016...

CLIMATE NORMAL PERIOD 1981 TO 2010
CLIMATE RECORD PERIOD 1865 TO 2016


WEATHER ITEM   OBSERVED TIME   RECORD YEAR NORMAL DEPARTURE LAST
                VALUE   (LST)  VALUE       VALUE  FROM      YEAR
                                                  NORMAL
..................................................................
TEMPERATURE (F)
 YESTERDAY
  MAXIMUM         87    423 PM  93    1880  75     12       87
  MINIMUM         54    448 AM  40    1956  53      1       59
  AVERAGE         71                        64      7       73

PRECIPITATION (IN)
  YESTERDAY        0.00          2.02 1952   0.19  -0.19     0.00
  MONTH TO DATE    2.87                      3.28  -0.41     0.54
  SINCE MAR 1      6.16                     10.96  -4.80     7.38
  SINCE JAN 1     13.36                     16.43  -3.07    13.97

SNOWFALL (IN)
  YESTERDAY       MM            MM      MM  MM     MM       MM
  MONTH TO DATE   MM                        MM     MM       MM
  SINCE MAR 1     MM                        MM     MM       MM
  SINCE JUL 1     MM                        MM     MM       MM
  SNOW DEPTH      MM

DEGREE DAYS
 HEATING
  YESTERDAY        0                         3     -3        0
  MONTH TO DATE  187                       151     36       67
  SINCE MAR 1   1111                      1305   -194     1290
  SINCE JUL 1   4205                      5119   -914     5373

 COOLING
  YESTERDAY        6                         2      4        8
  MONTH TO DATE    9                        33    -24       67
  SINCE MAR 1     21                        41    -20       67
  SINCE JAN 1     21                        41    -20       67
..................................................................


WIND (MPH)
  HIGHEST WIND SPEED    13   HIGHEST WIND DIRECTION    NW (300)
  HIGHEST GUST SPEED    19   HIGHEST GUST DIRECTION     W (280)
  AVERAGE WIND SPEED     5.5


SKY COVER
  POSSIBLE SUNSHINE  MM
  AVERAGE SKY COVER 0.0


WEATHER CONDITIONS
 THE FOLLOWING WEATHER WAS RECORDED YESTERDAY.
  NO SIGNIFICANT WEATHER WAS OBSERVED.


RELATIVE HUMIDITY (PERCENT)
 HIGHEST    86          1200 AM
 LOWEST     21           400 PM
 AVERAGE    54

..........................................................


THE TRENTON NJ CLIMATE NORMALS FOR TODAY
                         NORMAL    RECORD    YEAR
 MAXIMUM TEMPERATURE (F)   75        94      1880
 MINIMUM TEMPERATURE (F)   54        43      1961


SUNRISE AND SUNSET
MAY 26 2016...........SUNRISE   535 AM EDT   SUNSET   819 PM EDT
MAY 27 2016...........SUNRISE   534 AM EDT   SUNSET   819 PM EDT


-  INDICATES NEGATIVE NUMBERS.
R  INDICATES RECORD WAS SET OR TIED.
MM INDICATES DATA IS MISSING.
T  INDICATES TRACE AMOUNT.




$$
