000
CDUS41 KPHI 240626
CLITTN


CLIMATE REPORT
NATIONAL WEATHER SERVICE MOUNT HOLLY NJ
226 AM EDT THU APR 24 2014


...................................

...THE TRENTON NJ CLIMATE SUMMARY FOR APRIL 23 2014...

CLIMATE NORMAL PERIOD 1981 TO 2010
CLIMATE RECORD PERIOD 1865 TO 2014


WEATHER ITEM   OBSERVED TIME   RECORD YEAR NORMAL DEPARTURE LAST
                VALUE   (LST)  VALUE       VALUE  FROM      YEAR
                                                  NORMAL
..................................................................
TEMPERATURE (F)
 YESTERDAY
  MAXIMUM         60    328 PM  89    1960  64     -4       49
  MINIMUM         43   1115 PM  30    1988  43      0       41
  AVERAGE         52                        54     -2       45

PRECIPITATION (IN)
  YESTERDAY        0.00          1.22 1928   0.10  -0.10      T
  MONTH TO DATE    1.40                      2.87  -1.47     2.01
  SINCE MAR 1      4.73                      7.01  -2.28     4.60
  SINCE JAN 1     12.39                     12.48  -0.09     9.22

SNOWFALL (IN)
  YESTERDAY       MM            MM      MM  MM     MM       MM
  MONTH TO DATE   MM                        MM     MM       MM
  SINCE MAR 1     MM                        MM     MM       MM
  SINCE JUL 1     MM                        MM     MM       MM
  SNOW DEPTH      MM

DEGREE DAYS
 HEATING
  YESTERDAY       13                        12      1       20
  MONTH TO DATE  316                       347    -31      317
  SINCE MAR 1   1189                      1079    110     1102
  SINCE JUL 1   5275                      4893    382     4703

 COOLING
  YESTERDAY        0                         0      0        0
  MONTH TO DATE    6                         0      6       14
  SINCE MAR 1      6                         0      6       14
  SINCE JAN 1      6                         0      6       14
..................................................................


WIND (MPH)
  HIGHEST WIND SPEED    29   HIGHEST WIND DIRECTION     N (340)
  HIGHEST GUST SPEED    40   HIGHEST GUST DIRECTION     N (350)
  AVERAGE WIND SPEED    16.5


SKY COVER
  POSSIBLE SUNSHINE  MM
  AVERAGE SKY COVER 0.5


WEATHER CONDITIONS
 THE FOLLOWING WEATHER WAS RECORDED YESTERDAY.
  NO SIGNIFICANT WEATHER WAS OBSERVED.


RELATIVE HUMIDITY (PERCENT)
 HIGHEST    72          1200 AM
 LOWEST     37           400 PM
 AVERAGE    55

..........................................................


THE TRENTON NJ CLIMATE NORMALS FOR TODAY
                         NORMAL    RECORD    YEAR
 MAXIMUM TEMPERATURE (F)   64        84      2001
 MINIMUM TEMPERATURE (F)   44        29      1930


SUNRISE AND SUNSET
APRIL 24 2014.........SUNRISE   608 AM EDT   SUNSET   747 PM EDT
APRIL 25 2014.........SUNRISE   607 AM EDT   SUNSET   748 PM EDT


-  INDICATES NEGATIVE NUMBERS.
R  INDICATES RECORD WAS SET OR TIED.
MM INDICATES DATA IS MISSING.
T  INDICATES TRACE AMOUNT.




$$
