000
CDUS41 KPHI 300635
CLITTN


CLIMATE REPORT
NATIONAL WEATHER SERVICE MOUNT HOLLY NJ
235 AM EDT THU MAR 30 2017


...................................

...THE TRENTON NJ CLIMATE SUMMARY FOR MARCH 29 2017...

CLIMATE NORMAL PERIOD 1981 TO 2010
CLIMATE RECORD PERIOD 1865 TO 2017


WEATHER ITEM   OBSERVED TIME   RECORD YEAR NORMAL DEPARTURE LAST
                VALUE   (LST)  VALUE       VALUE  FROM      YEAR
                                                  NORMAL
..................................................................
TEMPERATURE (F)
 YESTERDAY
  MAXIMUM         60    316 PM  86    1945  55      5       55
  MINIMUM         41   1107 PM  11    1923  36      5       38
  AVERAGE         51                        45      6       47

PRECIPITATION (IN)
  YESTERDAY        0.00          1.90 1984   0.15  -0.15     0.00
  MONTH TO DATE    2.90                      3.83  -0.93     1.61
  SINCE MAR 1      2.90                      3.83  -0.93     1.61
  SINCE JAN 1      7.64                      9.30  -1.66     8.81

DEGREE DAYS
 HEATING
  YESTERDAY       14                        20     -6       18
  MONTH TO DATE  740                       694     46      491
  SINCE MAR 1    740                       694     46      491
  SINCE JUL 1   3959                      4508   -549     3585

 COOLING
  YESTERDAY        0                         0      0        0
  MONTH TO DATE    0                         0      0        3
  SINCE MAR 1      0                         0      0        3
  SINCE JAN 1      0                         0      0        3
..................................................................


WIND (MPH)
  HIGHEST WIND SPEED    20   HIGHEST WIND DIRECTION     N (350)
  HIGHEST GUST SPEED    27   HIGHEST GUST DIRECTION     N (360)
  AVERAGE WIND SPEED    11.0


SKY COVER
  POSSIBLE SUNSHINE  MM
  AVERAGE SKY COVER 0.3


WEATHER CONDITIONS
 THE FOLLOWING WEATHER WAS RECORDED YESTERDAY.
  FOG
  FOG W/VISIBILITY <= 1/4 MILE


RELATIVE HUMIDITY (PERCENT)
 HIGHEST   100          1200 AM
 LOWEST     33           300 PM
 AVERAGE    67

..........................................................


THE TRENTON NJ CLIMATE NORMALS FOR TODAY
                         NORMAL    RECORD    YEAR
 MAXIMUM TEMPERATURE (F)   56        87      1998
 MINIMUM TEMPERATURE (F)   36        20      1970


SUNRISE AND SUNSET
MARCH 30 2017.........SUNRISE   646 AM EDT   SUNSET   722 PM EDT
MARCH 31 2017.........SUNRISE   644 AM EDT   SUNSET   723 PM EDT


-  INDICATES NEGATIVE NUMBERS.
R  INDICATES RECORD WAS SET OR TIED.
MM INDICATES DATA IS MISSING.
T  INDICATES TRACE AMOUNT.




$$
