000
CDUS41 KPHI 220606
CLITTN


CLIMATE REPORT
NATIONAL WEATHER SERVICE MOUNT HOLLY NJ
105 AM EST WED NOV 22 2017


...................................

...THE TRENTON NJ CLIMATE SUMMARY FOR NOVEMBER 21 2017...

CLIMATE NORMAL PERIOD 1981 TO 2010
CLIMATE RECORD PERIOD 1865 TO 2017


WEATHER ITEM   OBSERVED TIME   RECORD YEAR NORMAL DEPARTURE LAST
                VALUE   (LST)  VALUE       VALUE  FROM      YEAR
                                                  NORMAL
..................................................................
TEMPERATURE (F)
 YESTERDAY
  MAXIMUM         57    150 PM  75    1931  52      5       44
  MINIMUM         32    634 AM  14    1987  36     -4       37
  AVERAGE         45                        44      1       41

PRECIPITATION (IN)
  YESTERDAY        0.00          1.51 1954   0.10  -0.10     0.00
  MONTH TO DATE    1.46                      2.20  -0.74     0.66
  SINCE SEP 1      8.54                     10.65  -2.11     5.13
  SINCE JAN 1     39.71                     41.63  -1.92    29.93

DEGREE DAYS
 HEATING
  YESTERDAY       20                        21     -1       24
  MONTH TO DATE  397                       375     22      334
  SINCE SEP 1    590                       769   -179      628
  SINCE JUL 1    591                       772   -181      628

 COOLING
  YESTERDAY        0                         0      0        0
  MONTH TO DATE    2                         0      2        0
  SINCE SEP 1    231                       109    122      230
  SINCE JAN 1   1151                       965    186     1381
..................................................................


WIND (MPH)
  HIGHEST WIND SPEED    23   HIGHEST WIND DIRECTION    SW (210)
  HIGHEST GUST SPEED    29   HIGHEST GUST DIRECTION     S (200)
  AVERAGE WIND SPEED     5.4


SKY COVER
  POSSIBLE SUNSHINE  MM
  AVERAGE SKY COVER 0.0


WEATHER CONDITIONS
 THE FOLLOWING WEATHER WAS RECORDED YESTERDAY.
  NO SIGNIFICANT WEATHER WAS OBSERVED.


RELATIVE HUMIDITY (PERCENT)
 HIGHEST    75           100 AM
 LOWEST     36           100 PM
 AVERAGE    56

..........................................................


THE TRENTON NJ CLIMATE NORMALS FOR TODAY
                         NORMAL    RECORD    YEAR
 MAXIMUM TEMPERATURE (F)   52        72      1931
 MINIMUM TEMPERATURE (F)   36        15      1880


SUNRISE AND SUNSET
NOVEMBER 22 2017......SUNRISE   653 AM EST   SUNSET   437 PM EST
NOVEMBER 23 2017......SUNRISE   654 AM EST   SUNSET   437 PM EST


-  INDICATES NEGATIVE NUMBERS.
R  INDICATES RECORD WAS SET OR TIED.
MM INDICATES DATA IS MISSING.
T  INDICATES TRACE AMOUNT.




$$
