000
CDUS44 KTSA 200651
CLITUL

CLIMATE REPORT
NATIONAL WEATHER SERVICE TULSA OK
147 AM CDT MON OCT 20 2014


...................................

...THE TULSA OKLAHOMA CLIMATE SUMMARY FOR OCTOBER 19 2014...

CLIMATE NORMAL PERIOD 1981 TO 2010
CLIMATE RECORD PERIOD 1882 TO 2014


WEATHER ITEM   OBSERVED TIME   RECORD YEAR NORMAL DEPARTURE LAST
                VALUE   (LST)  VALUE       VALUE  FROM      YEAR
                                                  NORMAL
..................................................................
TEMPERATURE (F)
 YESTERDAY
  MAXIMUM         72    417 PM  91    2005  72      0       64
  MINIMUM         44    425 AM  27    1917  50     -6       34
  AVERAGE         58                        61     -3       49

PRECIPITATION (IN)
  YESTERDAY        0.00          1.73 1983   0.13  -0.13     0.00
  MONTH TO DATE    3.71                      2.39   1.32     2.36
  SINCE SEP 1      5.90                      6.65  -0.75     4.86
  SINCE JAN 1     24.42                     34.13  -9.71    28.24

SNOWFALL (IN)
  YESTERDAY        0.0                                       0.0
  MONTH TO DATE    0.0                                       0.0
  SINCE SEP 1      0.0                                       0.0
  SINCE JUL 1      0.0                                       0.0

DEGREE DAYS
 HEATING
  YESTERDAY        7                         6      1       16
  MONTH TO DATE   60                        75    -15       81
  SINCE SEP 1     72                        99    -27       82
  SINCE JUL 1     73                        99    -26       82

 COOLING
  YESTERDAY        0                         1     -1        0
  MONTH TO DATE   71                        50     21       66
  SINCE SEP 1    352                       314     38      414
  SINCE JAN 1   2005                      2015    -10     2043
..................................................................


WIND (MPH)
  HIGHEST WIND SPEED    15   HIGHEST WIND DIRECTION     S (160)
  HIGHEST GUST SPEED    20   HIGHEST GUST DIRECTION    SE (150)
  AVERAGE WIND SPEED     6.6


SKY COVER
  POSSIBLE SUNSHINE  MM
  AVERAGE SKY COVER 0.7


WEATHER CONDITIONS
 THE FOLLOWING WEATHER WAS RECORDED YESTERDAY.
  FOG


RELATIVE HUMIDITY (PERCENT)
 HIGHEST    93           300 AM
 LOWEST     49           300 PM
 AVERAGE    71

..........................................................


THE TULSA OKLAHOMA CLIMATE NORMALS FOR TODAY
                         NORMAL    RECORD    YEAR
 MAXIMUM TEMPERATURE (F)   72        91      1979
 MINIMUM TEMPERATURE (F)   49        30      2011
                                             1976
                                             1925


SUNRISE AND SUNSET
OCTOBER 20 2014.......SUNRISE   735 AM CDT   SUNSET   641 PM CDT
OCTOBER 21 2014.......SUNRISE   736 AM CDT   SUNSET   640 PM CDT


-  INDICATES NEGATIVE NUMBERS.
R  INDICATES RECORD WAS SET OR TIED.
MM INDICATES DATA IS MISSING.
T  INDICATES TRACE AMOUNT.




$$

&&
...........................................................

THE TULSA PRECIPITATION NORMALS FOR TODAY
                       NORMAL    RECORD      YEAR
  TODAY                 0.14      4.96       1971
  MONTH TO DATE         2.53
  YEAR TO DATE         34.27
...........................................................
ALL DATA MEASURED AT THE TULSA INTERNATIONAL AIRPORT...
EXCEPT SNOWFALL...WHICH IS MEASURED AT THE NWS OFFICE.
