000
CDUS44 KTSA 240658
CLITUL

CLIMATE REPORT
NATIONAL WEATHER SERVICE TULSA OK
147 AM CDT SUN JUL 24 2016


...................................

...THE TULSA OKLAHOMA CLIMATE SUMMARY FOR JULY 23 2016...

CLIMATE NORMAL PERIOD 1981 TO 2010
CLIMATE RECORD PERIOD 1882 TO 2016


WEATHER ITEM   OBSERVED TIME   RECORD YEAR NORMAL DEPARTURE LAST
                VALUE   (LST)  VALUE       VALUE  FROM      YEAR
                                                  NORMAL
..................................................................
TEMPERATURE (F)
 YESTERDAY
  MAXIMUM        100    405 PM 107    1936  94      6       94
                                      1934
  MINIMUM         79    417 AM  58    1970  73      6       74
  AVERAGE         90                        84      6       84

PRECIPITATION (IN)
  YESTERDAY        0.00          1.95 2004   0.10  -0.10     0.30
  MONTH TO DATE    1.99                      2.60  -0.61     6.71
  SINCE JUN 1      2.76                      7.32  -4.56    11.48
  SINCE JAN 1     16.62                     23.82  -7.20    36.38

DEGREE DAYS
 COOLING
  YESTERDAY       25                        18      7       19
  MONTH TO DATE  475                       404     71      428
  SINCE JUN 1   1008                       783    225      910
  SINCE JAN 1   1212                      1017    195     1115
..................................................................


WIND (MPH)
  HIGHEST WIND SPEED    20   HIGHEST WIND DIRECTION     S (180)
  HIGHEST GUST SPEED    26   HIGHEST GUST DIRECTION     S (190)
  AVERAGE WIND SPEED     8.3


SKY COVER
  POSSIBLE SUNSHINE  MM
  AVERAGE SKY COVER 0.1


WEATHER CONDITIONS
 THE FOLLOWING WEATHER WAS RECORDED YESTERDAY.
  NO SIGNIFICANT WEATHER WAS OBSERVED.


RELATIVE HUMIDITY (PERCENT)
 HIGHEST    74           600 AM
 LOWEST     37           300 PM
 AVERAGE    56

..........................................................


THE TULSA OKLAHOMA CLIMATE NORMALS FOR TODAY
                         NORMAL    RECORD    YEAR
 MAXIMUM TEMPERATURE (F)   94       110      1934
 MINIMUM TEMPERATURE (F)   73        60      1927
                                             1909


SUNRISE AND SUNSET
JULY 24 2016..........SUNRISE   625 AM CDT   SUNSET   835 PM CDT
JULY 25 2016..........SUNRISE   626 AM CDT   SUNSET   834 PM CDT


-  INDICATES NEGATIVE NUMBERS.
R  INDICATES RECORD WAS SET OR TIED.
MM INDICATES DATA IS MISSING.
T  INDICATES TRACE AMOUNT.




$$

&&
...........................................................

THE TULSA PRECIPITATION NORMALS FOR TODAY
                       NORMAL    RECORD      YEAR
  TODAY                 0.10      1.95       1973
  MONTH TO DATE         2.70
  YEAR TO DATE         23.92
...........................................................
ALL DATA MEASURED AT THE TULSA INTERNATIONAL AIRPORT...
EXCEPT SNOWFALL...WHICH IS MEASURED AT THE NWS OFFICE.
