000
CDUS44 KTSA 080710
CLITUL

CLIMATE REPORT
NATIONAL WEATHER SERVICE TULSA OK
110 AM CST MON FEB 8 2016


...................................

...THE TULSA OKLAHOMA CLIMATE SUMMARY FOR FEBRUARY 7 2016...

CLIMATE NORMAL PERIOD 1981 TO 2010
CLIMATE RECORD PERIOD 1882 TO 2016


WEATHER ITEM   OBSERVED TIME   RECORD YEAR NORMAL DEPARTURE LAST
                VALUE   (LST)  VALUE       VALUE  FROM      YEAR
                                                  NORMAL
..................................................................
TEMPERATURE (F)
 YESTERDAY
  MAXIMUM         61    338 PM  78    1909  51     10       69
  MINIMUM         36    724 AM   0    1933  29      7       42
  AVERAGE         49                        40      9       56

PRECIPITATION (IN)
  YESTERDAY        0.00          0.76 1980   0.06  -0.06     0.00
  MONTH TO DATE    0.11                      0.38  -0.27     0.11
  SINCE DEC 1      9.32                      4.53   4.79     2.83
  SINCE JAN 1      0.72                      2.04  -1.32     0.86

SNOWFALL (IN)
  YESTERDAY        0.0                                       0.0
  MONTH TO DATE    0.0                                        T
  SINCE DEC 1      3.0                                       2.0
  SINCE JUL 1      3.0                                       2.4

DEGREE DAYS
 HEATING
  YESTERDAY       16                        25     -9        9
  MONTH TO DATE  144                       178    -34      190
  SINCE DEC 1   1531                      1815   -284     1699
  SINCE JUL 1   2006                      2451   -445     2400
..................................................................


WIND (MPH)
  HIGHEST WIND SPEED    22   HIGHEST WIND DIRECTION    NW (310)
  HIGHEST GUST SPEED    29   HIGHEST GUST DIRECTION    NW (310)
  AVERAGE WIND SPEED    11.0


SKY COVER
  POSSIBLE SUNSHINE  MM
  AVERAGE SKY COVER 0.5


WEATHER CONDITIONS
 THE FOLLOWING WEATHER WAS RECORDED YESTERDAY.
  NO SIGNIFICANT WEATHER WAS OBSERVED.


RELATIVE HUMIDITY (PERCENT)
 HIGHEST    76           800 AM
 LOWEST     26           400 PM
 AVERAGE    51

..........................................................


THE TULSA OKLAHOMA CLIMATE NORMALS FOR TODAY
                         NORMAL    RECORD    YEAR
 MAXIMUM TEMPERATURE (F)   51        79      2015
 MINIMUM TEMPERATURE (F)   30        -5      1933


SUNRISE AND SUNSET
FEBRUARY  8 2016......SUNRISE   719 AM CST   SUNSET   557 PM CST
FEBRUARY  9 2016......SUNRISE   718 AM CST   SUNSET   558 PM CST


-  INDICATES NEGATIVE NUMBERS.
R  INDICATES RECORD WAS SET OR TIED.
MM INDICATES DATA IS MISSING.
T  INDICATES TRACE AMOUNT.




$$

&&
...........................................................

THE TULSA PRECIPITATION NORMALS FOR TODAY
                       NORMAL    RECORD      YEAR
  TODAY                 0.06      1.32       1944
  MONTH TO DATE         0.44
  YEAR TO DATE          2.10
...........................................................
ALL DATA MEASURED AT THE TULSA INTERNATIONAL AIRPORT...
EXCEPT SNOWFALL...WHICH IS MEASURED AT THE NWS OFFICE.
