007
CDUS44 KTSA 062233
CLITUL

CLIMATE REPORT
NATIONAL WEATHER SERVICE TULSA OK
427 PM CST TUE DEC 6 2016


...................................

...THE TULSA OKLAHOMA CLIMATE SUMMARY FOR DECEMBER 6 2016...
VALID TODAY AS OF 0400 PM LOCAL TIME.

CLIMATE NORMAL PERIOD 1981 TO 2010
CLIMATE RECORD PERIOD 1882 TO 2016


WEATHER ITEM   OBSERVED TIME   RECORD YEAR NORMAL DEPARTURE LAST
                VALUE   (LST)  VALUE       VALUE  FROM      YEAR
                                                  NORMAL
..................................................................
TEMPERATURE (F)
 TODAY
  MAXIMUM         47    259 PM  77    1966  52     -5       63
                                      1939
  MINIMUM         39    912 AM   3    1950  32      7       40
  AVERAGE         43                        42      1       52

PRECIPITATION (IN)
  TODAY            T             1.65 1935   0.09  -0.09     0.00
  MONTH TO DATE    0.18                      0.52  -0.34     0.00
  SINCE DEC 1      0.18                      0.52  -0.34     0.00
  SINCE JAN 1     27.93                     39.00 -11.07    53.19

SNOWFALL (IN)
  TODAY            0.0                                       0.0
  MONTH TO DATE    0.0                                       0.0
  SINCE DEC 1      0.0                                       0.0
  SINCE JUL 1      0.0                                        T

DEGREE DAYS
 HEATING
  TODAY           22                        24     -2       13
  MONTH TO DATE  122                       137    -15      123
  SINCE DEC 1    122                       137    -15      123
  SINCE JUL 1    461                       773   -312      598
..................................................................


WIND (MPH)
  HIGHEST WIND SPEED    23   HIGHEST WIND DIRECTION     N (350)
  HIGHEST GUST SPEED    30   HIGHEST GUST DIRECTION     N (340)
  AVERAGE WIND SPEED     8.9


SKY COVER
  POSSIBLE SUNSHINE  MM
  AVERAGE SKY COVER 0.9


WEATHER CONDITIONS
 THE FOLLOWING WEATHER WAS RECORDED TODAY.
  LIGHT RAIN


RELATIVE HUMIDITY (PERCENT)
 HIGHEST    92          1200 AM
 LOWEST     37           300 PM
 AVERAGE    65

..........................................................


THE TULSA OKLAHOMA CLIMATE NORMALS FOR TOMORROW
                         NORMAL    RECORD    YEAR
 MAXIMUM TEMPERATURE (F)   51        80      1966
 MINIMUM TEMPERATURE (F)   31         4      1950


SUNRISE AND SUNSET
DECEMBER  6 2016......SUNRISE   721 AM CST   SUNSET   509 PM CST
DECEMBER  7 2016......SUNRISE   722 AM CST   SUNSET   509 PM CST


-  INDICATES NEGATIVE NUMBERS.
R  INDICATES RECORD WAS SET OR TIED.
MM INDICATES DATA IS MISSING.
T  INDICATES TRACE AMOUNT.




$$

&&
...........................................................

TULSA RECORD LOW MAX AND HIGH MIN TEMPERATURES FOR TOMORROW
                      RECORD        YEAR
  LOW MAXIMUM           19          1909
  HIGH MINIMUM          55          1916
...........................................................
ALL DATA MEASURED AT THE TULSA INTERNATIONAL AIRPORT...
EXCEPT SNOWFALL...WHICH IS MEASURED AT THE NWS OFFICE.
