000
CDUS44 KTSA 230706
CLITUL

CLIMATE REPORT
NATIONAL WEATHER SERVICE TULSA OK
1247 AM CST THU FEB 23 2017


...................................

...THE TULSA OKLAHOMA CLIMATE SUMMARY FOR FEBRUARY 22 2017...

CLIMATE NORMAL PERIOD 1981 TO 2010
CLIMATE RECORD PERIOD 1882 TO 2017


WEATHER ITEM   OBSERVED TIME   RECORD YEAR NORMAL DEPARTURE LAST
                VALUE   (LST)  VALUE       VALUE  FROM      YEAR
                                                  NORMAL
..................................................................
TEMPERATURE (F)
 YESTERDAY
  MAXIMUM         82    354 PM  90    1996  55     27       60
  MINIMUM         42    514 AM  11    1963  33      9       35
  AVERAGE         62                        44     18       48

PRECIPITATION (IN)
  YESTERDAY        0.00          2.99 1985   0.07  -0.07      T
  MONTH TO DATE    1.18                      1.38  -0.20     0.11
  SINCE DEC 1      5.04                      5.53  -0.49     9.32
  SINCE JAN 1      4.60                      3.04   1.56     0.72

SNOWFALL (IN)
  YESTERDAY        0.0                                       0.0
  MONTH TO DATE    0.0                                       0.0
  SINCE DEC 1      0.7                                       3.0
  SINCE JUL 1      0.7                                       3.0

DEGREE DAYS
 HEATING
  YESTERDAY        3                        21    -18       17
  MONTH TO DATE  318                       520   -202      365
  SINCE DEC 1   1807                      2157   -350     1752
  SINCE JUL 1   2146                      2793   -647     2227
..................................................................


WIND (MPH)
  HIGHEST WIND SPEED    15   HIGHEST WIND DIRECTION     S (170)
  HIGHEST GUST SPEED    21   HIGHEST GUST DIRECTION     S (180)
  AVERAGE WIND SPEED     7.1


SKY COVER
  POSSIBLE SUNSHINE  MM
  AVERAGE SKY COVER 0.4


WEATHER CONDITIONS
 THE FOLLOWING WEATHER WAS RECORDED YESTERDAY.
  NO SIGNIFICANT WEATHER WAS OBSERVED.


RELATIVE HUMIDITY (PERCENT)
 HIGHEST    93           200 AM
 LOWEST     20           400 PM
 AVERAGE    57

..........................................................


THE TULSA OKLAHOMA CLIMATE NORMALS FOR TODAY
                         NORMAL    RECORD    YEAR
 MAXIMUM TEMPERATURE (F)   56        81      1982
 MINIMUM TEMPERATURE (F)   34        10      1910


SUNRISE AND SUNSET
FEBRUARY 23 2017......SUNRISE   701 AM CST   SUNSET   613 PM CST
FEBRUARY 24 2017......SUNRISE   700 AM CST   SUNSET   614 PM CST


-  INDICATES NEGATIVE NUMBERS.
R  INDICATES RECORD WAS SET OR TIED.
MM INDICATES DATA IS MISSING.
T  INDICATES TRACE AMOUNT.




$$

&&
...........................................................

THE TULSA PRECIPITATION NORMALS FOR TODAY
                       NORMAL    RECORD      YEAR
  TODAY                 0.08      1.47       2001
  MONTH TO DATE         1.46
  YEAR TO DATE          3.12
...........................................................
ALL DATA MEASURED AT THE TULSA INTERNATIONAL AIRPORT...
EXCEPT SNOWFALL...WHICH IS MEASURED AT THE NWS OFFICE.
