000
CDUS44 KTSA 281512
CLITUL

CLIMATE REPORT
NATIONAL WEATHER SERVICE TULSA OK
912 AM CST FRI NOV 28 2014


...................................

...THE TULSA OKLAHOMA CLIMATE SUMMARY FOR NOVEMBER 28 2014...
VALID AS OF 0900 AM LOCAL TIME.

CLIMATE NORMAL PERIOD 1981 TO 2010
CLIMATE RECORD PERIOD 1882 TO 2014


WEATHER ITEM   OBSERVED TIME   RECORD YEAR NORMAL DEPARTURE LAST
                VALUE   (LST)  VALUE       VALUE  FROM      YEAR
                                                  NORMAL
..................................................................
TEMPERATURE (F)
 TODAY
  MAXIMUM         43    759 AM  81    1949  55    -12       57
  MINIMUM         39   1221 AM  13    1976  34      5       29
  AVERAGE         41                        44     -3       43

PRECIPITATION (IN)
  TODAY            0.00          2.60 1908   0.08  -0.08     0.00
  MONTH TO DATE    2.10                      2.64  -0.54     1.91
  SINCE SEP 1      9.11                     10.83  -1.72     7.93
  SINCE JAN 1     27.63                     38.31 -10.68    31.31

SNOWFALL (IN)
  TODAY            0.0                                       0.0
  MONTH TO DATE    0.4                                       0.0
  SINCE SEP 1      0.4                                       0.0
  SINCE JUL 1      0.4                                       0.0

DEGREE DAYS
 HEATING
  TODAY           24                        21      3       22
  MONTH TO DATE  591                       408    183      480
  SINCE SEP 1    700                       594    106      663
  SINCE JUL 1    701                       594    107      663
..................................................................


WIND (MPH)
  HIGHEST WIND SPEED    23   HIGHEST WIND DIRECTION     S (170)
  HIGHEST GUST SPEED    29   HIGHEST GUST DIRECTION     S (170)
  AVERAGE WIND SPEED    15.2


SKY COVER
  POSSIBLE SUNSHINE  MM
  AVERAGE SKY COVER 0.1


WEATHER CONDITIONS
 THE FOLLOWING WEATHER WAS RECORDED TODAY.
  NO SIGNIFICANT WEATHER WAS OBSERVED.


RELATIVE HUMIDITY (PERCENT)
 HIGHEST    60           600 AM
 LOWEST     49           900 AM
 AVERAGE    55

..........................................................


THE TULSA OKLAHOMA CLIMATE NORMALS FOR TOMORROW
                         NORMAL    RECORD    YEAR
 MAXIMUM TEMPERATURE (F)   54        82      1927
 MINIMUM TEMPERATURE (F)   34        10      1976


SUNRISE AND SUNSET
NOVEMBER 28 2014......SUNRISE   713 AM CST   SUNSET   510 PM CST
NOVEMBER 29 2014......SUNRISE   714 AM CST   SUNSET   509 PM CST


-  INDICATES NEGATIVE NUMBERS.
R  INDICATES RECORD WAS SET OR TIED.
MM INDICATES DATA IS MISSING.
T  INDICATES TRACE AMOUNT.




$$

&&
...........................................................

HOURLY TEMPERATURE DATA
 YESTERDAY
11AM NOON  1PM  2PM  3PM  4PM  5PM  6PM  7PM  8PM  9PM 10PM 11PM
  37   39   42   45   47   47   45   41   40   39   42   41   40

 TODAY
 MID  1AM  2AM  3AM  4AM  5AM  6AM  7AM  8AM  9AM
  40   40   41   41   41   42   41   42   42   46
...........................................................
ALL DATA MEASURED AT THE TULSA INTERNATIONAL AIRPORT...
EXCEPT SNOWFALL...WHICH IS MEASURED AT THE NWS OFFICE.
