053
CDUS44 KTSA 061413
CLITUL

CLIMATE REPORT
NATIONAL WEATHER SERVICE TULSA OK
912 AM CDT FRI MAY 6 2016


...................................

...THE TULSA OKLAHOMA CLIMATE SUMMARY FOR MAY 6 2016...
VALID AS OF 0900 AM LOCAL TIME.

CLIMATE NORMAL PERIOD 1981 TO 2010
CLIMATE RECORD PERIOD 1882 TO 2016


WEATHER ITEM   OBSERVED TIME   RECORD YEAR NORMAL DEPARTURE LAST
                VALUE   (LST)  VALUE       VALUE  FROM      YEAR
                                                  NORMAL
..................................................................
TEMPERATURE (F)
 TODAY
  MAXIMUM         65    759 AM  93    2003  77    -12       79
  MINIMUM         49    513 AM  36    1944  56     -7       60
  AVERAGE         57                        67    -10       70

PRECIPITATION (IN)
  TODAY            0.00          3.15 1899   0.19  -0.19     0.99
  MONTH TO DATE    T                         1.11  -1.11     1.13
  SINCE MAR 1      8.75                      8.19   0.56     8.94
  SINCE JAN 1      9.95                     11.70  -1.75    11.26

DEGREE DAYS
 COOLING
  TODAY            0                         4     -4        5
  MONTH TO DATE    1                        19    -18       28
  SINCE MAR 1     49                        83    -34      102
  SINCE JAN 1     55                        84    -29      102
..................................................................


WIND (MPH)
  HIGHEST WIND SPEED     6   HIGHEST WIND DIRECTION     S (160)
  HIGHEST GUST SPEED     7   HIGHEST GUST DIRECTION     S (180)
  AVERAGE WIND SPEED     0.5


SKY COVER
  POSSIBLE SUNSHINE  MM
  AVERAGE SKY COVER 0.3


WEATHER CONDITIONS
 THE FOLLOWING WEATHER WAS RECORDED TODAY.
  NO SIGNIFICANT WEATHER WAS OBSERVED.


RELATIVE HUMIDITY (PERCENT)
 HIGHEST    96           400 AM
 LOWEST     63           800 AM
 AVERAGE    80

..........................................................


THE TULSA OKLAHOMA CLIMATE NORMALS FOR TOMORROW
                         NORMAL    RECORD    YEAR
 MAXIMUM TEMPERATURE (F)   77        93      1918
 MINIMUM TEMPERATURE (F)   56        40      1931


SUNRISE AND SUNSET
MAY  6 2016...........SUNRISE   625 AM CDT   SUNSET   816 PM CDT
MAY  7 2016...........SUNRISE   624 AM CDT   SUNSET   817 PM CDT


-  INDICATES NEGATIVE NUMBERS.
R  INDICATES RECORD WAS SET OR TIED.
MM INDICATES DATA IS MISSING.
T  INDICATES TRACE AMOUNT.




$$

&&
ALL DATA MEASURED AT THE TULSA INTERNATIONAL AIRPORT...
EXCEPT SNOWFALL...WHICH IS MEASURED AT THE NWS OFFICE.
