000
CDUS44 KTSA 120714
CLITUL

CLIMATE REPORT
NATIONAL WEATHER SERVICE TULSA OK
147 AM CDT SAT JUL 12 2014


...................................

...THE TULSA OKLAHOMA CLIMATE SUMMARY FOR JULY 11 2014...

CLIMATE NORMAL PERIOD 1981 TO 2010
CLIMATE RECORD PERIOD 1882 TO 2014


WEATHER ITEM   OBSERVED TIME   RECORD YEAR NORMAL DEPARTURE LAST
                VALUE   (LST)  VALUE       VALUE  FROM      YEAR
                                                  NORMAL
..................................................................
TEMPERATURE (F)
 YESTERDAY
  MAXIMUM         93    445 PM 107    1954  93      0      102
  MINIMUM         68    534 AM  59    1905  73     -5       76
  AVERAGE         81                        83     -2       89

PRECIPITATION (IN)
  YESTERDAY        0.00          2.30 1963   0.11  -0.11     0.00
  MONTH TO DATE    1.98                      1.32   0.66      T
  SINCE JUN 1      6.65                      6.04   0.61     1.69
  SINCE JAN 1     15.10                     22.54  -7.44    15.57

DEGREE DAYS
 COOLING
  YESTERDAY       16                        18     -2       24
  MONTH TO DATE  158                       188    -30      177
  SINCE JUN 1    561                       567     -6      608
  SINCE JAN 1    832                       801     31      800
..................................................................


WIND (MPH)
  HIGHEST WIND SPEED    18   HIGHEST WIND DIRECTION     S (170)
  HIGHEST GUST SPEED    23   HIGHEST GUST DIRECTION     S (200)
  AVERAGE WIND SPEED    10.2


SKY COVER
  POSSIBLE SUNSHINE  MM
  AVERAGE SKY COVER 0.1


WEATHER CONDITIONS
 THE FOLLOWING WEATHER WAS RECORDED YESTERDAY.
  NO SIGNIFICANT WEATHER WAS OBSERVED.


RELATIVE HUMIDITY (PERCENT)
 HIGHEST   100           100 AM
 LOWEST     41           400 PM
 AVERAGE    71

..........................................................


THE TULSA OKLAHOMA CLIMATE NORMALS FOR TODAY
                         NORMAL    RECORD    YEAR
 MAXIMUM TEMPERATURE (F)   93       109      1954
 MINIMUM TEMPERATURE (F)   73        59      1975
                                             1953


SUNRISE AND SUNSET
JULY 12 2014..........SUNRISE   616 AM CDT   SUNSET   842 PM CDT
JULY 13 2014..........SUNRISE   617 AM CDT   SUNSET   842 PM CDT


-  INDICATES NEGATIVE NUMBERS.
R  INDICATES RECORD WAS SET OR TIED.
MM INDICATES DATA IS MISSING.
T  INDICATES TRACE AMOUNT.




$$

&&
...........................................................

THE TULSA PRECIPITATION NORMALS FOR TODAY
                       NORMAL    RECORD      YEAR
  TODAY                 0.12      1.61       1998
  MONTH TO DATE         1.44
  YEAR TO DATE         22.66
...........................................................
ALL DATA MEASURED AT THE TULSA INTERNATIONAL AIRPORT...
EXCEPT SNOWFALL...WHICH IS MEASURED AT THE NWS OFFICE.
