000
CDUS44 KTSA 262139
CLITUL

CLIMATE REPORT
NATIONAL WEATHER SERVICE TULSA OK
439 PM CDT SUN MAR 26 2017


...................................

...THE TULSA OKLAHOMA CLIMATE SUMMARY FOR MARCH 26 2017...
VALID TODAY AS OF 0400 PM LOCAL TIME.

CLIMATE NORMAL PERIOD 1981 TO 2010
CLIMATE RECORD PERIOD 1882 TO 2017


WEATHER ITEM   OBSERVED TIME   RECORD YEAR NORMAL DEPARTURE LAST
                VALUE   (LST)  VALUE       VALUE  FROM      YEAR
                                                  NORMAL
..................................................................
TEMPERATURE (F)
 TODAY
  MAXIMUM         69    152 PM  87    1918  66      3       74
  MINIMUM         38    643 AM  14    1955  43     -5       47
  AVERAGE         54                        54      0       61

PRECIPITATION (IN)
  TODAY            0.00          2.48 1922   0.11  -0.11      T
  MONTH TO DATE    1.29                      2.71  -1.42     2.04
  SINCE MAR 1      1.29                      2.71  -1.42     2.04
  SINCE JAN 1      5.89                      6.22  -0.33     3.24

SNOWFALL (IN)
  TODAY            0.0                                       0.0
  MONTH TO DATE    0.0                                       0.0
  SINCE MAR 1      0.0                                       0.0
  SINCE JUL 1      0.7                                       3.0

DEGREE DAYS
 HEATING
  TODAY           11                        11      0        4
  MONTH TO DATE  255                       385   -130      227
  SINCE MAR 1    255                       385   -130      227
  SINCE JUL 1   2476                      3296   -820     2559

 COOLING
  TODAY            0                         1     -1        0
  MONTH TO DATE   40                         5     35        3
  SINCE MAR 1     40                         5     35        3
  SINCE JAN 1     56                         6     50        9
..................................................................


WIND (MPH)
  HIGHEST WIND SPEED    15   HIGHEST WIND DIRECTION     E (110)
  HIGHEST GUST SPEED    22   HIGHEST GUST DIRECTION    SE (120)
  AVERAGE WIND SPEED     4.9


SKY COVER
  POSSIBLE SUNSHINE  MM
  AVERAGE SKY COVER 0.6


WEATHER CONDITIONS
 THE FOLLOWING WEATHER WAS RECORDED TODAY.
  FOG


RELATIVE HUMIDITY (PERCENT)
 HIGHEST   100           300 AM
 LOWEST     53           200 PM
 AVERAGE    77

..........................................................


THE TULSA OKLAHOMA CLIMATE NORMALS FOR TOMORROW
                         NORMAL    RECORD    YEAR
 MAXIMUM TEMPERATURE (F)   66        88      1956
                                             1910
 MINIMUM TEMPERATURE (F)   43        13      1913


SUNRISE AND SUNSET
MARCH 26 2017.........SUNRISE   718 AM CDT   SUNSET   741 PM CDT
MARCH 27 2017.........SUNRISE   717 AM CDT   SUNSET   742 PM CDT


-  INDICATES NEGATIVE NUMBERS.
R  INDICATES RECORD WAS SET OR TIED.
MM INDICATES DATA IS MISSING.
T  INDICATES TRACE AMOUNT.




$$

&&
...........................................................

TULSA RECORD LOW MAX AND HIGH MIN TEMPERATURES FOR TOMORROW
                      RECORD        YEAR
  LOW MAXIMUM           36          1913
  HIGH MINIMUM          69          1907
...........................................................
ALL DATA MEASURED AT THE TULSA INTERNATIONAL AIRPORT...
EXCEPT SNOWFALL...WHICH IS MEASURED AT THE NWS OFFICE.
