000
CDUS44 KTSA 232133
CLITUL

CLIMATE REPORT
NATIONAL WEATHER SERVICE TULSA OK
418 PM CDT TUE MAY 23 2017


...................................

...THE TULSA OKLAHOMA CLIMATE SUMMARY FOR MAY 23 2017...
VALID TODAY AS OF 0400 PM LOCAL TIME.

CLIMATE NORMAL PERIOD 1981 TO 2010
CLIMATE RECORD PERIOD 1882 TO 2017


WEATHER ITEM   OBSERVED TIME   RECORD YEAR NORMAL DEPARTURE LAST
                VALUE   (LST)  VALUE       VALUE  FROM      YEAR
                                                  NORMAL
..................................................................
TEMPERATURE (F)
 TODAY
  MAXIMUM         70    259 PM  94    2000  81    -11       73
  MINIMUM         58    541 AM  41    1917  61     -3       63
  AVERAGE         64                        71     -7       68

PRECIPITATION (IN)
  TODAY            T             3.36 2015   0.20  -0.20     0.47
  MONTH TO DATE    5.88                      4.40   1.48     2.25
  SINCE MAR 1     18.09                     11.48   6.61    11.00
  SINCE JAN 1     22.69                     14.99   7.70    12.20

DEGREE DAYS
 COOLING
  TODAY            0                         7     -7        3
  MONTH TO DATE   96                       107    -11       68
  SINCE MAR 1    200                       171     29      116
  SINCE JAN 1    216                       172     44      122
..................................................................


WIND (MPH)
  HIGHEST WIND SPEED    21   HIGHEST WIND DIRECTION     N (340)
  HIGHEST GUST SPEED    24   HIGHEST GUST DIRECTION     N (350)
  AVERAGE WIND SPEED     9.5


SKY COVER
  POSSIBLE SUNSHINE  MM
  AVERAGE SKY COVER 0.9


WEATHER CONDITIONS
 THE FOLLOWING WEATHER WAS RECORDED TODAY.
  NO SIGNIFICANT WEATHER WAS OBSERVED.


RELATIVE HUMIDITY (PERCENT)
 HIGHEST    97           300 AM
 LOWEST     51           300 PM
 AVERAGE    74

..........................................................


THE TULSA OKLAHOMA CLIMATE NORMALS FOR TOMORROW
                         NORMAL    RECORD    YEAR
 MAXIMUM TEMPERATURE (F)   81        94      1911
 MINIMUM TEMPERATURE (F)   62        42      1935


SUNRISE AND SUNSET
MAY 23 2017...........SUNRISE   612 AM CDT   SUNSET   829 PM CDT
MAY 24 2017...........SUNRISE   611 AM CDT   SUNSET   830 PM CDT


-  INDICATES NEGATIVE NUMBERS.
R  INDICATES RECORD WAS SET OR TIED.
MM INDICATES DATA IS MISSING.
T  INDICATES TRACE AMOUNT.




$$

&&
...........................................................

TULSA RECORD LOW MAX AND HIGH MIN TEMPERATURES FOR TOMORROW
                      RECORD        YEAR
  LOW MAXIMUM           63          1956
  HIGH MINIMUM          75          *1996
...........................................................
ALL DATA MEASURED AT THE TULSA INTERNATIONAL AIRPORT...
EXCEPT SNOWFALL...WHICH IS MEASURED AT THE NWS OFFICE.
