000
CDUS44 KTSA 242145
CLITUL

CLIMATE REPORT
NATIONAL WEATHER SERVICE TULSA OK
418 PM CDT MON APR 24 2017


...................................

...THE TULSA OKLAHOMA CLIMATE SUMMARY FOR APRIL 24 2017...
VALID TODAY AS OF 0400 PM LOCAL TIME.

CLIMATE NORMAL PERIOD 1981 TO 2010
CLIMATE RECORD PERIOD 1882 TO 2017


WEATHER ITEM   OBSERVED TIME   RECORD YEAR NORMAL DEPARTURE LAST
                VALUE   (LST)  VALUE       VALUE  FROM      YEAR
                                                  NORMAL
..................................................................
TEMPERATURE (F)
 TODAY
  MAXIMUM         76    259 PM  91    1975  74      2       81
  MINIMUM         42    538 AM  32    2013  52    -10       62
  AVERAGE         59                        63     -4       72

PRECIPITATION (IN)
  TODAY            0.00          2.88 2011   0.15  -0.15     0.00
  MONTH TO DATE    6.15                      2.85   3.30     4.43
  SINCE MAR 1      7.92                      6.14   1.78     7.29
  SINCE JAN 1     12.52                      9.65   2.87     8.49

SNOWFALL (IN)
  TODAY            0.0                                       0.0
  MONTH TO DATE    T                                         0.0
  SINCE MAR 1      T                                         0.0
  SINCE JUL 1      0.7                                       3.0

DEGREE DAYS
 HEATING
  TODAY            6                         4      2        0
  MONTH TO DATE   83                       166    -83       77
  SINCE MAR 1    377                       604   -227      344
  SINCE JUL 1   2598                      3515   -917     2676

 COOLING
  TODAY            0                         2     -2        7
  MONTH TO DATE   56                        37     19       22
  SINCE MAR 1     96                        48     48       31
  SINCE JAN 1    112                        49     63       37
..................................................................


WIND (MPH)
  HIGHEST WIND SPEED    28   HIGHEST WIND DIRECTION     S (180)
  HIGHEST GUST SPEED    35   HIGHEST GUST DIRECTION     S (180)
  AVERAGE WIND SPEED    11.0


SKY COVER
  POSSIBLE SUNSHINE  MM
  AVERAGE SKY COVER 0.1


WEATHER CONDITIONS
 THE FOLLOWING WEATHER WAS RECORDED TODAY.
  NO SIGNIFICANT WEATHER WAS OBSERVED.


RELATIVE HUMIDITY (PERCENT)
 HIGHEST    92           200 AM
 LOWEST     31           300 PM
 AVERAGE    62

..........................................................


THE TULSA OKLAHOMA CLIMATE NORMALS FOR TOMORROW
                         NORMAL    RECORD    YEAR
 MAXIMUM TEMPERATURE (F)   75        89      1939
                                             1936
 MINIMUM TEMPERATURE (F)   53        34      2013


SUNRISE AND SUNSET
APRIL 24 2017.........SUNRISE   638 AM CDT   SUNSET   805 PM CDT
APRIL 25 2017.........SUNRISE   637 AM CDT   SUNSET   806 PM CDT


-  INDICATES NEGATIVE NUMBERS.
R  INDICATES RECORD WAS SET OR TIED.
MM INDICATES DATA IS MISSING.
T  INDICATES TRACE AMOUNT.




$$

&&
...........................................................

TULSA RECORD LOW MAX AND HIGH MIN TEMPERATURES FOR TOMORROW
                      RECORD        YEAR
  LOW MAXIMUM           49          1907
  HIGH MINIMUM          68          *1989
...........................................................
ALL DATA MEASURED AT THE TULSA INTERNATIONAL AIRPORT...
EXCEPT SNOWFALL...WHICH IS MEASURED AT THE NWS OFFICE.
