000
CDUS44 KTSA 260648
CLITUL

CLIMATE REPORT
NATIONAL WEATHER SERVICE TULSA OK
147 AM CDT SUN OCT 26 2014


...................................

...THE TULSA OKLAHOMA CLIMATE SUMMARY FOR OCTOBER 25 2014...

CLIMATE NORMAL PERIOD 1981 TO 2010
CLIMATE RECORD PERIOD 1882 TO 2014


WEATHER ITEM   OBSERVED TIME   RECORD YEAR NORMAL DEPARTURE LAST
                VALUE   (LST)  VALUE       VALUE  FROM      YEAR
                                                  NORMAL
..................................................................
TEMPERATURE (F)
 YESTERDAY
  MAXIMUM         87    430 PM  91    1939  70     17       59
  MINIMUM         59    646 AM  31    2005  48     11       34
                                      1925
  AVERAGE         73                        59     14       47

PRECIPITATION (IN)
  YESTERDAY        0.00          1.53 1932   0.13  -0.13     0.00
  MONTH TO DATE    4.72                      3.19   1.53     2.38
  SINCE SEP 1      6.91                      7.45  -0.54     4.88
  SINCE JAN 1     25.43                     34.93  -9.50    28.26

SNOWFALL (IN)
  YESTERDAY        0.0                                       0.0
  MONTH TO DATE    0.0                                       0.0
  SINCE SEP 1      0.0                                       0.0
  SINCE JUL 1      0.0                                       0.0

DEGREE DAYS
 HEATING
  YESTERDAY        0                         7     -7       18
  MONTH TO DATE   62                       114    -52      155
  SINCE SEP 1     74                       138    -64      156
  SINCE JUL 1     75                       138    -63      156

 COOLING
  YESTERDAY        8                         1      7        0
  MONTH TO DATE   94                        56     38       66
  SINCE SEP 1    375                       320     55      414
  SINCE JAN 1   2028                      2021      7     2043
..................................................................


WIND (MPH)
  HIGHEST WIND SPEED    13   HIGHEST WIND DIRECTION     S (160)
  HIGHEST GUST SPEED    16   HIGHEST GUST DIRECTION     S (170)
  AVERAGE WIND SPEED     6.6


SKY COVER
  POSSIBLE SUNSHINE  MM
  AVERAGE SKY COVER 0.0


WEATHER CONDITIONS
 THE FOLLOWING WEATHER WAS RECORDED YESTERDAY.
  FOG


RELATIVE HUMIDITY (PERCENT)
 HIGHEST    97           600 AM
 LOWEST     43           300 PM
 AVERAGE    70

..........................................................


THE TULSA OKLAHOMA CLIMATE NORMALS FOR TODAY
                         NORMAL    RECORD    YEAR
 MAXIMUM TEMPERATURE (F)   70        90      1950
 MINIMUM TEMPERATURE (F)   48        27      1957


SUNRISE AND SUNSET
OCTOBER 26 2014.......SUNRISE   741 AM CDT   SUNSET   634 PM CDT
OCTOBER 27 2014.......SUNRISE   742 AM CDT   SUNSET   633 PM CDT


-  INDICATES NEGATIVE NUMBERS.
R  INDICATES RECORD WAS SET OR TIED.
MM INDICATES DATA IS MISSING.
T  INDICATES TRACE AMOUNT.




$$

&&
...........................................................

THE TULSA PRECIPITATION NORMALS FOR TODAY
                       NORMAL    RECORD      YEAR
  TODAY                 0.12      2.48       1919
  MONTH TO DATE         3.31
  YEAR TO DATE         35.05
...........................................................
ALL DATA MEASURED AT THE TULSA INTERNATIONAL AIRPORT...
EXCEPT SNOWFALL...WHICH IS MEASURED AT THE NWS OFFICE.
