000
CDUS44 KTSA 030721
CLITUL

CLIMATE REPORT
NATIONAL WEATHER SERVICE TULSA OK
147 AM CDT MON AUG 3 2015


...................................

...THE TULSA OKLAHOMA CLIMATE SUMMARY FOR AUGUST 2 2015...

CLIMATE NORMAL PERIOD 1981 TO 2010
CLIMATE RECORD PERIOD 1882 TO 2015


WEATHER ITEM   OBSERVED TIME   RECORD YEAR NORMAL DEPARTURE LAST
                VALUE   (LST)  VALUE       VALUE  FROM      YEAR
                                                  NORMAL
..................................................................
TEMPERATURE (F)
 YESTERDAY
  MAXIMUM         94    125 PM 112    2012  94      0       89
                                      2011
  MINIMUM         72    601 AM  57    1971  73     -1       65
  AVERAGE         83                        84     -1       77

PRECIPITATION (IN)
  YESTERDAY        0.00          1.55 1917   0.09  -0.09     0.00
  MONTH TO DATE    0.00                      0.18  -0.18     0.00
  SINCE JUN 1     11.49                      8.26   3.23     9.09
  SINCE JAN 1     36.39                     24.76  11.63    17.54

DEGREE DAYS
 COOLING
  YESTERDAY       18                        19     -1       12
  MONTH TO DATE   36                        38     -2       23
  SINCE JUN 1   1119                       972    147      844
  SINCE JAN 1   1324                      1206    118     1115
..................................................................


WIND (MPH)
  HIGHEST WIND SPEED    18   HIGHEST WIND DIRECTION     S (200)
  HIGHEST GUST SPEED    24   HIGHEST GUST DIRECTION     S (190)
  AVERAGE WIND SPEED     7.0


SKY COVER
  POSSIBLE SUNSHINE  MM
  AVERAGE SKY COVER 0.6


WEATHER CONDITIONS
 THE FOLLOWING WEATHER WAS RECORDED YESTERDAY.
  NO SIGNIFICANT WEATHER WAS OBSERVED.


RELATIVE HUMIDITY (PERCENT)
 HIGHEST    82          1100 PM
 LOWEST     36          1200 PM
 AVERAGE    59

..........................................................


THE TULSA OKLAHOMA CLIMATE NORMALS FOR TODAY
                         NORMAL    RECORD    YEAR
 MAXIMUM TEMPERATURE (F)   94       113      2011
 MINIMUM TEMPERATURE (F)   73        57      1976


SUNRISE AND SUNSET
AUGUST  3 2015........SUNRISE   632 AM CDT   SUNSET   827 PM CDT
AUGUST  4 2015........SUNRISE   633 AM CDT   SUNSET   826 PM CDT


-  INDICATES NEGATIVE NUMBERS.
R  INDICATES RECORD WAS SET OR TIED.
MM INDICATES DATA IS MISSING.
T  INDICATES TRACE AMOUNT.




$$

&&
...........................................................

THE TULSA PRECIPITATION NORMALS FOR TODAY
                       NORMAL    RECORD      YEAR
  TODAY                 0.09      1.82       1911
  MONTH TO DATE         0.27
  YEAR TO DATE         24.85
...........................................................
ALL DATA MEASURED AT THE TULSA INTERNATIONAL AIRPORT...
EXCEPT SNOWFALL...WHICH IS MEASURED AT THE NWS OFFICE.
