840
CDUS44 KMEG 260734
CLITUP


CLIMATE REPORT
NATIONAL WEATHER SERVICE MEMPHIS TN
133 AM CST SUN FEB 26 2017


...................................

...THE TUPELO CLIMATE SUMMARY FOR FEBRUARY 25 2017...

CLIMATE NORMAL PERIOD 1981 TO 2010
CLIMATE RECORD PERIOD 1930 TO 2017


WEATHER ITEM   OBSERVED TIME   RECORD YEAR NORMAL DEPARTURE LAST
                VALUE   (LST)  VALUE       VALUE  FROM      YEAR
                                                  NORMAL
..................................................................
TEMPERATURE (F)
 YESTERDAY
  MAXIMUM         61   1212 AM  83    1977  60      1       51
  MINIMUM         34   1159 PM  14    1967  38     -4       35
  AVERAGE         48                        49     -1       43

PRECIPITATION (IN)
  YESTERDAY        0.00          2.50 1934   0.19  -0.19     0.00
  MONTH TO DATE    1.67                      4.40  -2.73     3.33
  SINCE DEC 1     12.34                     15.16  -2.82    14.53
  SINCE JAN 1      7.44                      8.88  -1.44     7.17

SNOWFALL (IN)
  YESTERDAY        0.0           T    1991   0.1   -0.1      0.0
  MONTH TO DATE    0.0                       0.6   -0.6      0.0
  SINCE DEC 1      T                         1.8   -1.8       T
  SINCE JUL 1      T                         1.8   -1.8       T
  SNOW DEPTH       0

DEGREE DAYS
 HEATING
  YESTERDAY       17                        16      1       22
  MONTH TO DATE  272                       487   -215      434
  SINCE DEC 1   1291                      1861   -570     1542
  SINCE JUL 1   1585                      2383   -798     1883

 COOLING
  YESTERDAY        0                         0      0        0
  MONTH TO DATE    3                         0      3        0
  SINCE DEC 1     18                         3     15       27
  SINCE JAN 1     11                         1     10        0
..................................................................


WIND (MPH)
  HIGHEST WIND SPEED    18   HIGHEST WIND DIRECTION    NW (300)
  HIGHEST GUST SPEED    27   HIGHEST GUST DIRECTION    NW (300)
  AVERAGE WIND SPEED     8.0


SKY COVER
  POSSIBLE SUNSHINE  MM
  AVERAGE SKY COVER 0.1


WEATHER CONDITIONS
 THE FOLLOWING WEATHER WAS RECORDED YESTERDAY.
  HAZE


RELATIVE HUMIDITY (PERCENT)
 HIGHEST    64          1000 PM
 LOWEST     24           300 PM
 AVERAGE    44

..........................................................


THE TUPELO CLIMATE NORMALS FOR TODAY
                         NORMAL    RECORD    YEAR
 MAXIMUM TEMPERATURE (F)   60        81      1962
 MINIMUM TEMPERATURE (F)   38        13      1974


SUNRISE AND SUNSET
FEBRUARY 26 2017......SUNRISE   627 AM CST   SUNSET   549 PM CST
FEBRUARY 27 2017......SUNRISE   626 AM CST   SUNSET   550 PM CST


-  INDICATES NEGATIVE NUMBERS.
R  INDICATES RECORD WAS SET OR TIED.
MM INDICATES DATA IS MISSING.
T  INDICATES TRACE AMOUNT.




$$
