000
CDUS44 KMEG 260639
CLITUP


CLIMATE REPORT
NATIONAL WEATHER SERVICE MEMPHIS TN
138 AM CDT WED JUL 26 2017


...................................

...THE TUPELO CLIMATE SUMMARY FOR JULY 25 2017...

CLIMATE NORMAL PERIOD 1981 TO 2010
CLIMATE RECORD PERIOD 1930 TO 2017


WEATHER ITEM   OBSERVED TIME   RECORD YEAR NORMAL DEPARTURE LAST
                VALUE   (LST)  VALUE       VALUE  FROM      YEAR
                                                  NORMAL
..................................................................
TEMPERATURE (F)
 YESTERDAY
  MAXIMUM         96    152 PM 102    1952  92      4       96
  MINIMUM         73    530 AM  62    2014  71      2       75
                                      2000
  AVERAGE         85                        82      3       86

PRECIPITATION (IN)
  YESTERDAY        T             3.98 1971   0.12  -0.12     0.00
  MONTH TO DATE    1.07                      3.18  -2.11     2.02
  SINCE JUN 1      9.70                      7.70   2.00     8.08
  SINCE JAN 1     31.46                     32.30  -0.84    30.18

SNOWFALL (IN)
  YESTERDAY        0.0          MM      MM   0.0    0.0      0.0
  MONTH TO DATE    0.0                       0.0    0.0      0.0
  SINCE JUN 1      0.0                       0.0    0.0      0.0
  SINCE JUL 1      0.0                       0.0    0.0      0.0
  SNOW DEPTH       0

DEGREE DAYS
 HEATING
  YESTERDAY        0                         0      0        0
  MONTH TO DATE    0                         0      0        0
  SINCE JUN 1      0                         0      0        0
  SINCE JUL 1      0                         0      0        0

 COOLING
  YESTERDAY       20                        17      3       21
  MONTH TO DATE  449                       414     35      465
  SINCE JUN 1    804                       809     -5      948
  SINCE JAN 1   1140                      1086     54     1234
..................................................................


WIND (MPH)
  HIGHEST WIND SPEED    14   HIGHEST WIND DIRECTION    SW (240)
  HIGHEST GUST SPEED    19   HIGHEST GUST DIRECTION    SW (230)
  AVERAGE WIND SPEED     2.2


SKY COVER
  POSSIBLE SUNSHINE  MM
  AVERAGE SKY COVER 0.1


WEATHER CONDITIONS
 THE FOLLOWING WEATHER WAS RECORDED YESTERDAY.
  LIGHT RAIN


RELATIVE HUMIDITY (PERCENT)
 HIGHEST    87          1200 AM
 LOWEST     46           100 PM
 AVERAGE    67

..........................................................


THE TUPELO CLIMATE NORMALS FOR TODAY
                         NORMAL    RECORD    YEAR
 MAXIMUM TEMPERATURE (F)   92       103      1952
 MINIMUM TEMPERATURE (F)   71        63      2003


SUNRISE AND SUNSET
JULY 26 2017..........SUNRISE   602 AM CDT   SUNSET   801 PM CDT
JULY 27 2017..........SUNRISE   603 AM CDT   SUNSET   800 PM CDT


-  INDICATES NEGATIVE NUMBERS.
R  INDICATES RECORD WAS SET OR TIED.
MM INDICATES DATA IS MISSING.
T  INDICATES TRACE AMOUNT.




$$
