000
CDUS44 KMEG 240633
CLITUP


CLIMATE REPORT
NATIONAL WEATHER SERVICE MEMPHIS TN
132 AM CDT SUN SEP 24 2017


...................................

...THE TUPELO CLIMATE SUMMARY FOR SEPTEMBER 23 2017...

CLIMATE NORMAL PERIOD 1981 TO 2010
CLIMATE RECORD PERIOD 1930 TO 2017


WEATHER ITEM   OBSERVED TIME   RECORD YEAR NORMAL DEPARTURE LAST
                VALUE   (LST)  VALUE       VALUE  FROM      YEAR
                                                  NORMAL
..................................................................
TEMPERATURE (F)
 YESTERDAY
  MAXIMUM         91    321 PM  99    1935  83      8       97
  MINIMUM         69    613 AM  40    1983  60      9       67
  AVERAGE         80                        72      8       82

PRECIPITATION (IN)
  YESTERDAY        0.00          1.81 2006   0.12  -0.12     0.00
  MONTH TO DATE    2.28                      2.51  -0.23     0.43
  SINCE SEP 1      2.28                      2.51  -0.23     0.43
  SINCE JAN 1     38.33                     38.98  -0.65    36.28

SNOWFALL (IN)
  YESTERDAY        0.0           0.0  2002   0.0    0.0      0.0
                                      2001
  MONTH TO DATE    0.0                       0.0    0.0      0.0
  SINCE SEP 1      0.0                       0.0    0.0      0.0
  SINCE JUL 1      0.0                       0.0    0.0      0.0
  SNOW DEPTH       0

DEGREE DAYS
 HEATING
  YESTERDAY        0                         1     -1        0
  MONTH TO DATE    5                         3      2        0
  SINCE SEP 1      5                         3      2        0
  SINCE JUL 1      5                         3      2        0

 COOLING
  YESTERDAY       15                         7      8       17
  MONTH TO DATE  201                       244    -43      363
  SINCE SEP 1    201                       244    -43      363
  SINCE JAN 1   1899                      1916    -17     2286
..................................................................


WIND (MPH)
  HIGHEST WIND SPEED    12   HIGHEST WIND DIRECTION    NE (30)
  HIGHEST GUST SPEED    15   HIGHEST GUST DIRECTION    NE (40)
  AVERAGE WIND SPEED     3.2


SKY COVER
  POSSIBLE SUNSHINE  MM
  AVERAGE SKY COVER 0.0


WEATHER CONDITIONS
 THE FOLLOWING WEATHER WAS RECORDED YESTERDAY.
  FOG


RELATIVE HUMIDITY (PERCENT)
 HIGHEST    93           100 AM
 LOWEST     41           300 PM
 AVERAGE    67

..........................................................


THE TUPELO CLIMATE NORMALS FOR TODAY
                         NORMAL    RECORD    YEAR
 MAXIMUM TEMPERATURE (F)   83        98      2016
 MINIMUM TEMPERATURE (F)   59        35      1983


SUNRISE AND SUNSET
SEPTEMBER 24 2017.....SUNRISE   645 AM CDT   SUNSET   649 PM CDT
SEPTEMBER 25 2017.....SUNRISE   645 AM CDT   SUNSET   647 PM CDT


-  INDICATES NEGATIVE NUMBERS.
R  INDICATES RECORD WAS SET OR TIED.
MM INDICATES DATA IS MISSING.
T  INDICATES TRACE AMOUNT.




$$
