000
CDUS44 KMEG 310632
CLITUP


CLIMATE REPORT
NATIONAL WEATHER SERVICE MEMPHIS TN
132 AM CDT SUN AUG 31 2014


...................................

...THE TUPELO CLIMATE SUMMARY FOR AUGUST 30 2014...

CLIMATE NORMAL PERIOD 1981 TO 2010
CLIMATE RECORD PERIOD 1930 TO 2014


WEATHER ITEM   OBSERVED TIME   RECORD YEAR NORMAL DEPARTURE LAST
                VALUE   (LST)  VALUE       VALUE  FROM      YEAR
                                                  NORMAL
..................................................................
TEMPERATURE (F)
 YESTERDAY
  MAXIMUM         87    300 PM 103    2000  90     -3       97
  MINIMUM         72    444 PM  55    1931  68      4       72
  AVERAGE         80                        79      1       85

PRECIPITATION (IN)
  YESTERDAY        0.88          1.36 1938   0.09   0.79     0.00
  MONTH TO DATE    1.36                      3.36  -2.00     3.87
  SINCE JUN 1     15.76                     11.78   3.98     8.85
  SINCE JAN 1     35.93                     36.38  -0.45    37.28

SNOWFALL (IN)
  YESTERDAY        0.0          MM      MM   0.0    0.0      0.0
  MONTH TO DATE    0.0                       0.0    0.0      0.0
  SINCE JUN 1      0.0                       0.0    0.0      0.0
  SINCE JUL 1      0.0                       0.0    0.0      0.0
  SNOW DEPTH       0

DEGREE DAYS
 HEATING
  YESTERDAY        0                         0      0        0
  MONTH TO DATE    0                         0      0        0
  SINCE JUN 1      0                         0      0        0
  SINCE JUL 1      0                         0      0        0

 COOLING
  YESTERDAY       15                        14      1       20
  MONTH TO DATE  474                       474      0      453
  SINCE JUN 1   1259                      1379   -120     1330
  SINCE JAN 1   1533                      1656   -123     1576
..................................................................


WIND (MPH)
  HIGHEST WIND SPEED    21   HIGHEST WIND DIRECTION     S (200)
  HIGHEST GUST SPEED    25   HIGHEST GUST DIRECTION     S (200)
  AVERAGE WIND SPEED     3.9


SKY COVER
  POSSIBLE SUNSHINE  MM
  AVERAGE SKY COVER 0.5


WEATHER CONDITIONS
 THE FOLLOWING WEATHER WAS RECORDED YESTERDAY.
  THUNDERSTORM
  HEAVY RAIN
  RAIN
  LIGHT RAIN
  FOG


RELATIVE HUMIDITY (PERCENT)
 HIGHEST    93           800 PM
 LOWEST     55           200 PM
 AVERAGE    74

..........................................................


THE TUPELO CLIMATE NORMALS FOR TODAY
                         NORMAL    RECORD    YEAR
 MAXIMUM TEMPERATURE (F)   90       104      1951
 MINIMUM TEMPERATURE (F)   68        53      1946


SUNRISE AND SUNSET
AUGUST 31 2014........SUNRISE   628 AM CDT   SUNSET   722 PM CDT
SEPTEMBER  1 2014.....SUNRISE   628 AM CDT   SUNSET   721 PM CDT


-  INDICATES NEGATIVE NUMBERS.
R  INDICATES RECORD WAS SET OR TIED.
MM INDICATES DATA IS MISSING.
T  INDICATES TRACE AMOUNT.




$$
