000
CDUS44 KMEG 200744
CLITUP


CLIMATE REPORT
NATIONAL WEATHER SERVICE MEMPHIS TN
144 AM CST SAT JAN 20 2018


...................................

...THE TUPELO CLIMATE SUMMARY FOR JANUARY 19 2018...

CLIMATE NORMAL PERIOD 1981 TO 2010
CLIMATE RECORD PERIOD 1930 TO 2018


WEATHER ITEM   OBSERVED TIME   RECORD YEAR NORMAL DEPARTURE LAST
                VALUE   (LST)  VALUE       VALUE  FROM      YEAR
                                                  NORMAL
..................................................................
TEMPERATURE (F)
 YESTERDAY
  MAXIMUM         46    242 PM  77    1933  52     -6       64
  MINIMUM         17    710 AM  -3    1977  32    -15       56
  AVERAGE         32                        42    -10       60

PRECIPITATION (IN)
  YESTERDAY        0.00          2.18 2017   0.15  -0.15     2.18
  MONTH TO DATE    2.52                      2.75  -0.23     4.08
  SINCE DEC 1      8.98                      9.03  -0.05     8.98
  SINCE JAN 1      2.52                      2.75  -0.23     4.08

SNOWFALL (IN)
  YESTERDAY        0.0           0.7  1936   0.0    0.0      0.0
  MONTH TO DATE    0.8                       0.6    0.2       T
  SINCE DEC 1      0.8                       0.9   -0.1       T
  SINCE JUL 1      0.8                       0.9   -0.1       T
  SNOW DEPTH       0

DEGREE DAYS
 HEATING
  YESTERDAY       33                        23     10        5
  MONTH TO DATE  611                       451    160      269
  SINCE DEC 1   1272                      1102    170      845
  SINCE JUL 1   1762                      1624    138     1139

 COOLING
  YESTERDAY        0                         0      0        0
  MONTH TO DATE    0                         0      0        8
  SINCE DEC 1      0                         2     -2       15
  SINCE JAN 1      0                         0      0        8
..................................................................


WIND (MPH)
  HIGHEST WIND SPEED    10   HIGHEST WIND DIRECTION    SE (150)
  HIGHEST GUST SPEED    16   HIGHEST GUST DIRECTION    NE (60)
  AVERAGE WIND SPEED     4.6


SKY COVER
  POSSIBLE SUNSHINE  MM
  AVERAGE SKY COVER 0.5


WEATHER CONDITIONS
 THE FOLLOWING WEATHER WAS RECORDED YESTERDAY.
  NO SIGNIFICANT WEATHER WAS OBSERVED.


RELATIVE HUMIDITY (PERCENT)
 HIGHEST    84           100 AM
 LOWEST     28           200 PM
 AVERAGE    56

..........................................................


THE TUPELO CLIMATE NORMALS FOR TODAY
                         NORMAL    RECORD    YEAR
 MAXIMUM TEMPERATURE (F)   52        77      1935
 MINIMUM TEMPERATURE (F)   32        -4      1985


SUNRISE AND SUNSET
JANUARY 20 2018.......SUNRISE   659 AM CST   SUNSET   513 PM CST
JANUARY 21 2018.......SUNRISE   659 AM CST   SUNSET   514 PM CST


-  INDICATES NEGATIVE NUMBERS.
R  INDICATES RECORD WAS SET OR TIED.
MM INDICATES DATA IS MISSING.
T  INDICATES TRACE AMOUNT.




$$
