000
CDUS44 KMEG 082254
CLITUP


CLIMATE REPORT
NATIONAL WEATHER SERVICE MEMPHIS TN
453 PM CST THU DEC 8 2016


...................................

...THE TUPELO CLIMATE SUMMARY FOR DECEMBER 8 2016...
VALID TODAY AS OF 0400 PM LOCAL TIME.

CLIMATE NORMAL PERIOD 1981 TO 2010
CLIMATE RECORD PERIOD 1930 TO 2016


WEATHER ITEM   OBSERVED TIME   RECORD YEAR NORMAL DEPARTURE LAST
                VALUE   (LST)  VALUE       VALUE  FROM      YEAR
                                                  NORMAL
..................................................................
TEMPERATURE (F)
 TODAY
  MAXIMUM         43    228 PM  76    1978  55    -12       65
                                      1966
  MINIMUM         38    928 AM  14    2006  36      2       33
  AVERAGE         41                        46     -5       49

PRECIPITATION (IN)
  TODAY            0.00          2.55 1931   0.22  -0.22     0.00
  MONTH TO DATE    2.52                      1.75   0.77     0.39
  SINCE DEC 1      2.52                      1.75   0.77     0.39
  SINCE JAN 1     43.89                     50.48  -6.59    63.79

SNOWFALL (IN)
  TODAY            0.0

DEGREE DAYS
 HEATING
  TODAY           24                        20      4       16
  MONTH TO DATE  155                       149      6      139
  SINCE DEC 1    155                       149      6      139
  SINCE JUL 1    449                       671   -222      480

 COOLING
  TODAY            0                         0      0        0
  MONTH TO DATE    0                         0      0        0
  SINCE DEC 1      0                         0      0        0
  SINCE JAN 1   2539                      2044    495     2148
..................................................................


WIND (MPH)
  HIGHEST WIND SPEED    18   HIGHEST WIND DIRECTION     N (340)
  HIGHEST GUST SPEED    24   HIGHEST GUST DIRECTION    NW (330)
  AVERAGE WIND SPEED    11.1


SKY COVER
  POSSIBLE SUNSHINE  MM
  AVERAGE SKY COVER 0.4


WEATHER CONDITIONS
 THE FOLLOWING WEATHER WAS RECORDED TODAY.
  NO SIGNIFICANT WEATHER WAS OBSERVED.


RELATIVE HUMIDITY (PERCENT)
 HIGHEST    70          1200 AM
 LOWEST     39           200 PM
 AVERAGE    55

..........................................................


THE TUPELO CLIMATE NORMALS FOR TOMORROW
                         NORMAL    RECORD    YEAR
 MAXIMUM TEMPERATURE (F)   55        78      2007
 MINIMUM TEMPERATURE (F)   35        11      1937


SUNRISE AND SUNSET
DECEMBER  8 2016......SUNRISE   649 AM CST   SUNSET   445 PM CST
DECEMBER  9 2016......SUNRISE   650 AM CST   SUNSET   445 PM CST


-  INDICATES NEGATIVE NUMBERS.
R  INDICATES RECORD WAS SET OR TIED.
MM INDICATES DATA IS MISSING.
T  INDICATES TRACE AMOUNT.




$$
