000
CDUS44 KMEG 230634
CLITUP


CLIMATE REPORT
NATIONAL WEATHER SERVICE MEMPHIS TN
134 AM CDT SAT MAY 23 2015


...................................

...THE TUPELO CLIMATE SUMMARY FOR MAY 22 2015...

CLIMATE NORMAL PERIOD 1981 TO 2010
CLIMATE RECORD PERIOD 1930 TO 2015


WEATHER ITEM   OBSERVED TIME   RECORD YEAR NORMAL DEPARTURE LAST
                VALUE   (LST)  VALUE       VALUE  FROM      YEAR
                                                  NORMAL
..................................................................
TEMPERATURE (F)
 YESTERDAY
  MAXIMUM         76    403 PM  95    1964  83     -7       89
                                      1941
  MINIMUM         45    345 AM  43    2002  61    -16       63
                                      1981
  AVERAGE         61                        72    -11       76

PRECIPITATION (IN)
  YESTERDAY        0.00          2.58 1974   0.16  -0.16     0.00
  MONTH TO DATE    2.68                      4.07  -1.39     2.88
  SINCE MAR 1     16.84                     13.67   3.17    12.56
  SINCE JAN 1     26.00                     23.11   2.89    18.65

SNOWFALL (IN)
  YESTERDAY        0.0          MM      MM   0.0    0.0      0.0
  MONTH TO DATE    0.0                       0.0    0.0      0.0
  SINCE MAR 1      0.1                       0.3   -0.2       T
  SINCE JUL 1      7.4                       2.1    5.3      0.5
  SNOW DEPTH       0

DEGREE DAYS
 HEATING
  YESTERDAY        4                         0      4        0
  MONTH TO DATE   21                        23     -2       30
  SINCE MAR 1    435                       524    -89      635
  SINCE JUL 1   3153                      2955    198     3465

 COOLING
  YESTERDAY        0                         8     -8       11
  MONTH TO DATE  146                       121     25      122
  SINCE MAR 1    222                       195     27      164
  SINCE JAN 1    222                       197     25      164
..................................................................


WIND (MPH)
  HIGHEST WIND SPEED    15   HIGHEST WIND DIRECTION    NE (40)
  HIGHEST GUST SPEED    21   HIGHEST GUST DIRECTION    NE (50)
  AVERAGE WIND SPEED     5.1


SKY COVER
  POSSIBLE SUNSHINE  MM
  AVERAGE SKY COVER 0.0


WEATHER CONDITIONS
 THE FOLLOWING WEATHER WAS RECORDED YESTERDAY.
  FOG


RELATIVE HUMIDITY (PERCENT)
 HIGHEST    93           200 AM
 LOWEST     31           500 PM
 AVERAGE    62

..........................................................


THE TUPELO CLIMATE NORMALS FOR TODAY
                         NORMAL    RECORD    YEAR
 MAXIMUM TEMPERATURE (F)   84        95      1941
 MINIMUM TEMPERATURE (F)   62        45      1963


SUNRISE AND SUNSET
MAY 23 2015...........SUNRISE   548 AM CDT   SUNSET   756 PM CDT
MAY 24 2015...........SUNRISE   548 AM CDT   SUNSET   757 PM CDT


-  INDICATES NEGATIVE NUMBERS.
R  INDICATES RECORD WAS SET OR TIED.
MM INDICATES DATA IS MISSING.
T  INDICATES TRACE AMOUNT.




$$
