000
CDUS45 KTWC 050734
CLITUS

CLIMATE REPORT
NATIONAL WEATHER SERVICE TUCSON AZ
1234 AM MST THU MAR 5 2015

...................................

...THE TUCSON AZ CLIMATE SUMMARY FOR MARCH 4 2015...

CLIMATE NORMAL PERIOD 1981 TO 2010
CLIMATE RECORD PERIOD 1895 TO 2015


WEATHER ITEM   OBSERVED TIME   RECORD YEAR NORMAL DEPARTURE LAST
                VALUE   (LST)  VALUE       VALUE  FROM      YEAR
                                                  NORMAL
..................................................................
TEMPERATURE (F)
 YESTERDAY
  MAXIMUM         63    423 PM  91    1910  71     -8       73
  MINIMUM         47   1159 PM  20    1965  45      2       51
  AVERAGE         55                        58     -3       62

PRECIPITATION (IN)
  YESTERDAY        0.00          0.91 1943   0.02  -0.02     0.00
  MONTH TO DATE    0.34                      0.10   0.24     0.58
  SINCE OCT 1      6.79                      4.29   2.50     3.64
  SINCE JAN 1      3.29                      1.90   1.39     0.59

DEGREE DAYS
 HEATING
  YESTERDAY       10                         7      3        3
  MONTH TO DATE   25                        31     -6       20
  SINCE MAR 1     25                        31     -6       20
  SINCE JUL 1    867                      1298   -431      853

 COOLING
  YESTERDAY        0                         0      0        0
  MONTH TO DATE    0                         0      0        0
  SINCE MAR 1      0                         0      0        0
  SINCE JAN 1      8                         4      4       24
..................................................................


WIND (MPH)
  HIGHEST WIND SPEED    16   HIGHEST WIND DIRECTION    NW (320)
  HIGHEST GUST SPEED    21   HIGHEST GUST DIRECTION     N (350)
  AVERAGE WIND SPEED     6.4


SKY COVER
  POSSIBLE SUNSHINE  MM
  AVERAGE SKY COVER 0.4


WEATHER CONDITIONS
 THE FOLLOWING WEATHER WAS RECORDED YESTERDAY.
  NO SIGNIFICANT WEATHER WAS OBSERVED.


RELATIVE HUMIDITY (PERCENT)
 HIGHEST    76
 LOWEST     27
 AVERAGE    52

..........................................................


THE TUCSON AZ CLIMATE NORMALS FOR TODAY
                         NORMAL    RECORD    YEAR
 MAXIMUM TEMPERATURE (F)   72        96      1910
 MINIMUM TEMPERATURE (F)   45        28      1948
                                             1917


SUNRISE AND SUNSET
MARCH  5 2015.........SUNRISE   647 AM MST   SUNSET   624 PM MST
MARCH  6 2015.........SUNRISE   645 AM MST   SUNSET   625 PM MST


-  INDICATES NEGATIVE NUMBERS.
R  INDICATES RECORD WAS SET OR TIED.
MM INDICATES DATA IS MISSING.
T  INDICATES TRACE AMOUNT.




$$
