000
CDUS45 KTWC 300746
CLITUS

CLIMATE REPORT
NATIONAL WEATHER SERVICE TUCSON AZ
1245 AM MST SUN AUG 30 2015


...................................

...THE TUCSON AZ CLIMATE SUMMARY FOR AUGUST 29 2015...

CLIMATE NORMAL PERIOD 1981 TO 2010
CLIMATE RECORD PERIOD 1895 TO 2015


WEATHER ITEM   OBSERVED TIME   RECORD YEAR NORMAL DEPARTURE LAST
                VALUE   (LST)  VALUE       VALUE  FROM      YEAR
                                                  NORMAL
..................................................................
TEMPERATURE (F)
 YESTERDAY
  MAXIMUM        105    349 PM 107    1985  98      7      102
                                      1905
  MINIMUM         78    649 AM  58    1917  73      5       72
  AVERAGE         92                        85      7       87

PRECIPITATION (IN)
  YESTERDAY        T             1.73 1910   0.06  -0.06     0.00
  MONTH TO DATE    1.51                      2.26  -0.75     1.89
  SINCE OCT 1     11.35                     10.17   1.18     6.98
  SINCE JAN 1      7.85                      7.78   0.07     3.93

DEGREE DAYS
 HEATING
  YESTERDAY        0                         0      0        0
  MONTH TO DATE    0                         0      0        0
  SINCE JUN 1      0                         0      0        0
  SINCE JUL 1      0                         0      0        0

 COOLING
  YESTERDAY       27                        20      7       22
  MONTH TO DATE  707                       586    121      586
  SINCE JUN 1   2121                      1863    258     2041
  SINCE JAN 1   2635                      2365    270     2644
..................................................................


WIND (MPH)
  HIGHEST WIND SPEED    25   HIGHEST WIND DIRECTION     S (170)
  HIGHEST GUST SPEED    31   HIGHEST GUST DIRECTION     S (170)
  AVERAGE WIND SPEED     8.3


SKY COVER
  POSSIBLE SUNSHINE  MM
  AVERAGE SKY COVER 0.1


WEATHER CONDITIONS
 THE FOLLOWING WEATHER WAS RECORDED YESTERDAY.
  THUNDERSTORM
  LIGHT RAIN


RELATIVE HUMIDITY (PERCENT)
 HIGHEST    52
 LOWEST     18
 AVERAGE    35

..........................................................


THE TUCSON AZ CLIMATE NORMALS FOR TODAY
                         NORMAL    RECORD    YEAR
 MAXIMUM TEMPERATURE (F)   98       107      2011
 MINIMUM TEMPERATURE (F)   72        61      1920
                                             1906


SUNRISE AND SUNSET
AUGUST 30 2015........SUNRISE   558 AM MST   SUNSET   651 PM MST
AUGUST 31 2015........SUNRISE   558 AM MST   SUNSET   649 PM MST


-  INDICATES NEGATIVE NUMBERS.
R  INDICATES RECORD WAS SET OR TIED.
MM INDICATES DATA IS MISSING.
T  INDICATES TRACE AMOUNT.




$$
