000
CDUS45 KTWC 240736
CLITUS

CLIMATE REPORT
NATIONAL WEATHER SERVICE TUCSON AZ
1235 AM MST SUN JUL 24 2016

...................................

...THE TUCSON AZ CLIMATE SUMMARY FOR JULY 23 2016...

CLIMATE NORMAL PERIOD 1981 TO 2010
CLIMATE RECORD PERIOD 1895 TO 2016


WEATHER ITEM   OBSERVED TIME   RECORD YEAR NORMAL DEPARTURE LAST
                VALUE   (LST)  VALUE       VALUE  FROM      YEAR
                                                  NORMAL
..................................................................
TEMPERATURE (F)
 YESTERDAY
  MAXIMUM        106    415 PM 109    1987  99      7       93
  MINIMUM         83    610 AM  62    1913  75      8       73
  AVERAGE         95                        87      8       83

PRECIPITATION (IN)
  YESTERDAY        0.00          0.98 1941   0.09  -0.09     0.07
  MONTH TO DATE    1.20                      1.50  -0.30     0.52
  SINCE OCT 1      8.20                      7.16   1.04     8.28
  SINCE JAN 1      5.32                      4.77   0.55     4.78

DEGREE DAYS
 HEATING
  YESTERDAY        0                         0      0        0
  MONTH TO DATE    0                         0      0        0
  SINCE JUN 1      0                         0      0        0
  SINCE JUL 1      0                         0      0        0

 COOLING
  YESTERDAY       30                        22      8       18
  MONTH TO DATE  597                       518     79      514
  SINCE JUN 1   1307                      1112    195     1227
  SINCE JAN 1   1874                      1614    260     1741
..................................................................


WIND (MPH)
  HIGHEST WIND SPEED    20   HIGHEST WIND DIRECTION     N (340)
  HIGHEST GUST SPEED    25   HIGHEST GUST DIRECTION     N (360)
  AVERAGE WIND SPEED     9.3


SKY COVER
  POSSIBLE SUNSHINE  MM
  AVERAGE SKY COVER  MM


WEATHER CONDITIONS
 THE FOLLOWING WEATHER WAS RECORDED YESTERDAY.
  NO SIGNIFICANT WEATHER WAS OBSERVED.


RELATIVE HUMIDITY (PERCENT)
 HIGHEST    47
 LOWEST     16
 AVERAGE    32

..........................................................


THE TUCSON AZ CLIMATE NORMALS FOR TODAY
                         NORMAL    RECORD    YEAR
 MAXIMUM TEMPERATURE (F)   98       109      1987
 MINIMUM TEMPERATURE (F)   75        62      1913


SUNRISE AND SUNSET
JULY 24 2016..........SUNRISE   534 AM MST   SUNSET   726 PM MST
JULY 25 2016..........SUNRISE   535 AM MST   SUNSET   725 PM MST


-  INDICATES NEGATIVE NUMBERS.
R  INDICATES RECORD WAS SET OR TIED.
MM INDICATES DATA IS MISSING.
T  INDICATES TRACE AMOUNT.

$$
