000
CDUS45 KTWC 110730
CLITUS

CLIMATE REPORT
NATIONAL WEATHER SERVICE TUCSON AZ
1230 AM MST THU FEB 11 2016


...................................

...THE TUCSON AZ CLIMATE SUMMARY FOR FEBRUARY 10 2016...

CLIMATE NORMAL PERIOD 1981 TO 2010
CLIMATE RECORD PERIOD 1895 TO 2016


WEATHER ITEM   OBSERVED TIME   RECORD YEAR NORMAL DEPARTURE LAST
                VALUE   (LST)  VALUE       VALUE  FROM      YEAR
                                                  NORMAL
..................................................................
TEMPERATURE (F)
 YESTERDAY
  MAXIMUM         84    403 PM  86    1951  68     16       81
  MINIMUM         44    602 AM  24    1965  42      2       48
  AVERAGE         64                        55      9       65

PRECIPITATION (IN)
  YESTERDAY        0.00          0.75 1908   0.03  -0.03     0.00
  MONTH TO DATE    0.18                      0.32  -0.14     0.02
  SINCE OCT 1      4.59                      3.65   0.94     6.06
  SINCE JAN 1      1.71                      1.26   0.45     2.56

DEGREE DAYS
 HEATING
  YESTERDAY        1                        10     -9        0
  MONTH TO DATE  122                       108     14       26
  SINCE DEC 1    913                       896     17      648
  SINCE JUL 1   1108                      1102      6      784

 COOLING
  YESTERDAY        0                         0      0        0
  MONTH TO DATE    0                         0      0        4
  SINCE DEC 1      0                         1     -1        7
  SINCE JAN 1      0                         1     -1        4
..................................................................


WIND (MPH)
  HIGHEST WIND SPEED    23   HIGHEST WIND DIRECTION    SE (130)
  HIGHEST GUST SPEED    27   HIGHEST GUST DIRECTION    SE (130)
  AVERAGE WIND SPEED     6.6


SKY COVER
  POSSIBLE SUNSHINE  MM
  AVERAGE SKY COVER 0.0


WEATHER CONDITIONS
 THE FOLLOWING WEATHER WAS RECORDED YESTERDAY.
  NO SIGNIFICANT WEATHER WAS OBSERVED.


RELATIVE HUMIDITY (PERCENT)
 HIGHEST    40
 LOWEST      6
 AVERAGE    23

..........................................................


THE TUCSON AZ CLIMATE NORMALS FOR TODAY
                         NORMAL    RECORD    YEAR
 MAXIMUM TEMPERATURE (F)   68        84      1951
 MINIMUM TEMPERATURE (F)   42        22      1933


SUNRISE AND SUNSET
FEBRUARY 11 2016......SUNRISE   710 AM MST   SUNSET   606 PM MST
FEBRUARY 12 2016......SUNRISE   709 AM MST   SUNSET   607 PM MST


-  INDICATES NEGATIVE NUMBERS.
R  INDICATES RECORD WAS SET OR TIED.
MM INDICATES DATA IS MISSING.
T  INDICATES TRACE AMOUNT.




$$
