000
CDUS45 KTWC 180027
CLITUS

CLIMATE REPORT
NATIONAL WEATHER SERVICE TUCSON AZ
526 PM MST FRI NOV 17 2017


...................................

...THE TUCSON AZ CLIMATE SUMMARY FOR NOVEMBER 17 2017...
VALID TODAY AS OF 0500 PM LOCAL TIME.

CLIMATE NORMAL PERIOD 1981 TO 2010
CLIMATE RECORD PERIOD 1895 TO 2017


WEATHER ITEM   OBSERVED TIME   RECORD YEAR NORMAL DEPARTURE LAST
                VALUE   (LST)  VALUE       VALUE  FROM      YEAR
                                                  NORMAL
..................................................................
TEMPERATURE (F)
 TODAY
  MAXIMUM         85    156 PM  87    1999  73     12       71
  MINIMUM         50    626 AM  24    1958  46      4       49
  AVERAGE         68                        59      9       60

PRECIPITATION (IN)
  TODAY            0.00          1.27 1900   0.02  -0.02     0.00
  MONTH TO DATE    0.09                      0.28  -0.19     0.41
  SINCE OCT 1      0.09                      1.17  -1.08     0.51
  SINCE JAN 1     10.27                     10.37  -0.10    10.64

DEGREE DAYS
 HEATING
  TODAY            0                         6     -6        5
  MONTH TO DATE    0                        71    -71        7
  SINCE SEP 1      0                        95    -95        7
  SINCE JUL 1      0                        95    -95        7

 COOLING
  TODAY            3                         0      3        0
  MONTH TO DATE   95                        25     70       57
  SINCE SEP 1   1030                       734    296      929
  SINCE JAN 1   3869                      3144    725     3639
..................................................................


WIND (MPH)
  HIGHEST WIND SPEED    17   HIGHEST WIND DIRECTION    NW (300)
  HIGHEST GUST SPEED    27   HIGHEST GUST DIRECTION    NW (310)
  AVERAGE WIND SPEED    MM


SKY COVER
  POSSIBLE SUNSHINE  MM
  AVERAGE SKY COVER  MM


WEATHER CONDITIONS
 THE FOLLOWING WEATHER WAS RECORDED TODAY.
  NO SIGNIFICANT WEATHER WAS OBSERVED.


RELATIVE HUMIDITY (PERCENT)
 HIGHEST    MM
 LOWEST     MM
 AVERAGE    MM

..........................................................


THE TUCSON AZ CLIMATE NORMALS FOR TOMORROW
                         NORMAL    RECORD    YEAR
 MAXIMUM TEMPERATURE (F)   72        86      1990
 MINIMUM TEMPERATURE (F)   45        24      1911


SUNRISE AND SUNSET
NOVEMBER 17 2017......SUNRISE   655 AM MST   SUNSET   523 PM MST
NOVEMBER 18 2017......SUNRISE   656 AM MST   SUNSET   522 PM MST


-  INDICATES NEGATIVE NUMBERS.
R  INDICATES RECORD WAS SET OR TIED.
MM INDICATES DATA IS MISSING.
T  INDICATES TRACE AMOUNT.




$$
