000
CDUS45 KTWC 240730
CLITUS

CLIMATE REPORT
NATIONAL WEATHER SERVICE TUCSON AZ
1229 AM MST THU AUG 24 2017


...................................

...THE TUCSON AZ CLIMATE SUMMARY FOR AUGUST 23 2017...

CLIMATE NORMAL PERIOD 1981 TO 2010
CLIMATE RECORD PERIOD 1895 TO 2017


WEATHER ITEM   OBSERVED TIME   RECORD YEAR NORMAL DEPARTURE LAST
                VALUE   (LST)  VALUE       VALUE  FROM      YEAR
                                                  NORMAL
..................................................................
TEMPERATURE (F)
 YESTERDAY
  MAXIMUM         97    126 PM 107    2011  98     -1       95
                                      1985
  MINIMUM         72    707 PM  60    1900  73     -1       71
  AVERAGE         85                        85      0       83

PRECIPITATION (IN)
  YESTERDAY        0.09          2.29 2005   0.08   0.01     0.00
  MONTH TO DATE    1.70                      1.85  -0.15     1.09
  SINCE OCT 1     11.79                      9.76   2.03    11.41
  SINCE JAN 1     10.11                      7.37   2.74     8.53

DEGREE DAYS
 HEATING
  YESTERDAY        0                         0      0        0
  MONTH TO DATE    0                         0      0        0
  SINCE JUN 1      0                         0      0        0
  SINCE JUL 1      0                         0      0        0

 COOLING
  YESTERDAY       20                        20      0       18
  MONTH TO DATE  457                       466     -9      477
  SINCE JUN 1   1911                      1743    168     1980
  SINCE JAN 1   2644                      2245    399     2547
..................................................................


WIND (MPH)
  HIGHEST WIND SPEED    28   HIGHEST WIND DIRECTION     S (200)
  HIGHEST GUST SPEED    40   HIGHEST GUST DIRECTION     S (200)
  AVERAGE WIND SPEED     6.2


SKY COVER
  POSSIBLE SUNSHINE  MM
  AVERAGE SKY COVER 0.3


WEATHER CONDITIONS
 THE FOLLOWING WEATHER WAS RECORDED YESTERDAY.
  THUNDERSTORM
  HEAVY RAIN
  RAIN
  LIGHT RAIN


RELATIVE HUMIDITY (PERCENT)
 HIGHEST    84
 LOWEST     29
 AVERAGE    57

..........................................................


THE TUCSON AZ CLIMATE NORMALS FOR TODAY
                         NORMAL    RECORD    YEAR
 MAXIMUM TEMPERATURE (F)   98       108      2011
                                             1985
 MINIMUM TEMPERATURE (F)   73        60      1900


SUNRISE AND SUNSET
AUGUST 24 2017........SUNRISE   554 AM MST   SUNSET   657 PM MST
AUGUST 25 2017........SUNRISE   555 AM MST   SUNSET   656 PM MST


-  INDICATES NEGATIVE NUMBERS.
R  INDICATES RECORD WAS SET OR TIED.
MM INDICATES DATA IS MISSING.
T  INDICATES TRACE AMOUNT.




$$
