000
CDUS45 KTWC 300732
CLITUS

CLIMATE REPORT
NATIONAL WEATHER SERVICE TUCSON AZ
1231 AM MST MON MAR 30 2015


...................................

...THE TUCSON AZ CLIMATE SUMMARY FOR MARCH 29 2015...

CLIMATE NORMAL PERIOD 1981 TO 2010
CLIMATE RECORD PERIOD 1895 TO 2015


WEATHER ITEM   OBSERVED TIME   RECORD YEAR NORMAL DEPARTURE LAST
                VALUE   (LST)  VALUE       VALUE  FROM      YEAR
                                                  NORMAL
..................................................................
TEMPERATURE (F)
 YESTERDAY
  MAXIMUM         92R   346 PM  91    1943  77     15       86
                                      1925
  MINIMUM         59    624 AM  27    1907  48     11       47
  AVERAGE         76                        63     13       67

PRECIPITATION (IN)
  YESTERDAY        0.00          0.82 1998   0.01  -0.01     0.00
  MONTH TO DATE    0.50                      0.69  -0.19     0.58
  SINCE OCT 1      6.95                      4.88   2.07     3.64
  SINCE JAN 1      3.45                      2.49   0.96     0.59

DEGREE DAYS
 HEATING
  YESTERDAY        0                         4     -4        0
  MONTH TO DATE   47                       171   -124       42
  SINCE MAR 1     47                       171   -124       42
  SINCE JUL 1    889                      1438   -549      875

 COOLING
  YESTERDAY       11                         2      9        2
  MONTH TO DATE   70                        23     47       25
  SINCE MAR 1     70                        23     47       25
  SINCE JAN 1     78                        27     51       49
..................................................................


WIND (MPH)
  HIGHEST WIND SPEED    18   HIGHEST WIND DIRECTION     W (270)
  HIGHEST GUST SPEED    28   HIGHEST GUST DIRECTION    NW (320)
  AVERAGE WIND SPEED     7.6


SKY COVER
  POSSIBLE SUNSHINE  MM
  AVERAGE SKY COVER 0.0


WEATHER CONDITIONS
 THE FOLLOWING WEATHER WAS RECORDED YESTERDAY.
  NO SIGNIFICANT WEATHER WAS OBSERVED.


RELATIVE HUMIDITY (PERCENT)
 HIGHEST    27
 LOWEST      7
 AVERAGE    17

..........................................................


THE TUCSON AZ CLIMATE NORMALS FOR TODAY
                         NORMAL    RECORD    YEAR
 MAXIMUM TEMPERATURE (F)   78        92      1950
 MINIMUM TEMPERATURE (F)   48        31      1901
                                             1898


SUNRISE AND SUNSET
MARCH 30 2015.........SUNRISE   615 AM MST   SUNSET   642 PM MST
MARCH 31 2015.........SUNRISE   614 AM MST   SUNSET   643 PM MST


-  INDICATES NEGATIVE NUMBERS.
R  INDICATES RECORD WAS SET OR TIED.
MM INDICATES DATA IS MISSING.
T  INDICATES TRACE AMOUNT.




$$
