000
CDUS45 KTWC 010729
CLITUS

CLIMATE REPORT
NATIONAL WEATHER SERVICE TUCSON AZ
1229 AM MST SUN MAY 1 2016


...................................

...THE TUCSON AZ CLIMATE SUMMARY FOR APRIL 30 2016...

CLIMATE NORMAL PERIOD 1981 TO 2010
CLIMATE RECORD PERIOD 1895 TO 2016


WEATHER ITEM   OBSERVED TIME   RECORD YEAR NORMAL DEPARTURE LAST
                VALUE   (LST)  VALUE       VALUE  FROM      YEAR
                                                  NORMAL
..................................................................
TEMPERATURE (F)
 YESTERDAY
  MAXIMUM         81    115 PM 102    1943  86     -5       95
  MINIMUM         54    534 AM  36    1899  56     -2       59
  AVERAGE         68                        71     -3       77

PRECIPITATION (IN)
  YESTERDAY        0.00          0.40 1981   0.01  -0.01     0.00
  MONTH TO DATE    0.71                      0.31   0.40     0.16
  SINCE OCT 1      5.41                      5.23   0.18     7.11
  SINCE JAN 1      2.53                      2.84  -0.31     3.61

DEGREE DAYS
 HEATING
  YESTERDAY        0                         1     -1        0
  MONTH TO DATE   22                        60    -38       13
  SINCE MAR 1     89                       239   -150       60
  SINCE JUL 1   1217                      1506   -289      902

 COOLING
  YESTERDAY        3                         7     -4       12
  MONTH TO DATE  137                       121     16      142
  SINCE MAR 1    215                       150     65      235
  SINCE JAN 1    249                       154     95      243
..................................................................


WIND (MPH)
  HIGHEST WIND SPEED    24   HIGHEST WIND DIRECTION    SW (210)
  HIGHEST GUST SPEED    32   HIGHEST GUST DIRECTION     S (190)
  AVERAGE WIND SPEED    10.2


SKY COVER
  POSSIBLE SUNSHINE  MM
  AVERAGE SKY COVER 0.2


WEATHER CONDITIONS
 THE FOLLOWING WEATHER WAS RECORDED YESTERDAY.
  NO SIGNIFICANT WEATHER WAS OBSERVED.


RELATIVE HUMIDITY (PERCENT)
 HIGHEST    43
 LOWEST     13
 AVERAGE    28

..........................................................


THE TUCSON AZ CLIMATE NORMALS FOR TODAY
                         NORMAL    RECORD    YEAR
 MAXIMUM TEMPERATURE (F)   87       100      1943
 MINIMUM TEMPERATURE (F)   56        37      1906


SUNRISE AND SUNSET
MAY  1 2016...........SUNRISE   537 AM MST   SUNSET   705 PM MST
MAY  2 2016...........SUNRISE   536 AM MST   SUNSET   706 PM MST


-  INDICATES NEGATIVE NUMBERS.
R  INDICATES RECORD WAS SET OR TIED.
MM INDICATES DATA IS MISSING.
T  INDICATES TRACE AMOUNT.




$$
