000
CDUS43 KAPX 070554
CLITVC


CLIMATE REPORT
NATIONAL WEATHER SERVICE GAYLORD MI
154 AM EDT TUE JUL 7 2015


...................................

...THE TRAVERSE CITY MI CLIMATE SUMMARY FOR JULY 6 2015...

CLIMATE NORMAL PERIOD 1981 TO 2010
CLIMATE RECORD PERIOD 1896 TO 2015


WEATHER ITEM   OBSERVED TIME   RECORD YEAR NORMAL DEPARTURE LAST
                VALUE   (LST)  VALUE       VALUE  FROM      YEAR
                                                  NORMAL
..................................................................
TEMPERATURE (F)
 YESTERDAY
  MAXIMUM         86    355 PM  99    1988  80      6       78
  MINIMUM         64    430 AM  31    1965  57      7       64
  AVERAGE         75                        69      6       71

PRECIPITATION (IN)
  YESTERDAY        T             0.98 1934   0.10  -0.10     0.28
  MONTH TO DATE    T                         0.56  -0.56     0.36
  SINCE JUN 1      2.02                      3.72  -1.70     3.03
  SINCE JAN 1      8.50                     15.27  -6.77    12.71

DEGREE DAYS
 HEATING
  YESTERDAY        0                         1     -1        0
  MONTH TO DATE   18                         7     11       15
  SINCE JUN 1    106                       119    -13       87
  SINCE JUL 1     18                         7     11       15

 COOLING
  YESTERDAY       10                         5      5        6
  MONTH TO DATE   21                        30     -9       15
  SINCE JUN 1     45                       111    -66      122
  SINCE JAN 1     80                       131    -51      131
..................................................................


WIND (MPH)
  HIGHEST WIND SPEED    22   HIGHEST WIND DIRECTION    SW (210)
  HIGHEST GUST SPEED    33   HIGHEST GUST DIRECTION    SW (210)
  AVERAGE WIND SPEED     5.8




RELATIVE HUMIDITY (PERCENT)
 HIGHEST    84
 LOWEST     45
 AVERAGE    65

..........................................................


THE TRAVERSE CITY MI CLIMATE NORMALS FOR TODAY
                         NORMAL    RECORD    YEAR
 MAXIMUM TEMPERATURE (F)   80       105      1936
 MINIMUM TEMPERATURE (F)   57        44      1969


SUNRISE AND SUNSET
JULY  7 2015..........SUNRISE   604 AM EDT   SUNSET   930 PM EDT
JULY  8 2015..........SUNRISE   605 AM EDT   SUNSET   929 PM EDT


-  INDICATES NEGATIVE NUMBERS.
R  INDICATES RECORD WAS SET OR TIED.
MM INDICATES DATA IS MISSING.
T  INDICATES TRACE AMOUNT.




$$
