000
CDUS43 KAPX 260528
CLITVC


CLIMATE REPORT
NATIONAL WEATHER SERVICE GAYLORD MI
128 AM EDT SAT JUL 26 2014


...................................

...THE TRAVERSE CITY MI CLIMATE SUMMARY FOR JULY 25 2014...

CLIMATE NORMAL PERIOD 1981 TO 2010
CLIMATE RECORD PERIOD 1896 TO 2014


WEATHER ITEM   OBSERVED TIME   RECORD YEAR NORMAL DEPARTURE LAST
                VALUE   (LST)  VALUE       VALUE  FROM      YEAR
                                                  NORMAL
..................................................................
TEMPERATURE (F)
 YESTERDAY
  MAXIMUM         77    150 PM  97    1941  80     -3       80
  MINIMUM         52    455 AM  45    2004  58     -6       50
  AVERAGE         65                        69     -4       65

PRECIPITATION (IN)
  YESTERDAY        0.01          3.31 1985   0.09  -0.08     0.11
  MONTH TO DATE    1.37                      2.40  -1.03     2.35
  SINCE JUN 1      4.04                      5.56  -1.52     3.73
  SINCE JAN 1     13.72                     17.11  -3.39    16.11

DEGREE DAYS
 HEATING
  YESTERDAY        0                         1     -1        0
  MONTH TO DATE   45                        26     19       13
  SINCE JUN 1    117                       138    -21      115
  SINCE JUL 1     45                        26     19       13

 COOLING
  YESTERDAY        0                         5     -5        0
  MONTH TO DATE   77                       125    -48      198
  SINCE JUN 1    184                       206    -22      285
  SINCE JAN 1    193                       226    -33      327
..................................................................


WIND (MPH)
  HIGHEST WIND SPEED    15   HIGHEST WIND DIRECTION     W (250)
  HIGHEST GUST SPEED    23   HIGHEST GUST DIRECTION     W (260)
  AVERAGE WIND SPEED     4.6




RELATIVE HUMIDITY (PERCENT)
 HIGHEST    83
 LOWEST     46
 AVERAGE    65

..........................................................


THE TRAVERSE CITY MI CLIMATE NORMALS FOR TODAY
                         NORMAL    RECORD    YEAR
 MAXIMUM TEMPERATURE (F)   80        99      1941
 MINIMUM TEMPERATURE (F)   58        45      1909


SUNRISE AND SUNSET
JULY 26 2014..........SUNRISE   622 AM EDT   SUNSET   915 PM EDT
JULY 27 2014..........SUNRISE   623 AM EDT   SUNSET   914 PM EDT


-  INDICATES NEGATIVE NUMBERS.
R  INDICATES RECORD WAS SET OR TIED.
MM INDICATES DATA IS MISSING.
T  INDICATES TRACE AMOUNT.




$$
