000
CDUS43 KAPX 050527
CLITVC


CLIMATE REPORT
NATIONAL WEATHER SERVICE GAYLORD MI
127 AM EDT SAT SEP 5 2015


...................................

...THE TRAVERSE CITY MI CLIMATE SUMMARY FOR SEPTEMBER 4 2015...

CLIMATE NORMAL PERIOD 1981 TO 2010
CLIMATE RECORD PERIOD 1896 TO 2015


WEATHER ITEM   OBSERVED TIME   RECORD YEAR NORMAL DEPARTURE LAST
                VALUE   (LST)  VALUE       VALUE  FROM      YEAR
                                                  NORMAL
..................................................................
TEMPERATURE (F)
 YESTERDAY
  MAXIMUM         75    625 PM  92    1929  74      1       80
  MINIMUM         68    621 AM  40    1974  54     14       64
  AVERAGE         72                        64      8       72

PRECIPITATION (IN)
  YESTERDAY        T             1.37 1941   0.11  -0.11     0.37
  MONTH TO DATE    1.47                      0.46   1.01     0.80
  SINCE SEP 1      1.47                      0.46   1.01     0.80
  SINCE JAN 1     13.12                     21.57  -8.45    17.60

DEGREE DAYS
 HEATING
  YESTERDAY        0                         3     -3        0
  MONTH TO DATE    0                        12    -12        0
  SINCE SEP 1      0                        12    -12        0
  SINCE JUL 1     47                        81    -34       79

 COOLING
  YESTERDAY        7                         2      5        7
  MONTH TO DATE   41                         9     32       25
  SINCE SEP 1     41                         9     32       25
  SINCE JAN 1    474                       378     96      357
..................................................................


WIND (MPH)
  HIGHEST WIND SPEED     9   HIGHEST WIND DIRECTION    NE (30)
  HIGHEST GUST SPEED    12   HIGHEST GUST DIRECTION     N (20)
  AVERAGE WIND SPEED     3.2




RELATIVE HUMIDITY (PERCENT)
 HIGHEST    90
 LOWEST     79
 AVERAGE    85

..........................................................


THE TRAVERSE CITY MI CLIMATE NORMALS FOR TODAY
                         NORMAL    RECORD    YEAR
 MAXIMUM TEMPERATURE (F)   74        95      1933
 MINIMUM TEMPERATURE (F)   53        38      1974


SUNRISE AND SUNSET
SEPTEMBER  5 2015.....SUNRISE   709 AM EDT   SUNSET   812 PM EDT
SEPTEMBER  6 2015.....SUNRISE   710 AM EDT   SUNSET   810 PM EDT


-  INDICATES NEGATIVE NUMBERS.
R  INDICATES RECORD WAS SET OR TIED.
MM INDICATES DATA IS MISSING.
T  INDICATES TRACE AMOUNT.




$$
