000
CDUS43 KAPX 200527
CLITVC


CLIMATE REPORT
NATIONAL WEATHER SERVICE GAYLORD MI
127 AM EDT WED SEP 20 2017


...................................

...THE TRAVERSE CITY MI CLIMATE SUMMARY FOR SEPTEMBER 19 2017...

CLIMATE NORMAL PERIOD 1981 TO 2010
CLIMATE RECORD PERIOD 1896 TO 2017


WEATHER ITEM   OBSERVED TIME   RECORD YEAR NORMAL DEPARTURE LAST
                VALUE   (LST)  VALUE       VALUE  FROM      YEAR
                                                  NORMAL
..................................................................
TEMPERATURE (F)
 YESTERDAY
  MAXIMUM         76    244 PM  88    1965  69      7       82
  MINIMUM         52    126 AM  36    1993  49      3       61
  AVERAGE         64                        59      5       72

PRECIPITATION (IN)
  YESTERDAY        0.00          1.62 2013   0.12  -0.12      T
  MONTH TO DATE    1.66                      2.24  -0.58     2.29
  SINCE SEP 1      1.66                      2.24  -0.58     2.29
  SINCE JAN 1     22.03                     23.35  -1.32    20.03

DEGREE DAYS
 HEATING
  YESTERDAY        1                         7     -6        0
  MONTH TO DATE   78                        90    -12       15
  SINCE SEP 1     78                        90    -12       15
  SINCE JUL 1    112                       159    -47       24

 COOLING
  YESTERDAY        0                         1     -1        7
  MONTH TO DATE   31                        31      0       88
  SINCE SEP 1     31                        31      0       88
  SINCE JAN 1    414                       400     14      748
..................................................................


WIND (MPH)
  HIGHEST WIND SPEED    10   HIGHEST WIND DIRECTION     N (10)
  HIGHEST GUST SPEED    13   HIGHEST GUST DIRECTION     N (10)
  AVERAGE WIND SPEED     2.3




RELATIVE HUMIDITY (PERCENT)
 HIGHEST    93
 LOWEST     43
 AVERAGE    68

..........................................................


THE TRAVERSE CITY MI CLIMATE NORMALS FOR TODAY
                         NORMAL    RECORD    YEAR
 MAXIMUM TEMPERATURE (F)   68        90      1908
 MINIMUM TEMPERATURE (F)   48        32      1937


SUNRISE AND SUNSET
SEPTEMBER 20 2017.....SUNRISE   727 AM EDT   SUNSET   743 PM EDT
SEPTEMBER 21 2017.....SUNRISE   728 AM EDT   SUNSET   741 PM EDT


-  INDICATES NEGATIVE NUMBERS.
R  INDICATES RECORD WAS SET OR TIED.
MM INDICATES DATA IS MISSING.
T  INDICATES TRACE AMOUNT.




$$
