000
CDUS43 KAPX 010532
CLITVC


CLIMATE REPORT
NATIONAL WEATHER SERVICE GAYLORD MI
132 AM EDT MON SEP 1 2014


...................................

...THE TRAVERSE CITY MI CLIMATE SUMMARY FOR AUGUST 31 2014...

CLIMATE NORMAL PERIOD 1981 TO 2010
CLIMATE RECORD PERIOD 1896 TO 2014


WEATHER ITEM   OBSERVED TIME   RECORD YEAR NORMAL DEPARTURE LAST
                VALUE   (LST)  VALUE       VALUE  FROM      YEAR
                                                  NORMAL
..................................................................
TEMPERATURE (F)
 YESTERDAY
  MAXIMUM         75    402 PM  95    1937  76     -1       78
  MINIMUM         63   1013 PM  39    1931  55      8       63
  AVERAGE         69                        65      4       71

PRECIPITATION (IN)
  YESTERDAY        0.00          3.13 1945   0.11  -0.11     0.00
  MONTH TO DATE    2.35                      3.38  -1.03     3.98
  SINCE JUN 1      7.12                      9.56  -2.44     8.19
  SINCE JAN 1     16.80                     21.11  -4.31    20.57

DEGREE DAYS
 HEATING
  YESTERDAY        0                         3     -3        0
  MONTH TO DATE   24                        40    -16       22
  SINCE JUN 1    151                       181    -30      152
  SINCE JUL 1     79                        69     10       50

 COOLING
  YESTERDAY        4                         3      1        6
  MONTH TO DATE  125                       116      9      142
  SINCE JUN 1    323                       349    -26      435
  SINCE JAN 1    332                       369    -37      477
..................................................................


WIND (MPH)
  HIGHEST WIND SPEED    13   HIGHEST WIND DIRECTION     W (290)
  HIGHEST GUST SPEED    17   HIGHEST GUST DIRECTION     W (270)
  AVERAGE WIND SPEED     4.5




RELATIVE HUMIDITY (PERCENT)
 HIGHEST    93
 LOWEST     64
 AVERAGE    79

..........................................................


THE TRAVERSE CITY MI CLIMATE NORMALS FOR TODAY
                         NORMAL    RECORD    YEAR
 MAXIMUM TEMPERATURE (F)   75        96      1953
 MINIMUM TEMPERATURE (F)   54        40      1991


SUNRISE AND SUNSET
SEPTEMBER  1 2014.....SUNRISE   705 AM EDT   SUNSET   819 PM EDT
SEPTEMBER  2 2014.....SUNRISE   706 AM EDT   SUNSET   817 PM EDT


-  INDICATES NEGATIVE NUMBERS.
R  INDICATES RECORD WAS SET OR TIED.
MM INDICATES DATA IS MISSING.
T  INDICATES TRACE AMOUNT.




$$
