000
CDUS43 KAPX 310528
CLITVC


CLIMATE REPORT
NATIONAL WEATHER SERVICE GAYLORD MI
127 AM EDT FRI JUL 31 2015


...................................

...THE TRAVERSE CITY MI CLIMATE SUMMARY FOR JULY 30 2015...

CLIMATE NORMAL PERIOD 1981 TO 2010
CLIMATE RECORD PERIOD 1896 TO 2015


WEATHER ITEM   OBSERVED TIME   RECORD YEAR NORMAL DEPARTURE LAST
                VALUE   (LST)  VALUE       VALUE  FROM      YEAR
                                                  NORMAL
..................................................................
TEMPERATURE (F)
 YESTERDAY
  MAXIMUM         87    442 PM 102    1916  80      7       71
  MINIMUM         70   1159 PM  41    1965  58     12       50
  AVERAGE         79                        69     10       61

PRECIPITATION (IN)
  YESTERDAY        0.00          1.50 1994   0.11  -0.11     0.00
  MONTH TO DATE    1.07                      2.91  -1.84     2.10
  SINCE JUN 1      3.09                      6.07  -2.98     4.77
  SINCE JAN 1      9.57                     17.62  -8.05    14.45

DEGREE DAYS
 HEATING
  YESTERDAY        0                         1     -1        4
  MONTH TO DATE   28                        31     -3       55
  SINCE JUN 1    116                       143    -27      127
  SINCE JUL 1     28                        31     -3       55

 COOLING
  YESTERDAY       14                         5      9        0
  MONTH TO DATE  189                       150     39       89
  SINCE JUN 1    213                       231    -18      196
  SINCE JAN 1    248                       251     -3      205
..................................................................


WIND (MPH)
  HIGHEST WIND SPEED    30   HIGHEST WIND DIRECTION     W (280)
  HIGHEST GUST SPEED    37   HIGHEST GUST DIRECTION     W (280)
  AVERAGE WIND SPEED    12.4




RELATIVE HUMIDITY (PERCENT)
 HIGHEST    61
 LOWEST     30
 AVERAGE    46

..........................................................


THE TRAVERSE CITY MI CLIMATE NORMALS FOR TODAY
                         NORMAL    RECORD    YEAR
 MAXIMUM TEMPERATURE (F)   80       102      1916
 MINIMUM TEMPERATURE (F)   58        44      1962


SUNRISE AND SUNSET
JULY 31 2015..........SUNRISE   627 AM EDT   SUNSET   910 PM EDT
AUGUST  1 2015........SUNRISE   628 AM EDT   SUNSET   908 PM EDT


-  INDICATES NEGATIVE NUMBERS.
R  INDICATES RECORD WAS SET OR TIED.
MM INDICATES DATA IS MISSING.
T  INDICATES TRACE AMOUNT.




$$
