000
CDUS43 KAPX 170530
CLITVC


CLIMATE REPORT
NATIONAL WEATHER SERVICE GAYLORD MI
129 AM EDT WED SEP 17 2014


...................................

...THE TRAVERSE CITY MI CLIMATE SUMMARY FOR SEPTEMBER 16 2014...

CLIMATE NORMAL PERIOD 1981 TO 2010
CLIMATE RECORD PERIOD 1896 TO 2014


WEATHER ITEM   OBSERVED TIME   RECORD YEAR NORMAL DEPARTURE LAST
                VALUE   (LST)  VALUE       VALUE  FROM      YEAR
                                                  NORMAL
..................................................................
TEMPERATURE (F)
 YESTERDAY
  MAXIMUM         64    317 PM  90    1955  70     -6       57
  MINIMUM         46    702 AM  32    1964  50     -4       43
  AVERAGE         55                        60     -5       50

PRECIPITATION (IN)
  YESTERDAY        0.00          1.45 1942   0.11  -0.11     0.00
  MONTH TO DATE    4.19                      1.89   2.30     0.98
  SINCE SEP 1      4.19                      1.89   2.30     0.98
  SINCE JAN 1     20.99                     23.00  -2.01    21.55

DEGREE DAYS
 HEATING
  YESTERDAY       10                         6      4       15
  MONTH TO DATE   83                        69     14       72
  SINCE SEP 1     83                        69     14       72
  SINCE JUL 1    162                       138     24      122

 COOLING
  YESTERDAY        0                         1     -1        0
  MONTH TO DATE   38                        28     10       44
  SINCE SEP 1     38                        28     10       44
  SINCE JAN 1    370                       397    -27      521
..................................................................


WIND (MPH)
  HIGHEST WIND SPEED    15   HIGHEST WIND DIRECTION     W (270)
  HIGHEST GUST SPEED    19   HIGHEST GUST DIRECTION     W (280)
  AVERAGE WIND SPEED     5.2




RELATIVE HUMIDITY (PERCENT)
 HIGHEST    93
 LOWEST     39
 AVERAGE    66

..........................................................


THE TRAVERSE CITY MI CLIMATE NORMALS FOR TODAY
                         NORMAL    RECORD    YEAR
 MAXIMUM TEMPERATURE (F)   70        90      1955
 MINIMUM TEMPERATURE (F)   49        32      1973


SUNRISE AND SUNSET
SEPTEMBER 17 2014.....SUNRISE   723 AM EDT   SUNSET   749 PM EDT
SEPTEMBER 18 2014.....SUNRISE   725 AM EDT   SUNSET   747 PM EDT


-  INDICATES NEGATIVE NUMBERS.
R  INDICATES RECORD WAS SET OR TIED.
MM INDICATES DATA IS MISSING.
T  INDICATES TRACE AMOUNT.




$$
