000
CDUS44 KJAN 290832
CLITVR


CLIMATE REPORT
NATIONAL WEATHER SERVICE JACKSON MS
228 AM CST THU JAN 29 2015


...................................

...THE VICKSBURG CLIMATE SUMMARY FOR JANUARY 28 2015...

CLIMATE NORMAL PERIOD 1981 TO 2010
CLIMATE RECORD PERIOD 1948 TO 2015


WEATHER ITEM   OBSERVED TIME   RECORD YEAR NORMAL DEPARTURE LAST
                VALUE   (LST)  VALUE       VALUE  FROM      YEAR
                                                  NORMAL
..................................................................
TEMPERATURE (F)
 YESTERDAY
  MAXIMUM         71    401 PM  78    1975  56     15       28
                                      1970
  MINIMUM         36    242 AM  16    1963  36      0       21
  AVERAGE         54                        46      8       25

PRECIPITATION (IN)
  YESTERDAY        0.00          3.24 1994   0.18  -0.18      T
  MONTH TO DATE    5.57                      4.51   1.06     2.26
  SINCE DEC 1     10.16                     10.12   0.04     6.61
  SINCE JAN 1      5.57                      4.51   1.06     2.26

SNOWFALL (IN)
  YESTERDAY        0.0

DEGREE DAYS
 HEATING
  YESTERDAY       11                        19     -8       40
  MONTH TO DATE  585                       553     32      675
  SINCE DEC 1   1047                      1088    -41     1270
  SINCE JUL 1   1585                      1490     95     1800

 COOLING
  YESTERDAY        0                         0      0        0
  MONTH TO DATE    0                         0      0        0
  SINCE DEC 1      4                         6     -2       16
  SINCE JAN 1      0                         0      0        0
..................................................................


WIND (MPH)
  HIGHEST WIND SPEED    14   HIGHEST WIND DIRECTION     S (160)
  HIGHEST GUST SPEED    17   HIGHEST GUST DIRECTION     S (160)
  AVERAGE WIND SPEED     7.2


SKY COVER
  POSSIBLE SUNSHINE  MM
  AVERAGE SKY COVER 0.0


WEATHER CONDITIONS
 THE FOLLOWING WEATHER WAS RECORDED YESTERDAY.
  NO SIGNIFICANT WEATHER WAS OBSERVED.


RELATIVE HUMIDITY (PERCENT)
 HIGHEST    92           200 AM
 LOWEST     29           400 PM
 AVERAGE    61

..........................................................


THE VICKSBURG CLIMATE NORMALS FOR TODAY
                         NORMAL    RECORD    YEAR
 MAXIMUM TEMPERATURE (F)   57        81      2013
                                             1975
 MINIMUM TEMPERATURE (F)   36        10      2014


SUNRISE AND SUNSET
JANUARY 29 2015.......SUNRISE   700 AM CST   SUNSET   535 PM CST
JANUARY 30 2015.......SUNRISE   700 AM CST   SUNSET   535 PM CST


-  INDICATES NEGATIVE NUMBERS.
R  INDICATES RECORD WAS SET OR TIED.
MM INDICATES DATA IS MISSING.
T  INDICATES TRACE AMOUNT.




$$
