000
CDUS44 KJAN 290747
CLITVR


CLIMATE REPORT
NATIONAL WEATHER SERVICE JACKSON MS
241 AM CDT SAT APR 29 2017


...................................

...THE VICKSBURG CLIMATE SUMMARY FOR APRIL 28 2017...

CLIMATE NORMAL PERIOD 1981 TO 2010
CLIMATE RECORD PERIOD 1948 TO 2017


WEATHER ITEM   OBSERVED TIME   RECORD YEAR NORMAL DEPARTURE LAST
                VALUE   (LST)  VALUE       VALUE  FROM      YEAR
                                                  NORMAL
..................................................................
TEMPERATURE (F)
 YESTERDAY
  MAXIMUM         88    349 PM  92    2002  79      9       91
  MINIMUM         59    146 AM  42    2010  57      2       66
                                      1992
  AVERAGE         74                        68      6       79

PRECIPITATION (IN)
  YESTERDAY        0.00          2.09 1998   0.16  -0.16     0.00
  MONTH TO DATE    9.23                      4.65   4.58    10.40
  SINCE MAR 1     12.09                      9.68   2.41    22.59
  SINCE JAN 1     18.85                     20.02  -1.17    32.59

SNOWFALL (IN)
  YESTERDAY        0.0

DEGREE DAYS
 HEATING
  YESTERDAY        0                         1     -1        0
  MONTH TO DATE   25                        97    -72       21
  SINCE MAR 1    199                       362   -163      129
  SINCE JUL 1   1475                      2338   -863     1507

 COOLING
  YESTERDAY        9                         4      5       14
  MONTH TO DATE  130                        77     53      119
  SINCE MAR 1    216                       100    116      194
  SINCE JAN 1    267                       109    158      206
..................................................................


WIND (MPH)
  HIGHEST WIND SPEED    26   HIGHEST WIND DIRECTION     S (170)
  HIGHEST GUST SPEED    34   HIGHEST GUST DIRECTION     S (180)
  AVERAGE WIND SPEED    13.2


SKY COVER
  POSSIBLE SUNSHINE  MM
  AVERAGE SKY COVER 0.5


WEATHER CONDITIONS
 THE FOLLOWING WEATHER WAS RECORDED YESTERDAY.
  FOG


RELATIVE HUMIDITY (PERCENT)
 HIGHEST    93           400 AM
 LOWEST     57          1200 PM
 AVERAGE    75

..........................................................


THE VICKSBURG CLIMATE NORMALS FOR TODAY
                         NORMAL    RECORD    YEAR
 MAXIMUM TEMPERATURE (F)   79        91      1955
 MINIMUM TEMPERATURE (F)   57        40      1965


SUNRISE AND SUNSET
APRIL 29 2017.........SUNRISE   619 AM CDT   SUNSET   744 PM CDT
APRIL 30 2017.........SUNRISE   618 AM CDT   SUNSET   745 PM CDT


-  INDICATES NEGATIVE NUMBERS.
R  INDICATES RECORD WAS SET OR TIED.
MM INDICATES DATA IS MISSING.
T  INDICATES TRACE AMOUNT.




$$
