000
CDUS44 KJAN 050633
CLITVR


CLIMATE REPORT
NATIONAL WEATHER SERVICE JACKSON MS
130 AM CDT THU MAY 5 2016


...................................

...THE VICKSBURG CLIMATE SUMMARY FOR MAY 4 2016...

CLIMATE NORMAL PERIOD 1981 TO 2010
CLIMATE RECORD PERIOD 1948 TO 2016


WEATHER ITEM   OBSERVED TIME   RECORD YEAR NORMAL DEPARTURE LAST
                VALUE   (LST)  VALUE       VALUE  FROM      YEAR
                                                  NORMAL
..................................................................
TEMPERATURE (F)
 YESTERDAY
  MAXIMUM         81    336 PM  91    2003  81      0       83
  MINIMUM         53    519 AM  37    2013  58     -5       58
  AVERAGE         67                        70     -3       71

PRECIPITATION (IN)
  YESTERDAY        0.00          3.57 1991   0.18  -0.18     0.00
  MONTH TO DATE    1.09                      0.71   0.38     0.00
  SINCE MAR 1     23.72                     10.71  13.01    10.28
  SINCE JAN 1     33.72                     21.05  12.67    21.53

SNOWFALL (IN)
  YESTERDAY        0.0

DEGREE DAYS
 HEATING
  YESTERDAY        0                         1     -1        0
  MONTH TO DATE    0                         4     -4        3
  SINCE MAR 1    129                       369   -240      264
  SINCE JUL 1   1507                      2345   -838     2522

 COOLING
  YESTERDAY        2                         5     -3        6
  MONTH TO DATE   20                        20      0        9
  SINCE MAR 1    236                       129    107      163
  SINCE JAN 1    248                       138    110      163
..................................................................


WIND (MPH)
  HIGHEST WIND SPEED    16   HIGHEST WIND DIRECTION     W (280)
  HIGHEST GUST SPEED    22   HIGHEST GUST DIRECTION     W (280)
  AVERAGE WIND SPEED     6.9


SKY COVER
  POSSIBLE SUNSHINE  MM
  AVERAGE SKY COVER 0.1


WEATHER CONDITIONS
 THE FOLLOWING WEATHER WAS RECORDED YESTERDAY.
  FOG


RELATIVE HUMIDITY (PERCENT)
 HIGHEST    93          1200 AM
 LOWEST     35           100 PM
 AVERAGE    64

..........................................................


THE VICKSBURG CLIMATE NORMALS FOR TODAY
                         NORMAL    RECORD    YEAR
 MAXIMUM TEMPERATURE (F)   81        92      1952
 MINIMUM TEMPERATURE (F)   59        42      2013
                                             1954


SUNRISE AND SUNSET
MAY  5 2016...........SUNRISE   613 AM CDT   SUNSET   748 PM CDT
MAY  6 2016...........SUNRISE   613 AM CDT   SUNSET   749 PM CDT


-  INDICATES NEGATIVE NUMBERS.
R  INDICATES RECORD WAS SET OR TIED.
MM INDICATES DATA IS MISSING.
T  INDICATES TRACE AMOUNT.




$$
