558
CDUS44 KJAN 200844
CLITVR


CLIMATE REPORT
NATIONAL WEATHER SERVICE JACKSON MS
243 AM CST SAT JAN 20 2018


...................................

...THE VICKSBURG CLIMATE SUMMARY FOR JANUARY 19 2018...

CLIMATE NORMAL PERIOD 1981 TO 2010
CLIMATE RECORD PERIOD 1948 TO 2018


WEATHER ITEM   OBSERVED TIME   RECORD YEAR NORMAL DEPARTURE LAST
                VALUE   (LST)  VALUE       VALUE  FROM      YEAR
                                                  NORMAL
..................................................................
TEMPERATURE (F)
 YESTERDAY
  MAXIMUM         49    318 PM  78    1974  56     -7       68
  MINIMUM         19   1239 AM   6    1977  35    -16       53
  AVERAGE         34                        45    -11       61

PRECIPITATION (IN)
  YESTERDAY        0.00          3.42 2001   0.16  -0.16     1.53
  MONTH TO DATE    1.98                      2.97  -0.99     3.24
  SINCE DEC 1      4.39                      8.58  -4.19     9.51
  SINCE JAN 1      1.98                      2.97  -0.99     3.24

SNOWFALL (IN)
  YESTERDAY        0.0

DEGREE DAYS
 HEATING
  YESTERDAY       31                        20     11        4
  MONTH TO DATE  546                       379    167      210
  SINCE DEC 1   1102                       914    188      670
  SINCE JUL 1   1459                      1316    143      947

 COOLING
  YESTERDAY        0                         0      0        0
  MONTH TO DATE    0                         0      0       13
  SINCE DEC 1      6                         6      0       41
  SINCE JAN 1      0                         0      0       13
..................................................................


WIND (MPH)
  HIGHEST WIND SPEED     9   HIGHEST WIND DIRECTION    SE (150)
  HIGHEST GUST SPEED    10   HIGHEST GUST DIRECTION     S (160)
  AVERAGE WIND SPEED     3.1


SKY COVER
  POSSIBLE SUNSHINE  MM
  AVERAGE SKY COVER 0.9


WEATHER CONDITIONS
 THE FOLLOWING WEATHER WAS RECORDED YESTERDAY.
  NO SIGNIFICANT WEATHER WAS OBSERVED.


RELATIVE HUMIDITY (PERCENT)
 HIGHEST   100          1200 AM
 LOWEST     31           300 PM
 AVERAGE    66

..........................................................


THE VICKSBURG CLIMATE NORMALS FOR TODAY
                         NORMAL    RECORD    YEAR
 MAXIMUM TEMPERATURE (F)   56        79      1982
 MINIMUM TEMPERATURE (F)   35         9      1985


SUNRISE AND SUNSET
JANUARY 20 2018.......SUNRISE   704 AM CST   SUNSET   526 PM CST
JANUARY 21 2018.......SUNRISE   704 AM CST   SUNSET   527 PM CST


-  INDICATES NEGATIVE NUMBERS.
R  INDICATES RECORD WAS SET OR TIED.
MM INDICATES DATA IS MISSING.
T  INDICATES TRACE AMOUNT.




$$
