000
CDUS45 KBOI 170931
CLITWF


CLIMATE REPORT
NATIONAL WEATHER SERVICE BOISE ID
231 AM MST SUN DEC 17 2017


...................................

...THE TWIN FALLS ID CLIMATE SUMMARY FOR DECEMBER 16 2017...

CLIMATE NORMAL PERIOD 1981 TO 2010
CLIMATE RECORD PERIOD 9999 TO 9999


WEATHER ITEM   OBSERVED TIME   NORMAL DEPARTURE LAST
                VALUE   (LST)  VALUE  FROM      YEAR
                                      NORMAL
......................................................
TEMPERATURE (F)
 YESTERDAY
  MAXIMUM         30    424 PM  37     -7       35
  MINIMUM         24    107 AM  19      5       12
  AVERAGE         27

PRECIPITATION (IN)
  YESTERDAY        T             0.05  -0.05     0.10
  MONTH TO DATE    0.06          0.65  -0.59     1.37
  SINCE OCT 1      2.25          2.63  -0.38     4.34
  SINCE JAN 1     10.38         10.08   0.30    13.25

DEGREE DAYS
 HEATING
  YESTERDAY       38            37      1       41
  MONTH TO DATE  615           575     40      595
  SINCE DEC 1    615           575     40      595
  SINCE JUL 1   2149          2013    136     1897

 COOLING
  YESTERDAY        0             0      0        0
  MONTH TO DATE    0             0      0        0
  SINCE DEC 1      0             0      0        0
  SINCE JAN 1    871           680    191      642
......................................................


WIND (MPH)
  HIGHEST WIND SPEED    29   HIGHEST WIND DIRECTION     W (250)
  HIGHEST GUST SPEED    36   HIGHEST GUST DIRECTION     W (250)
  AVERAGE WIND SPEED    15.3


SKY COVER
  AVERAGE SKY COVER 1.0


WEATHER CONDITIONS
 THE FOLLOWING WEATHER WAS RECORDED YESTERDAY.
  LIGHT SNOW
  FOG


RELATIVE HUMIDITY (PERCENT)
 HIGHEST   100          1200 AM
 LOWEST     78           200 PM
 AVERAGE    89

..........................................................




SUNRISE AND SUNSET
DECEMBER 17 2017......SUNRISE   802 AM MST   SUNSET   506 PM MST
DECEMBER 18 2017......SUNRISE   803 AM MST   SUNSET   507 PM MST


-  INDICATES NEGATIVE NUMBERS.
R  INDICATES RECORD WAS SET OR TIED.
MM INDICATES DATA IS MISSING.
T  INDICATES TRACE AMOUNT.




$$
