000
CDUS45 KBOI 290932
CLITWF


CLIMATE REPORT
NATIONAL WEATHER SERVICE BOISE ID
331 AM MDT SUN MAR 29 2015


...................................

...THE TWIN FALLS ID CLIMATE SUMMARY FOR MARCH 28 2015...

CLIMATE NORMAL PERIOD 1981 TO 2010
CLIMATE RECORD PERIOD 9999 TO 9999


WEATHER ITEM   OBSERVED TIME   NORMAL DEPARTURE LAST
                VALUE   (LST)  VALUE  FROM      YEAR
                                      NORMAL
......................................................
TEMPERATURE (F)
 YESTERDAY
  MAXIMUM         60    321 PM  56      4       56
  MINIMUM         41   1101 PM  33      8       32
  AVERAGE         51

PRECIPITATION (IN)
  YESTERDAY        0.00          0.05  -0.05      T
  MONTH TO DATE    0.23          0.91  -0.68     1.19
  SINCE OCT 1      4.62          5.95  -1.33     3.90
  SINCE JAN 1      1.62          2.70  -1.08     3.43

DEGREE DAYS
 HEATING
  YESTERDAY       14            20     -6       21
  MONTH TO DATE  460           661   -201      541
  SINCE MAR 1    460           661   -201      541
  SINCE JUL 1   4153          5228  -1075     4794

 COOLING
  YESTERDAY        0             0      0        0
  MONTH TO DATE    0             0      0        0
  SINCE MAR 1      0             0      0        0
  SINCE JAN 1      0             0      0        0
......................................................


WIND (MPH)
  HIGHEST WIND SPEED    36   HIGHEST WIND DIRECTION     W (270)
  HIGHEST GUST SPEED    45   HIGHEST GUST DIRECTION     W (280)
  AVERAGE WIND SPEED    20.6


SKY COVER
  AVERAGE SKY COVER 0.0


WEATHER CONDITIONS
 THE FOLLOWING WEATHER WAS RECORDED YESTERDAY.
  NO SIGNIFICANT WEATHER WAS OBSERVED.


RELATIVE HUMIDITY (PERCENT)
 HIGHEST    54           900 AM
 LOWEST     23           300 PM
 AVERAGE    39

..........................................................




SUNRISE AND SUNSET
MARCH 29 2015.........SUNRISE   726 AM MDT   SUNSET   800 PM MDT
MARCH 30 2015.........SUNRISE   724 AM MDT   SUNSET   801 PM MDT


-  INDICATES NEGATIVE NUMBERS.
R  INDICATES RECORD WAS SET OR TIED.
MM INDICATES DATA IS MISSING.
T  INDICATES TRACE AMOUNT.




$$
