000
CDUS45 KBOI 271423
CLITWF


CLIMATE REPORT
NATIONAL WEATHER SERVICE BOISE ID
823 AM MDT THU APR 27 2017


...................................

...THE TWIN FALLS ID CLIMATE SUMMARY FOR APRIL 26 2017...

CLIMATE NORMAL PERIOD 1981 TO 2010
CLIMATE RECORD PERIOD 9999 TO 9999


WEATHER ITEM   OBSERVED TIME   NORMAL DEPARTURE LAST
                VALUE   (LST)  VALUE  FROM      YEAR
                                      NORMAL
......................................................
TEMPERATURE (F)
 YESTERDAY
  MAXIMUM         53   1130 AM  64    -11       54
  MINIMUM         39   1159 PM  37      2       39
  AVERAGE         46

PRECIPITATION (IN)
  YESTERDAY        0.29          0.04   0.25      T
  MONTH TO DATE    1.14          0.96   0.18     1.38
  SINCE OCT 1      9.75          7.04   2.71     8.58
  SINCE JAN 1      5.25          3.79   1.46     4.20

DEGREE DAYS
 HEATING
  YESTERDAY       19            15      4       18
  MONTH TO DATE  505           454     51      336
  SINCE MAR 1   1119          1176    -57     1013
  SINCE JUL 1   5899          5743    156     5299

 COOLING
  YESTERDAY        0             0      0        0
  MONTH TO DATE    0             0      0        0
  SINCE MAR 1      0             0      0        0
  SINCE JAN 1      0             0      0        0
......................................................


WIND (MPH)
  HIGHEST WIND SPEED    31   HIGHEST WIND DIRECTION     W (260)
  HIGHEST GUST SPEED    39   HIGHEST GUST DIRECTION     W (260)
  AVERAGE WIND SPEED    13.1


SKY COVER
  AVERAGE SKY COVER 0.9


WEATHER CONDITIONS
 THE FOLLOWING WEATHER WAS RECORDED YESTERDAY.
  RAIN
  LIGHT RAIN
  FOG


RELATIVE HUMIDITY (PERCENT)
 HIGHEST    92           300 PM
 LOWEST     70           100 AM
 AVERAGE    81

..........................................................




SUNRISE AND SUNSET
APRIL 27 2017.........SUNRISE   638 AM MDT   SUNSET   834 PM MDT
APRIL 28 2017.........SUNRISE   637 AM MDT   SUNSET   835 PM MDT


-  INDICATES NEGATIVE NUMBERS.
R  INDICATES RECORD WAS SET OR TIED.
MM INDICATES DATA IS MISSING.
T  INDICATES TRACE AMOUNT.




$$
