000
CDUS45 KBOI 180931
CLITWF


CLIMATE REPORT
NATIONAL WEATHER SERVICE BOISE ID
331 AM MDT FRI AUG 18 2017


...................................

...THE TWIN FALLS ID CLIMATE SUMMARY FOR AUGUST 17 2017...

CLIMATE NORMAL PERIOD 1981 TO 2010
CLIMATE RECORD PERIOD 9999 TO 9999


WEATHER ITEM   OBSERVED TIME   NORMAL DEPARTURE LAST
                VALUE   (LST)  VALUE  FROM      YEAR
                                      NORMAL
......................................................
TEMPERATURE (F)
 YESTERDAY
  MAXIMUM         86    416 PM  88     -2       94
  MINIMUM         57    558 AM  56      1       67
  AVERAGE         72

PRECIPITATION (IN)
  YESTERDAY        0.00          0.01  -0.01     0.00
  MONTH TO DATE    0.02          0.18  -0.16     0.01
  SINCE OCT 1     11.89          9.99   1.90    10.97
  SINCE JAN 1      7.39          6.74   0.65     6.59

DEGREE DAYS
 HEATING
  YESTERDAY        0             0      0        0
  MONTH TO DATE    2             0      2        1
  SINCE JUN 1     76            93    -17       75
  SINCE JUL 1      2             6     -4       22

 COOLING
  YESTERDAY        7             7      0       16
  MONTH TO DATE  145           150     -5      136
  SINCE JUN 1    622           514    108      535
  SINCE JAN 1    631           536     95      538
......................................................


WIND (MPH)
  HIGHEST WIND SPEED    18   HIGHEST WIND DIRECTION     W (290)
  HIGHEST GUST SPEED    24   HIGHEST GUST DIRECTION     W (280)
  AVERAGE WIND SPEED    12.8


SKY COVER
  AVERAGE SKY COVER 0.0


WEATHER CONDITIONS
 THE FOLLOWING WEATHER WAS RECORDED YESTERDAY.
  NO SIGNIFICANT WEATHER WAS OBSERVED.


RELATIVE HUMIDITY (PERCENT)
 HIGHEST    47           600 AM
 LOWEST     20           400 PM
 AVERAGE    34

..........................................................




SUNRISE AND SUNSET
AUGUST 18 2017........SUNRISE   648 AM MDT   SUNSET   834 PM MDT
AUGUST 19 2017........SUNRISE   649 AM MDT   SUNSET   833 PM MDT


-  INDICATES NEGATIVE NUMBERS.
R  INDICATES RECORD WAS SET OR TIED.
MM INDICATES DATA IS MISSING.
T  INDICATES TRACE AMOUNT.




$$
