000
CDUS45 KBOI 260935
CLITWF


CLIMATE REPORT
NATIONAL WEATHER SERVICE BOISE ID
334 AM MDT SUN MAR 26 2017


...................................

...THE TWIN FALLS ID CLIMATE SUMMARY FOR MARCH 25 2017...

CLIMATE NORMAL PERIOD 1981 TO 2010
CLIMATE RECORD PERIOD 9999 TO 9999


WEATHER ITEM   OBSERVED TIME   NORMAL DEPARTURE LAST
                VALUE   (LST)  VALUE  FROM      YEAR
                                      NORMAL
......................................................
TEMPERATURE (F)
 YESTERDAY
  MAXIMUM         53    242 PM  56     -3       47
  MINIMUM         35   1121 PM  33      2       31
  AVERAGE         44

PRECIPITATION (IN)
  YESTERDAY        0.01          0.04  -0.03      T
  MONTH TO DATE    0.61          0.77  -0.16     1.11
  SINCE OCT 1      8.08          5.81   2.27     6.71
  SINCE JAN 1      3.58          2.56   1.02     2.33

DEGREE DAYS
 HEATING
  YESTERDAY       21            21      0       26
  MONTH TO DATE  487           599   -112      530
  SINCE MAR 1    487           599   -112      530
  SINCE JUL 1   5267          5166    101     4816

 COOLING
  YESTERDAY        0             0      0        0
  MONTH TO DATE    0             0      0        0
  SINCE MAR 1      0             0      0        0
  SINCE JAN 1      0             0      0        0
......................................................


WIND (MPH)
  HIGHEST WIND SPEED    20   HIGHEST WIND DIRECTION     W (260)
  HIGHEST GUST SPEED    25   HIGHEST GUST DIRECTION    NW (300)
  AVERAGE WIND SPEED    11.7


SKY COVER
  AVERAGE SKY COVER 0.3


WEATHER CONDITIONS
 THE FOLLOWING WEATHER WAS RECORDED YESTERDAY.
  LIGHT RAIN


RELATIVE HUMIDITY (PERCENT)
 HIGHEST    93           200 AM
 LOWEST     39           300 PM
 AVERAGE    66

..........................................................




SUNRISE AND SUNSET
MARCH 26 2017.........SUNRISE   730 AM MDT   SUNSET   757 PM MDT
MARCH 27 2017.........SUNRISE   728 AM MDT   SUNSET   759 PM MDT


-  INDICATES NEGATIVE NUMBERS.
R  INDICATES RECORD WAS SET OR TIED.
MM INDICATES DATA IS MISSING.
T  INDICATES TRACE AMOUNT.




$$
