000
CDUS45 KBOI 210930
CLITWF


CLIMATE REPORT
NATIONAL WEATHER SERVICE BOISE ID
330 AM MDT THU AUG 21 2014


...................................

...THE TWIN FALLS ID CLIMATE SUMMARY FOR AUGUST 20 2014...

CLIMATE NORMAL PERIOD 1981 TO 2010
CLIMATE RECORD PERIOD 9999 TO 9999


WEATHER ITEM   OBSERVED TIME   NORMAL DEPARTURE LAST
                VALUE   (LST)  VALUE  FROM      YEAR
                                      NORMAL
......................................................
TEMPERATURE (F)
 YESTERDAY
  MAXIMUM         82    120 PM  88     -6       92
  MINIMUM         52    614 AM  55     -3       66
  AVERAGE         67

PRECIPITATION (IN)
  YESTERDAY        0.10          0.00   0.10     0.00
  MONTH TO DATE    4.29          0.20   4.09     0.00
  SINCE OCT 1     11.44         10.01   1.43     6.37
  SINCE JAN 1     10.97          6.76   4.21     3.19

DEGREE DAYS
 HEATING
  YESTERDAY        0             0      0        0
  MONTH TO DATE    2             0      2        0
  SINCE JUN 1     60            93    -33       55
  SINCE JUL 1      2             6     -4        0

 COOLING
  YESTERDAY        2             7     -5       14
  MONTH TO DATE  176           171      5      248
  SINCE JUN 1    697           535    162      879
  SINCE JAN 1    730           557    173      904
......................................................


WIND (MPH)
  HIGHEST WIND SPEED    21   HIGHEST WIND DIRECTION    SE (150)
  HIGHEST GUST SPEED    24   HIGHEST GUST DIRECTION    SE (150)
  AVERAGE WIND SPEED     7.5


SKY COVER
  AVERAGE SKY COVER 0.1


WEATHER CONDITIONS
 THE FOLLOWING WEATHER WAS RECORDED YESTERDAY.
  THUNDERSTORM
  HEAVY RAIN
  RAIN
  LIGHT RAIN
  HAZE


RELATIVE HUMIDITY (PERCENT)
 HIGHEST    83           600 AM
 LOWEST     34          1200 PM
 AVERAGE    59

..........................................................




SUNRISE AND SUNSET
AUGUST 21 2014........SUNRISE   651 AM MDT   SUNSET   830 PM MDT
AUGUST 22 2014........SUNRISE   652 AM MDT   SUNSET   828 PM MDT


-  INDICATES NEGATIVE NUMBERS.
R  INDICATES RECORD WAS SET OR TIED.
MM INDICATES DATA IS MISSING.
T  INDICATES TRACE AMOUNT.




$$
