000
CDUS45 KBOI 290931
CLITWF


CLIMATE REPORT
NATIONAL WEATHER SERVICE BOISE ID
330 AM MDT FRI MAY 29 2015


...................................

...THE TWIN FALLS ID CLIMATE SUMMARY FOR MAY 28 2015...

CLIMATE NORMAL PERIOD 1981 TO 2010
CLIMATE RECORD PERIOD 9999 TO 9999


WEATHER ITEM   OBSERVED TIME   NORMAL DEPARTURE LAST
                VALUE   (LST)  VALUE  FROM      YEAR
                                      NORMAL
......................................................
TEMPERATURE (F)
 YESTERDAY
  MAXIMUM         74    453 PM  74      0       79
  MINIMUM         49    530 AM  46      3       50
  AVERAGE         62

PRECIPITATION (IN)
  YESTERDAY        0.00          0.04  -0.04      T
  MONTH TO DATE    2.27          1.23   1.04     0.64
  SINCE OCT 1      7.13          8.45  -1.32     6.06
  SINCE JAN 1      4.13          5.20  -1.07     5.59

DEGREE DAYS
 HEATING
  YESTERDAY        3             7     -4        0
  MONTH TO DATE  191           270    -79      180
  SINCE MAR 1   1132          1501   -369     1251
  SINCE JUL 1   4825          6068  -1243     5504

 COOLING
  YESTERDAY        0             1     -1        0
  MONTH TO DATE    0            16    -16       33
  SINCE MAR 1      0            17    -17       33
  SINCE JAN 1      0            17    -17       33
......................................................


WIND (MPH)
  HIGHEST WIND SPEED    16   HIGHEST WIND DIRECTION     W (290)
  HIGHEST GUST SPEED    22   HIGHEST GUST DIRECTION     W (270)
  AVERAGE WIND SPEED     9.5


SKY COVER
  AVERAGE SKY COVER 0.1


WEATHER CONDITIONS
 THE FOLLOWING WEATHER WAS RECORDED YESTERDAY.
  NO SIGNIFICANT WEATHER WAS OBSERVED.


RELATIVE HUMIDITY (PERCENT)
 HIGHEST    74           400 AM
 LOWEST     27           400 PM
 AVERAGE    51

..........................................................




SUNRISE AND SUNSET
MAY 29 2015...........SUNRISE   605 AM MDT   SUNSET   906 PM MDT
MAY 30 2015...........SUNRISE   604 AM MDT   SUNSET   907 PM MDT


-  INDICATES NEGATIVE NUMBERS.
R  INDICATES RECORD WAS SET OR TIED.
MM INDICATES DATA IS MISSING.
T  INDICATES TRACE AMOUNT.




$$
