000
CDUS44 KSHV 200735
CLITXK


CLIMATE REPORT
NATIONAL WEATHER SERVICE SHREVEPORT, LA
235 AM CDT MON OCT 20 2014


...................................

...THE TEXARKANA CLIMATE SUMMARY FOR OCTOBER 19 2014...

CLIMATE NORMAL PERIOD 1981 TO 2010
CLIMATE RECORD PERIOD 1896 TO 2014


WEATHER ITEM   OBSERVED TIME   RECORD YEAR NORMAL DEPARTURE LAST
                VALUE   (LST)  VALUE       VALUE  FROM      YEAR
                                                  NORMAL
..................................................................
TEMPERATURE (F)
 YESTERDAY
  MAXIMUM         71    350 PM  96    1921  75     -4       65
  MINIMUM         47    651 AM  31    1917  52     -5       46
  AVERAGE         59                        64     -5       56

PRECIPITATION (IN)
  YESTERDAY        0.00          3.17 1984   0.18  -0.18     0.00
  MONTH TO DATE    2.45                      2.93  -0.48     2.75
  SINCE DEC 1     35.26                     42.83  -7.57    36.65
  SINCE JAN 1     29.43                     37.78  -8.35    32.19

SNOWFALL (IN)
  YESTERDAY        0.0
  MONTH TO DATE    0.0
  SINCE SEP 1      0.0
  SINCE JUL 1      0.0
  SNOW DEPTH       0

DEGREE DAYS
 HEATING
  YESTERDAY        6                         4      2        9
  MONTH TO DATE   19                        44    -25       34
  SINCE SEP 1     22                        55    -33       34
  SINCE JUL 1     22                        55    -33       34

 COOLING
  YESTERDAY        0                         2     -2        0
  MONTH TO DATE  107                        74     33       87
  SINCE SEP 1    453                       380     73      524
  SINCE JAN 1   2104                      2168    -64     2339
..................................................................


WIND (MPH)
  HIGHEST WIND SPEED    10   HIGHEST WIND DIRECTION    NE (50)
  HIGHEST GUST SPEED    15   HIGHEST GUST DIRECTION    SE (130)
  AVERAGE WIND SPEED     3.9


SKY COVER
  POSSIBLE SUNSHINE  MM
  AVERAGE SKY COVER 0.0


WEATHER CONDITIONS
 THE FOLLOWING WEATHER WAS RECORDED YESTERDAY.
  FOG


RELATIVE HUMIDITY (PERCENT)
 HIGHEST   100          1200 AM
 LOWEST     44           200 PM
 AVERAGE    72

..........................................................


THE TEXARKANA CLIMATE NORMALS FOR TODAY
                         NORMAL    RECORD    YEAR
 MAXIMUM TEMPERATURE (F)   75        94      1927
 MINIMUM TEMPERATURE (F)   52        27      1989


SUNRISE AND SUNSET
OCTOBER 20 2014.......SUNRISE   725 AM CDT   SUNSET   636 PM CDT
OCTOBER 21 2014.......SUNRISE   725 AM CDT   SUNSET   635 PM CDT


-  INDICATES NEGATIVE NUMBERS.
R  INDICATES RECORD WAS SET OR TIED.
MM INDICATES DATA IS MISSING.
T  INDICATES TRACE AMOUNT.




$$
