000
CDUS44 KSHV 120741
CLITXK


CLIMATE REPORT
NATIONAL WEATHER SERVICE SHREVEPORT, LA
237 AM CDT SAT JUL 12 2014


...................................

...THE TEXARKANA CLIMATE SUMMARY FOR JULY 11 2014...

CLIMATE NORMAL PERIOD 1981 TO 2010
CLIMATE RECORD PERIOD 1896 TO 2014


WEATHER ITEM   OBSERVED TIME   RECORD YEAR NORMAL DEPARTURE LAST
                VALUE   (LST)  VALUE       VALUE  FROM      YEAR
                                                  NORMAL
..................................................................
TEMPERATURE (F)
 YESTERDAY
  MAXIMUM         96    507 PM 108    1933  93      3       99
  MINIMUM         70    549 AM  59    1899  72     -2       72
  AVERAGE         83                        82      1       86

PRECIPITATION (IN)
  YESTERDAY        0.00          1.83 1999   0.12  -0.12     0.01
  MONTH TO DATE    0.16                      1.42  -1.26     0.02
  SINCE DEC 1     25.49                     31.54  -6.05    20.89
  SINCE JAN 1     19.66                     26.49  -6.83    16.43

SNOWFALL (IN)
  YESTERDAY        0.0
  MONTH TO DATE    0.0
  SINCE JUN 1      0.0
  SINCE JUL 1      0.0
  SNOW DEPTH       0

DEGREE DAYS
 HEATING
  YESTERDAY        0                         0      0        0
  MONTH TO DATE    0                         0      0        0
  SINCE JUN 1      0                         0      0        0
  SINCE JUL 1      0                         0      0        0

 COOLING
  YESTERDAY       18                        17      1       21
  MONTH TO DATE  171                       182    -11      172
  SINCE JUN 1    600                       587     13      623
  SINCE JAN 1    894                       907    -13      921
..................................................................


WIND (MPH)
  HIGHEST WIND SPEED    12   HIGHEST WIND DIRECTION    SW (240)
  HIGHEST GUST SPEED    16   HIGHEST GUST DIRECTION    SW (230)
  AVERAGE WIND SPEED     4.0


SKY COVER
  POSSIBLE SUNSHINE  MM
  AVERAGE SKY COVER 0.0


WEATHER CONDITIONS
 THE FOLLOWING WEATHER WAS RECORDED YESTERDAY.
  FOG


RELATIVE HUMIDITY (PERCENT)
 HIGHEST   100           500 AM
 LOWEST     31           400 PM
 AVERAGE    66

..........................................................


THE TEXARKANA CLIMATE NORMALS FOR TODAY
                         NORMAL    RECORD    YEAR
 MAXIMUM TEMPERATURE (F)   93       103      1969
 MINIMUM TEMPERATURE (F)   72        58      1905


SUNRISE AND SUNSET
JULY 12 2014..........SUNRISE   615 AM CDT   SUNSET   828 PM CDT
JULY 13 2014..........SUNRISE   616 AM CDT   SUNSET   827 PM CDT


-  INDICATES NEGATIVE NUMBERS.
R  INDICATES RECORD WAS SET OR TIED.
MM INDICATES DATA IS MISSING.
T  INDICATES TRACE AMOUNT.




$$
