000
CDUS44 KSHV 290747
CLITXK


CLIMATE REPORT
NATIONAL WEATHER SERVICE SHREVEPORT, LA
246 AM CDT MON MAY 29 2017


...................................

...THE TEXARKANA CLIMATE SUMMARY FOR MAY 28 2017...

CLIMATE NORMAL PERIOD 1981 TO 2010
CLIMATE RECORD PERIOD 1896 TO 2017


WEATHER ITEM   OBSERVED TIME   RECORD YEAR NORMAL DEPARTURE LAST
                VALUE   (LST)  VALUE       VALUE  FROM      YEAR
                                                  NORMAL
..................................................................
TEMPERATURE (F)
 YESTERDAY
  MAXIMUM         79    240 PM  97    1898  85     -6       82
  MINIMUM         64    620 AM  45    1901  64      0       63
  AVERAGE         72                        75     -3       73

PRECIPITATION (IN)
  YESTERDAY        0.44         10.48 1998   0.15   0.29     0.00
  MONTH TO DATE    3.94                      4.67  -0.73     3.15
  SINCE DEC 1     26.98                     25.25   1.73    31.53
  SINCE JAN 1     20.56                     20.20   0.36    25.55

SNOWFALL (IN)
  YESTERDAY        0.0
  MONTH TO DATE    0.0
  SINCE MAR 1      0.0
  SINCE JUL 1      0.1
  SNOW DEPTH       0

DEGREE DAYS
 HEATING
  YESTERDAY        0                         0      0        0
  MONTH TO DATE   11                        12     -1       17
  SINCE MAR 1    256                       421   -165      255
  SINCE JUL 1   1707                      2615   -908     1908

 COOLING
  YESTERDAY        7                        10     -3        8
  MONTH TO DATE  154                       192    -38      140
  SINCE MAR 1    299                       285     14      249
  SINCE JAN 1    331                       289     42      255
..................................................................


WIND (MPH)
  HIGHEST WIND SPEED    26   HIGHEST WIND DIRECTION    NW (320)
  HIGHEST GUST SPEED    32   HIGHEST GUST DIRECTION    NW (320)
  AVERAGE WIND SPEED     5.5


SKY COVER
  POSSIBLE SUNSHINE  MM
  AVERAGE SKY COVER 0.7


WEATHER CONDITIONS
 THE FOLLOWING WEATHER WAS RECORDED YESTERDAY.
  THUNDERSTORM
  HEAVY RAIN
  RAIN
  LIGHT RAIN
  FOG


RELATIVE HUMIDITY (PERCENT)
 HIGHEST   100           600 AM
 LOWEST     71           200 PM
 AVERAGE    86

..........................................................


THE TEXARKANA CLIMATE NORMALS FOR TODAY
                         NORMAL    RECORD    YEAR
 MAXIMUM TEMPERATURE (F)   85        98      1898
 MINIMUM TEMPERATURE (F)   65        50      1901


SUNRISE AND SUNSET
MAY 29 2017...........SUNRISE   608 AM CDT   SUNSET   819 PM CDT
MAY 30 2017...........SUNRISE   608 AM CDT   SUNSET   820 PM CDT


-  INDICATES NEGATIVE NUMBERS.
R  INDICATES RECORD WAS SET OR TIED.
MM INDICATES DATA IS MISSING.
T  INDICATES TRACE AMOUNT.




$$
