000
CDUS44 KSHV 170848
CLITXK


CLIMATE REPORT
NATIONAL WEATHER SERVICE SHREVEPORT, LA
244 AM CST TUE JAN 17 2017


...................................

...THE TEXARKANA CLIMATE SUMMARY FOR JANUARY 16 2017...

CLIMATE NORMAL PERIOD 1981 TO 2010
CLIMATE RECORD PERIOD 1896 TO 2017


WEATHER ITEM   OBSERVED TIME   RECORD YEAR NORMAL DEPARTURE LAST
                VALUE   (LST)  VALUE       VALUE  FROM      YEAR
                                                  NORMAL
..................................................................
TEMPERATURE (F)
 YESTERDAY
  MAXIMUM         69    151 PM  78    1943  54     15       45
  MINIMUM         54   1159 PM  12    1930  34     20       33
  AVERAGE         62                        44     18       39

PRECIPITATION (IN)
  YESTERDAY        1.02          2.41 1978   0.10   0.92     0.07
  MONTH TO DATE    1.68                      1.79  -0.11     0.70
  SINCE DEC 1      8.10                      6.84   1.26     6.68
  SINCE JAN 1      1.68                      1.79  -0.11     0.70

SNOWFALL (IN)
  YESTERDAY        0.0
  MONTH TO DATE    0.1
  SINCE DEC 1      0.1
  SINCE JUL 1      0.1
  SNOW DEPTH       0

DEGREE DAYS
 HEATING
  YESTERDAY        3                        21    -18       26
  MONTH TO DATE  249                       349   -100      333
  SINCE DEC 1    754                       958   -204      710
  SINCE JUL 1    988                      1416   -428      994

 COOLING
  YESTERDAY        0                         0      0        0
  MONTH TO DATE   14                         0     14        0
  SINCE DEC 1     21                         3     18       13
  SINCE JAN 1     14                         0     14        0
..................................................................


WIND (MPH)
  HIGHEST WIND SPEED    21   HIGHEST WIND DIRECTION     S (160)
  HIGHEST GUST SPEED    27   HIGHEST GUST DIRECTION    SE (140)
  AVERAGE WIND SPEED     8.6


SKY COVER
  POSSIBLE SUNSHINE  MM
  AVERAGE SKY COVER 1.0


WEATHER CONDITIONS
 THE FOLLOWING WEATHER WAS RECORDED YESTERDAY.
  HEAVY RAIN
  RAIN
  LIGHT RAIN
  FOG


RELATIVE HUMIDITY (PERCENT)
 HIGHEST   100          1200 AM
 LOWEST     80          1100 PM
 AVERAGE    90

..........................................................


THE TEXARKANA CLIMATE NORMALS FOR TODAY
                         NORMAL    RECORD    YEAR
 MAXIMUM TEMPERATURE (F)   54        79      1952
 MINIMUM TEMPERATURE (F)   34        11      1981


SUNRISE AND SUNSET
JANUARY 17 2017.......SUNRISE   719 AM CST   SUNSET   533 PM CST
JANUARY 18 2017.......SUNRISE   719 AM CST   SUNSET   534 PM CST


-  INDICATES NEGATIVE NUMBERS.
R  INDICATES RECORD WAS SET OR TIED.
MM INDICATES DATA IS MISSING.
T  INDICATES TRACE AMOUNT.




$$
