000
CDUS44 KSHV 210848
CLITXK


CLIMATE REPORT
NATIONAL WEATHER SERVICE SHREVEPORT, LA
247 AM CST TUE NOV 21 2017


...................................

...THE TEXARKANA CLIMATE SUMMARY FOR NOVEMBER 20 2017...

CLIMATE NORMAL PERIOD 1981 TO 2010
CLIMATE RECORD PERIOD 1896 TO 2017


WEATHER ITEM   OBSERVED TIME   RECORD YEAR NORMAL DEPARTURE LAST
                VALUE   (LST)  VALUE       VALUE  FROM      YEAR
                                                  NORMAL
..................................................................
TEMPERATURE (F)
 YESTERDAY
  MAXIMUM         61    309 PM  83    2011  63     -2       61
  MINIMUM         35    642 AM  15    1903  42     -7       29
  AVERAGE         48                        52     -4       45

PRECIPITATION (IN)
  YESTERDAY        0.00          1.72 1930   0.17  -0.17     0.00
  MONTH TO DATE    1.53                      3.12  -1.59     0.79
  SINCE DEC 1     49.86                     47.95   1.91    46.27
  SINCE JAN 1     43.44                     42.90   0.54    40.29

SNOWFALL (IN)
  YESTERDAY        0.0
  MONTH TO DATE    0.0
  SINCE SEP 1      0.0
  SINCE JUL 1      0.0
  SNOW DEPTH       0

DEGREE DAYS
 HEATING
  YESTERDAY       17                        13      4       20
  MONTH TO DATE  135                       193    -58      106
  SINCE SEP 1    245                       311    -66      123
  SINCE JUL 1    245                       311    -66      123

 COOLING
  YESTERDAY        0                         0      0        0
  MONTH TO DATE   54                        14     40       37
  SINCE SEP 1    503                       414     89      647
  SINCE JAN 1   2207                      2202      5     2587
..................................................................


WIND (MPH)
  HIGHEST WIND SPEED    15   HIGHEST WIND DIRECTION     S (200)
  HIGHEST GUST SPEED    21   HIGHEST GUST DIRECTION     S (200)
  AVERAGE WIND SPEED     6.9


SKY COVER
  POSSIBLE SUNSHINE  MM
  AVERAGE SKY COVER 0.0


WEATHER CONDITIONS
 THE FOLLOWING WEATHER WAS RECORDED YESTERDAY.
  FOG


RELATIVE HUMIDITY (PERCENT)
 HIGHEST    89           700 AM
 LOWEST     29           200 PM
 AVERAGE    59

..........................................................


THE TEXARKANA CLIMATE NORMALS FOR TODAY
                         NORMAL    RECORD    YEAR
 MAXIMUM TEMPERATURE (F)   62        84      1909
 MINIMUM TEMPERATURE (F)   42        24      1937


SUNRISE AND SUNSET
NOVEMBER 21 2017......SUNRISE   653 AM CST   SUNSET   510 PM CST
NOVEMBER 22 2017......SUNRISE   654 AM CST   SUNSET   510 PM CST


-  INDICATES NEGATIVE NUMBERS.
R  INDICATES RECORD WAS SET OR TIED.
MM INDICATES DATA IS MISSING.
T  INDICATES TRACE AMOUNT.




$$
