000
CDUS44 KSHV 270752
CLITXK


CLIMATE REPORT
NATIONAL WEATHER SERVICE SHREVEPORT, LA
249 AM CDT WED MAY 27 2015


...................................

...THE TEXARKANA CLIMATE SUMMARY FOR MAY 26 2015...

CLIMATE NORMAL PERIOD 1981 TO 2010
CLIMATE RECORD PERIOD 1896 TO 2015


WEATHER ITEM   OBSERVED TIME   RECORD YEAR NORMAL DEPARTURE LAST
                VALUE   (LST)  VALUE       VALUE  FROM      YEAR
                                                  NORMAL
..................................................................
TEMPERATURE (F)
 YESTERDAY
  MAXIMUM         80    532 PM  96    1898  85     -5       84
  MINIMUM         62    516 AM  43    1925  64     -2       69
  AVERAGE         71                        74     -3       77

PRECIPITATION (IN)
  YESTERDAY        0.00          2.37 1976   0.15  -0.15     0.00
  MONTH TO DATE    7.47                      4.37   3.10     3.25
  SINCE DEC 1     35.34                     24.95  10.39    19.43
  SINCE JAN 1     32.66                     19.90  12.76    13.60

SNOWFALL (IN)
  YESTERDAY        0.0
  MONTH TO DATE    0.0
  SINCE MAR 1      1.0
  SINCE JUL 1      5.2
  SNOW DEPTH       0

DEGREE DAYS
 HEATING
  YESTERDAY        0                         0      0        0
  MONTH TO DATE    8                        12     -4       34
  SINCE MAR 1    430                       421      9      572
  SINCE JUL 1   2811                      2615    196     3040

 COOLING
  YESTERDAY        6                         9     -3       12
  MONTH TO DATE  179                       172      7      167
  SINCE MAR 1    276                       265     11      245
  SINCE JAN 1    276                       269      7      245
..................................................................


WIND (MPH)
  HIGHEST WIND SPEED    14   HIGHEST WIND DIRECTION     S (180)
  HIGHEST GUST SPEED    18   HIGHEST GUST DIRECTION     S (190)
  AVERAGE WIND SPEED     5.0


SKY COVER
  POSSIBLE SUNSHINE  MM
  AVERAGE SKY COVER 0.5


WEATHER CONDITIONS
 THE FOLLOWING WEATHER WAS RECORDED YESTERDAY.
  FOG


RELATIVE HUMIDITY (PERCENT)
 HIGHEST   100           200 AM
 LOWEST     69           500 PM
 AVERAGE    85

..........................................................


THE TEXARKANA CLIMATE NORMALS FOR TODAY
                         NORMAL    RECORD    YEAR
 MAXIMUM TEMPERATURE (F)   85        97      1928
 MINIMUM TEMPERATURE (F)   64        46      1961


SUNRISE AND SUNSET
MAY 27 2015...........SUNRISE   609 AM CDT   SUNSET   818 PM CDT
MAY 28 2015...........SUNRISE   609 AM CDT   SUNSET   818 PM CDT


-  INDICATES NEGATIVE NUMBERS.
R  INDICATES RECORD WAS SET OR TIED.
MM INDICATES DATA IS MISSING.
T  INDICATES TRACE AMOUNT.




$$
