000
CDUS44 KSHV 240738
CLITXK


CLIMATE REPORT
NATIONAL WEATHER SERVICE SHREVEPORT, LA
237 AM CDT FRI MAR 24 2017


...................................

...THE TEXARKANA CLIMATE SUMMARY FOR MARCH 23 2017...

CLIMATE NORMAL PERIOD 1981 TO 2010
CLIMATE RECORD PERIOD 1896 TO 2017


WEATHER ITEM   OBSERVED TIME   RECORD YEAR NORMAL DEPARTURE LAST
                VALUE   (LST)  VALUE       VALUE  FROM      YEAR
                                                  NORMAL
..................................................................
TEMPERATURE (F)
 YESTERDAY
  MAXIMUM         83    430 PM  94    1929  69     14       77
  MINIMUM         52    506 AM  29    1968  46      6       61
  AVERAGE         68                        58     10       69

PRECIPITATION (IN)
  YESTERDAY        0.00          1.99 1969   0.13  -0.13      T
  MONTH TO DATE    0.67                      3.14  -2.47     6.57
  SINCE DEC 1     15.73                     15.58   0.15    18.67
  SINCE JAN 1      9.31                     10.53  -1.22    12.69

SNOWFALL (IN)
  YESTERDAY        0.0
  MONTH TO DATE    0.0
  SINCE MAR 1      0.0
  SINCE JUL 1      0.1
  SNOW DEPTH       0

DEGREE DAYS
 HEATING
  YESTERDAY        0                         8     -8        0
  MONTH TO DATE  189                       244    -55      129
  SINCE MAR 1    189                       244    -55      129
  SINCE JUL 1   1640                      2438   -798     1782

 COOLING
  YESTERDAY        3                         1      2        4
  MONTH TO DATE   32                        11     21       17
  SINCE MAR 1     32                        11     21       17
  SINCE JAN 1     64                        15     49       23
..................................................................


WIND (MPH)
  HIGHEST WIND SPEED    20   HIGHEST WIND DIRECTION    SE (150)
  HIGHEST GUST SPEED    29   HIGHEST GUST DIRECTION     S (180)
  AVERAGE WIND SPEED    10.3


SKY COVER
  POSSIBLE SUNSHINE  MM
  AVERAGE SKY COVER 0.2


WEATHER CONDITIONS
 THE FOLLOWING WEATHER WAS RECORDED YESTERDAY.
  NO SIGNIFICANT WEATHER WAS OBSERVED.


RELATIVE HUMIDITY (PERCENT)
 HIGHEST    89           500 AM
 LOWEST     33           400 PM
 AVERAGE    61

..........................................................


THE TEXARKANA CLIMATE NORMALS FOR TODAY
                         NORMAL    RECORD    YEAR
 MAXIMUM TEMPERATURE (F)   70        90      1907
 MINIMUM TEMPERATURE (F)   47        27      1912


SUNRISE AND SUNSET
MARCH 24 2017.........SUNRISE   714 AM CDT   SUNSET   731 PM CDT
MARCH 25 2017.........SUNRISE   713 AM CDT   SUNSET   732 PM CDT


-  INDICATES NEGATIVE NUMBERS.
R  INDICATES RECORD WAS SET OR TIED.
MM INDICATES DATA IS MISSING.
T  INDICATES TRACE AMOUNT.




$$
