000
CDUS44 KSHV 250742
CLITXK


CLIMATE REPORT
NATIONAL WEATHER SERVICE SHREVEPORT, LA
241 AM CDT FRI JUL 25 2014


...................................

...THE TEXARKANA CLIMATE SUMMARY FOR JULY 24 2014...

CLIMATE NORMAL PERIOD 1981 TO 2010
CLIMATE RECORD PERIOD 1896 TO 2014


WEATHER ITEM   OBSERVED TIME   RECORD YEAR NORMAL DEPARTURE LAST
                VALUE   (LST)  VALUE       VALUE  FROM      YEAR
                                                  NORMAL
..................................................................
TEMPERATURE (F)
 YESTERDAY
  MAXIMUM         83    543 PM 109    1934  94    -11       87
  MINIMUM         68    653 AM  59    1947  72     -4       70
  AVERAGE         76                        83     -7       79

PRECIPITATION (IN)
  YESTERDAY        0.00          3.14 1933   0.09  -0.09     0.02
  MONTH TO DATE    2.26                      2.77  -0.51     0.95
  SINCE DEC 1     27.59                     32.89  -5.30    21.82
  SINCE JAN 1     21.76                     27.84  -6.08    17.36

SNOWFALL (IN)
  YESTERDAY        0.0
  MONTH TO DATE    0.0
  SINCE JUN 1      0.0
  SINCE JUL 1      0.0
  SNOW DEPTH       0

DEGREE DAYS
 HEATING
  YESTERDAY        0                         0      0        0
  MONTH TO DATE    0                         0      0        0
  SINCE JUN 1      0                         0      0        0
  SINCE JUL 1      0                         0      0        0

 COOLING
  YESTERDAY       11                        18     -7       14
  MONTH TO DATE  321                       410    -89      395
  SINCE JUN 1    750                       815    -65      846
  SINCE JAN 1   1044                      1135    -91     1144
..................................................................


WIND (MPH)
  HIGHEST WIND SPEED     9   HIGHEST WIND DIRECTION     N (20)
  HIGHEST GUST SPEED    13   HIGHEST GUST DIRECTION    NE (60)
  AVERAGE WIND SPEED     2.5


SKY COVER
  POSSIBLE SUNSHINE  MM
  AVERAGE SKY COVER 0.7


WEATHER CONDITIONS
 THE FOLLOWING WEATHER WAS RECORDED YESTERDAY.
  FOG
  FOG W/VISIBILITY <= 1/4 MILE


RELATIVE HUMIDITY (PERCENT)
 HIGHEST   100          1200 AM
 LOWEST     69           500 PM
 AVERAGE    85

..........................................................


THE TEXARKANA CLIMATE NORMALS FOR TODAY
                         NORMAL    RECORD    YEAR
 MAXIMUM TEMPERATURE (F)   94       105      1923
 MINIMUM TEMPERATURE (F)   72        60      1915


SUNRISE AND SUNSET
JULY 25 2014..........SUNRISE   624 AM CDT   SUNSET   821 PM CDT
JULY 26 2014..........SUNRISE   624 AM CDT   SUNSET   820 PM CDT


-  INDICATES NEGATIVE NUMBERS.
R  INDICATES RECORD WAS SET OR TIED.
MM INDICATES DATA IS MISSING.
T  INDICATES TRACE AMOUNT.




$$
