000
CDUS44 KSHV 260844
CLITYR


CLIMATE REPORT
NATIONAL WEATHER SERVICE SHREVEPORT, LA
243 AM CST MON JAN 26 2015


...................................

...THE TYLER CLIMATE SUMMARY FOR JANUARY 25 2015...

CLIMATE NORMAL PERIOD 1981 TO 2010
CLIMATE RECORD PERIOD 1896 TO 2015


WEATHER ITEM   OBSERVED TIME   RECORD YEAR NORMAL DEPARTURE LAST
                VALUE   (LST)  VALUE       VALUE  FROM      YEAR
                                                  NORMAL
..................................................................
TEMPERATURE (F)
 YESTERDAY
  MAXIMUM         66    245 PM  83    1950  57      9       63
  MINIMUM         43    624 AM   9    1963  37      6       30
  AVERAGE         55                        47      8       47

PRECIPITATION (IN)
  YESTERDAY        0.00          1.93 1976   0.10  -0.10     0.00
  MONTH TO DATE    4.08                      2.45   1.63     0.70
  SINCE DEC 1      5.55                      6.69  -1.14     3.72
  SINCE JAN 1      4.08                      2.45   1.63     0.70

SNOWFALL (IN)
  YESTERDAY        0.0
  MONTH TO DATE    0.0
  SINCE DEC 1      0.0
  SINCE JUL 1      T
  SNOW DEPTH       0

DEGREE DAYS
 HEATING
  YESTERDAY       10                        18     -8       18
  MONTH TO DATE  534                       473     61      496
  SINCE DEC 1    951                      1000    -49     1066
  SINCE JUL 1   1332                      1374    -42     1456

 COOLING
  YESTERDAY        0                         0      0        0
  MONTH TO DATE    0                         0      0        0
  SINCE DEC 1      3                         6     -3       10
  SINCE JAN 1      0                         0      0        0
..................................................................


WIND (MPH)
  HIGHEST WIND SPEED    26   HIGHEST WIND DIRECTION    NW (310)
  HIGHEST GUST SPEED    34   HIGHEST GUST DIRECTION    NW (310)
  AVERAGE WIND SPEED    12.1


SKY COVER
  POSSIBLE SUNSHINE  MM
  AVERAGE SKY COVER 0.0


WEATHER CONDITIONS
 THE FOLLOWING WEATHER WAS RECORDED YESTERDAY.
  NO SIGNIFICANT WEATHER WAS OBSERVED.


RELATIVE HUMIDITY (PERCENT)
 HIGHEST    76           300 AM
 LOWEST     24           400 PM
 AVERAGE    50

..........................................................


THE TYLER CLIMATE NORMALS FOR TODAY
                         NORMAL    RECORD    YEAR
 MAXIMUM TEMPERATURE (F)   57        77      1971
 MINIMUM TEMPERATURE (F)   37        12      1904


SUNRISE AND SUNSET
JANUARY 26 2015.......SUNRISE   719 AM CST   SUNSET   549 PM CST
JANUARY 27 2015.......SUNRISE   719 AM CST   SUNSET   550 PM CST


-  INDICATES NEGATIVE NUMBERS.
R  INDICATES RECORD WAS SET OR TIED.
MM INDICATES DATA IS MISSING.
T  INDICATES TRACE AMOUNT.




$$
