000
CDUS44 KSHV 030748
CLITYR


CLIMATE REPORT
NATIONAL WEATHER SERVICE SHREVEPORT, LA
239 AM CDT WED JUN 3 2015


...................................

...THE TYLER CLIMATE SUMMARY FOR JUNE 2 2015...

CLIMATE NORMAL PERIOD 1981 TO 2010
CLIMATE RECORD PERIOD 1896 TO 2015


WEATHER ITEM   OBSERVED TIME   RECORD YEAR NORMAL DEPARTURE LAST
                VALUE   (LST)  VALUE       VALUE  FROM      YEAR
                                                  NORMAL
..................................................................
TEMPERATURE (F)
 YESTERDAY
  MAXIMUM         87    448 PM 100    1925  86      1       89
  MINIMUM         65    523 AM  50    1956  68     -3       74
  AVERAGE         76                        77     -1       82

PRECIPITATION (IN)
  YESTERDAY        0.00          1.68 1973   0.16  -0.16     0.04
  MONTH TO DATE    0.00                      0.30  -0.30     0.17
  SINCE DEC 1     34.69                     23.47  11.22    15.80
  SINCE JAN 1     33.22                     19.23  13.99    12.78

SNOWFALL (IN)
  YESTERDAY        0.0
  MONTH TO DATE    0.0
  SINCE JUN 1      0.0
  SINCE JUL 1      2.1
  SNOW DEPTH       0

DEGREE DAYS
 HEATING
  YESTERDAY        0                         0      0        0
  MONTH TO DATE    0                         0      0        0
  SINCE JUN 1      0                         0      0        0
  SINCE JUL 1   2194                      2269    -75     2539

 COOLING
  YESTERDAY       11                        12     -1       17
  MONTH TO DATE   18                        24     -6       31
  SINCE JUN 1     18                        24     -6       31
  SINCE JAN 1    480                       393     87      424
..................................................................


WIND (MPH)
  HIGHEST WIND SPEED    10   HIGHEST WIND DIRECTION     S (160)
  HIGHEST GUST SPEED    14   HIGHEST GUST DIRECTION    SE (150)
  AVERAGE WIND SPEED     4.3


SKY COVER
  POSSIBLE SUNSHINE  MM
  AVERAGE SKY COVER 0.2


WEATHER CONDITIONS
 THE FOLLOWING WEATHER WAS RECORDED YESTERDAY.
  NO SIGNIFICANT WEATHER WAS OBSERVED.


RELATIVE HUMIDITY (PERCENT)
 HIGHEST    93           600 AM
 LOWEST     43           300 PM
 AVERAGE    68

..........................................................


THE TYLER CLIMATE NORMALS FOR TODAY
                         NORMAL    RECORD    YEAR
 MAXIMUM TEMPERATURE (F)   86       101      2011
                                             1925
 MINIMUM TEMPERATURE (F)   68        50      1970


SUNRISE AND SUNSET
JUNE  3 2015..........SUNRISE   615 AM CDT   SUNSET   825 PM CDT
JUNE  4 2015..........SUNRISE   615 AM CDT   SUNSET   825 PM CDT


-  INDICATES NEGATIVE NUMBERS.
R  INDICATES RECORD WAS SET OR TIED.
MM INDICATES DATA IS MISSING.
T  INDICATES TRACE AMOUNT.




$$
