000
CDUS44 KSHV 200818
CLITYR


CLIMATE REPORT
NATIONAL WEATHER SERVICE SHREVEPORT, LA
247 AM CDT THU JUL 20 2017


...................................

...THE TYLER CLIMATE SUMMARY FOR JULY 19 2017...

CLIMATE NORMAL PERIOD 1981 TO 2010
CLIMATE RECORD PERIOD 1896 TO 2017


WEATHER ITEM   OBSERVED TIME   RECORD YEAR NORMAL DEPARTURE LAST
                VALUE   (LST)  VALUE       VALUE  FROM      YEAR
                                                  NORMAL
..................................................................
TEMPERATURE (F)
 YESTERDAY
  MAXIMUM         96    404 PM 106    1913  93      3       99
  MINIMUM         76    553 AM  59    1947  73      3       76
  AVERAGE         86                        83      3       88

PRECIPITATION (IN)
  YESTERDAY        0.00          1.65 1922   0.07  -0.07     0.00
  MONTH TO DATE    1.64                      1.97  -0.33     0.27
  SINCE DEC 1     25.26                     29.97  -4.71    35.15
  SINCE JAN 1     22.61                     25.73  -3.12    25.38

SNOWFALL (IN)
  YESTERDAY        0.0
  MONTH TO DATE    0.0
  SINCE JUN 1      0.0
  SINCE JUL 1      0.0
  SNOW DEPTH       0

DEGREE DAYS
 HEATING
  YESTERDAY        0                         0      0        0
  MONTH TO DATE    0                         0      0        0
  SINCE JUN 1      0                         0      0        0
  SINCE JUL 1      0                         0      0        0

 COOLING
  YESTERDAY       21                        18      3       23
  MONTH TO DATE  347                       333     14      425
  SINCE JUN 1    810                       766     44      964
  SINCE JAN 1   1362                      1135    227     1412
..................................................................


WIND (MPH)
  HIGHEST WIND SPEED    12   HIGHEST WIND DIRECTION    SW (230)
  HIGHEST GUST SPEED    15   HIGHEST GUST DIRECTION    SW (210)
  AVERAGE WIND SPEED     5.0


SKY COVER
  POSSIBLE SUNSHINE  MM
  AVERAGE SKY COVER 0.1


WEATHER CONDITIONS
 THE FOLLOWING WEATHER WAS RECORDED YESTERDAY.
  NO SIGNIFICANT WEATHER WAS OBSERVED.


RELATIVE HUMIDITY (PERCENT)
 HIGHEST   100           400 AM
 LOWEST     45           300 PM
 AVERAGE    73

..........................................................


THE TYLER CLIMATE NORMALS FOR TODAY
                         NORMAL    RECORD    YEAR
 MAXIMUM TEMPERATURE (F)   93       102      1896
 MINIMUM TEMPERATURE (F)   74        59      1947


SUNRISE AND SUNSET
JULY 20 2017..........SUNRISE   629 AM CDT   SUNSET   827 PM CDT
JULY 21 2017..........SUNRISE   629 AM CDT   SUNSET   826 PM CDT


-  INDICATES NEGATIVE NUMBERS.
R  INDICATES RECORD WAS SET OR TIED.
MM INDICATES DATA IS MISSING.
T  INDICATES TRACE AMOUNT.




$$
