000
CDUS44 KSHV 072300
CLITYR


CLIMATE REPORT
NATIONAL WEATHER SERVICE SHREVEPORT, LA
459 PM CST WED DEC 7 2016


...................................

...THE TYLER CLIMATE SUMMARY FOR DECEMBER 7 2016...
VALID TODAY AS OF 0400 PM LOCAL TIME.

CLIMATE NORMAL PERIOD 1981 TO 2010
CLIMATE RECORD PERIOD 1896 TO 2016


WEATHER ITEM   OBSERVED TIME   RECORD YEAR NORMAL DEPARTURE LAST
                VALUE   (LST)  VALUE       VALUE  FROM      YEAR
                                                  NORMAL
..................................................................
TEMPERATURE (F)
 TODAY
  MAXIMUM         55    328 PM  83    1939  59     -4       68
  MINIMUM         47    759 AM  13    1950  40      7       38
  AVERAGE         51                        49      2       53

PRECIPITATION (IN)
  TODAY            0.00          4.38 1960   0.13  -0.13     0.00
  MONTH TO DATE    1.73                      0.91   0.82     0.00
  SINCE DEC 1      1.73                      0.91   0.82     0.00
  SINCE JAN 1     35.75                     42.46  -6.71    58.28

SNOWFALL (IN)
  TODAY            0.0
  MONTH TO DATE    0.0
  SINCE DEC 1      0.0
  SINCE JUL 1      0.0
  SNOW DEPTH       0

DEGREE DAYS
 HEATING
  TODAY           14                        16     -2       12
  MONTH TO DATE  105                       108     -3      108
  SINCE DEC 1    105                       108     -3      108
  SINCE JUL 1    236                       482   -246      301

 COOLING
  TODAY            0                         0      0        0
  MONTH TO DATE    0                         0      0        0
  SINCE DEC 1      0                         0      0        0
  SINCE JAN 1   3093                      2411    682     2983
..................................................................


WIND (MPH)
  HIGHEST WIND SPEED     9   HIGHEST WIND DIRECTION    SE (130)
  HIGHEST GUST SPEED    12   HIGHEST GUST DIRECTION    SE (130)
  AVERAGE WIND SPEED     4.7


SKY COVER
  POSSIBLE SUNSHINE  MM
  AVERAGE SKY COVER 1.0


WEATHER CONDITIONS
 THE FOLLOWING WEATHER WAS RECORDED TODAY.
  FOG
  FOG W/VISIBILITY <= 1/4 MILE


RELATIVE HUMIDITY (PERCENT)
 HIGHEST   100           700 AM
 LOWEST     72           200 PM
 AVERAGE    86

..........................................................


THE TYLER CLIMATE NORMALS FOR TOMORROW
                         NORMAL    RECORD    YEAR
 MAXIMUM TEMPERATURE (F)   58        84      1956
 MINIMUM TEMPERATURE (F)   40        16      1950


SUNRISE AND SUNSET
DECEMBER  7 2016......SUNRISE   710 AM CST   SUNSET   516 PM CST
DECEMBER  8 2016......SUNRISE   711 AM CST   SUNSET   516 PM CST


-  INDICATES NEGATIVE NUMBERS.
R  INDICATES RECORD WAS SET OR TIED.
MM INDICATES DATA IS MISSING.
T  INDICATES TRACE AMOUNT.




$$
