000
CDUS44 KSHV 310742
CLITYR


CLIMATE REPORT
NATIONAL WEATHER SERVICE SHREVEPORT, LA
242 AM CDT MON AUG 31 2015


...................................

...THE TYLER CLIMATE SUMMARY FOR AUGUST 30 2015...

CLIMATE NORMAL PERIOD 1981 TO 2010
CLIMATE RECORD PERIOD 1896 TO 2015


WEATHER ITEM   OBSERVED TIME   RECORD YEAR NORMAL DEPARTURE LAST
                VALUE   (LST)  VALUE       VALUE  FROM      YEAR
                                                  NORMAL
..................................................................
TEMPERATURE (F)
 YESTERDAY
  MAXIMUM         92    356 PM 103    2011  91      1       92
                                      1954
                                      2000
  MINIMUM         75   1159 PM  53    1986  72      3       73
  AVERAGE         84                        81      3       83

PRECIPITATION (IN)
  YESTERDAY        0.00          2.50 1944   0.11  -0.11     0.00
  MONTH TO DATE    2.01                      2.74  -0.73     0.32
  SINCE DEC 1     41.98                     33.38   8.60    24.62
  SINCE JAN 1     40.51                     29.14  11.37    21.60

SNOWFALL (IN)
  YESTERDAY        0.0
  MONTH TO DATE    0.0
  SINCE JUN 1      0.0
  SINCE JUL 1      0.0
  SNOW DEPTH       0

DEGREE DAYS
 HEATING
  YESTERDAY        0                         0      0        0
  MONTH TO DATE    0                         0      0        0
  SINCE JUN 1      0                         0      0        0
  SINCE JUL 1      0                         0      0        0

 COOLING
  YESTERDAY       19                        16      3       18
  MONTH TO DATE  614                       548     66      566
  SINCE JUN 1   1792                      1537    255     1553
  SINCE JAN 1   2254                      1906    348     1946
..................................................................


WIND (MPH)
  HIGHEST WIND SPEED    13   HIGHEST WIND DIRECTION     S (180)
  HIGHEST GUST SPEED    17   HIGHEST GUST DIRECTION     S (200)
  AVERAGE WIND SPEED     8.4


SKY COVER
  POSSIBLE SUNSHINE  MM
  AVERAGE SKY COVER 0.0


WEATHER CONDITIONS
 THE FOLLOWING WEATHER WAS RECORDED YESTERDAY.
  NO SIGNIFICANT WEATHER WAS OBSERVED.


RELATIVE HUMIDITY (PERCENT)
 HIGHEST    74          1100 PM
 LOWEST     41           200 PM
 AVERAGE    58

..........................................................


THE TYLER CLIMATE NORMALS FOR TODAY
                         NORMAL    RECORD    YEAR
 MAXIMUM TEMPERATURE (F)   91       107      1954
 MINIMUM TEMPERATURE (F)   71        55      1911


SUNRISE AND SUNSET
AUGUST 31 2015........SUNRISE   656 AM CDT   SUNSET   747 PM CDT
SEPTEMBER  1 2015.....SUNRISE   656 AM CDT   SUNSET   746 PM CDT


-  INDICATES NEGATIVE NUMBERS.
R  INDICATES RECORD WAS SET OR TIED.
MM INDICATES DATA IS MISSING.
T  INDICATES TRACE AMOUNT.




$$
