000
CDUS44 KSHV 160732
CLITYR


CLIMATE REPORT
NATIONAL WEATHER SERVICE SHREVEPORT, LA
232 AM CDT WED APR 16 2014


...................................

...THE TYLER CLIMATE SUMMARY FOR APRIL 15 2014...

CLIMATE NORMAL PERIOD 1981 TO 2010
CLIMATE RECORD PERIOD 1896 TO 2014


WEATHER ITEM   OBSERVED TIME   RECORD YEAR NORMAL DEPARTURE LAST
                VALUE   (LST)  VALUE       VALUE  FROM      YEAR
                                                  NORMAL
..................................................................
TEMPERATURE (F)
 YESTERDAY
  MAXIMUM         63    348 PM  89    1925  74    -11       87
  MINIMUM         34    607 AM  33    1980  54    -20       68
  AVERAGE         49                        64    -15       78

PRECIPITATION (IN)
  YESTERDAY        0.00          1.69 1918   0.08  -0.08     0.00
  MONTH TO DATE    2.46                      1.39   1.07     0.82
  SINCE DEC 1     11.78                     16.62  -4.84    12.06
  SINCE JAN 1      8.76                     12.38  -3.62     9.17

SNOWFALL (IN)
  YESTERDAY        0.0
  MONTH TO DATE    0.0
  SINCE MAR 1      1.0
  SINCE JUL 1      1.2
  SNOW DEPTH       0

DEGREE DAYS
 HEATING
  YESTERDAY       16                         3     13        0
  MONTH TO DATE   79                        71      8       76
  SINCE MAR 1    428                       344     84      355
  SINCE JUL 1   2492                      2236    256     1914

 COOLING
  YESTERDAY        0                         3     -3       13
  MONTH TO DATE   53                        26     27       36
  SINCE MAR 1     66                        47     19       49
  SINCE JAN 1     69                        59     10       59
..................................................................


WIND (MPH)
  HIGHEST WIND SPEED    14   HIGHEST WIND DIRECTION     N (360)
  HIGHEST GUST SPEED    20   HIGHEST GUST DIRECTION     N (20)
  AVERAGE WIND SPEED     3.8


SKY COVER
  POSSIBLE SUNSHINE  MM
  AVERAGE SKY COVER 0.0


WEATHER CONDITIONS
 THE FOLLOWING WEATHER WAS RECORDED YESTERDAY.
  NO SIGNIFICANT WEATHER WAS OBSERVED.


RELATIVE HUMIDITY (PERCENT)
 HIGHEST    89           600 AM
 LOWEST     22           200 PM
 AVERAGE    56

..........................................................


THE TYLER CLIMATE NORMALS FOR TODAY
                         NORMAL    RECORD    YEAR
 MAXIMUM TEMPERATURE (F)   75        92      1920
 MINIMUM TEMPERATURE (F)   54        30      1961


SUNRISE AND SUNSET
APRIL 16 2014.........SUNRISE   651 AM CDT   SUNSET   752 PM CDT
APRIL 17 2014.........SUNRISE   650 AM CDT   SUNSET   753 PM CDT


-  INDICATES NEGATIVE NUMBERS.
R  INDICATES RECORD WAS SET OR TIED.
MM INDICATES DATA IS MISSING.
T  INDICATES TRACE AMOUNT.




$$
