000
CDUS44 KSHV 172247
CLITYR


CLIMATE REPORT
NATIONAL WEATHER SERVICE SHREVEPORT, LA
446 PM CST WED JAN 17 2018


...................................

...THE TYLER CLIMATE SUMMARY FOR JANUARY 17 2018...
VALID TODAY AS OF 0400 PM LOCAL TIME.

CLIMATE NORMAL PERIOD 1981 TO 2010
CLIMATE RECORD PERIOD 1896 TO 2018


WEATHER ITEM   OBSERVED TIME   RECORD YEAR NORMAL DEPARTURE LAST
                VALUE   (LST)  VALUE       VALUE  FROM      YEAR
                                                  NORMAL
..................................................................
TEMPERATURE (F)
 TODAY
  MAXIMUM         34    349 PM  79    1952  56    -22       55
  MINIMUM         10R   706 AM  11    1957  37    -27       48
  AVERAGE         22                        46    -24       52

PRECIPITATION (IN)
  TODAY            T             1.39 1990   0.09  -0.09     0.45
  MONTH TO DATE    1.12                      1.68  -0.56     3.90
  SINCE DEC 1      6.41                      5.92   0.49     6.55
  SINCE JAN 1      1.12                      1.68  -0.56     3.90

SNOWFALL (IN)
  TODAY           MM
  MONTH TO DATE    1.3
  SINCE DEC 1      1.3
  SINCE JUL 1      1.3
  SNOW DEPTH       0

DEGREE DAYS
 HEATING
  TODAY           43                        19     24       13
  MONTH TO DATE  450                       323    127      223
  SINCE DEC 1    966                       850    116      635
  SINCE JUL 1   1238                      1224     14      766

 COOLING
  TODAY            0                         0      0        0
  MONTH TO DATE    0                         0      0       19
  SINCE DEC 1      6                         6      0       41
  SINCE JAN 1      0                         0      0       19
..................................................................


WIND (MPH)
  HIGHEST WIND SPEED    10   HIGHEST WIND DIRECTION    NE (60)
  HIGHEST GUST SPEED    14   HIGHEST GUST DIRECTION    NE (50)
  AVERAGE WIND SPEED     5.1


SKY COVER
  POSSIBLE SUNSHINE  MM
  AVERAGE SKY COVER 0.0


WEATHER CONDITIONS
 THE FOLLOWING WEATHER WAS RECORDED TODAY.
  NO SIGNIFICANT WEATHER WAS OBSERVED.


RELATIVE HUMIDITY (PERCENT)
 HIGHEST    66           500 AM
 LOWEST     32           400 PM
 AVERAGE    49

..........................................................


THE TYLER CLIMATE NORMALS FOR TOMORROW
                         NORMAL    RECORD    YEAR
 MAXIMUM TEMPERATURE (F)   56        78      1974
 MINIMUM TEMPERATURE (F)   37        -3      1930


SUNRISE AND SUNSET
JANUARY 17 2018.......SUNRISE   723 AM CST   SUNSET   541 PM CST
JANUARY 18 2018.......SUNRISE   722 AM CST   SUNSET   542 PM CST


-  INDICATES NEGATIVE NUMBERS.
R  INDICATES RECORD WAS SET OR TIED.
MM INDICATES DATA IS MISSING.
T  INDICATES TRACE AMOUNT.




$$
