000
CDUS44 KSHV 050731
CLITYR


CLIMATE REPORT
NATIONAL WEATHER SERVICE SHREVEPORT, LA
231 AM CDT THU MAY 5 2016


...................................

...THE TYLER CLIMATE SUMMARY FOR MAY 4 2016...

CLIMATE NORMAL PERIOD 1981 TO 2010
CLIMATE RECORD PERIOD 1896 TO 2016


WEATHER ITEM   OBSERVED TIME   RECORD YEAR NORMAL DEPARTURE LAST
                VALUE   (LST)  VALUE       VALUE  FROM      YEAR
                                                  NORMAL
..................................................................
TEMPERATURE (F)
 YESTERDAY
  MAXIMUM         81    439 PM  92    1943  80      1       84
  MINIMUM         52    535 AM  38    2013  60     -8       62
                                      1954
  AVERAGE         67                        70     -3       73

PRECIPITATION (IN)
  YESTERDAY        0.00          3.03 1979   0.15  -0.15     0.00
  MONTH TO DATE    0.09                      0.60  -0.51     0.00
  SINCE DEC 1     28.93                     19.00   9.93    24.50
  SINCE JAN 1     19.16                     14.76   4.40    23.03

SNOWFALL (IN)
  YESTERDAY        0.0
  MONTH TO DATE    0.0
  SINCE MAR 1      0.0
  SINCE JUL 1      0.0
  SNOW DEPTH       0

DEGREE DAYS
 HEATING
  YESTERDAY        0                         1     -1        0
  MONTH TO DATE    8                         4      4        0
  SINCE MAR 1    154                       374   -220      307
  SINCE JUL 1   1463                      2266   -803     2194

 COOLING
  YESTERDAY        2                         6     -4        8
  MONTH TO DATE    8                        21    -13       24
  SINCE MAR 1    185                       121     64      197
  SINCE JAN 1    195                       133     62      197
..................................................................


WIND (MPH)
  HIGHEST WIND SPEED    20   HIGHEST WIND DIRECTION    NW (310)
  HIGHEST GUST SPEED    26   HIGHEST GUST DIRECTION    NW (310)
  AVERAGE WIND SPEED     7.2


SKY COVER
  POSSIBLE SUNSHINE  MM
  AVERAGE SKY COVER 0.0


WEATHER CONDITIONS
 THE FOLLOWING WEATHER WAS RECORDED YESTERDAY.
  NO SIGNIFICANT WEATHER WAS OBSERVED.


RELATIVE HUMIDITY (PERCENT)
 HIGHEST    86           200 AM
 LOWEST     33           200 PM
 AVERAGE    60

..........................................................


THE TYLER CLIMATE NORMALS FOR TODAY
                         NORMAL    RECORD    YEAR
 MAXIMUM TEMPERATURE (F)   80        93      1906
 MINIMUM TEMPERATURE (F)   60        41      2013


SUNRISE AND SUNSET
MAY  5 2016...........SUNRISE   631 AM CDT   SUNSET   806 PM CDT
MAY  6 2016...........SUNRISE   630 AM CDT   SUNSET   807 PM CDT


-  INDICATES NEGATIVE NUMBERS.
R  INDICATES RECORD WAS SET OR TIED.
MM INDICATES DATA IS MISSING.
T  INDICATES TRACE AMOUNT.




$$
