000
CDUS44 KMRX 231311
CLITYS

CLIMATE REPORT NATIONAL WEATHER SERVICE MORRISTOWN TN
811 AM EST SUN NOV 23 2014

...................................

...THE KNOXVILLE  CLIMATE SUMMARY FOR NOVEMBER 22 2014...

CLIMATE NORMAL PERIOD 1981 TO 2010
CLIMATE RECORD PERIOD 1871 TO 2014


WEATHER ITEM   OBSERVED TIME   RECORD YEAR NORMAL DEPARTURE LAST
                VALUE   (LST)  VALUE       VALUE  FROM      YEAR
                                                  NORMAL
..................................................................
TEMPERATURE (F)
 YESTERDAY
  MAXIMUM         59    350 PM  77    1931  58      1       59
  MINIMUM         26    445 AM  15    2008  37    -11       51
  AVERAGE         43                        47     -4       55

PRECIPITATION (IN)
  YESTERDAY        0.00          2.62 1883   0.14  -0.14     0.18
  MONTH TO DATE    1.52                      2.79  -1.27     1.98
  SINCE SEP 1      7.59                      8.54  -0.95     7.31
  SINCE JAN 1     36.85                     42.14  -5.29    58.69

SNOWFALL (IN)
  YESTERDAY        0.0                       0.0    0.0      0.0
  MONTH TO DATE    T                         0.0    0.0      0.0
  SINCE SEP 1      T                         0.0    0.0      0.0
  SINCE JUL 1      T                         0.0    0.0      0.0
  SNOW DEPTH       0

DEGREE DAYS
 HEATING
  YESTERDAY       22                        18      4       10
  MONTH TO DATE  503                       310    193      311
  SINCE SEP 1    681                       529    152      466
  SINCE JUL 1    681                       529    152      466

 COOLING
  YESTERDAY        0                         0      0        0
  MONTH TO DATE    0                         0      0        0
  SINCE SEP 1    287                       242     45      258
  SINCE JAN 1   1486                      1523    -37     1445
..................................................................


WIND (MPH)
  HIGHEST WIND SPEED     8   HIGHEST WIND DIRECTION     E (70)
  HIGHEST GUST SPEED     9   HIGHEST GUST DIRECTION     E (70)
  AVERAGE WIND SPEED     1.4


SKY COVER
  POSSIBLE SUNSHINE  MM
  AVERAGE SKY COVER  MM


WEATHER CONDITIONS
 THE FOLLOWING WEATHER WAS RECORDED YESTERDAY.
  NO SIGNIFICANT WEATHER WAS OBSERVED.


RELATIVE HUMIDITY (PERCENT)
 HIGHEST    81           300 AM
 LOWEST     31           300 PM
 AVERAGE    56

..........................................................


THE KNOXVILLE    ASOS CLIMATE NORMALS FOR TODAY
                         NORMAL    RECORD    YEAR
 MAXIMUM TEMPERATURE (F)   57        75      1979
                                             1931
 MINIMUM TEMPERATURE (F)   37        17      1880


SUNRISE AND SUNSET
NOVEMBER 23 2014......SUNRISE   720 AM EST   SUNSET   524 PM EST
NOVEMBER 24 2014......SUNRISE   721 AM EST   SUNSET   524 PM EST


-  INDICATES NEGATIVE NUMBERS.
R  INDICATES RECORD WAS SET OR TIED.
MM INDICATES DATA IS MISSING.
T  INDICATES TRACE AMOUNT.

&&

THE LOW TEMPERATURE THIS MORNING WAS 38.
THERE HAS BEEN NO PRECIPITATION SINCE MIDNIGHT.



$$
