000
CDUS44 KMRX 250906
CLITYS


CLIMATE REPORT
NATIONAL WEATHER SERVICE MORRISTOWN TN
406 AM EST SUN FEB 25 2018


...................................

...THE KNOXVILLE    ASOS CLIMATE SUMMARY FOR FEBRUARY 24 2018...

CLIMATE NORMAL PERIOD 1981 TO 2010
CLIMATE RECORD PERIOD 1871 TO 2018


WEATHER ITEM   OBSERVED TIME   RECORD YEAR NORMAL DEPARTURE LAST
                VALUE   (LST)  VALUE       VALUE  FROM      YEAR
                                                  NORMAL
..................................................................
TEMPERATURE (F)
 YESTERDAY
  MAXIMUM         76   1232 PM  79    2017  55     21       79
  MINIMUM         59    335 AM   5    1873  34     25       49
  AVERAGE         68                        45     23       64

PRECIPITATION (IN)
  YESTERDAY        0.04          4.34 1875   0.16  -0.12     0.00
  MONTH TO DATE    6.60                      3.66   2.94     1.83
  SINCE DEC 1     11.52                     12.48  -0.96    12.16
  SINCE JAN 1      8.14                      7.98   0.16     5.20

SNOWFALL (IN)
  YESTERDAY        0.0                       0.0    0.0      0.0
  MONTH TO DATE    T                         1.4   -1.4       T
  SINCE DEC 1      2.6                       4.9   -2.3      2.3
  SINCE JUL 1      2.6                       4.9   -2.3      2.3
  SNOW DEPTH       0

DEGREE DAYS
 HEATING
  YESTERDAY        0                        20    -20        1
  MONTH TO DATE  364                       556   -192      358
  SINCE DEC 1   2068                      2137    -69     1583
  SINCE JUL 1   2686                      2818   -132     1987

 COOLING
  YESTERDAY        3                         0      3        0
  MONTH TO DATE   18                         0     18        0
  SINCE DEC 1     18                         0     18        0
  SINCE JAN 1     18                         0     18        0
..................................................................


WIND (MPH)
  HIGHEST WIND SPEED    29   HIGHEST WIND DIRECTION    SW (220)
  HIGHEST GUST SPEED    35   HIGHEST GUST DIRECTION    SW (210)
  AVERAGE WIND SPEED     9.5


SKY COVER
  POSSIBLE SUNSHINE  MM
  AVERAGE SKY COVER 0.9


WEATHER CONDITIONS
 THE FOLLOWING WEATHER WAS RECORDED YESTERDAY.
  LIGHT RAIN


RELATIVE HUMIDITY (PERCENT)
 HIGHEST    90           900 PM
 LOWEST     57          1200 PM
 AVERAGE    74

..........................................................


THE KNOXVILLE    ASOS CLIMATE NORMALS FOR TODAY
                         NORMAL    RECORD    YEAR
 MAXIMUM TEMPERATURE (F)   55        76      1918
                                             1890
 MINIMUM TEMPERATURE (F)   35         5      1967


SUNRISE AND SUNSET
FEBRUARY 25 2018......SUNRISE   711 AM EST   SUNSET   627 PM EST
FEBRUARY 26 2018......SUNRISE   710 AM EST   SUNSET   628 PM EST


-  INDICATES NEGATIVE NUMBERS.
R  INDICATES RECORD WAS SET OR TIED.
MM INDICATES DATA IS MISSING.
T  INDICATES TRACE AMOUNT.




$$
