000
CDUS44 KMRX 220820
CLITYS


CLIMATE REPORT
NATIONAL WEATHER SERVICE MORRISTOWN TN
419 AM EDT FRI SEP 22 2017


...................................

...THE KNOXVILLE    ASOS CLIMATE SUMMARY FOR SEPTEMBER 21 2017...

CLIMATE NORMAL PERIOD 1981 TO 2010
CLIMATE RECORD PERIOD 1871 TO 2017


WEATHER ITEM   OBSERVED TIME   RECORD YEAR NORMAL DEPARTURE LAST
                VALUE   (LST)  VALUE       VALUE  FROM      YEAR
                                                  NORMAL
..................................................................
TEMPERATURE (F)
 YESTERDAY
  MAXIMUM         88    354 PM  95    1955  80      8       90
                                      1931
  MINIMUM         65    654 AM  42    1918  58      7       64
  AVERAGE         77                        69      8       77

PRECIPITATION (IN)
  YESTERDAY        0.00          2.41 2002   0.11  -0.11     0.00
  MONTH TO DATE    2.43                      2.25   0.18     0.91
  SINCE SEP 1      2.43                      2.25   0.18     0.91
  SINCE JAN 1     39.95                     35.85   4.10    31.73

SNOWFALL (IN)
  YESTERDAY        0.0                       0.0    0.0      0.0
  MONTH TO DATE    0.0                       0.0    0.0      0.0
  SINCE SEP 1      0.0                       0.0    0.0      0.0
  SINCE JUL 1      0.0                       0.0    0.0      0.0
  SNOW DEPTH       0

DEGREE DAYS
 HEATING
  YESTERDAY        0                         1     -1        0
  MONTH TO DATE   15                         6      9        0
  SINCE SEP 1     15                         6      9        0
  SINCE JUL 1     15                         6      9        0

 COOLING
  YESTERDAY       12                         5      7       12
  MONTH TO DATE   92                       170    -78      284
  SINCE SEP 1     92                       170    -78      284
  SINCE JAN 1   1380                      1451    -71     1934
..................................................................


WIND (MPH)
  HIGHEST WIND SPEED    13   HIGHEST WIND DIRECTION     N (340)
  HIGHEST GUST SPEED    16   HIGHEST GUST DIRECTION     N (10)
  AVERAGE WIND SPEED     3.9


SKY COVER
  POSSIBLE SUNSHINE  MM
  AVERAGE SKY COVER 0.2


WEATHER CONDITIONS
 THE FOLLOWING WEATHER WAS RECORDED YESTERDAY.
  FOG


RELATIVE HUMIDITY (PERCENT)
 HIGHEST    93           200 AM
 LOWEST     39           400 PM
 AVERAGE    66

..........................................................


THE KNOXVILLE    ASOS CLIMATE NORMALS FOR TODAY
                         NORMAL    RECORD    YEAR
 MAXIMUM TEMPERATURE (F)   80        96      1955
                                             1931
 MINIMUM TEMPERATURE (F)   58        38      1983


SUNRISE AND SUNSET
SEPTEMBER 22 2017.....SUNRISE   724 AM EDT   SUNSET   732 PM EDT
SEPTEMBER 23 2017.....SUNRISE   725 AM EDT   SUNSET   731 PM EDT


-  INDICATES NEGATIVE NUMBERS.
R  INDICATES RECORD WAS SET OR TIED.
MM INDICATES DATA IS MISSING.
T  INDICATES TRACE AMOUNT.




$$
