000
CDUS44 KMRX 242121
CLITYS

CLIMATE REPORT NATIONAL WEATHER SERVICE MORRISTOWN TN
520 PM EDT SUN MAY 24 2015

...................................

...THE KNOXVILLE CLIMATE SUMMARY FOR MAY 24 2015... VALID TODAY AS
OF 500 PM LOCAL TIME.

CLIMATE NORMAL PERIOD 1981 TO 2010
CLIMATE RECORD PERIOD 1871 TO 2015


WEATHER ITEM   OBSERVED TIME   RECORD YEAR NORMAL DEPARTURE LAST
                VALUE   (LST)  VALUE       VALUE  FROM      YEAR
                                                  NORMAL
..................................................................
TEMPERATURE (F)
 TODAY
  MAXIMUM         85    305 PM  92    1904  80      5       82
  MINIMUM         56    538 AM  37    1883  59     -3       59
  AVERAGE         71                        69      2       71

PRECIPITATION (IN)
  TODAY            0.00          2.57 2000   0.13  -0.13     0.00
  MONTH TO DATE    0.62                      3.55  -2.93     0.86
  SINCE MAR 1      9.20                     11.90  -2.70     7.60
  SINCE JAN 1     16.34                     20.48  -4.14    15.67

SNOWFALL (IN)
  TODAY            0.0                       0.0    0.0      0.0
  MONTH TO DATE    0.0                       0.0    0.0      0.0
  SINCE MAR 1      T                         1.4   -1.4      0.5
  SINCE JUL 1      9.3                       6.5    2.8     12.4
  SNOW DEPTH       0

DEGREE DAYS
 HEATING
  TODAY            0                         1     -1        0
  MONTH TO DATE   30                        53    -23       61
  SINCE MAR 1    580                       732   -152      750
  SINCE JUL 1   3845                      3628    217     3797

 COOLING
  TODAY            6                         5      1        6
  MONTH TO DATE  143                        81     62      110
  SINCE MAR 1    168                       118     50      142
  SINCE JAN 1    168                       118     50      142
..................................................................


WIND (MPH)
  HIGHEST WIND SPEED    14   HIGHEST WIND DIRECTION    SW (210)
  HIGHEST GUST SPEED    20   HIGHEST GUST DIRECTION    SW (210)
  AVERAGE WIND SPEED     3.5


SKY COVER
  POSSIBLE SUNSHINE  MM
  AVERAGE SKY COVER 0.3


WEATHER CONDITIONS
 THE FOLLOWING WEATHER WAS RECORDED TODAY.
  NO SIGNIFICANT WEATHER WAS OBSERVED.


RELATIVE HUMIDITY (PERCENT)
 HIGHEST    93           700 AM
 LOWEST     34           200 PM
 AVERAGE    64

..........................................................


THE KNOXVILLE    ASOS CLIMATE NORMALS FOR TOMORROW
                         NORMAL    RECORD    YEAR
 MAXIMUM TEMPERATURE (F)   80        93      2011
                                             1933
 MINIMUM TEMPERATURE (F)   59        43      2013


SUNRISE AND SUNSET
MAY 24 2015...........SUNRISE   625 AM EDT   SUNSET   841 PM EDT
MAY 25 2015...........SUNRISE   624 AM EDT   SUNSET   842 PM EDT


-  INDICATES NEGATIVE NUMBERS.
R  INDICATES RECORD WAS SET OR TIED.
MM INDICATES DATA IS MISSING.
T  INDICATES TRACE AMOUNT.




$$
