000
CDUS44 KMRX 140832
CLITYS

CLIMATE REPORT
NATIONAL WEATHER SERVICE MORRISTOWN TN
430 AM EDT MON JUL 14 2014


...THE KNOXVILLE CLIMATE SUMMARY FOR JULY 13 2014...

CLIMATE NORMAL PERIOD 1981 TO 2010
CLIMATE RECORD PERIOD 1871 TO 2014


WEATHER ITEM   OBSERVED TIME   RECORD YEAR NORMAL DEPARTURE LAST
                VALUE   (LST)  VALUE       VALUE  FROM      YEAR
                                                  NORMAL
..................................................................
TEMPERATURE (F)
 YESTERDAY
  MAXIMUM         92    320 PM 100    1936  88      4       84
  MINIMUM         70    600 AM  55    1918  69      1       67
  AVERAGE         81                        79      2       76

PRECIPITATION (IN)
  YESTERDAY        0.00          2.95 1990   0.17  -0.17     0.46
  MONTH TO DATE    0.30                      2.16  -1.86     5.74
  SINCE JUN 1      4.85                      5.97  -1.12    15.12
  SINCE JAN 1     20.88                     27.41  -6.53    46.54

SNOWFALL (IN)
  YESTERDAY        0.0                       0.0    0.0      0.0
  MONTH TO DATE    0.0                       0.0    0.0      0.0
  SINCE JUN 1      0.0                       0.0    0.0      0.0
  SINCE JUL 1      0.0                       0.0    0.0      0.0
  SNOW DEPTH       0

DEGREE DAYS
 HEATING
  YESTERDAY        0                         0      0        0
  MONTH TO DATE    0                         0      0        0
  SINCE JUN 1      0                         4     -4        0
  SINCE JUL 1      0                         0      0        0

 COOLING
  YESTERDAY       16                        14      2       11
  MONTH TO DATE  159                       172    -13      134
  SINCE JUN 1    489                       477     12      454
  SINCE JAN 1    694                       639     55      610
..................................................................


WIND (MPH)
  HIGHEST WIND SPEED    18   HIGHEST WIND DIRECTION    SW (240)
  HIGHEST GUST SPEED    29   HIGHEST GUST DIRECTION     W (250)
  AVERAGE WIND SPEED     6.9


SKY COVER
  POSSIBLE SUNSHINE  MM
  AVERAGE SKY COVER  MM


WEATHER CONDITIONS
 THE FOLLOWING WEATHER WAS RECORDED YESTERDAY.
  NO SIGNIFICANT WEATHER WAS OBSERVED.


RELATIVE HUMIDITY (PERCENT)
 HIGHEST    97           500 AM
 LOWEST     41           300 PM
 AVERAGE    69

..........................................................


THE KNOXVILLE CLIMATE NORMALS FOR TODAY
                         NORMAL    RECORD    YEAR
 MAXIMUM TEMPERATURE (F)   88       101      1954
 MINIMUM TEMPERATURE (F)   69        56      1897


SUNRISE AND SUNSET
JULY 14 2014..........SUNRISE   631 AM EDT   SUNSET   853 PM EDT
JULY 15 2014..........SUNRISE   631 AM EDT   SUNSET   852 PM EDT


-  INDICATES NEGATIVE NUMBERS.
R  INDICATES RECORD WAS SET OR TIED.
MM INDICATES DATA IS MISSING.
T  INDICATES TRACE AMOUNT.




$$
