000
CDUS44 KMRX 222134
CLITYS


CLIMATE REPORT
NATIONAL WEATHER SERVICE MORRISTOWN TN
534 PM EDT FRI JUL 22 2016


...................................

...THE KNOXVILLE    ASOS CLIMATE SUMMARY FOR JULY 22 2016...
VALID TODAY AS OF 0500 PM LOCAL TIME.

CLIMATE NORMAL PERIOD 1981 TO 2010
CLIMATE RECORD PERIOD 1871 TO 2016


WEATHER ITEM   OBSERVED TIME   RECORD YEAR NORMAL DEPARTURE LAST
                VALUE   (LST)  VALUE       VALUE  FROM      YEAR
                                                  NORMAL
..................................................................
TEMPERATURE (F)
 TODAY
  MAXIMUM         95    305 PM 100    1952  88      7       89
  MINIMUM         74    554 AM  57    1902  69      5       70
  AVERAGE         85                        79      6       80

PRECIPITATION (IN)
  TODAY            T             2.05 1954   0.16  -0.16      T
  MONTH TO DATE    3.80                      3.70   0.10     5.84
  SINCE JUN 1      8.23                      7.51   0.72    11.13
  SINCE JAN 1     27.49                     28.95  -1.46    28.61

SNOWFALL (IN)
  TODAY            0.0                       0.0    0.0      0.0
  MONTH TO DATE    0.0                       0.0    0.0      0.0
  SINCE JUN 1      0.0                       0.0    0.0      0.0
  SINCE JUL 1      0.0                       0.0    0.0      0.0
  SNOW DEPTH       0

DEGREE DAYS
 HEATING
  TODAY            0                         0      0        0
  MONTH TO DATE    0                         0      0        0
  SINCE JUN 1      0                         4     -4        0
  SINCE JUL 1      0                         0      0        0

 COOLING
  TODAY           20                        14      6       15
  MONTH TO DATE  356                       298     58      287
  SINCE JUN 1    755                       603    152      686
  SINCE JAN 1    966                       765    201      920
..................................................................


WIND (MPH)
  HIGHEST WIND SPEED    17   HIGHEST WIND DIRECTION    NW (310)
  HIGHEST GUST SPEED    22   HIGHEST GUST DIRECTION    NW (300)
  AVERAGE WIND SPEED     5.5


SKY COVER
  POSSIBLE SUNSHINE  MM
  AVERAGE SKY COVER 0.7


WEATHER CONDITIONS
 THE FOLLOWING WEATHER WAS RECORDED TODAY.
  THUNDERSTORM


RELATIVE HUMIDITY (PERCENT)
 HIGHEST    87           400 AM
 LOWEST     41           300 PM
 AVERAGE    64

..........................................................


THE KNOXVILLE    ASOS CLIMATE NORMALS FOR TOMORROW
                         NORMAL    RECORD    YEAR
 MAXIMUM TEMPERATURE (F)   88       101      1952
 MINIMUM TEMPERATURE (F)   69        53      1947


SUNRISE AND SUNSET
JULY 22 2016..........SUNRISE   636 AM EDT   SUNSET   848 PM EDT
JULY 23 2016..........SUNRISE   637 AM EDT   SUNSET   847 PM EDT


-  INDICATES NEGATIVE NUMBERS.
R  INDICATES RECORD WAS SET OR TIED.
MM INDICATES DATA IS MISSING.
T  INDICATES TRACE AMOUNT.




$$
