000
CDUS44 KMRX 290818
CLITYS


CLIMATE REPORT
NATIONAL WEATHER SERVICE MORRISTOWN TN
418 AM EDT SUN MAY 29 2016


...................................

...THE KNOXVILLE    ASOS CLIMATE SUMMARY FOR MAY 28 2016...

CLIMATE NORMAL PERIOD 1981 TO 2010
CLIMATE RECORD PERIOD 1871 TO 2016


WEATHER ITEM   OBSERVED TIME   RECORD YEAR NORMAL DEPARTURE LAST
                VALUE   (LST)  VALUE       VALUE  FROM      YEAR
                                                  NORMAL
..................................................................
TEMPERATURE (F)
 YESTERDAY
  MAXIMUM         85    545 PM  94    1914  81      4       82
  MINIMUM         64    553 AM  41    1961  60      4       67
  AVERAGE         75                        70      5       75

PRECIPITATION (IN)
  YESTERDAY        0.00          2.24 1982   0.13  -0.13      T
  MONTH TO DATE    3.98                      4.09  -0.11     0.62
  SINCE MAR 1      9.30                     12.44  -3.14     9.20
  SINCE JAN 1     19.18                     21.02  -1.84    16.34

SNOWFALL (IN)
  YESTERDAY        0.0                       0.0    0.0      0.0
  MONTH TO DATE    0.0                       0.0    0.0      0.0
  SINCE MAR 1      0.0                       1.4   -1.4       T
  SINCE JUL 1      5.2                       6.5   -1.3      9.3
  SNOW DEPTH       0

DEGREE DAYS
 HEATING
  YESTERDAY        0                         1     -1        0
  MONTH TO DATE   52                        57     -5       30
  SINCE MAR 1    522                       736   -214      580
  SINCE JUL 1   2955                      3632   -677     3845

 COOLING
  YESTERDAY       10                         6      4       10
  MONTH TO DATE  105                       105      0      181
  SINCE MAR 1    178                       142     36      206
  SINCE JAN 1    178                       142     36      206
..................................................................


WIND (MPH)
  HIGHEST WIND SPEED    10   HIGHEST WIND DIRECTION    SW (210)
  HIGHEST GUST SPEED    13   HIGHEST GUST DIRECTION    SW (210)
  AVERAGE WIND SPEED     3.2


SKY COVER
  POSSIBLE SUNSHINE  MM
  AVERAGE SKY COVER 0.8


WEATHER CONDITIONS
 THE FOLLOWING WEATHER WAS RECORDED YESTERDAY.
  FOG
  FOG W/VISIBILITY <= 1/4 MILE


RELATIVE HUMIDITY (PERCENT)
 HIGHEST   100          1200 AM
 LOWEST     48           300 PM
 AVERAGE    74

..........................................................


THE KNOXVILLE    ASOS CLIMATE NORMALS FOR TODAY
                         NORMAL    RECORD    YEAR
 MAXIMUM TEMPERATURE (F)   81        95      1941
                                             1914
 MINIMUM TEMPERATURE (F)   60        45      1902


SUNRISE AND SUNSET
MAY 29 2016...........SUNRISE   622 AM EDT   SUNSET   845 PM EDT
MAY 30 2016...........SUNRISE   622 AM EDT   SUNSET   846 PM EDT


-  INDICATES NEGATIVE NUMBERS.
R  INDICATES RECORD WAS SET OR TIED.
MM INDICATES DATA IS MISSING.
T  INDICATES TRACE AMOUNT.




$$
