000
CDUS44 KMRX 270915
CLITYS

CLIMATE REPORT
NATIONAL WEATHER SERVICE MORRISTOWN TN
414 AM EST TUE JAN 27 2015


...................................

...THE KNOXVILLE CLIMATE SUMMARY FOR JANUARY 26 2015...

CLIMATE NORMAL PERIOD 1981 TO 2010
CLIMATE RECORD PERIOD 1871 TO 2015


WEATHER ITEM   OBSERVED TIME   RECORD YEAR NORMAL DEPARTURE LAST
                VALUE   (LST)  VALUE       VALUE  FROM      YEAR
                                                  NORMAL
..................................................................
TEMPERATURE (F)
 YESTERDAY
  MAXIMUM         44        MM  74    1950  48     -4       54
  MINIMUM         30        MM   5    1940  29      1       21
  AVERAGE         37                        39     -2       38

PRECIPITATION (IN)
  YESTERDAY        0.11          1.90 1996   0.13  -0.02     0.00
  MONTH TO DATE    3.34                      3.61  -0.27     2.97
  SINCE DEC 1      7.58                      8.11  -0.53    11.20
  SINCE JAN 1      3.34                      3.61  -0.27     2.97

SNOWFALL (IN)
  YESTERDAY        0.7                       0.1    0.6      0.0
  MONTH TO DATE    0.8                       2.3   -1.5      0.7
  SINCE DEC 1      0.8                       3.1   -2.3      0.7
  SINCE JUL 1      0.8                       3.1   -2.3      1.5
  SNOW DEPTH       0

DEGREE DAYS
 HEATING
  YESTERDAY       28                        26      2       27
  MONTH TO DATE  713                       700     13      824
  SINCE DEC 1   1377                      1452    -75     1493
  SINCE JUL 1   2203                      2133     70     2183

 COOLING
  YESTERDAY        0                         0      0        0
  MONTH TO DATE    0                         0      0        0
  SINCE DEC 1      0                         0      0        4
  SINCE JAN 1      0                         0      0        0
..................................................................


WIND (MPH)
  HIGHEST WIND SPEED    21   HIGHEST WIND DIRECTION     W (260)
  HIGHEST GUST SPEED    23   HIGHEST GUST DIRECTION     W (280)
  AVERAGE WIND SPEED    10.0


SKY COVER
  POSSIBLE SUNSHINE  MM
  AVERAGE SKY COVER 1.0


WEATHER CONDITIONS
 THE FOLLOWING WEATHER WAS RECORDED YESTERDAY.
  RAIN
  LIGHT RAIN
  LIGHT SNOW
  FOG
  HAZE


RELATIVE HUMIDITY (PERCENT)
 HIGHEST    96           300 AM
 LOWEST     72           700 PM
 AVERAGE    84

..........................................................


THE KNOXVILLE    ASOS CLIMATE NORMALS FOR TODAY
                         NORMAL    RECORD    YEAR
 MAXIMUM TEMPERATURE (F)   48        71      1949
 MINIMUM TEMPERATURE (F)   29         2      1936


SUNRISE AND SUNSET
JANUARY 27 2015.......SUNRISE   740 AM EST   SUNSET   558 PM EST
JANUARY 28 2015.......SUNRISE   739 AM EST   SUNSET   559 PM EST


-  INDICATES NEGATIVE NUMBERS.
R  INDICATES RECORD WAS SET OR TIED.
MM INDICATES DATA IS MISSING.
T  INDICATES TRACE AMOUNT.




$$
