000
CDUS44 KMRX 100837
CLITYS


CLIMATE REPORT
NATIONAL WEATHER SERVICE MORRISTOWN TN
337 AM EST WED FEB 10 2016


...................................

...THE KNOXVILLE    ASOS CLIMATE SUMMARY FOR FEBRUARY 9 2016...

CLIMATE NORMAL PERIOD 1981 TO 2010
CLIMATE RECORD PERIOD 1871 TO 2016


WEATHER ITEM   OBSERVED TIME   RECORD YEAR NORMAL DEPARTURE LAST
                VALUE   (LST)  VALUE       VALUE  FROM      YEAR
                                                  NORMAL
..................................................................
TEMPERATURE (F)
 YESTERDAY
  MAXIMUM         30    311 PM  73    2001  51    -21       59
  MINIMUM         22   1159 PM   0    1895  31     -9       38
  AVERAGE         26                        41    -15       49

PRECIPITATION (IN)
  YESTERDAY        T             2.70 1891   0.16  -0.16     0.09
  MONTH TO DATE    3.09                      1.37   1.72     0.74
  SINCE DEC 1     13.70                     10.19   3.51     8.37
  SINCE JAN 1      5.86                      5.69   0.17     4.13

SNOWFALL (IN)
  YESTERDAY        0.3                       0.0    0.3      0.0
  MONTH TO DATE    0.3                       0.6   -0.3       T
  SINCE DEC 1      2.9                       4.1   -1.2      1.1
  SINCE JUL 1      2.9                       4.1   -1.2      1.1
  SNOW DEPTH       0

DEGREE DAYS
 HEATING
  YESTERDAY       39                        24     15       16
  MONTH TO DATE  187                       224    -37      217
  SINCE DEC 1   1463                      1805   -342     1742
  SINCE JUL 1   1973                      2486   -513     2568

 COOLING
  YESTERDAY        0                         0      0        0
  MONTH TO DATE    0                         0      0        0
  SINCE DEC 1      5                         0      5        0
  SINCE JAN 1      0                         0      0        0
..................................................................


WIND (MPH)
  HIGHEST WIND SPEED    22   HIGHEST WIND DIRECTION     W (280)
  HIGHEST GUST SPEED    27   HIGHEST GUST DIRECTION     W (280)
  AVERAGE WIND SPEED    11.6


SKY COVER
  POSSIBLE SUNSHINE  MM
  AVERAGE SKY COVER 1.0


WEATHER CONDITIONS
 THE FOLLOWING WEATHER WAS RECORDED YESTERDAY.
  SNOW
  LIGHT SNOW


RELATIVE HUMIDITY (PERCENT)
 HIGHEST    81           700 PM
 LOWEST     55           800 AM
 AVERAGE    68

..........................................................


THE KNOXVILLE    ASOS CLIMATE NORMALS FOR TODAY
                         NORMAL    RECORD    YEAR
 MAXIMUM TEMPERATURE (F)   51        73      1932
                                             1887
 MINIMUM TEMPERATURE (F)   31        -3      1899


SUNRISE AND SUNSET
FEBRUARY 10 2016......SUNRISE   729 AM EST   SUNSET   612 PM EST
FEBRUARY 11 2016......SUNRISE   728 AM EST   SUNSET   613 PM EST


-  INDICATES NEGATIVE NUMBERS.
R  INDICATES RECORD WAS SET OR TIED.
MM INDICATES DATA IS MISSING.
T  INDICATES TRACE AMOUNT.




$$
