000
CDUS43 KLOT 300636
CLIUGN


CLIMATE REPORT
NATIONAL WEATHER SERVICE CHICAGO IL
135 AM CDT SUN AUG 30 2015


...................................

...THE WAUKEGAN   CLIMATE SUMMARY FOR AUGUST 29 2015...

CLIMATE NORMAL PERIOD 1981 TO 2010
CLIMATE RECORD PERIOD 2000 TO 2015


WEATHER ITEM   OBSERVED TIME   RECORD YEAR NORMAL DEPARTURE LAST
                VALUE   (LST)  VALUE       VALUE  FROM      YEAR
                                                  NORMAL
..................................................................
TEMPERATURE (F)
 YESTERDAY
  MAXIMUM         67    505 PM  92    2010  78    -11       84
  MINIMUM         60    830 AM  51    2004  59      1       70
  AVERAGE         64

PRECIPITATION (IN)
  YESTERDAY        0.83R         0.10 2014   0.11   0.72     0.10
  MONTH TO DATE    3.92                      3.61   0.31     3.71
  SINCE JUN 1     12.47                     11.37   1.10    12.11
  SINCE JAN 1     21.87                     24.23  -2.36    22.95

DEGREE DAYS
 HEATING
  YESTERDAY        1                         1      0        0
  MONTH TO DATE   24                         5     19        9
  SINCE JUN 1    172                       103     69      116
  SINCE JUL 1     69                        17     52       43

 COOLING
  YESTERDAY        0                         4     -4       12
  MONTH TO DATE  129                       161    -32      145
  SINCE JUN 1    337                       471   -134      329
  SINCE JAN 1    362                       496   -134      352
..................................................................


WIND (MPH)
  RESULTANT WIND SPEED   2   RESULTANT WIND DIRECTION   E (110)
  HIGHEST WIND SPEED     9   HIGHEST WIND DIRECTION     E (100)
  HIGHEST GUST SPEED    13   HIGHEST GUST DIRECTION    SE (150)
  AVERAGE WIND SPEED     4.0


SKY COVER
  POSSIBLE SUNSHINE  MM
  AVERAGE SKY COVER 1.0


WEATHER CONDITIONS
 THE FOLLOWING WEATHER WAS RECORDED YESTERDAY.
  THUNDERSTORM
  HEAVY RAIN
  LIGHT RAIN
  FOG
  FOG W/VISIBILITY <= 1/4 MILE


RELATIVE HUMIDITY (PERCENT)
 HIGHEST   100
 LOWEST     93
 AVERAGE    97

..........................................................


THE WAUKEGAN   CLIMATE NORMALS FOR TODAY
                         NORMAL    RECORD    YEAR
 MAXIMUM TEMPERATURE (F)   78        96      2013
 MINIMUM TEMPERATURE (F)   59        47      2009


SUNRISE AND SUNSET
AUGUST 30 2015........SUNRISE   614 AM CDT   SUNSET   729 PM CDT
AUGUST 31 2015........SUNRISE   615 AM CDT   SUNSET   728 PM CDT


-  INDICATES NEGATIVE NUMBERS.
R  INDICATES RECORD WAS SET OR TIED.
MM INDICATES DATA IS MISSING.
T  INDICATES TRACE AMOUNT.




$$
