000
CDUS43 KLOT 210632
CLIUGN


CLIMATE REPORT
NATIONAL WEATHER SERVICE CHICAGO IL
131 AM CDT FRI JUL 21 2017


...................................

...THE WAUKEGAN   CLIMATE SUMMARY FOR JULY 20 2017...

CLIMATE NORMAL PERIOD 1981 TO 2010
CLIMATE RECORD PERIOD 2000 TO 2017


WEATHER ITEM   OBSERVED TIME   RECORD YEAR NORMAL DEPARTURE LAST
                VALUE   (LST)  VALUE       VALUE  FROM      YEAR
                                                  NORMAL
..................................................................
TEMPERATURE (F)
 YESTERDAY
  MAXIMUM         86    103 PM  98    2011  80      6       90
  MINIMUM         67    620 AM  50    2009  62      5       63
  AVERAGE         77

PRECIPITATION (IN)
  YESTERDAY        0.98R         0.61 2005   0.14   0.84     0.00
  MONTH TO DATE    7.39                      2.55   4.84     0.58
  SINCE JUN 1     11.66                      6.43   5.23     1.93
  SINCE JAN 1     25.77                     19.29   6.48    13.87

DEGREE DAYS
 HEATING
  YESTERDAY        0                         0      0        0
  MONTH TO DATE    1                         3     -2       10
  SINCE JUN 1     38                        89    -51       50
  SINCE JUL 1      1                         3     -2       10

 COOLING
  YESTERDAY       12                         7      5       12
  MONTH TO DATE  113                       137    -24      145
  SINCE JUN 1    254                       242     12      276
  SINCE JAN 1    275                       267      8      320
..................................................................


WIND (MPH)
  RESULTANT WIND SPEED   1   RESULTANT WIND DIRECTION  SW (220)
  HIGHEST WIND SPEED    25   HIGHEST WIND DIRECTION    SW (220)
  HIGHEST GUST SPEED    28   HIGHEST GUST DIRECTION    SW (220)
  AVERAGE WIND SPEED     6.0


SKY COVER
  POSSIBLE SUNSHINE  MM
  AVERAGE SKY COVER 0.3


WEATHER CONDITIONS
 THE FOLLOWING WEATHER WAS RECORDED YESTERDAY.
  THUNDERSTORM
  LIGHT RAIN
  FOG


RELATIVE HUMIDITY (PERCENT)
 HIGHEST   100
 LOWEST     74
 AVERAGE    87

..........................................................


THE WAUKEGAN   CLIMATE NORMALS FOR TODAY
                         NORMAL    RECORD    YEAR
 MAXIMUM TEMPERATURE (F)   80        98      2002
 MINIMUM TEMPERATURE (F)   62        52      2007


SUNRISE AND SUNSET
JULY 21 2017..........SUNRISE   533 AM CDT   SUNSET   822 PM CDT
JULY 22 2017..........SUNRISE   534 AM CDT   SUNSET   821 PM CDT


-  INDICATES NEGATIVE NUMBERS.
R  INDICATES RECORD WAS SET OR TIED.
MM INDICATES DATA IS MISSING.
T  INDICATES TRACE AMOUNT.




$$
