000
CDUS43 KLOT 200644
CLIUGN


CLIMATE REPORT
NATIONAL WEATHER SERVICE CHICAGO IL
1243 AM CST FRI JAN 20 2017


...................................

...THE WAUKEGAN   CLIMATE SUMMARY FOR JANUARY 19 2017...

CLIMATE NORMAL PERIOD 1981 TO 2010
CLIMATE RECORD PERIOD 2000 TO 2017


WEATHER ITEM   OBSERVED TIME   RECORD YEAR NORMAL DEPARTURE LAST
                VALUE   (LST)  VALUE       VALUE  FROM      YEAR
                                                  NORMAL
..................................................................
TEMPERATURE (F)
 YESTERDAY
  MAXIMUM         37   1159 PM  52    2006  30      7       16
  MINIMUM         33    843 AM  -4    2008  15     18       -2
  AVERAGE         35

PRECIPITATION (IN)
  YESTERDAY        0.29R         T    2012   0.05   0.24     0.00
                                      2012
                                      2015
  MONTH TO DATE    1.87                      0.82   1.05     0.44
  SINCE DEC 1      2.77                      2.82  -0.05     5.24
  SINCE JAN 1      1.87                      0.82   1.05     0.44

DEGREE DAYS
 HEATING
  YESTERDAY       30                        43    -13       58
  MONTH TO DATE  780                       790    -10      843
  SINCE DEC 1   2016                      1954     62     1685
  SINCE JUL 1   2903                      3339   -436     2843

 COOLING
  YESTERDAY        0                         0      0        0
  MONTH TO DATE    0                         0      0        0
  SINCE DEC 1      0                         0      0        0
  SINCE JAN 1      0                         0      0        0
..................................................................


WIND (MPH)
  RESULTANT WIND SPEED   4   RESULTANT WIND DIRECTION  SE (150)
  HIGHEST WIND SPEED    14   HIGHEST WIND DIRECTION    SW (220)
  HIGHEST GUST SPEED    18   HIGHEST GUST DIRECTION    SW (220)
  AVERAGE WIND SPEED     6.5


SKY COVER
  POSSIBLE SUNSHINE  MM
  AVERAGE SKY COVER 1.0


WEATHER CONDITIONS
 THE FOLLOWING WEATHER WAS RECORDED YESTERDAY.
  LIGHT RAIN
  FOG
  FOG W/VISIBILITY <= 1/4 MILE


RELATIVE HUMIDITY (PERCENT)
 HIGHEST   100
 LOWEST     92
 AVERAGE    96

..........................................................


THE WAUKEGAN   CLIMATE NORMALS FOR TODAY
                         NORMAL    RECORD    YEAR
 MAXIMUM TEMPERATURE (F)   30        45      2006
 MINIMUM TEMPERATURE (F)   15        -6      2008


SUNRISE AND SUNSET
JANUARY 20 2017.......SUNRISE   715 AM CST   SUNSET   450 PM CST
JANUARY 21 2017.......SUNRISE   715 AM CST   SUNSET   452 PM CST


-  INDICATES NEGATIVE NUMBERS.
R  INDICATES RECORD WAS SET OR TIED.
MM INDICATES DATA IS MISSING.
T  INDICATES TRACE AMOUNT.




$$
