000
CDUS43 KLOT 270638
CLIUGN


CLIMATE REPORT
NATIONAL WEATHER SERVICE CHICAGO IL
1237 AM CST SAT DEC 27 2014


...................................

...THE WAUKEGAN   CLIMATE SUMMARY FOR DECEMBER 26 2014...

CLIMATE NORMAL PERIOD 1981 TO 2010
CLIMATE RECORD PERIOD 2000 TO 2014


WEATHER ITEM   OBSERVED TIME   RECORD YEAR NORMAL DEPARTURE LAST
                VALUE   (LST)  VALUE       VALUE  FROM      YEAR
                                                  NORMAL
..................................................................
TEMPERATURE (F)
 YESTERDAY
  MAXIMUM         49    328 PM  53    2008  32     17       30
  MINIMUM         36    750 AM   8    2000  18     18       11
  AVERAGE         43

PRECIPITATION (IN)
  YESTERDAY        0.00          0.07 2010   0.04  -0.04      T
  MONTH TO DATE    0.80                      1.77  -0.97     0.56
  SINCE DEC 1      0.80                      1.77  -0.97     0.56
  SINCE JAN 1     32.18                     35.36  -3.18    28.74

DEGREE DAYS
 HEATING
  YESTERDAY       22                        40    -18       44
  MONTH TO DATE  834                       963   -129     1140
  SINCE DEC 1    834                       963   -129     1140
  SINCE JUL 1   2497                      2348    149     2652

 COOLING
  YESTERDAY        0                         0      0        0
  MONTH TO DATE    0                         0      0        0
  SINCE DEC 1      0                         0      0        0
  SINCE JAN 1    424                       564   -140      590
..................................................................


WIND (MPH)
  RESULTANT WIND SPEED  10   RESULTANT WIND DIRECTION  SW (210)
  HIGHEST WIND SPEED    20   HIGHEST WIND DIRECTION    SW (220)
  HIGHEST GUST SPEED    27   HIGHEST GUST DIRECTION     S (200)
  AVERAGE WIND SPEED    10.1


SKY COVER
  POSSIBLE SUNSHINE  MM
  AVERAGE SKY COVER 0.2


WEATHER CONDITIONS
 THE FOLLOWING WEATHER WAS RECORDED YESTERDAY.
  NO SIGNIFICANT WEATHER WAS OBSERVED.


RELATIVE HUMIDITY (PERCENT)
 HIGHEST    92
 LOWEST     61
 AVERAGE    77

..........................................................


THE WAUKEGAN   CLIMATE NORMALS FOR TODAY
                         NORMAL    RECORD    YEAR
 MAXIMUM TEMPERATURE (F)   32        59      2008
 MINIMUM TEMPERATURE (F)   18         6      2000


SUNRISE AND SUNSET
DECEMBER 27 2014......SUNRISE   720 AM CST   SUNSET   425 PM CST
DECEMBER 28 2014......SUNRISE   720 AM CST   SUNSET   426 PM CST


-  INDICATES NEGATIVE NUMBERS.
R  INDICATES RECORD WAS SET OR TIED.
MM INDICATES DATA IS MISSING.
T  INDICATES TRACE AMOUNT.




$$
