000
CDUS43 KLOT 270638
CLIUGN


CLIMATE REPORT
NATIONAL WEATHER SERVICE CHICAGO IL
137 AM CDT WED MAY 27 2015


...................................

...THE WAUKEGAN   CLIMATE SUMMARY FOR MAY 26 2015...

CLIMATE NORMAL PERIOD 1981 TO 2010
CLIMATE RECORD PERIOD 2000 TO 2015


WEATHER ITEM   OBSERVED TIME   RECORD YEAR NORMAL DEPARTURE LAST
                VALUE   (LST)  VALUE       VALUE  FROM      YEAR
                                                  NORMAL
..................................................................
TEMPERATURE (F)
 YESTERDAY
  MAXIMUM         76    316 PM  83    2014  69      7       83
  MINIMUM         61   1235 PM  36    2013  48     13       61
  AVERAGE         69

PRECIPITATION (IN)
  YESTERDAY        0.53          1.08 2009   0.12   0.41     0.33
  MONTH TO DATE    3.70                      3.38   0.32     4.58
  SINCE MAR 1      8.58                      9.18  -0.60     8.36
  SINCE JAN 1      9.12                     12.23  -3.11    10.38

DEGREE DAYS
 HEATING
  YESTERDAY        0                         8     -8        0
  MONTH TO DATE  249                       276    -27      278
  SINCE MAR 1   1833                      1772     61     2050
  SINCE JUL 1   7358                      6718    640     7919

 COOLING
  YESTERDAY        4                         1      3        7
  MONTH TO DATE   19                        13      6       19
  SINCE MAR 1     19                        17      2       19
  SINCE JAN 1     19                        17      2       19
..................................................................


WIND (MPH)
  RESULTANT WIND SPEED   9   RESULTANT WIND DIRECTION   S (190)
  HIGHEST WIND SPEED    26   HIGHEST WIND DIRECTION    SW (210)
  HIGHEST GUST SPEED    36   HIGHEST GUST DIRECTION    SW (210)
  AVERAGE WIND SPEED    11.5


SKY COVER
  POSSIBLE SUNSHINE  MM
  AVERAGE SKY COVER 0.6


WEATHER CONDITIONS
 THE FOLLOWING WEATHER WAS RECORDED YESTERDAY.
  HEAVY RAIN
  RAIN
  LIGHT RAIN
  FOG
  HAZE


RELATIVE HUMIDITY (PERCENT)
 HIGHEST   100
 LOWEST     64
 AVERAGE    82

..........................................................


THE WAUKEGAN   CLIMATE NORMALS FOR TODAY
                         NORMAL    RECORD    YEAR
 MAXIMUM TEMPERATURE (F)   69        86      2012
 MINIMUM TEMPERATURE (F)   48        41      2008


SUNRISE AND SUNSET
MAY 27 2015...........SUNRISE   520 AM CDT   SUNSET   818 PM CDT
MAY 28 2015...........SUNRISE   519 AM CDT   SUNSET   819 PM CDT


-  INDICATES NEGATIVE NUMBERS.
R  INDICATES RECORD WAS SET OR TIED.
MM INDICATES DATA IS MISSING.
T  INDICATES TRACE AMOUNT.




$$
