000
CDUS43 KLOT 260645
CLIUGN


CLIMATE REPORT
NATIONAL WEATHER SERVICE CHICAGO IL
1244 AM CST SUN FEB 26 2017


...................................

...THE WAUKEGAN   CLIMATE SUMMARY FOR FEBRUARY 25 2017...

CLIMATE NORMAL PERIOD 1981 TO 2010
CLIMATE RECORD PERIOD 2000 TO 2017


WEATHER ITEM   OBSERVED TIME   RECORD YEAR NORMAL DEPARTURE LAST
                VALUE   (LST)  VALUE       VALUE  FROM      YEAR
                                                  NORMAL
..................................................................
TEMPERATURE (F)
 YESTERDAY
  MAXIMUM         29   1259 AM  53    2001  37     -8       36
  MINIMUM         20    704 AM  -5    2003  21     -1       30
  AVERAGE         25

PRECIPITATION (IN)
  YESTERDAY        T             0.62 2007   0.06  -0.06      T
  MONTH TO DATE    0.93                      1.48  -0.55     0.72
  SINCE DEC 1      4.33                      4.87  -0.54     6.15
  SINCE JAN 1      3.43                      2.87   0.56     1.35

DEGREE DAYS
 HEATING
  YESTERDAY       40                        36      4       32
  MONTH TO DATE  755                       990   -235      955
  SINCE DEC 1   3147                      3456   -309     3081
  SINCE JUL 1   4034                      4841   -807     4239

 COOLING
  YESTERDAY        0                         0      0        0
  MONTH TO DATE    0                         0      0        0
  SINCE DEC 1      0                         0      0        0
  SINCE JAN 1      0                         0      0        0
..................................................................


WIND (MPH)
  RESULTANT WIND SPEED   7   RESULTANT WIND DIRECTION   W (290)
  HIGHEST WIND SPEED    17   HIGHEST WIND DIRECTION    NW (300)
  HIGHEST GUST SPEED    31   HIGHEST GUST DIRECTION    NW (300)
  AVERAGE WIND SPEED     8.9


SKY COVER
  POSSIBLE SUNSHINE  MM
  AVERAGE SKY COVER 0.7


WEATHER CONDITIONS
 THE FOLLOWING WEATHER WAS RECORDED YESTERDAY.
  LIGHT SNOW
  FOG
  HAZE


RELATIVE HUMIDITY (PERCENT)
 HIGHEST    92
 LOWEST     60
 AVERAGE    76

..........................................................


THE WAUKEGAN   CLIMATE NORMALS FOR TODAY
                         NORMAL    RECORD    YEAR
 MAXIMUM TEMPERATURE (F)   37        65      2000
 MINIMUM TEMPERATURE (F)   22        -3      2015
                                             2014


SUNRISE AND SUNSET
FEBRUARY 26 2017......SUNRISE   631 AM CST   SUNSET   538 PM CST
FEBRUARY 27 2017......SUNRISE   630 AM CST   SUNSET   539 PM CST


-  INDICATES NEGATIVE NUMBERS.
R  INDICATES RECORD WAS SET OR TIED.
MM INDICATES DATA IS MISSING.
T  INDICATES TRACE AMOUNT.




$$
