000
CDUS43 KLOT 300637
CLIUGN


CLIMATE REPORT
NATIONAL WEATHER SERVICE CHICAGO IL
136 AM CDT TUE JUN 30 2015


...................................

...THE WAUKEGAN   CLIMATE SUMMARY FOR JUNE 29 2015...

CLIMATE NORMAL PERIOD 1981 TO 2010
CLIMATE RECORD PERIOD 2000 TO 2015


WEATHER ITEM   OBSERVED TIME   RECORD YEAR NORMAL DEPARTURE LAST
                VALUE   (LST)  VALUE       VALUE  FROM      YEAR
                                                  NORMAL
..................................................................
TEMPERATURE (F)
 YESTERDAY
  MAXIMUM         70    110 PM  85    2012  80    -10       83
  MINIMUM         59   1143 PM  48    2007  61     -2       67
  AVERAGE         65

PRECIPITATION (IN)
  YESTERDAY        0.02          0.37 2008   0.09  -0.07     0.08
  MONTH TO DATE    4.26                      3.79   0.47     6.09
  SINCE JUN 1      4.26                      3.79   0.47     6.09
  SINCE JAN 1     13.66                     16.65  -2.99    16.93

DEGREE DAYS
 HEATING
  YESTERDAY        0                         1     -1        0
  MONTH TO DATE  101                        85     16       73
  SINCE JUN 1    101                        85     16       73
  SINCE JUL 1   7485                      6836    649     8016

 COOLING
  YESTERDAY        0                         6     -6       10
  MONTH TO DATE   54                        99    -45       72
  SINCE JUN 1     54                        99    -45       72
  SINCE JAN 1     79                       124    -45       95
..................................................................


WIND (MPH)
  RESULTANT WIND SPEED   3   RESULTANT WIND DIRECTION  SE (120)
  HIGHEST WIND SPEED    10   HIGHEST WIND DIRECTION     E (70)
  HIGHEST GUST SPEED    13   HIGHEST GUST DIRECTION     E (90)
  AVERAGE WIND SPEED     3.5


SKY COVER
  POSSIBLE SUNSHINE  MM
  AVERAGE SKY COVER 0.5


WEATHER CONDITIONS
 THE FOLLOWING WEATHER WAS RECORDED YESTERDAY.
  LIGHT RAIN
  FOG


RELATIVE HUMIDITY (PERCENT)
 HIGHEST   100
 LOWEST     78
 AVERAGE    89

..........................................................


THE WAUKEGAN   CLIMATE NORMALS FOR TODAY
                         NORMAL    RECORD    YEAR
 MAXIMUM TEMPERATURE (F)   80        92      2012
                                             2002
 MINIMUM TEMPERATURE (F)   61        46      2007


SUNRISE AND SUNSET
JUNE 30 2015..........SUNRISE   518 AM CDT   SUNSET   832 PM CDT
JULY  1 2015..........SUNRISE   518 AM CDT   SUNSET   832 PM CDT


-  INDICATES NEGATIVE NUMBERS.
R  INDICATES RECORD WAS SET OR TIED.
MM INDICATES DATA IS MISSING.
T  INDICATES TRACE AMOUNT.




$$
