000
CDUS43 KLOT 220632
CLIUGN


CLIMATE REPORT
NATIONAL WEATHER SERVICE CHICAGO IL
1231 AM CST MON JAN 22 2018


...................................

...THE WAUKEGAN   CLIMATE SUMMARY FOR JANUARY 21 2018...

CLIMATE NORMAL PERIOD 1981 TO 2010
CLIMATE RECORD PERIOD 2000 TO 2018


WEATHER ITEM   OBSERVED TIME   RECORD YEAR NORMAL DEPARTURE LAST
                VALUE   (LST)  VALUE       VALUE  FROM      YEAR
                                                  NORMAL
..................................................................
TEMPERATURE (F)
 YESTERDAY
  MAXIMUM         40   1209 PM  58    2017  30     10       58
  MINIMUM         35    608 PM  -7    2011  15     20       38
  AVERAGE         38                        22     16       48

PRECIPITATION (IN)
  YESTERDAY        T             0.50 2006   0.04  -0.04     0.01
  MONTH TO DATE    0.23                      0.90  -0.67     2.18
  SINCE DEC 1      0.69                      2.90  -2.21     3.08
  SINCE JAN 1      0.23                      0.90  -0.67     2.18

DEGREE DAYS
 HEATING
  YESTERDAY       27                        43    -16       17
  MONTH TO DATE  814                       876    -62      824
  SINCE DEC 1   2044                      2040      4     2060
  SINCE JUL 1   3274                      3425   -151     2947

 COOLING
  YESTERDAY        0                         0      0        0
  MONTH TO DATE    0                         0      0        0
  SINCE DEC 1      0                         0      0        0
  SINCE JAN 1      0                         0      0        0
..................................................................


WIND (MPH)
  RESULTANT WIND SPEED   1   RESULTANT WIND DIRECTION   E (90)
  HIGHEST WIND SPEED     7   HIGHEST WIND DIRECTION     E (90)
  HIGHEST GUST SPEED    10   HIGHEST GUST DIRECTION    NE (60)
  AVERAGE WIND SPEED     2.4


SKY COVER
  POSSIBLE SUNSHINE  MM
  AVERAGE SKY COVER 1.0


WEATHER CONDITIONS
 THE FOLLOWING WEATHER WAS RECORDED YESTERDAY.
  LIGHT RAIN
  FOG
  FOG W/VISIBILITY <= 1/4 MILE


RELATIVE HUMIDITY (PERCENT)
 HIGHEST   100
 LOWEST     85
 AVERAGE    93

..........................................................


THE WAUKEGAN   CLIMATE NORMALS FOR TODAY
                         NORMAL    RECORD    YEAR
 MAXIMUM TEMPERATURE (F)   30        54      2002
 MINIMUM TEMPERATURE (F)   15        -5      2013


SUNRISE AND SUNSET
JANUARY 22 2018.......SUNRISE   714 AM CST   SUNSET   453 PM CST
JANUARY 23 2018.......SUNRISE   713 AM CST   SUNSET   454 PM CST


-  INDICATES NEGATIVE NUMBERS.
R  INDICATES RECORD WAS SET OR TIED.
MM INDICATES DATA IS MISSING.
T  INDICATES TRACE AMOUNT.




$$
