000
CDUS46 KSEW 140120
CLIUIL


CLIMATE REPORT
NATIONAL WEATHER SERVICE SEATTLE WA
619 PM PDT SUN JUL 13 2014


...................................

...THE QUILLAYUTE WA AIRPORT CLIMATE SUMMARY FOR JULY 13 2014...
VALID TODAY AS OF 0600 PM LOCAL TIME.

CLIMATE NORMAL PERIOD 1981 TO 2010
CLIMATE RECORD PERIOD 1966 TO 2014


WEATHER ITEM   OBSERVED TIME   RECORD YEAR NORMAL DEPARTURE LAST
                VALUE   (LST)  VALUE       VALUE  FROM      YEAR
                                                  NORMAL
..................................................................
TEMPERATURE (F)
 TODAY
  MAXIMUM         73   1251 PM  95    1996  67      6       70
  MINIMUM         53    521 AM  39    1974  51      2       50
  AVERAGE         63                        59      4       60

PRECIPITATION (IN)
  TODAY            0.00          1.33 1983   0.06  -0.06     0.00
  MONTH TO DATE    0.25                      0.96  -0.71      T
  SINCE OCT 1     71.82                     92.21 -20.39   105.77
  SINCE JAN 1     54.59                     53.21   1.38    58.80

DEGREE DAYS
 HEATING
  TODAY            2                         6     -4        5
  MONTH TO DATE   52                        92    -40       43
  SINCE JUN 1    301                       386    -85      223
  SINCE JUL 1     52                        92    -40       43

 COOLING
  TODAY            0                         0      0        0
  MONTH TO DATE    6                         0      6        0
  SINCE JUN 1      6                         3      3        7
  SINCE JAN 1     10                         4      6       10
..................................................................


WIND (MPH)
  RESULTANT WIND SPEED   4   RESULTANT WIND DIRECTION   W (290)
  HIGHEST WIND SPEED    14   HIGHEST WIND DIRECTION    SW (210)
  HIGHEST GUST SPEED    16   HIGHEST GUST DIRECTION    SW (210)
  AVERAGE WIND SPEED     6.1


SKY COVER
  AVERAGE SKY COVER 0.5


WEATHER CONDITIONS
 THE FOLLOWING WEATHER WAS RECORDED TODAY.
  FOG


RELATIVE HUMIDITY (PERCENT)
 HIGHEST   100           100 AM
 LOWEST     66          1100 AM
 AVERAGE    83

..........................................................


THE QUILLAYUTE WA AIRPORT CLIMATE NORMALS FOR TOMORROW
                         NORMAL    RECORD    YEAR
 MAXIMUM TEMPERATURE (F)   67        86      1970
 MINIMUM TEMPERATURE (F)   51        38      2000


SUNRISE AND SUNSET
JULY 13 2014..........SUNRISE   533 AM PDT   SUNSET   915 PM PDT
JULY 14 2014..........SUNRISE   534 AM PDT   SUNSET   914 PM PDT


-  INDICATES NEGATIVE NUMBERS.
R  INDICATES RECORD WAS SET OR TIED.
MM INDICATES DATA IS MISSING.
T  INDICATES TRACE AMOUNT.




$$
