000
CDUS46 KSEW 050834
CLIUIL


CLIMATE REPORT
NATIONAL WEATHER SERVICE SEATTLE WA
1234 AM PST FRI FEB 5 2016


...................................

...THE QUILLAYUTE WA AIRPORT CLIMATE SUMMARY FOR FEBRUARY 4 2016...

CLIMATE NORMAL PERIOD 1981 TO 2010
CLIMATE RECORD PERIOD 1966 TO 2016


WEATHER ITEM   OBSERVED TIME   RECORD YEAR NORMAL DEPARTURE LAST
                VALUE   (LST)  VALUE       VALUE  FROM      YEAR
                                                  NORMAL
..................................................................
TEMPERATURE (F)
 YESTERDAY
  MAXIMUM         51   1159 PM  65    1993  49      2       51
  MINIMUM         39    440 AM  19    1989  36      3       42
  AVERAGE         45                        42      3       47

PRECIPITATION (IN)
  YESTERDAY        0.24          3.07 2006   0.39  -0.15     0.65
  MONTH TO DATE    1.15                      1.55  -0.40     1.47
  SINCE OCT 1     60.85                     55.16   5.69    57.75
  SINCE JAN 1     16.87                     16.16   0.71    13.00

DEGREE DAYS
 HEATING
  YESTERDAY       20                        23     -3       18
  MONTH TO DATE   90                        92     -2       70
  SINCE DEC 1   1399                      1583   -184     1290
  SINCE JUL 1   2710                      3297   -587     2524

 COOLING
  YESTERDAY        0                         0      0        0
  MONTH TO DATE    0                         0      0        0
  SINCE DEC 1      0                         0      0        0
  SINCE JAN 1      0                         0      0        0
..................................................................


WIND (MPH)
  RESULTANT WIND SPEED   4   RESULTANT WIND DIRECTION  SE (140)
  HIGHEST WIND SPEED    15   HIGHEST WIND DIRECTION    SE (140)
  HIGHEST GUST SPEED    26   HIGHEST GUST DIRECTION    SE (140)
  AVERAGE WIND SPEED     4.6


SKY COVER
  AVERAGE SKY COVER 0.8


WEATHER CONDITIONS
 THE FOLLOWING WEATHER WAS RECORDED YESTERDAY.
  RAIN
  LIGHT RAIN
  FOG


RELATIVE HUMIDITY (PERCENT)
 HIGHEST   100           400 AM
 LOWEST     77          1000 PM
 AVERAGE    89

..........................................................


THE QUILLAYUTE WA AIRPORT CLIMATE NORMALS FOR TODAY
                         NORMAL    RECORD    YEAR
 MAXIMUM TEMPERATURE (F)   49        58      1993
                                             1987
                                             1978
 MINIMUM TEMPERATURE (F)   35        21      1989
                                             1976


SUNRISE AND SUNSET
FEBRUARY  5 2016......SUNRISE   741 AM PST   SUNSET   524 PM PST
FEBRUARY  6 2016......SUNRISE   739 AM PST   SUNSET   526 PM PST


-  INDICATES NEGATIVE NUMBERS.
R  INDICATES RECORD WAS SET OR TIED.
MM INDICATES DATA IS MISSING.
T  INDICATES TRACE AMOUNT.




$$
