000
CDUS46 KSEW 040830
CLIUIL


CLIMATE REPORT
NATIONAL WEATHER SERVICE SEATTLE WA
1230 AM PST SUN DEC 4 2016


...................................

...THE QUILLAYUTE WA AIRPORT CLIMATE SUMMARY FOR DECEMBER 3 2016...

CLIMATE NORMAL PERIOD 1981 TO 2010
CLIMATE RECORD PERIOD 1966 TO 2016


WEATHER ITEM   OBSERVED TIME   RECORD YEAR NORMAL DEPARTURE LAST
                VALUE   (LST)  VALUE       VALUE  FROM      YEAR
                                                  NORMAL
..................................................................
TEMPERATURE (F)
 YESTERDAY
  MAXIMUM         48    257 PM  63    1988  47      1       57
  MINIMUM         39    323 AM  22    1994  35      4       44
  AVERAGE         44                        41      3       51

PRECIPITATION (IN)
  YESTERDAY        0.62          5.63 1990   0.48   0.14     1.25
  MONTH TO DATE    2.69                      1.44   1.25     2.48
  SINCE OCT 1     49.49                     27.45  22.04    27.22
  SINCE JAN 1    111.86                     87.99  23.87    80.06

DEGREE DAYS
 HEATING
  YESTERDAY       21                        24     -3       14
  MONTH TO DATE   61                        72    -11       42
  SINCE DEC 1     61                        72    -11       42
  SINCE JUL 1   1488                      1786   -298     1353

 COOLING
  YESTERDAY        0                         0      0        0
  MONTH TO DATE    0                         0      0        0
  SINCE DEC 1      0                         0      0        0
  SINCE JAN 1     54                        19     35       56
..................................................................


WIND (MPH)
  RESULTANT WIND SPEED   5   RESULTANT WIND DIRECTION  SW (240)
  HIGHEST WIND SPEED    16   HIGHEST WIND DIRECTION     W (260)
  HIGHEST GUST SPEED    20   HIGHEST GUST DIRECTION    SW (240)
  AVERAGE WIND SPEED     5.8


SKY COVER
  AVERAGE SKY COVER 0.8


WEATHER CONDITIONS
 THE FOLLOWING WEATHER WAS RECORDED YESTERDAY.
  RAIN
  LIGHT RAIN
  FOG


RELATIVE HUMIDITY (PERCENT)
 HIGHEST   100           200 AM
 LOWEST     80           300 PM
 AVERAGE    90

..........................................................


THE QUILLAYUTE WA AIRPORT CLIMATE NORMALS FOR TODAY
                         NORMAL    RECORD    YEAR
 MAXIMUM TEMPERATURE (F)   47        58      1988
                                             1985
 MINIMUM TEMPERATURE (F)   35        21      1994


SUNRISE AND SUNSET
DECEMBER  4 2016......SUNRISE   751 AM PST   SUNSET   426 PM PST
DECEMBER  5 2016......SUNRISE   752 AM PST   SUNSET   426 PM PST


-  INDICATES NEGATIVE NUMBERS.
R  INDICATES RECORD WAS SET OR TIED.
MM INDICATES DATA IS MISSING.
T  INDICATES TRACE AMOUNT.




$$
