000
CDUS46 KSEW 020827
CLIUIL


CLIMATE REPORT
NATIONAL WEATHER SERVICE SEATTLE WA
127 AM PDT SAT AUG 2 2014


...................................

...THE QUILLAYUTE WA AIRPORT CLIMATE SUMMARY FOR AUGUST 1 2014...

CLIMATE NORMAL PERIOD 1981 TO 2010
CLIMATE RECORD PERIOD 1966 TO 2014


WEATHER ITEM   OBSERVED TIME   RECORD YEAR NORMAL DEPARTURE LAST
                VALUE   (LST)  VALUE       VALUE  FROM      YEAR
                                                  NORMAL
..................................................................
TEMPERATURE (F)
 YESTERDAY
  MAXIMUM         76    253 PM  80    1993  69      7       69
  MINIMUM         50    155 AM  41    1997  51     -1       56
  AVERAGE         63                        60      3       63

PRECIPITATION (IN)
  YESTERDAY        0.00          0.23 2008   0.06  -0.06      T
  MONTH TO DATE    0.00                      0.06  -0.06      T
  SINCE OCT 1     72.39                     93.29 -20.90   105.78
  SINCE JAN 1     55.16                     54.29   0.87    58.81

DEGREE DAYS
 HEATING
  YESTERDAY        2                         5     -3        2
  MONTH TO DATE    2                         5     -3        2
  SINCE JUN 1    387                       493   -106      295
  SINCE JUL 1    138                       199    -61      115

 COOLING
  YESTERDAY        0                         0      0        0
  MONTH TO DATE    0                         0      0        0
  SINCE JUN 1      6                        10     -4       13
  SINCE JAN 1     10                        11     -1       16
..................................................................


WIND (MPH)
  RESULTANT WIND SPEED   3   RESULTANT WIND DIRECTION   W (250)
  HIGHEST WIND SPEED    12   HIGHEST WIND DIRECTION     W (260)
  HIGHEST GUST SPEED    15   HIGHEST GUST DIRECTION    SW (230)
  AVERAGE WIND SPEED     3.5


SKY COVER
  AVERAGE SKY COVER 0.3


WEATHER CONDITIONS
 THE FOLLOWING WEATHER WAS RECORDED YESTERDAY.
  FOG
  FOG W/VISIBILITY <= 1/4 MILE


RELATIVE HUMIDITY (PERCENT)
 HIGHEST   100           300 AM
 LOWEST     53           100 PM
 AVERAGE    77

..........................................................


THE QUILLAYUTE WA AIRPORT CLIMATE NORMALS FOR TODAY
                         NORMAL    RECORD    YEAR
 MAXIMUM TEMPERATURE (F)   69        89      1993
 MINIMUM TEMPERATURE (F)   51        40      1999


SUNRISE AND SUNSET
AUGUST  2 2014........SUNRISE   556 AM PDT   SUNSET   852 PM PDT
AUGUST  3 2014........SUNRISE   557 AM PDT   SUNSET   851 PM PDT


-  INDICATES NEGATIVE NUMBERS.
R  INDICATES RECORD WAS SET OR TIED.
MM INDICATES DATA IS MISSING.
T  INDICATES TRACE AMOUNT.




$$
