000
CDUS46 KSEW 210830
CLIUIL


CLIMATE REPORT
NATIONAL WEATHER SERVICE SEATTLE WA
130 AM PDT SUN SEP 21 2014


...................................

...THE QUILLAYUTE WA AIRPORT CLIMATE SUMMARY FOR SEPTEMBER 20 2014...

CLIMATE NORMAL PERIOD 1981 TO 2010
CLIMATE RECORD PERIOD 1966 TO 2014


WEATHER ITEM   OBSERVED TIME   RECORD YEAR NORMAL DEPARTURE LAST
                VALUE   (LST)  VALUE       VALUE  FROM      YEAR
                                                  NORMAL
..................................................................
TEMPERATURE (F)
 YESTERDAY
  MAXIMUM         83    342 PM  88    1974  66     17       64
  MINIMUM         44    537 AM  36    1968  46     -2       57
  AVERAGE         64                        56      8       61

PRECIPITATION (IN)
  YESTERDAY        0.00          2.62 1972   0.13  -0.13     1.81
  MONTH TO DATE    0.41                      2.24  -1.83     2.58
  SINCE OCT 1     73.49                     97.96 -24.47   111.37
  SINCE JAN 1     56.26                     58.96  -2.70    64.40

DEGREE DAYS
 HEATING
  YESTERDAY        1                         9     -8        4
  MONTH TO DATE   81                       153    -72       36
  SINCE SEP 1     81                       153    -72       36
  SINCE JUL 1    331                       522   -191      208

 COOLING
  YESTERDAY        0                         0      0        0
  MONTH TO DATE    7                         0      7       14
  SINCE SEP 1      7                         0      7       14
  SINCE JAN 1     25                        17      8       39
..................................................................


WIND (MPH)
  RESULTANT WIND SPEED   4   RESULTANT WIND DIRECTION  NE (60)
  HIGHEST WIND SPEED    12   HIGHEST WIND DIRECTION    NE (40)
  HIGHEST GUST SPEED    15   HIGHEST GUST DIRECTION    NE (40)
  AVERAGE WIND SPEED     4.3


SKY COVER
  AVERAGE SKY COVER 0.1


WEATHER CONDITIONS
 THE FOLLOWING WEATHER WAS RECORDED YESTERDAY.
  FOG


RELATIVE HUMIDITY (PERCENT)
 HIGHEST   100          1200 AM
 LOWEST     31           400 PM
 AVERAGE    66

..........................................................


THE QUILLAYUTE WA AIRPORT CLIMATE NORMALS FOR TODAY
                         NORMAL    RECORD    YEAR
 MAXIMUM TEMPERATURE (F)   65        85      1974
 MINIMUM TEMPERATURE (F)   46        34      2005
                                             1993


SUNRISE AND SUNSET
SEPTEMBER 21 2014.....SUNRISE   704 AM PDT   SUNSET   718 PM PDT
SEPTEMBER 22 2014.....SUNRISE   705 AM PDT   SUNSET   716 PM PDT


-  INDICATES NEGATIVE NUMBERS.
R  INDICATES RECORD WAS SET OR TIED.
MM INDICATES DATA IS MISSING.
T  INDICATES TRACE AMOUNT.




$$
