665
CDUS46 KSEW 290833
CLIUIL


CLIMATE REPORT
NATIONAL WEATHER SERVICE SEATTLE WA
132 AM PDT SAT JUL 29 2017


...................................

...THE QUILLAYUTE WA AIRPORT CLIMATE SUMMARY FOR JULY 28 2017...

CLIMATE NORMAL PERIOD 1981 TO 2010
CLIMATE RECORD PERIOD 1966 TO 2017


WEATHER ITEM   OBSERVED TIME   RECORD YEAR NORMAL DEPARTURE LAST
                VALUE   (LST)  VALUE       VALUE  FROM      YEAR
                                                  NORMAL
..................................................................
TEMPERATURE (F)
 YESTERDAY
  MAXIMUM         67    256 PM  88    1974  69     -2       75
  MINIMUM         48   1133 PM  39    2008  51     -3       55
  AVERAGE         58                        60     -2       65

PRECIPITATION (IN)
  YESTERDAY        0.00          1.30 2000   0.05  -0.05     0.00
  MONTH TO DATE    0.24                      1.82  -1.58     2.17
  SINCE OCT 1    127.07                     93.07  34.00   101.50
  SINCE JAN 1     67.14                     54.07  13.07    57.52

DEGREE DAYS
 HEATING
  YESTERDAY        7                         5      2        0
  MONTH TO DATE  174                       180     -6      135
  SINCE JUN 1    442                       474    -32      384
  SINCE JUL 1    174                       180     -6      135

 COOLING
  YESTERDAY        0                         0      0        0
  MONTH TO DATE    0                         0      0        0
  SINCE JUN 1     11                         3      8       11
  SINCE JAN 1     11                         4      7       11
..................................................................


WIND (MPH)
  RESULTANT WIND SPEED   4   RESULTANT WIND DIRECTION  NW (300)
  HIGHEST WIND SPEED    16   HIGHEST WIND DIRECTION    NW (330)
  HIGHEST GUST SPEED    21   HIGHEST GUST DIRECTION    NW (320)
  AVERAGE WIND SPEED     4.3


SKY COVER
  AVERAGE SKY COVER 0.6


WEATHER CONDITIONS
 THE FOLLOWING WEATHER WAS RECORDED YESTERDAY.
  NO SIGNIFICANT WEATHER WAS OBSERVED.


RELATIVE HUMIDITY (PERCENT)
 HIGHEST    93          1200 AM
 LOWEST     56           400 PM
 AVERAGE    75

..........................................................


THE QUILLAYUTE WA AIRPORT CLIMATE NORMALS FOR TODAY
                         NORMAL    RECORD    YEAR
 MAXIMUM TEMPERATURE (F)   69        89      1974
 MINIMUM TEMPERATURE (F)   51        41      1997


SUNRISE AND SUNSET
JULY 29 2017..........SUNRISE   551 AM PDT   SUNSET   857 PM PDT
JULY 30 2017..........SUNRISE   553 AM PDT   SUNSET   856 PM PDT


-  INDICATES NEGATIVE NUMBERS.
R  INDICATES RECORD WAS SET OR TIED.
MM INDICATES DATA IS MISSING.
T  INDICATES TRACE AMOUNT.




$$
