000
CDUS46 KSEW 310827
CLIUIL


CLIMATE REPORT
NATIONAL WEATHER SERVICE SEATTLE WA
127 AM PDT SUN AUG 31 2014


...................................

...THE QUILLAYUTE WA AIRPORT CLIMATE SUMMARY FOR AUGUST 30 2014...

CLIMATE NORMAL PERIOD 1981 TO 2010
CLIMATE RECORD PERIOD 1966 TO 2014


WEATHER ITEM   OBSERVED TIME   RECORD YEAR NORMAL DEPARTURE LAST
                VALUE   (LST)  VALUE       VALUE  FROM      YEAR
                                                  NORMAL
..................................................................
TEMPERATURE (F)
 YESTERDAY
  MAXIMUM         68    258 PM  89    1987  68      0       71
  MINIMUM         55    900 PM  39    1972  50      5       56
  AVERAGE         62                        59      3       64

PRECIPITATION (IN)
  YESTERDAY        0.12          2.41 1991   0.11   0.01     0.10
  MONTH TO DATE    0.69                      2.38  -1.69     3.01
  SINCE OCT 1     73.08                     95.61 -22.53   108.79
  SINCE JAN 1     55.85                     56.61  -0.76    61.82

DEGREE DAYS
 HEATING
  YESTERDAY        3                         6     -3        1
  MONTH TO DATE  110                       168    -58       59
  SINCE JUN 1    495                       656   -161      352
  SINCE JUL 1    246                       362   -116      172

 COOLING
  YESTERDAY        0                         0      0        0
  MONTH TO DATE    8                         0      8        7
  SINCE JUN 1     14                        10      4       20
  SINCE JAN 1     18                        11      7       23
..................................................................


WIND (MPH)
  RESULTANT WIND SPEED   3   RESULTANT WIND DIRECTION   W (260)
  HIGHEST WIND SPEED    15   HIGHEST WIND DIRECTION     W (270)
  HIGHEST GUST SPEED    19   HIGHEST GUST DIRECTION     W (270)
  AVERAGE WIND SPEED     3.9


SKY COVER
  AVERAGE SKY COVER 0.6


WEATHER CONDITIONS
 THE FOLLOWING WEATHER WAS RECORDED YESTERDAY.
  LIGHT RAIN
  FOG


RELATIVE HUMIDITY (PERCENT)
 HIGHEST   100           300 AM
 LOWEST     68           300 PM
 AVERAGE    84

..........................................................


THE QUILLAYUTE WA AIRPORT CLIMATE NORMALS FOR TODAY
                         NORMAL    RECORD    YEAR
 MAXIMUM TEMPERATURE (F)   68        94      1987
 MINIMUM TEMPERATURE (F)   49        40      1972


SUNRISE AND SUNSET
AUGUST 31 2014........SUNRISE   635 AM PDT   SUNSET   801 PM PDT
SEPTEMBER  1 2014.....SUNRISE   636 AM PDT   SUNSET   759 PM PDT


-  INDICATES NEGATIVE NUMBERS.
R  INDICATES RECORD WAS SET OR TIED.
MM INDICATES DATA IS MISSING.
T  INDICATES TRACE AMOUNT.




$$
