987
CDUS46 KSEW 200124
CLIUIL


CLIMATE REPORT
NATIONAL WEATHER SERVICE SEATTLE WA
524 PM PST SUN NOV 19 2017


...................................

...THE QUILLAYUTE WA AIRPORT CLIMATE SUMMARY FOR NOVEMBER 19 2017...
VALID TODAY AS OF 0500 PM LOCAL TIME.

CLIMATE NORMAL PERIOD 1981 TO 2010
CLIMATE RECORD PERIOD 1966 TO 2017


WEATHER ITEM   OBSERVED TIME   RECORD YEAR NORMAL DEPARTURE LAST
                VALUE   (LST)  VALUE       VALUE  FROM      YEAR
                                                  NORMAL
..................................................................
TEMPERATURE (F)
 TODAY
  MAXIMUM         50    459 PM  66    1987  50      0       54
  MINIMUM         46   1207 PM  25    2011  38      8       44
  AVERAGE         48                        44      4       49

PRECIPITATION (IN)
  TODAY            2.42          5.28 1991   0.55   1.87     0.69
  MONTH TO DATE   10.83                      9.71   1.12    14.88
  SINCE OCT 1     18.09                     20.20  -2.11    35.96
  SINCE JAN 1     89.48                     80.74   8.74    98.33

DEGREE DAYS
 HEATING
  TODAY           17                        21     -4       16
  MONTH TO DATE  388                       376     12      271
  SINCE SEP 1   1029                      1097    -68      934
  SINCE JUL 1   1335                      1466   -131     1210

 COOLING
  TODAY            0                         0      0        0
  MONTH TO DATE    0                         0      0        0
  SINCE SEP 1     20                         2     18        0
  SINCE JAN 1     73                        19     54       54
..................................................................


WIND (MPH)
  RESULTANT WIND SPEED  13   RESULTANT WIND DIRECTION   S (170)
  HIGHEST WIND SPEED    23   HIGHEST WIND DIRECTION     S (170)
  HIGHEST GUST SPEED    44   HIGHEST GUST DIRECTION     S (160)
  AVERAGE WIND SPEED    13.0


SKY COVER
  AVERAGE SKY COVER 0.8


WEATHER CONDITIONS
 THE FOLLOWING WEATHER WAS RECORDED TODAY.
  HEAVY RAIN
  RAIN
  LIGHT RAIN
  FOG


RELATIVE HUMIDITY (PERCENT)
 HIGHEST   100           400 PM
 LOWEST     86           400 AM
 AVERAGE    93

..........................................................


THE QUILLAYUTE WA AIRPORT CLIMATE NORMALS FOR TOMORROW
                         NORMAL    RECORD    YEAR
 MAXIMUM TEMPERATURE (F)   49        63      1987
 MINIMUM TEMPERATURE (F)   38        19      1985


SUNRISE AND SUNSET
NOVEMBER 19 2017......SUNRISE   731 AM PST   SUNSET   436 PM PST
NOVEMBER 20 2017......SUNRISE   732 AM PST   SUNSET   435 PM PST


-  INDICATES NEGATIVE NUMBERS.
R  INDICATES RECORD WAS SET OR TIED.
MM INDICATES DATA IS MISSING.
T  INDICATES TRACE AMOUNT.




$$
