000
CDUS43 KLSX 240727
CLIUIN


CLIMATE REPORT
NATIONAL WEATHER SERVICE ST LOUIS MO
126 AM CST FRI FEB 24 2017


...................................

...THE QUINCY IL CLIMATE SUMMARY FOR FEBRUARY 23 2017...

CLIMATE NORMAL PERIOD 1981 TO 2010
CLIMATE RECORD PERIOD 1901 TO 2017


WEATHER ITEM   OBSERVED TIME   RECORD YEAR NORMAL DEPARTURE LAST
                VALUE   (LST)  VALUE       VALUE  FROM      YEAR
                                                  NORMAL
..................................................................
TEMPERATURE (F)
 YESTERDAY
  MAXIMUM         57   1159 PM  70    1922  42     15       49
  MINIMUM         42    528 AM  -7    1989  25     17       28
  AVERAGE         50                        34     16

PRECIPITATION (IN)
  YESTERDAY        0.01          1.13 1909   0.07  -0.06     0.00
  MONTH TO DATE    0.41                      1.48  -1.07     0.22
  SINCE DEC 1      2.62                      5.25  -2.63     6.44
  SINCE JAN 1      1.59                      3.00  -1.41     0.62

DEGREE DAYS
 HEATING
  YESTERDAY       15                        32    -17
  MONTH TO DATE  513                       804   -291
  SINCE DEC 1   2652                      3090   -438
  SINCE JUL 1   3340                      4190   -850

 COOLING
  YESTERDAY        0                         0      0
  MONTH TO DATE    0                         0      0
  SINCE DEC 1      0                         0      0
  SINCE JAN 1      0                         0      0
..................................................................


WIND (MPH)
  HIGHEST WIND SPEED    26   HIGHEST WIND DIRECTION     E (110)
  HIGHEST GUST SPEED    30   HIGHEST GUST DIRECTION     E (110)
  AVERAGE WIND SPEED    12.0


SKY COVER
  AVERAGE SKY COVER 0.4



RELATIVE HUMIDITY (PERCENT)
 HIGHEST   100           100 AM
 LOWEST     83           300 PM
 AVERAGE    92

..........................................................


THE QUINCY IL CLIMATE NORMALS FOR TODAY
                         NORMAL    RECORD    YEAR
 MAXIMUM TEMPERATURE (F)   42        73      1930
 MINIMUM TEMPERATURE (F)   25        -2      1989


SUNRISE AND SUNSET
FEBRUARY 24 2017......SUNRISE   645 AM CST   SUNSET   551 PM CST
FEBRUARY 25 2017......SUNRISE   643 AM CST   SUNSET   553 PM CST


-  INDICATES NEGATIVE NUMBERS.
R  INDICATES RECORD WAS SET OR TIED.
MM INDICATES DATA IS MISSING.
T  INDICATES TRACE AMOUNT.




$$
