000
CDUS43 KLSX 260734
CLIUIN


CLIMATE REPORT
NATIONAL WEATHER SERVICE ST LOUIS MO
229 AM CDT TUE SEP 26 2017


...................................

...THE QUINCY IL CLIMATE SUMMARY FOR SEPTEMBER 25 2017...

CLIMATE NORMAL PERIOD 1981 TO 2010
CLIMATE RECORD PERIOD 1901 TO 2017


WEATHER ITEM   OBSERVED TIME   RECORD YEAR NORMAL DEPARTURE LAST
                VALUE   (LST)  VALUE       VALUE  FROM      YEAR
                                                  NORMAL
..................................................................
TEMPERATURE (F)
 YESTERDAY
  MAXIMUM         90    224 PM  93    1920  73     17       85
  MINIMUM         67    642 AM  35    1907  52     15       61
  AVERAGE         79                        62     17

PRECIPITATION (IN)
  YESTERDAY        T             2.43 1976   0.11  -0.11      T
  MONTH TO DATE    0.67                      2.76  -2.09     3.09
  SINCE SEP 1      0.67                      2.76  -2.09     3.09
  SINCE JAN 1     26.82                     28.51  -1.69    26.78

DEGREE DAYS
 HEATING
  YESTERDAY        0                         5     -5
  MONTH TO DATE   19                        54    -35
  SINCE SEP 1     19                        54    -35
  SINCE JUL 1     19                        59    -40

 COOLING
  YESTERDAY       14                         2     12
  MONTH TO DATE  170                       113     57
  SINCE SEP 1    170                       113     57
  SINCE JAN 1   1165                      1066     99
..................................................................


WIND (MPH)
  HIGHEST WIND SPEED    17   HIGHEST WIND DIRECTION     S (190)
  HIGHEST GUST SPEED    23   HIGHEST GUST DIRECTION     S (190)
  AVERAGE WIND SPEED     5.2


SKY COVER
  AVERAGE SKY COVER 0.1



RELATIVE HUMIDITY (PERCENT)
 HIGHEST    87           700 AM
 LOWEST     41           200 PM
 AVERAGE    64

..........................................................


THE QUINCY IL CLIMATE NORMALS FOR TODAY
                         NORMAL    RECORD    YEAR
 MAXIMUM TEMPERATURE (F)   73        91      1956
                                             1953
                                             1920
 MINIMUM TEMPERATURE (F)   51        32      1928


SUNRISE AND SUNSET
SEPTEMBER 26 2017.....SUNRISE   656 AM CDT   SUNSET   655 PM CDT
SEPTEMBER 27 2017.....SUNRISE   657 AM CDT   SUNSET   653 PM CDT


-  INDICATES NEGATIVE NUMBERS.
R  INDICATES RECORD WAS SET OR TIED.
MM INDICATES DATA IS MISSING.
T  INDICATES TRACE AMOUNT.




$$
