000
CDUS43 KLSX 280730
CLIUIN


CLIMATE REPORT
NATIONAL WEATHER SERVICE ST LOUIS MO
228 AM CDT FRI AUG 28 2015


...................................

...THE QUINCY IL CLIMATE SUMMARY FOR AUGUST 27 2015...

CLIMATE NORMAL PERIOD 1981 TO 2010
CLIMATE RECORD PERIOD 1901 TO 2015


WEATHER ITEM   OBSERVED TIME   RECORD YEAR NORMAL DEPARTURE LAST
                VALUE   (LST)  VALUE       VALUE  FROM      YEAR
                                                  NORMAL
..................................................................
TEMPERATURE (F)
 YESTERDAY
  MAXIMUM         77    249 PM 100    1983  83     -6       83
                                      1936
  MINIMUM         55    555 AM  48    1986  63     -8       70
                                      1906
  AVERAGE         66                        73     -7

PRECIPITATION (IN)
  YESTERDAY        0.00          3.60 2004   0.12  -0.12     0.00
  MONTH TO DATE    1.95                      3.17  -1.22     5.48
  SINCE JUN 1     19.90                     11.20   8.70    16.52
  SINCE JAN 1     28.58                     25.29   3.29    24.93

DEGREE DAYS
 HEATING
  YESTERDAY        0                         0      0
  MONTH TO DATE    1                         0      1
  SINCE JUN 1     12                        16     -4
  SINCE JUL 1      4                         0      4

 COOLING
  YESTERDAY        1                         8     -7
  MONTH TO DATE  220                       266    -46
  SINCE JUN 1    803                       836    -33
  SINCE JAN 1    917                       922     -5
..................................................................


WIND (MPH)
  HIGHEST WIND SPEED    13   HIGHEST WIND DIRECTION    SE (130)
  HIGHEST GUST SPEED    16   HIGHEST GUST DIRECTION    SE (130)
  AVERAGE WIND SPEED     6.5


SKY COVER
  AVERAGE SKY COVER 0.0



RELATIVE HUMIDITY (PERCENT)
 HIGHEST    93           100 AM
 LOWEST     50           300 PM
 AVERAGE    72

..........................................................


THE QUINCY IL CLIMATE NORMALS FOR TODAY
                         NORMAL    RECORD    YEAR
 MAXIMUM TEMPERATURE (F)   83       101      1984
                                             1913
 MINIMUM TEMPERATURE (F)   63        42      1986


SUNRISE AND SUNSET
AUGUST 28 2015........SUNRISE   629 AM CDT   SUNSET   743 PM CDT
AUGUST 29 2015........SUNRISE   630 AM CDT   SUNSET   741 PM CDT


-  INDICATES NEGATIVE NUMBERS.
R  INDICATES RECORD WAS SET OR TIED.
MM INDICATES DATA IS MISSING.
T  INDICATES TRACE AMOUNT.




$$
