000
CDUS43 KLSX 240731
CLIUIN


CLIMATE REPORT
NATIONAL WEATHER SERVICE ST LOUIS MO
230 AM CDT MON JUL 24 2017


...................................

...THE QUINCY IL CLIMATE SUMMARY FOR JULY 23 2017...

CLIMATE NORMAL PERIOD 1981 TO 2010
CLIMATE RECORD PERIOD 1901 TO 2017


WEATHER ITEM   OBSERVED TIME   RECORD YEAR NORMAL DEPARTURE LAST
                VALUE   (LST)  VALUE       VALUE  FROM      YEAR
                                                  NORMAL
..................................................................
TEMPERATURE (F)
 YESTERDAY
  MAXIMUM         95    325 PM 112    1934  86      9       93
  MINIMUM         71   1159 PM  53    1947  66      5       74
                                      1904
  AVERAGE         83                        76      7

PRECIPITATION (IN)
  YESTERDAY        0.00          1.23 1981   0.13  -0.13     0.00
  MONTH TO DATE    0.58                      3.07  -2.49     5.25
  SINCE JUN 1      4.01                      7.06  -3.05     6.27
  SINCE JAN 1     20.79                     21.15  -0.36    14.95

DEGREE DAYS
 HEATING
  YESTERDAY        0                         0      0
  MONTH TO DATE    0                         0      0
  SINCE JUN 1      4                        16    -12
  SINCE JUL 1      0                         0      0

 COOLING
  YESTERDAY       18                        11      7
  MONTH TO DATE  343                       253     90
  SINCE JUN 1    614                       480    134
  SINCE JAN 1    723                       566    157
..................................................................


WIND (MPH)
  HIGHEST WIND SPEED    22   HIGHEST WIND DIRECTION     W (260)
  HIGHEST GUST SPEED    30   HIGHEST GUST DIRECTION     W (250)
  AVERAGE WIND SPEED     7.9


SKY COVER
  AVERAGE SKY COVER 0.2



RELATIVE HUMIDITY (PERCENT)
 HIGHEST    97           200 AM
 LOWEST     39           500 PM
 AVERAGE    68

..........................................................


THE QUINCY IL CLIMATE NORMALS FOR TODAY
                         NORMAL    RECORD    YEAR
 MAXIMUM TEMPERATURE (F)   86       111      1934
 MINIMUM TEMPERATURE (F)   66        52      1904


SUNRISE AND SUNSET
JULY 24 2017..........SUNRISE   556 AM CDT   SUNSET   826 PM CDT
JULY 25 2017..........SUNRISE   557 AM CDT   SUNSET   825 PM CDT


-  INDICATES NEGATIVE NUMBERS.
R  INDICATES RECORD WAS SET OR TIED.
MM INDICATES DATA IS MISSING.
T  INDICATES TRACE AMOUNT.




$$
