000
CDUS43 KLSX 200745
CLIUIN


CLIMATE REPORT
NATIONAL WEATHER SERVICE ST LOUIS MO
245 AM CDT WED AUG 20 2014


...................................

...THE QUINCY IL CLIMATE SUMMARY FOR AUGUST 19 2014...

CLIMATE NORMAL PERIOD 1981 TO 2010
CLIMATE RECORD PERIOD 1901 TO 2014


WEATHER ITEM   OBSERVED TIME   RECORD YEAR NORMAL DEPARTURE LAST
                VALUE   (LST)  VALUE       VALUE  FROM      YEAR
                                                  NORMAL
..................................................................
TEMPERATURE (F)
 YESTERDAY
  MAXIMUM         85    420 PM 106    1936  85      0       86
  MINIMUM         67    217 AM  46    1950  64      3       63
  AVERAGE         76                        74      2

PRECIPITATION (IN)
  YESTERDAY        0.12          2.00 2009   0.11   0.01     0.00
  MONTH TO DATE    5.35                      2.24   3.11     0.01
  SINCE JUN 1     16.39                     10.27   6.12     2.86
  SINCE JAN 1     24.80                     24.36   0.44    28.10

DEGREE DAYS
 HEATING
  YESTERDAY        0                         0      0
  MONTH TO DATE    0                         0      0
  SINCE JUN 1      9                        16     -7
  SINCE JUL 1      5                         0      5

 COOLING
  YESTERDAY       11                        10      1
  MONTH TO DATE  136                       195    -59
  SINCE JUN 1    601                       765   -164
  SINCE JAN 1    744                       851   -107
..................................................................


WIND (MPH)
  HIGHEST WIND SPEED    24   HIGHEST WIND DIRECTION     W (260)
  HIGHEST GUST SPEED    32   HIGHEST GUST DIRECTION     W (260)
  AVERAGE WIND SPEED     5.7


SKY COVER
  AVERAGE SKY COVER 0.2



RELATIVE HUMIDITY (PERCENT)
 HIGHEST    97           700 AM
 LOWEST     61           300 PM
 AVERAGE    79

..........................................................


THE QUINCY IL CLIMATE NORMALS FOR TODAY
                         NORMAL    RECORD    YEAR
 MAXIMUM TEMPERATURE (F)   84       104      1936
 MINIMUM TEMPERATURE (F)   64        42      1950


SUNRISE AND SUNSET
AUGUST 20 2014........SUNRISE   621 AM CDT   SUNSET   754 PM CDT
AUGUST 21 2014........SUNRISE   622 AM CDT   SUNSET   753 PM CDT


-  INDICATES NEGATIVE NUMBERS.
R  INDICATES RECORD WAS SET OR TIED.
MM INDICATES DATA IS MISSING.
T  INDICATES TRACE AMOUNT.




$$
