000
CDUS43 KLSX 200732
CLIUIN


CLIMATE REPORT
NATIONAL WEATHER SERVICE ST LOUIS MO
131 AM CST MON NOV 20 2017


...................................

...THE QUINCY IL CLIMATE SUMMARY FOR NOVEMBER 19 2017...

CLIMATE NORMAL PERIOD 1981 TO 2010
CLIMATE RECORD PERIOD 1901 TO 2017


WEATHER ITEM   OBSERVED TIME   RECORD YEAR NORMAL DEPARTURE LAST
                VALUE   (LST)  VALUE       VALUE  FROM      YEAR
                                                  NORMAL
..................................................................
TEMPERATURE (F)
 YESTERDAY
  MAXIMUM         41    340 PM  78    1942  49     -8       45
  MINIMUM         26    743 AM   9    1903  32     -6       27
  AVERAGE         34                        41     -7

PRECIPITATION (IN)
  YESTERDAY        0.00          0.84 1985   0.10  -0.10     0.00
  MONTH TO DATE    1.30                      1.94  -0.64     0.81
  SINCE SEP 1      6.45                      8.25  -1.80     5.81
  SINCE JAN 1     32.60                     34.00  -1.40    29.50

DEGREE DAYS
 HEATING
  YESTERDAY       31                        24      7
  MONTH TO DATE  437                       377     60
  SINCE SEP 1    718                       796    -78
  SINCE JUL 1    718                       801    -83

 COOLING
  YESTERDAY        0                         0      0
  MONTH TO DATE    0                         0      0
  SINCE SEP 1    234                       140     94
  SINCE JAN 1   1229                      1093    136
..................................................................


WIND (MPH)
  HIGHEST WIND SPEED    22   HIGHEST WIND DIRECTION    NW (310)
  HIGHEST GUST SPEED    29   HIGHEST GUST DIRECTION    NW (310)
  AVERAGE WIND SPEED    11.3


SKY COVER
  AVERAGE SKY COVER 0.0



RELATIVE HUMIDITY (PERCENT)
 HIGHEST    72          1000 PM
 LOWEST     44           100 PM
 AVERAGE    58

..........................................................


THE QUINCY IL CLIMATE NORMALS FOR TODAY
                         NORMAL    RECORD    YEAR
 MAXIMUM TEMPERATURE (F)   49        74      1942
 MINIMUM TEMPERATURE (F)   32         8      1914


SUNRISE AND SUNSET
NOVEMBER 20 2017......SUNRISE   656 AM CST   SUNSET   445 PM CST
NOVEMBER 21 2017......SUNRISE   657 AM CST   SUNSET   444 PM CST


-  INDICATES NEGATIVE NUMBERS.
R  INDICATES RECORD WAS SET OR TIED.
MM INDICATES DATA IS MISSING.
T  INDICATES TRACE AMOUNT.




$$
