000
CDUS43 KLSX 290748
CLIUIN


CLIMATE REPORT
NATIONAL WEATHER SERVICE ST LOUIS MO
146 AM CST MON DEC 29 2014


...................................

...THE QUINCY IL CLIMATE SUMMARY FOR DECEMBER 28 2014...

CLIMATE NORMAL PERIOD 1981 TO 2010
CLIMATE RECORD PERIOD 1901 TO 2014


WEATHER ITEM   OBSERVED TIME   RECORD YEAR NORMAL DEPARTURE LAST
                VALUE   (LST)  VALUE       VALUE  FROM      YEAR
                                                  NORMAL
..................................................................
TEMPERATURE (F)
 YESTERDAY
  MAXIMUM         36    317 PM  70    1984  35      1       53
  MINIMUM         24    819 AM -20    1924  19      5       35
  AVERAGE         30                        27      3

PRECIPITATION (IN)
  YESTERDAY        0.00          0.96 1927   0.06  -0.06     0.00
  MONTH TO DATE    1.31                      2.08  -0.77     1.08
  SINCE DEC 1      1.31                      2.08  -0.77     1.08
  SINCE JAN 1     40.12                     37.16   2.96    35.67

DEGREE DAYS
 HEATING
  YESTERDAY       35                        38     -3
  MONTH TO DATE  830                       977   -147
  SINCE DEC 1    830                       977   -147
  SINCE JUL 1   2107                      2077     30

 COOLING
  YESTERDAY        0                         0      0
  MONTH TO DATE    0                         0      0
  SINCE DEC 1      0                         0      0
  SINCE JAN 1   1021                      1094    -73
..................................................................


WIND (MPH)
  HIGHEST WIND SPEED    15   HIGHEST WIND DIRECTION    NW (300)
  HIGHEST GUST SPEED    18   HIGHEST GUST DIRECTION    NW (300)
  AVERAGE WIND SPEED     5.6


SKY COVER
  AVERAGE SKY COVER 0.3



RELATIVE HUMIDITY (PERCENT)
 HIGHEST    81           300 AM
 LOWEST     51           500 PM
 AVERAGE    66

..........................................................


THE QUINCY IL CLIMATE NORMALS FOR TODAY
                         NORMAL    RECORD    YEAR
 MAXIMUM TEMPERATURE (F)   35        66      1984
 MINIMUM TEMPERATURE (F)   19       -12      1917


SUNRISE AND SUNSET
DECEMBER 29 2014......SUNRISE   726 AM CST   SUNSET   448 PM CST
DECEMBER 30 2014......SUNRISE   726 AM CST   SUNSET   449 PM CST


-  INDICATES NEGATIVE NUMBERS.
R  INDICATES RECORD WAS SET OR TIED.
MM INDICATES DATA IS MISSING.
T  INDICATES TRACE AMOUNT.




$$
