760
CDUS43 KLSX 240729
CLIUIN


CLIMATE REPORT
NATIONAL WEATHER SERVICE ST LOUIS MO
228 AM CDT MON APR 24 2017


...................................

...THE QUINCY IL CLIMATE SUMMARY FOR APRIL 23 2017...

CLIMATE NORMAL PERIOD 1981 TO 2010
CLIMATE RECORD PERIOD 1901 TO 2017


WEATHER ITEM   OBSERVED TIME   RECORD YEAR NORMAL DEPARTURE LAST
                VALUE   (LST)  VALUE       VALUE  FROM      YEAR
                                                  NORMAL
..................................................................
TEMPERATURE (F)
 YESTERDAY
  MAXIMUM         72    451 PM  86    1948  66      6       71
                                      1937
  MINIMUM         36    447 AM  25    1956  46    -10       46
  AVERAGE         54                        56     -2

PRECIPITATION (IN)
  YESTERDAY        0.00          1.80 1975   0.13  -0.13     0.00
  MONTH TO DATE    2.00                      2.76  -0.76     1.62
  SINCE MAR 1      5.18                      5.22  -0.04     2.70
  SINCE JAN 1      7.23                      8.62  -1.39     3.32

DEGREE DAYS
 HEATING
  YESTERDAY       11                        10      1
  MONTH TO DATE  184                       309   -125
  SINCE MAR 1    806                      1027   -221
  SINCE JUL 1   4247                      5369  -1122

 COOLING
  YESTERDAY        0                         1     -1
  MONTH TO DATE   30                        10     20
  SINCE MAR 1     30                        12     18
  SINCE JAN 1     30                        12     18
..................................................................


WIND (MPH)
  HIGHEST WIND SPEED    15   HIGHEST WIND DIRECTION     N (20)
  HIGHEST GUST SPEED    19   HIGHEST GUST DIRECTION    NE (40)
  AVERAGE WIND SPEED     6.0


SKY COVER
  AVERAGE SKY COVER 0.0



RELATIVE HUMIDITY (PERCENT)
 HIGHEST    76           600 AM
 LOWEST     17           300 PM
 AVERAGE    47

..........................................................


THE QUINCY IL CLIMATE NORMALS FOR TODAY
                         NORMAL    RECORD    YEAR
 MAXIMUM TEMPERATURE (F)   66        89      1989
 MINIMUM TEMPERATURE (F)   46        22      1910


SUNRISE AND SUNSET
APRIL 24 2017.........SUNRISE   614 AM CDT   SUNSET   753 PM CDT
APRIL 25 2017.........SUNRISE   612 AM CDT   SUNSET   754 PM CDT


-  INDICATES NEGATIVE NUMBERS.
R  INDICATES RECORD WAS SET OR TIED.
MM INDICATES DATA IS MISSING.
T  INDICATES TRACE AMOUNT.




$$
