000
CDUS43 KLSX 270843
CLIUIN


CLIMATE REPORT
NATIONAL WEATHER SERVICE ST LOUIS MO
332 AM CDT FRI MAY 27 2016


...................................

...THE QUINCY IL CLIMATE SUMMARY FOR MAY 26 2016...

CLIMATE NORMAL PERIOD 1981 TO 2010
CLIMATE RECORD PERIOD 1901 TO 2016


WEATHER ITEM   OBSERVED TIME   RECORD YEAR NORMAL DEPARTURE LAST
                VALUE   (LST)  VALUE       VALUE  FROM      YEAR
                                                  NORMAL
..................................................................
TEMPERATURE (F)
 YESTERDAY
  MAXIMUM         84    306 PM  95    1911  76      8       77
  MINIMUM         64   1159 PM  36    1901  56      8       64
  AVERAGE         74                        66      8

PRECIPITATION (IN)
  YESTERDAY        1.12          2.11 2000   0.16   0.96     0.55
  MONTH TO DATE    2.99                      3.76  -0.77     3.51
  SINCE MAR 1      7.41                      9.91  -2.50     6.16
  SINCE JAN 1      8.03                     13.31  -5.28     8.20

DEGREE DAYS
 HEATING
  YESTERDAY        0                         3     -3
  MONTH TO DATE  148                       126     22
  SINCE MAR 1    995                      1214   -219
  SINCE JUL 1   4592                      5556   -964

 COOLING
  YESTERDAY        9                         3      6
  MONTH TO DATE   40                        48     -8
  SINCE MAR 1     61                        66     -5
  SINCE JAN 1     61                        66     -5
..................................................................


WIND (MPH)
  HIGHEST WIND SPEED    24   HIGHEST WIND DIRECTION     S (180)
  HIGHEST GUST SPEED    32   HIGHEST GUST DIRECTION     S (180)
  AVERAGE WIND SPEED     9.4


SKY COVER
  AVERAGE SKY COVER 0.3



RELATIVE HUMIDITY (PERCENT)
 HIGHEST    84           800 AM
 LOWEST     51           200 PM
 AVERAGE    68

..........................................................


THE QUINCY IL CLIMATE NORMALS FOR TODAY
                         NORMAL    RECORD    YEAR
 MAXIMUM TEMPERATURE (F)   76        94      1911
 MINIMUM TEMPERATURE (F)   56        34      1907


SUNRISE AND SUNSET
MAY 27 2016...........SUNRISE   540 AM CDT   SUNSET   824 PM CDT
MAY 28 2016...........SUNRISE   540 AM CDT   SUNSET   825 PM CDT


-  INDICATES NEGATIVE NUMBERS.
R  INDICATES RECORD WAS SET OR TIED.
MM INDICATES DATA IS MISSING.
T  INDICATES TRACE AMOUNT.




$$
