000
CDUS46 KEKA 261213
CLIUKI


CLIMATE REPORT
NATIONAL WEATHER SERVICE EUREKA CA
511 AM PDT TUE JUL 26 2016


...................................

...THE UKIAH CA CLIMATE SUMMARY FOR JULY 25 2016...

CLIMATE NORMAL PERIOD 1981 TO 2010
CLIMATE RECORD PERIOD 1903 TO 2016


WEATHER ITEM   OBSERVED TIME   RECORD YEAR NORMAL DEPARTURE LAST
                VALUE   (LST)  VALUE       VALUE  FROM      YEAR
                                                  NORMAL
..................................................................
TEMPERATURE (F)
 YESTERDAY
  MAXIMUM        101    358 PM 110    2006  94      7       92
  MINIMUM         56    518 AM  43    1919  56      0       52
  AVERAGE         79                        75      4       72

PRECIPITATION (IN)
  YESTERDAY        0.00          0.28 1946   0.00   0.00     0.00
  MONTH TO DATE    T                         0.04  -0.04     0.13
  SINCE OCT 1     36.52                     36.80  -0.28    26.00
  SINCE JAN 1     24.31                     23.42   0.89     8.23

SNOWFALL (IN)
  YESTERDAY        0.0          MM      MM  MM     MM        0.0
  MONTH TO DATE    0.0                      MM     MM        0.0
  SINCE JUN 1      0.0                      MM     MM        0.0
  SINCE JUL 1      0.0                      MM     MM        0.0
  SNOW DEPTH       0

DEGREE DAYS
 HEATING
  YESTERDAY        0                         0      0        0
  MONTH TO DATE    0                         0      0        1
  SINCE JUN 1     22                        32    -10        5
  SINCE JUL 1      0                         0      0        1

 COOLING
  YESTERDAY       14                        10      4        7
  MONTH TO DATE  193                       223    -30      242
  SINCE JUN 1    387                       335     52      533
  SINCE JAN 1    452                       387     65      581
..................................................................


WIND (MPH)
  HIGHEST WIND SPEED    15   HIGHEST WIND DIRECTION    SE (140)
  HIGHEST GUST SPEED    22   HIGHEST GUST DIRECTION    SE (140)
  AVERAGE WIND SPEED     3.6


SKY COVER
  AVERAGE SKY COVER 0.0


WEATHER CONDITIONS
 THE FOLLOWING WEATHER WAS RECORDED YESTERDAY.
  HAZE


RELATIVE HUMIDITY (PERCENT)
 HIGHEST    77
 LOWEST     17
 AVERAGE    47

..........................................................


THE UKIAH CA CLIMATE NORMALS FOR TODAY
                         NORMAL    RECORD    YEAR
 MAXIMUM TEMPERATURE (F)   94       110      1973
 MINIMUM TEMPERATURE (F)   56        44      1924


SUNRISE AND SUNSET
JULY 26 2016..........SUNRISE   609 AM PDT   SUNSET   830 PM PDT
JULY 27 2016..........SUNRISE   609 AM PDT   SUNSET   829 PM PDT


-  INDICATES NEGATIVE NUMBERS.
R  INDICATES RECORD WAS SET OR TIED.
MM INDICATES DATA IS MISSING.
T  INDICATES TRACE AMOUNT.




$$
