000
CDUS46 KEKA 140012
CLIUKI


CLIMATE REPORT
NATIONAL WEATHER SERVICE EUREKA CA
412 PM PST WED DEC 13 2017


...................................

...THE UKIAH CA CLIMATE SUMMARY FOR DECEMBER 13 2017...
VALID TODAY AS OF 0400 PM LOCAL TIME.

CLIMATE NORMAL PERIOD 1981 TO 2010
CLIMATE RECORD PERIOD 1903 TO 2017


WEATHER ITEM   OBSERVED RECORD YEAR NORMAL DEPARTURE LAST
                VALUE   VALUE       VALUE  FROM      YEAR
                                           NORMAL
...........................................................
TEMPERATURE (F)
 TODAY
  MAXIMUM         64     70    1953  55      9       51
  MINIMUM         27     15    1932  36     -9       39
  AVERAGE         46                 45      1       45

PRECIPITATION (IN)
  TODAY            0.00   3.01 2002   0.21  -0.21     0.10
  MONTH TO DATE    0.07               2.37  -2.30     3.23
  SINCE OCT 1      5.50               8.80  -3.30    12.80
  SINCE JAN 1     40.04              32.77   7.27    37.11

SNOWFALL (IN)
  TODAY            0.0   MM          MM     MM       MM
  MONTH TO DATE    0.0               MM     MM        0.0
  SINCE DEC 1      0.0               MM     MM        0.0
  SINCE JUL 1      0.0               MM     MM        0.0
  SNOW DEPTH       0

...........................................................


WIND (MPH)
  HIGHEST WIND SPEED     5   HIGHEST WIND DIRECTION     W (270)
  HIGHEST GUST SPEED     7   HIGHEST GUST DIRECTION     N (10)
  AVERAGE WIND SPEED     0.2


SKY COVER
  AVERAGE SKY COVER 0.0


WEATHER CONDITIONS
 THE FOLLOWING WEATHER WAS RECORDED TODAY.
  FOG


RELATIVE HUMIDITY (PERCENT)
 HIGHEST    92
 LOWEST     27
 AVERAGE    60

..........................................................


THE UKIAH CA CLIMATE NORMALS FOR TOMORROW
                         NORMAL    RECORD    YEAR
 MAXIMUM TEMPERATURE (F)   55        76      1958
 MINIMUM TEMPERATURE (F)   36        16      1940


SUNRISE AND SUNSET
DECEMBER 13 2017......SUNRISE   724 AM PST   SUNSET   451 PM PST
DECEMBER 14 2017......SUNRISE   724 AM PST   SUNSET   451 PM PST


-  INDICATES NEGATIVE NUMBERS.
R  INDICATES RECORD WAS SET OR TIED.
MM INDICATES DATA IS MISSING.
T  INDICATES TRACE AMOUNT.




$$
