082
CDUS46 KEKA 281209
CLIUKI


CLIMATE REPORT
NATIONAL WEATHER SERVICE EUREKA CA
509 AM PDT WED JUN 28 2017


...................................

...THE UKIAH CA CLIMATE SUMMARY FOR JUNE 27 2017...

CLIMATE NORMAL PERIOD 1981 TO 2010
CLIMATE RECORD PERIOD 1903 TO 2017


WEATHER ITEM   OBSERVED TIME   RECORD YEAR NORMAL DEPARTURE LAST
                VALUE   (LST)  VALUE       VALUE  FROM      YEAR
                                                  NORMAL
..................................................................
TEMPERATURE (F)
 YESTERDAY
  MAXIMUM         90    327 PM 110    1918  87      3       98
  MINIMUM         54    533 AM  41    1927  55     -1       56
  AVERAGE         72                        71      1       77

PRECIPITATION (IN)
  YESTERDAY        0.00          0.63 2001   0.00   0.00     0.00
  MONTH TO DATE    0.04                      0.32  -0.28     0.36
  SINCE OCT 1     51.62                     36.74  14.88    36.52
  SINCE JAN 1     34.51                     23.36  11.15    24.31

SNOWFALL (IN)
  YESTERDAY        0.0          MM      MM  MM     MM        0.0
  MONTH TO DATE    0.0                      MM     MM        0.0
  SINCE JUN 1      0.0                      MM     MM        0.0
  SINCE JUL 1      0.0                      MM     MM        0.0
  SNOW DEPTH       0

DEGREE DAYS
 HEATING
  YESTERDAY        0                         0      0        0
  MONTH TO DATE   25                        31     -6       22
  SINCE JUN 1     25                        31     -6       22
  SINCE JUL 1   2891                      3117   -226     2557

 COOLING
  YESTERDAY        7                         6      1       12
  MONTH TO DATE  216                        92    124      154
  SINCE JUN 1    216                        92    124      154
  SINCE JAN 1    310                       144    166      219
..................................................................


WIND (MPH)
  HIGHEST WIND SPEED    13   HIGHEST WIND DIRECTION    NW (320)
  HIGHEST GUST SPEED    16   HIGHEST GUST DIRECTION    SW (220)
  AVERAGE WIND SPEED     3.5


SKY COVER
  AVERAGE SKY COVER 0.0


WEATHER CONDITIONS
 THE FOLLOWING WEATHER WAS RECORDED YESTERDAY.
  NO SIGNIFICANT WEATHER WAS OBSERVED.


RELATIVE HUMIDITY (PERCENT)
 HIGHEST    93
 LOWEST     27
 AVERAGE    60

..........................................................


THE UKIAH CA CLIMATE NORMALS FOR TODAY
                         NORMAL    RECORD    YEAR
 MAXIMUM TEMPERATURE (F)   87       107      1924
 MINIMUM TEMPERATURE (F)   55        39      1909


SUNRISE AND SUNSET
JUNE 28 2017..........SUNRISE   549 AM PDT   SUNSET   843 PM PDT
JUNE 29 2017..........SUNRISE   550 AM PDT   SUNSET   843 PM PDT


-  INDICATES NEGATIVE NUMBERS.
R  INDICATES RECORD WAS SET OR TIED.
MM INDICATES DATA IS MISSING.
T  INDICATES TRACE AMOUNT.




$$
