000
CDUS46 KEKA 041218
CLIUKI


CLIMATE REPORT
NATIONAL WEATHER SERVICE EUREKA CA
418 AM PST WED MAR 4 2015


...................................

...THE UKIAH CA CLIMATE SUMMARY FOR MARCH 3 2015...

CLIMATE NORMAL PERIOD 1981 TO 2010
CLIMATE RECORD PERIOD 1903 TO 2015


WEATHER ITEM   OBSERVED TIME   RECORD YEAR NORMAL DEPARTURE LAST
                VALUE   (LST)  VALUE       VALUE  FROM      YEAR
                                                  NORMAL
..................................................................
TEMPERATURE (F)
 YESTERDAY
  MAXIMUM         68    349 PM  85    1929  63      5       54
  MINIMUM         34    627 AM  26    1966  40     -6       52
  AVERAGE         51                        51      0       53

PRECIPITATION (IN)
  YESTERDAY        0.00          1.93 1991   0.23  -0.23     1.65
  MONTH TO DATE    0.00                      0.75  -0.75     1.72
  SINCE OCT 1     22.95                     27.68  -4.73    12.23
  SINCE JAN 1      5.18                     14.30  -9.12    10.89

SNOWFALL (IN)
  YESTERDAY        0.0          MM      MM  MM     MM        0.0
  MONTH TO DATE    0.0                      MM     MM        0.0
  SINCE MAR 1      0.0                      MM     MM        0.0
  SINCE JUL 1      0.0                      MM     MM        0.0
  SNOW DEPTH       0

DEGREE DAYS
 HEATING
  YESTERDAY       14                        14      0       12
  MONTH TO DATE   42                        42      0       30
  SINCE MAR 1     42                        42      0       30
  SINCE JUL 1   1556                      2275   -719     2037

 COOLING
  YESTERDAY        0                         0      0        0
  MONTH TO DATE    0                         0      0        0
  SINCE MAR 1      0                         0      0        0
  SINCE JAN 1      0                         0      0        0
..................................................................


WIND (MPH)
  HIGHEST WIND SPEED    10   HIGHEST WIND DIRECTION     W (270)
  HIGHEST GUST SPEED    14   HIGHEST GUST DIRECTION     W (270)
  AVERAGE WIND SPEED     1.7


SKY COVER
  AVERAGE SKY COVER 0.0


WEATHER CONDITIONS
 THE FOLLOWING WEATHER WAS RECORDED YESTERDAY.
  NO SIGNIFICANT WEATHER WAS OBSERVED.


RELATIVE HUMIDITY (PERCENT)
 HIGHEST    92
 LOWEST     29
 AVERAGE    61

..........................................................


THE UKIAH CA CLIMATE NORMALS FOR TODAY
                         NORMAL    RECORD    YEAR
 MAXIMUM TEMPERATURE (F)   63        84      1959
 MINIMUM TEMPERATURE (F)   40        22      1923


SUNRISE AND SUNSET
MARCH  4 2015.........SUNRISE   641 AM PST   SUNSET   608 PM PST
MARCH  5 2015.........SUNRISE   640 AM PST   SUNSET   609 PM PST


-  INDICATES NEGATIVE NUMBERS.
R  INDICATES RECORD WAS SET OR TIED.
MM INDICATES DATA IS MISSING.
T  INDICATES TRACE AMOUNT.




$$
