000
CDUS46 KEKA 171222
CLIUKI


CLIMATE REPORT
NATIONAL WEATHER SERVICE EUREKA CA
422 AM PST WED DEC 17 2014


...................................

...THE UKIAH CA CLIMATE SUMMARY FOR DECEMBER 16 2014...

CLIMATE NORMAL PERIOD 1981 TO 2010
CLIMATE RECORD PERIOD 1903 TO 2014


WEATHER ITEM   OBSERVED TIME   RECORD YEAR NORMAL DEPARTURE LAST
                VALUE   (LST)  VALUE       VALUE  FROM      YEAR
                                                  NORMAL
..................................................................
TEMPERATURE (F)
 YESTERDAY
  MAXIMUM         54   1254 PM  75    1980  55     -1       69
  MINIMUM         47    656 AM  24    1965  36     11       29
  AVERAGE         51                        45      6       49

PRECIPITATION (IN)
  YESTERDAY        1.01          2.00 2002   0.26   0.75     0.00
  MONTH TO DATE   10.41                      3.09   7.32     0.49
  SINCE JUL 1     16.77                     10.11   6.66     1.92
  SINCE JAN 1     33.40                     33.49  -0.09     7.50

SNOWFALL (IN)
  YESTERDAY       MM            MM      MM  MM     MM        0.0
  MONTH TO DATE    0.0                      MM     MM        0.0
  SINCE DEC 1      0.0                      MM     MM        0.0
  SINCE JUL 1      0.0                      MM     MM        0.0
  SNOW DEPTH       0

DEGREE DAYS
 HEATING
  YESTERDAY       14                        20     -6       16
  MONTH TO DATE  169                       309   -140      377
  SINCE DEC 1    169                       309   -140      377
  SINCE JUL 1    570                       932   -362      902

 COOLING
  YESTERDAY        0                         0      0        0
  MONTH TO DATE    0                         0      0        0
  SINCE DEC 1      0                         0      0        0
  SINCE JAN 1   1290                       835    455      974
..................................................................


WIND (MPH)
  HIGHEST WIND SPEED    18   HIGHEST WIND DIRECTION    SW (210)
  HIGHEST GUST SPEED    25   HIGHEST GUST DIRECTION     S (200)
  AVERAGE WIND SPEED     4.3


SKY COVER
  AVERAGE SKY COVER 1.0


WEATHER CONDITIONS
 THE FOLLOWING WEATHER WAS RECORDED YESTERDAY.
  HEAVY RAIN
  RAIN
  LIGHT RAIN
  FOG


RELATIVE HUMIDITY (PERCENT)
 HIGHEST    93
 LOWEST     83
 AVERAGE    88

..........................................................


THE UKIAH CA CLIMATE NORMALS FOR TODAY
                         NORMAL    RECORD    YEAR
 MAXIMUM TEMPERATURE (F)   55        71      1980
 MINIMUM TEMPERATURE (F)   36        21      1918


SUNRISE AND SUNSET
DECEMBER 17 2014......SUNRISE   726 AM PST   SUNSET   452 PM PST
DECEMBER 18 2014......SUNRISE   727 AM PST   SUNSET   452 PM PST


-  INDICATES NEGATIVE NUMBERS.
R  INDICATES RECORD WAS SET OR TIED.
MM INDICATES DATA IS MISSING.
T  INDICATES TRACE AMOUNT.




$$
