925
CDUS46 KEKA 241211
CLIUKI


CLIMATE REPORT
NATIONAL WEATHER SERVICE EUREKA CA
510 AM PDT FRI MAR 24 2017


...................................

...THE UKIAH CA CLIMATE SUMMARY FOR MARCH 23 2017...

CLIMATE NORMAL PERIOD 1981 TO 2010
CLIMATE RECORD PERIOD 1903 TO 2017


WEATHER ITEM   OBSERVED TIME   RECORD YEAR NORMAL DEPARTURE LAST
                VALUE   (LST)  VALUE       VALUE  FROM      YEAR
                                                  NORMAL
..................................................................
TEMPERATURE (F)
 YESTERDAY
  MAXIMUM         61    219 PM  90    1926  64     -3       67
  MINIMUM         37    626 AM  28    1917  40     -3       38
  AVERAGE         49                        52     -3       53

PRECIPITATION (IN)
  YESTERDAY        0.05          2.49 1948   0.15  -0.10     0.00
  MONTH TO DATE    2.17                      4.25  -2.08     9.20
  SINCE OCT 1     46.45                     31.18  15.27    34.44
  SINCE JAN 1     29.34                     17.80  11.54    22.23

SNOWFALL (IN)
  YESTERDAY       MM            MM      MM  MM     MM        0.0
  MONTH TO DATE    0.0                      MM     MM        0.0
  SINCE MAR 1      0.0                      MM     MM        0.0
  SINCE JUL 1      0.0                      MM     MM        0.0
  SNOW DEPTH       0

DEGREE DAYS
 HEATING
  YESTERDAY       16                        13      3       12
  MONTH TO DATE  236                       310    -74      258
  SINCE MAR 1    236                       310    -74      258
  SINCE JUL 1   2403                      2543   -140     2197

 COOLING
  YESTERDAY        0                         0      0        0
  MONTH TO DATE    0                         0      0        0
  SINCE MAR 1      0                         0      0        0
  SINCE JAN 1      0                         0      0        0
..................................................................


WIND (MPH)
  HIGHEST WIND SPEED    17   HIGHEST WIND DIRECTION    SW (220)
  HIGHEST GUST SPEED    22   HIGHEST GUST DIRECTION    SW (240)
  AVERAGE WIND SPEED     3.2


SKY COVER
  AVERAGE SKY COVER 0.5


WEATHER CONDITIONS
 THE FOLLOWING WEATHER WAS RECORDED YESTERDAY.
  LIGHT RAIN


RELATIVE HUMIDITY (PERCENT)
 HIGHEST   100
 LOWEST     42
 AVERAGE    71

..........................................................


THE UKIAH CA CLIMATE NORMALS FOR TODAY
                         NORMAL    RECORD    YEAR
 MAXIMUM TEMPERATURE (F)   64        92      1926
 MINIMUM TEMPERATURE (F)   40        25      1995


SUNRISE AND SUNSET
MARCH 24 2017.........SUNRISE   709 AM PDT   SUNSET   729 PM PDT
MARCH 25 2017.........SUNRISE   708 AM PDT   SUNSET   730 PM PDT


-  INDICATES NEGATIVE NUMBERS.
R  INDICATES RECORD WAS SET OR TIED.
MM INDICATES DATA IS MISSING.
T  INDICATES TRACE AMOUNT.




$$
