000
CDUS46 KEKA 181211
CLIUKI


CLIMATE REPORT
NATIONAL WEATHER SERVICE EUREKA CA
511 AM PDT WED OCT 18 2017


...................................

...THE UKIAH CA CLIMATE SUMMARY FOR OCTOBER 17 2017...

CLIMATE NORMAL PERIOD 1981 TO 2010
CLIMATE RECORD PERIOD 1903 TO 2017


WEATHER ITEM   OBSERVED TIME   RECORD YEAR NORMAL DEPARTURE LAST
                VALUE   (LST)  VALUE       VALUE  FROM      YEAR
                                                  NORMAL
..................................................................
TEMPERATURE (F)
 YESTERDAY
  MAXIMUM         84    326 PM  97    1974  77      7       65
  MINIMUM         37    654 AM  30    1919  43     -6       48
  AVERAGE         61                        60      1       57

PRECIPITATION (IN)
  YESTERDAY        0.00          0.75 1914   0.07  -0.07     0.07
  MONTH TO DATE    0.00                      0.57  -0.57     2.79
  SINCE OCT 1      0.00                      0.57  -0.57     2.79
  SINCE JAN 1     34.54                     24.54  10.00    27.10

SNOWFALL (IN)
  YESTERDAY        0.0          MM      MM  MM     MM       MM
  MONTH TO DATE    0.0                      MM     MM        0.0
  SINCE SEP 1      0.0                      MM     MM        0.0
  SINCE JUL 1      0.0                      MM     MM        0.0
  SNOW DEPTH       0

DEGREE DAYS
 HEATING
  YESTERDAY        4                         5     -1        8
  MONTH TO DATE   87                        62     25       85
  SINCE SEP 1    121                        92     29      101
  SINCE JUL 1    121                        95     26      101

 COOLING
  YESTERDAY        0                         0      0        0
  MONTH TO DATE    0                        19    -19       12
  SINCE SEP 1    183                       149     34      176
  SINCE JAN 1   1273                       832    441     1004
..................................................................


WIND (MPH)
  HIGHEST WIND SPEED     9   HIGHEST WIND DIRECTION    NW (310)
  HIGHEST GUST SPEED    11   HIGHEST GUST DIRECTION     E (70)
  AVERAGE WIND SPEED     1.1


SKY COVER
  AVERAGE SKY COVER 0.0


WEATHER CONDITIONS
 THE FOLLOWING WEATHER WAS RECORDED YESTERDAY.
  FOG
  HAZE


RELATIVE HUMIDITY (PERCENT)
 HIGHEST    85
 LOWEST      9
 AVERAGE    47

..........................................................


THE UKIAH CA CLIMATE NORMALS FOR TODAY
                         NORMAL    RECORD    YEAR
 MAXIMUM TEMPERATURE (F)   76        95      1974
 MINIMUM TEMPERATURE (F)   43        28      1917


SUNRISE AND SUNSET
OCTOBER 18 2017.......SUNRISE   726 AM PDT   SUNSET   629 PM PDT
OCTOBER 19 2017.......SUNRISE   727 AM PDT   SUNSET   628 PM PDT


-  INDICATES NEGATIVE NUMBERS.
R  INDICATES RECORD WAS SET OR TIED.
MM INDICATES DATA IS MISSING.
T  INDICATES TRACE AMOUNT.




$$
