000
CDUS46 KEKA 291209
CLIUKI


CLIMATE REPORT
NATIONAL WEATHER SERVICE EUREKA CA
509 AM PDT SAT APR 29 2017


...................................

...THE UKIAH CA CLIMATE SUMMARY FOR APRIL 28 2017...

CLIMATE NORMAL PERIOD 1981 TO 2010
CLIMATE RECORD PERIOD 1903 TO 2017


WEATHER ITEM   OBSERVED TIME   RECORD YEAR NORMAL DEPARTURE LAST
                VALUE   (LST)  VALUE       VALUE  FROM      YEAR
                                                  NORMAL
..................................................................
TEMPERATURE (F)
 YESTERDAY
  MAXIMUM         72    338 PM  93    1981  72      0       74
  MINIMUM         40    519 AM  29    1913  44     -4       43
  AVERAGE         56                        58     -2       59

PRECIPITATION (IN)
  YESTERDAY        0.00          1.43 2003   0.06  -0.06     0.00
  MONTH TO DATE    3.74                      2.42   1.32     1.27
  SINCE OCT 1     51.57                     34.87  16.70    35.71
  SINCE JAN 1     34.46                     21.49  12.97    23.50

SNOWFALL (IN)
  YESTERDAY        0.0          MM      MM  MM     MM        0.0
  MONTH TO DATE    0.0                      MM     MM        0.0
  SINCE MAR 1      0.0                      MM     MM        0.0
  SINCE JUL 1      0.0                      MM     MM        0.0
  SNOW DEPTH       0

DEGREE DAYS
 HEATING
  YESTERDAY        9                         7      2        6
  MONTH TO DATE  276                       286    -10      175
  SINCE MAR 1    603                       700    -97      513
  SINCE JUL 1   2770                      2933   -163     2452

 COOLING
  YESTERDAY        0                         1     -1        0
  MONTH TO DATE    0                         6     -6        7
  SINCE MAR 1      0                         6     -6        7
  SINCE JAN 1      0                         6     -6        7
..................................................................


WIND (MPH)
  HIGHEST WIND SPEED    15   HIGHEST WIND DIRECTION     W (290)
  HIGHEST GUST SPEED    20   HIGHEST GUST DIRECTION    NW (320)
  AVERAGE WIND SPEED     4.0


SKY COVER
  AVERAGE SKY COVER 0.0


WEATHER CONDITIONS
 THE FOLLOWING WEATHER WAS RECORDED YESTERDAY.
  NO SIGNIFICANT WEATHER WAS OBSERVED.


RELATIVE HUMIDITY (PERCENT)
 HIGHEST    89
 LOWEST     27
 AVERAGE    58

..........................................................


THE UKIAH CA CLIMATE NORMALS FOR TODAY
                         NORMAL    RECORD    YEAR
 MAXIMUM TEMPERATURE (F)   73        97      1981
 MINIMUM TEMPERATURE (F)   45        32      1967


SUNRISE AND SUNSET
APRIL 29 2017.........SUNRISE   617 AM PDT   SUNSET   804 PM PDT
APRIL 30 2017.........SUNRISE   615 AM PDT   SUNSET   805 PM PDT


-  INDICATES NEGATIVE NUMBERS.
R  INDICATES RECORD WAS SET OR TIED.
MM INDICATES DATA IS MISSING.
T  INDICATES TRACE AMOUNT.




$$
