000
CDUS43 KSGF 240642
CLIUNO


CLIMATE REPORT
NATIONAL WEATHER SERVICE SPRINGFIELD MO
142 AM CDT THU AUG 24 2017


...................................

...THE WEST PLAINS MO CLIMATE SUMMARY FOR AUGUST 23 2017...

CLIMATE NORMAL PERIOD 1981 TO 2010
CLIMATE RECORD PERIOD 1947 TO 2017


WEATHER ITEM   OBSERVED TIME   RECORD YEAR NORMAL DEPARTURE LAST
                VALUE   (LST)  VALUE       VALUE  FROM      YEAR
                                                  NORMAL
..................................................................
TEMPERATURE (F)
 YESTERDAY
  MAXIMUM         81    327 PM 101    2000  89     -8       84
  MINIMUM         60   1159 PM  50    1949  65     -5       67
  AVERAGE         71                        77     -6       76

PRECIPITATION (IN)
  YESTERDAY        0.00          0.93 1988   0.11  -0.11     0.27
  MONTH TO DATE    2.78                      2.38   0.40     3.63
  SINCE JUN 1      6.78                      9.95  -3.17    17.38
  SINCE JAN 1     42.19                     29.22  12.97    32.12

DEGREE DAYS
 HEATING
  YESTERDAY        0                         0      0        0
  MONTH TO DATE    1                         0      1        0
  SINCE JUN 1      1                         5     -4        0
  SINCE JUL 1      1                         0      1        0

 COOLING
  YESTERDAY        6                        12     -6       11
  MONTH TO DATE  222                       293    -71      275
  SINCE JUN 1    923                       964    -41     1080
  SINCE JAN 1   1045                      1086    -41     1173
..................................................................


WIND (MPH)
  HIGHEST WIND SPEED    13   HIGHEST WIND DIRECTION    NE (40)
  HIGHEST GUST SPEED    17   HIGHEST GUST DIRECTION     N (20)
  AVERAGE WIND SPEED     5.8


SKY COVER
  AVERAGE SKY COVER 0.2


WEATHER CONDITIONS
 THE FOLLOWING WEATHER WAS RECORDED YESTERDAY.
  NO SIGNIFICANT WEATHER WAS OBSERVED.


RELATIVE HUMIDITY (PERCENT)
 HIGHEST    87           200 AM
 LOWEST     33           200 PM
 AVERAGE    60

..........................................................


THE WEST PLAINS MO CLIMATE NORMALS FOR TODAY
                         NORMAL    RECORD    YEAR
 MAXIMUM TEMPERATURE (F)   89       100      1978
 MINIMUM TEMPERATURE (F)   64        51      1949
                                             1984


SUNRISE AND SUNSET
AUGUST 24 2017........SUNRISE   632 AM CDT   SUNSET   747 PM CDT
AUGUST 25 2017........SUNRISE   633 AM CDT   SUNSET   745 PM CDT


-  INDICATES NEGATIVE NUMBERS.
R  INDICATES RECORD WAS SET OR TIED.
MM INDICATES DATA IS MISSING.
T  INDICATES TRACE AMOUNT.




$$
