000
CDUS43 KSGF 260626
CLIUNO


CLIMATE REPORT
NATIONAL WEATHER SERVICE SPRINGFIELD MO
1226 AM CST FRI DEC 26 2014


...................................

...THE WEST PLAINS MO CLIMATE SUMMARY FOR DECEMBER 25 2014...

CLIMATE NORMAL PERIOD 1981 TO 2010
CLIMATE RECORD PERIOD 1947 TO 2014


WEATHER ITEM   OBSERVED TIME   RECORD YEAR NORMAL DEPARTURE LAST
                VALUE   (LST)  VALUE       VALUE  FROM      YEAR
                                                  NORMAL
..................................................................
TEMPERATURE (F)
 YESTERDAY
  MAXIMUM         50    352 PM  68    1971  45      5       44
  MINIMUM         27    351 AM -12    1983  24      3       19
  AVERAGE         39                        34      5       32

PRECIPITATION (IN)
  YESTERDAY        0.00          2.32 1987   0.09  -0.09     0.00
  MONTH TO DATE    2.51                      3.20  -0.69     2.31
  SINCE DEC 1      2.51                      3.20  -0.69     2.31
  SINCE JAN 1     35.94                     45.78  -9.84    54.20

DEGREE DAYS
 HEATING
  YESTERDAY       26                        31     -5       33
  MONTH TO DATE  634                       709    -75      660
  SINCE DEC 1    634                       709    -75      660
  SINCE JUL 1   1646                      1561     85     1572

 COOLING
  YESTERDAY        0                         0      0        0
  MONTH TO DATE    0                         0      0        0
  SINCE DEC 1      0                         0      0        0
  SINCE JAN 1   1231                      1354   -123     1073
..................................................................


WIND (MPH)
  HIGHEST WIND SPEED    20   HIGHEST WIND DIRECTION     S (190)
  HIGHEST GUST SPEED    26   HIGHEST GUST DIRECTION     S (170)
  AVERAGE WIND SPEED     9.0


SKY COVER
  AVERAGE SKY COVER 0.1


WEATHER CONDITIONS
 THE FOLLOWING WEATHER WAS RECORDED YESTERDAY.
  NO SIGNIFICANT WEATHER WAS OBSERVED.


RELATIVE HUMIDITY (PERCENT)
 HIGHEST    85           200 AM
 LOWEST     46           300 PM
 AVERAGE    66

..........................................................


THE WEST PLAINS MO CLIMATE NORMALS FOR TODAY
                         NORMAL    RECORD    YEAR
 MAXIMUM TEMPERATURE (F)   45        73      1971
 MINIMUM TEMPERATURE (F)   24        -4      1983


SUNRISE AND SUNSET
DECEMBER 26 2014......SUNRISE   719 AM CST   SUNSET   458 PM CST
DECEMBER 27 2014......SUNRISE   719 AM CST   SUNSET   458 PM CST


-  INDICATES NEGATIVE NUMBERS.
R  INDICATES RECORD WAS SET OR TIED.
MM INDICATES DATA IS MISSING.
T  INDICATES TRACE AMOUNT.




$$
