000
CDUS43 KSGF 180627
CLIUNO


CLIMATE REPORT
NATIONAL WEATHER SERVICE SPRINGFIELD MO
126 AM CDT WED OCT 18 2017


...................................

...THE WEST PLAINS MO CLIMATE SUMMARY FOR OCTOBER 17 2017...

CLIMATE NORMAL PERIOD 1981 TO 2010
CLIMATE RECORD PERIOD 1947 TO 2017


WEATHER ITEM   OBSERVED TIME   RECORD YEAR NORMAL DEPARTURE LAST
                VALUE   (LST)  VALUE       VALUE  FROM      YEAR
                                                  NORMAL
..................................................................
TEMPERATURE (F)
 YESTERDAY
  MAXIMUM         69    157 PM  88    1953  69      0       85
  MINIMUM         37    431 AM  29    1948  45     -8       66
                                      1991
                                      2001
  AVERAGE         53                        57     -4       76

PRECIPITATION (IN)
  YESTERDAY        0.00          1.94 1967   0.13  -0.13     0.00
  MONTH TO DATE    0.86                      2.05  -1.19     1.72
  SINCE SEP 1      1.37                      6.14  -4.77     3.07
  SINCE JAN 1     43.56                     36.21   7.35    35.19

DEGREE DAYS
 HEATING
  YESTERDAY       12                         9      3        0
  MONTH TO DATE   44                       113    -69       60
  SINCE SEP 1     49                       154   -105       70
  SINCE JUL 1     50                       155   -105       70

 COOLING
  YESTERDAY        0                         0      0       11
  MONTH TO DATE   70                        20     50       36
  SINCE SEP 1    279                       176    103      262
  SINCE JAN 1   1380                      1348     32     1551
..................................................................


WIND (MPH)
  HIGHEST WIND SPEED    13   HIGHEST WIND DIRECTION     S (180)
  HIGHEST GUST SPEED    16   HIGHEST GUST DIRECTION     S (170)
  AVERAGE WIND SPEED     4.7


SKY COVER
  AVERAGE SKY COVER 0.0


WEATHER CONDITIONS
 THE FOLLOWING WEATHER WAS RECORDED YESTERDAY.
  NO SIGNIFICANT WEATHER WAS OBSERVED.


RELATIVE HUMIDITY (PERCENT)
 HIGHEST    92           400 AM
 LOWEST     27           300 PM
 AVERAGE    60

..........................................................


THE WEST PLAINS MO CLIMATE NORMALS FOR TODAY
                         NORMAL    RECORD    YEAR
 MAXIMUM TEMPERATURE (F)   69        89      1953
 MINIMUM TEMPERATURE (F)   44        24      1948
                                             1976


SUNRISE AND SUNSET
OCTOBER 18 2017.......SUNRISE   718 AM CDT   SUNSET   627 PM CDT
OCTOBER 19 2017.......SUNRISE   719 AM CDT   SUNSET   625 PM CDT


-  INDICATES NEGATIVE NUMBERS.
R  INDICATES RECORD WAS SET OR TIED.
MM INDICATES DATA IS MISSING.
T  INDICATES TRACE AMOUNT.




$$
