000
CDUS43 KSGF 222226
CLIUNO


CLIMATE REPORT
NATIONAL WEATHER SERVICE SPRINGFIELD MO
526 PM CDT WED MAR 22 2017


...................................

...THE WEST PLAINS MO CLIMATE SUMMARY FOR MARCH 22 2017...
VALID TODAY AS OF 0500 PM LOCAL TIME.

CLIMATE NORMAL PERIOD 1981 TO 2010
CLIMATE RECORD PERIOD 1947 TO 2017


WEATHER ITEM   OBSERVED TIME   RECORD YEAR NORMAL DEPARTURE LAST
                VALUE   (LST)  VALUE       VALUE  FROM      YEAR
                                                  NORMAL
..................................................................
TEMPERATURE (F)
 TODAY
  MAXIMUM         61    322 PM  85    1997  62     -1       70
  MINIMUM         43    702 AM  17    1994  38      5       43
  AVERAGE         52                        50      2       57

PRECIPITATION (IN)
  TODAY            0.00          1.65 1991   0.14  -0.14     0.00
  MONTH TO DATE    3.18                      2.87   0.31     2.38
  SINCE MAR 1      3.18                      2.87   0.31     2.38
  SINCE JAN 1      7.81                      8.43  -0.62     5.02

DEGREE DAYS
 COOLING
  TODAY            0                         0      0        0
  MONTH TO DATE    4                         0      4        4
  SINCE MAR 1      4                         0      4        4
  SINCE JAN 1      5                         0      5        4
..................................................................


WIND (MPH)
  HIGHEST WIND SPEED    17   HIGHEST WIND DIRECTION    NE (50)
  HIGHEST GUST SPEED    22   HIGHEST GUST DIRECTION    NE (50)


SKY COVER
  AVERAGE SKY COVER 0.6


WEATHER CONDITIONS
 THE FOLLOWING WEATHER WAS RECORDED TODAY.
  NO SIGNIFICANT WEATHER WAS OBSERVED.


RELATIVE HUMIDITY (PERCENT)
 HIGHEST    80           100 AM
 LOWEST     33           400 PM
 AVERAGE    57

..........................................................


THE WEST PLAINS MO CLIMATE NORMALS FOR TOMORROW
                         NORMAL    RECORD    YEAR
 MAXIMUM TEMPERATURE (F)   62        80      1967
 MINIMUM TEMPERATURE (F)   38        16      1974


SUNRISE AND SUNSET
MARCH 22 2017.........SUNRISE   708 AM CDT   SUNSET   722 PM CDT
MARCH 23 2017.........SUNRISE   706 AM CDT   SUNSET   722 PM CDT


-  INDICATES NEGATIVE NUMBERS.
R  INDICATES RECORD WAS SET OR TIED.
MM INDICATES DATA IS MISSING.
T  INDICATES TRACE AMOUNT.




$$
