000
CDUS43 KUNR 241908
CLIUNR


CLIMATE REPORT
NATIONAL WEATHER SERVICE RAPID CITY SD
1207 PM MST TUE JAN 24 2017


...................................

...THE EAST RAPID CITY SD CLIMATE SUMMARY FOR JANUARY 24 2017...
VALID AS OF 1100 AM LOCAL TIME.

CLIMATE NORMAL PERIOD 1981 TO 2010
CLIMATE RECORD PERIOD 1888 TO 2017


WEATHER ITEM   OBSERVED RECORD YEAR NORMAL DEPARTURE LAST
                VALUE   VALUE       VALUE  FROM      YEAR
                                           NORMAL
...........................................................
TEMPERATURE (F)
 TODAY
  MAXIMUM         21     69    2005  37    -16       42
                               1968
  MINIMUM         18    -26    1894  16      2       26
  AVERAGE         20                 27     -7       34

PRECIPITATION (IN)
  TODAY            0.07   0.62 1921   0.01   0.06     0.10
  MONTH TO DATE    0.20               0.21  -0.01     0.17
  SINCE DEC 1      1.02               0.53   0.49     0.90
  SINCE JAN 1      0.20               0.21  -0.01     0.17

SNOWFALL (IN)
  TODAY            1.3    6.4  1921   0.2    1.1      1.1
  MONTH TO DATE    4.9                3.9    1.0      2.5
  SINCE DEC 1     17.0                9.1    7.9     18.0
  SINCE JUL 1     20.7               17.7    3.0     24.0
  SNOW DEPTH       1

DEGREE DAYS
 HEATING
  TODAY           45                 38      7       31
  MONTH TO DATE 1077                912    165      948
  SINCE DEC 1   2470               2079    391     2050
  SINCE JUL 1   3501               3659   -158     3308

 COOLING
  TODAY            0                  0      0        0
  MONTH TO DATE    0                  0      0        0
  SINCE DEC 1      0                  0      0        0
  SINCE JAN 1      0                  0      0        0
...........................................................





WEATHER CONDITIONS
 THE FOLLOWING WEATHER WAS RECORDED TODAY.
  LT FREEZING RAIN
  LIGHT SNOW
  FOG W/VISIBILITY <= 1/4 MILE


..........................................................


THE EAST RAPID CITY SD CLIMATE NORMALS FOR TOMORROW
                         NORMAL    RECORD    YEAR
 MAXIMUM TEMPERATURE (F)   37        64      2006
 MINIMUM TEMPERATURE (F)   16       -22      1957


SUNRISE AND SUNSET
JANUARY 24 2017.......SUNRISE   718 AM MST   SUNSET   453 PM MST
JANUARY 25 2017.......SUNRISE   717 AM MST   SUNSET   454 PM MST


-  INDICATES NEGATIVE NUMBERS.
R  INDICATES RECORD WAS SET OR TIED.
MM INDICATES DATA IS MISSING.
T  INDICATES TRACE AMOUNT.




$$
