000
CDUS43 KUNR 280036
CLIUNR


CLIMATE REPORT
NATIONAL WEATHER SERVICE RAPID CITY SD
535 PM MST TUE JAN 27 2015


...................................

...THE EAST RAPID CITY SD CLIMATE SUMMARY FOR JANUARY 27 2015...
VALID TODAY AS OF 0500 PM LOCAL TIME.

CLIMATE NORMAL PERIOD 1981 TO 2010
CLIMATE RECORD PERIOD 1888 TO 2015


WEATHER ITEM   OBSERVED RECORD YEAR NORMAL DEPARTURE LAST
                VALUE   VALUE       VALUE  FROM      YEAR
                                           NORMAL
...........................................................
TEMPERATURE (F)
 TODAY
  MAXIMUM         73R    63    1896  37     36       12
  MINIMUM         53    -25    1918  16     37        0
  AVERAGE         63                 27     36        6

PRECIPITATION (IN)
  TODAY            0.00   0.66 1944   0.01  -0.01      T
  MONTH TO DATE    0.11               0.24  -0.13     0.22
  SINCE DEC 1      0.49               0.56  -0.07     0.76
  SINCE JAN 1      0.11               0.24  -0.13     0.22

SNOWFALL (IN)
  TODAY            0.0    8.0  1944   0.2   -0.2      0.1
  MONTH TO DATE    2.1                4.6   -2.5      3.8
  SINCE DEC 1      9.6                9.8   -0.2     13.0
  SINCE JUL 1     24.9               18.4    6.5     42.8
  SNOW DEPTH       0

DEGREE DAYS
 HEATING
  TODAY            2                 38    -36       59
  MONTH TO DATE  905               1026   -121      971
  SINCE DEC 1   1969               2193   -224     2318
  SINCE JUL 1   3583               3773   -190     3907

 COOLING
  TODAY            0                  0      0        0
  MONTH TO DATE    0                  0      0        0
  SINCE DEC 1      0                  0      0        0
  SINCE JAN 1      0                  0      0        0
...........................................................





WEATHER CONDITIONS
 THE FOLLOWING WEATHER WAS RECORDED TODAY.
  NO SIGNIFICANT WEATHER WAS OBSERVED.


..........................................................


THE EAST RAPID CITY SD CLIMATE NORMALS FOR TOMORROW
                         NORMAL    RECORD    YEAR
 MAXIMUM TEMPERATURE (F)   37        64      1942
 MINIMUM TEMPERATURE (F)   16       -24      1951


SUNRISE AND SUNSET
JANUARY 27 2015.......SUNRISE   716 AM MST   SUNSET   456 PM MST
JANUARY 28 2015.......SUNRISE   715 AM MST   SUNSET   457 PM MST


-  INDICATES NEGATIVE NUMBERS.
R  INDICATES RECORD WAS SET OR TIED.
MM INDICATES DATA IS MISSING.
T  INDICATES TRACE AMOUNT.




$$
