000
CDUS43 KUNR 070831
CLIUNR


CLIMATE REPORT
NATIONAL WEATHER SERVICE RAPID CITY SD
130 AM MST WED DEC 7 2016


...................................

...THE EAST RAPID CITY SD CLIMATE SUMMARY FOR DECEMBER 6 2016...

CLIMATE NORMAL PERIOD 1981 TO 2010
CLIMATE RECORD PERIOD 1888 TO 2016


WEATHER ITEM   OBSERVED RECORD YEAR NORMAL DEPARTURE LAST
                VALUE   VALUE       VALUE  FROM      YEAR
                                           NORMAL
...........................................................
TEMPERATURE (F)
 YESTERDAY
  MAXIMUM         20     75    1939  37    -17       55
  MINIMUM          3    -13    2013  20    -17       25
  AVERAGE         12                 28    -16       40

PRECIPITATION (IN)
  YESTERDAY        0.00   0.36 1956   0.01  -0.01     0.00
  MONTH TO DATE    T                  0.06  -0.06     0.24
  SINCE DEC 1      T                  0.06  -0.06     0.24
  SINCE JAN 1     12.95              19.53  -6.58    24.00

SNOWFALL (IN)
  YESTERDAY        0.0    6.8  1934   0.2   -0.2      0.0
  MONTH TO DATE    T                  1.1   -1.1      4.3
  SINCE DEC 1      T                  1.1   -1.1      4.3
  SINCE JUL 1      3.7                9.7   -6.0     10.3
  SNOW DEPTH       0

DEGREE DAYS
 HEATING
  YESTERDAY       53                 37     16       25
  MONTH TO DATE  219                215      4      161
  SINCE DEC 1    219                215      4      161
  SINCE JUL 1   1250               1795   -545     1419

 COOLING
  YESTERDAY        0                  0      0        0
  MONTH TO DATE    0                  0      0        0
  SINCE DEC 1      0                  0      0        0
  SINCE JAN 1    813                665    148      716
...........................................................


WIND (MPH)
  HIGHEST GUST SPEED    33   HIGHEST GUST DIRECTION    NW (310)



WEATHER CONDITIONS
 THE FOLLOWING WEATHER WAS RECORDED YESTERDAY.
  NO SIGNIFICANT WEATHER WAS OBSERVED.


..........................................................


THE EAST RAPID CITY SD CLIMATE NORMALS FOR TODAY
                         NORMAL    RECORD    YEAR
 MAXIMUM TEMPERATURE (F)   37        67      1918
 MINIMUM TEMPERATURE (F)   20       -17      1927


SUNRISE AND SUNSET
DECEMBER  7 2016......SUNRISE   715 AM MST   SUNSET   414 PM MST
DECEMBER  8 2016......SUNRISE   715 AM MST   SUNSET   414 PM MST


-  INDICATES NEGATIVE NUMBERS.
R  INDICATES RECORD WAS SET OR TIED.
MM INDICATES DATA IS MISSING.
T  INDICATES TRACE AMOUNT.




$$
