000
CDUS43 KUNR 280832
CLIUNR


CLIMATE REPORT
NATIONAL WEATHER SERVICE RAPID CITY SD
232 AM MDT FRI APR 28 2017


...................................

...THE EAST RAPID CITY SD CLIMATE SUMMARY FOR APRIL 27 2017...

CLIMATE NORMAL PERIOD 1981 TO 2010
CLIMATE RECORD PERIOD 1888 TO 2017


WEATHER ITEM   OBSERVED RECORD YEAR NORMAL DEPARTURE LAST
                VALUE   VALUE       VALUE  FROM      YEAR
                                           NORMAL
...........................................................
TEMPERATURE (F)
 YESTERDAY
  MAXIMUM         47     89    1910  60    -13       36
  MINIMUM         28     18    1956  38    -10       30
  AVERAGE         38                 49    -11       33

PRECIPITATION (IN)
  YESTERDAY        0.03   1.87 1963   0.10  -0.07     0.22
  MONTH TO DATE    1.62               1.81  -0.19     1.18
  SINCE MAR 1      2.42               2.80  -0.38     2.23
  SINCE JAN 1      3.21               3.57  -0.36     3.04

SNOWFALL (IN)
  YESTERDAY        0.0    5.0  1969   0.2   -0.2      0.8
  MONTH TO DATE    4.7                8.2   -3.5      3.8
  SINCE MAR 1      6.0               20.0  -14.0     11.7
  SINCE JUL 1     39.2               46.7   -7.5     41.6
  SNOW DEPTH       0

DEGREE DAYS
 HEATING
  YESTERDAY       27                 16     11       32
  MONTH TO DATE  478                558    -80      434
  SINCE MAR 1   1247               1466   -219     1119
  SINCE JUL 1   5843               6420   -577     5368

 COOLING
  YESTERDAY        0                  0      0        0
  MONTH TO DATE    0                  0      0        2
  SINCE MAR 1      0                  0      0        2
  SINCE JAN 1      0                  0      0        2
...........................................................


WIND (MPH)
  HIGHEST GUST SPEED    18   HIGHEST GUST DIRECTION    SE (120)



WEATHER CONDITIONS
 THE FOLLOWING WEATHER WAS RECORDED YESTERDAY.
  LIGHT RAIN


..........................................................


THE EAST RAPID CITY SD CLIMATE NORMALS FOR TODAY
                         NORMAL    RECORD    YEAR
 MAXIMUM TEMPERATURE (F)   60        90      1910
 MINIMUM TEMPERATURE (F)   39        20      1956


SUNRISE AND SUNSET
APRIL 28 2017.........SUNRISE   548 AM MDT   SUNSET   753 PM MDT
APRIL 29 2017.........SUNRISE   547 AM MDT   SUNSET   754 PM MDT


-  INDICATES NEGATIVE NUMBERS.
R  INDICATES RECORD WAS SET OR TIED.
MM INDICATES DATA IS MISSING.
T  INDICATES TRACE AMOUNT.




$$
