000
CDUS43 KUNR 210038
CLIUNR


CLIMATE REPORT
NATIONAL WEATHER SERVICE RAPID CITY SD
637 PM MDT SUN AUG 20 2017


...................................

...THE EAST RAPID CITY SD CLIMATE SUMMARY FOR AUGUST 20 2017...
VALID TODAY AS OF 0500 PM LOCAL TIME.

CLIMATE NORMAL PERIOD 1981 TO 2010
CLIMATE RECORD PERIOD 1888 TO 2017


WEATHER ITEM   OBSERVED RECORD YEAR NORMAL DEPARTURE LAST
                VALUE   VALUE       VALUE  FROM      YEAR
                                           NORMAL
...........................................................
TEMPERATURE (F)
 TODAY
  MAXIMUM         80    102    1898  83     -3       70
  MINIMUM         61     43    1964  59      2       50
  AVERAGE         71                 71      0       60

PRECIPITATION (IN)
  TODAY            0.00   0.80 1906   0.06  -0.06     0.00
  MONTH TO DATE    2.39               1.42   0.97     2.15
  SINCE JUN 1      5.16               7.08  -1.92     5.59
  SINCE JAN 1      9.79              15.13  -5.34    10.13

SNOWFALL (IN)
  TODAY            0.0    0.0  2002   0.0    0.0      0.0
                               2001
                               1954
  MONTH TO DATE    0.0                0.0    0.0      0.0
  SINCE JUN 1      0.0                0.0    0.0      0.0
  SINCE JUL 1      0.0                0.0    0.0      0.0
  SNOW DEPTH       0

DEGREE DAYS
 HEATING
  TODAY            0                  0      0        5
  MONTH TO DATE    5                  0      5       14
  SINCE JUN 1     17                100    -83       20
  SINCE JUL 1      5                 12     -7       15

 COOLING
  TODAY            6                  7     -1        0
  MONTH TO DATE   77                163    -86      165
  SINCE JUN 1    643                514    129      695
  SINCE JAN 1    656                532    124      701
...........................................................





WEATHER CONDITIONS
 THE FOLLOWING WEATHER WAS RECORDED TODAY.
  NO SIGNIFICANT WEATHER WAS OBSERVED.


..........................................................


THE EAST RAPID CITY SD CLIMATE NORMALS FOR TOMORROW
                         NORMAL    RECORD    YEAR
 MAXIMUM TEMPERATURE (F)   83        99      1898
 MINIMUM TEMPERATURE (F)   59        45      1964


SUNRISE AND SUNSET
AUGUST 20 2017........SUNRISE   603 AM MDT   SUNSET   749 PM MDT
AUGUST 21 2017........SUNRISE   604 AM MDT   SUNSET   747 PM MDT


-  INDICATES NEGATIVE NUMBERS.
R  INDICATES RECORD WAS SET OR TIED.
MM INDICATES DATA IS MISSING.
T  INDICATES TRACE AMOUNT.




$$
